192.145.236.177 - - [24/Jul/2026:07:34:52 -0700] "POST /wp-cron.php?doing_wp_cron=1784903692.6066510677337646484375 HTTP/1.1" 200 - "-" "WordPress/6.7.5; https://www.trxnews.today"
104.28.164.109 - - [24/Jul/2026:07:34:51 -0700] "POST /xmlrpc.php HTTP/1.1" 200 852 "-" "Jetpack by WordPress.com"
104.28.164.109 - - [24/Jul/2026:07:35:02 -0700] "POST /xmlrpc.php HTTP/1.1" 200 852 "-" "WordPress.com; https://wordpress.com"
104.28.164.109 - - [24/Jul/2026:07:35:13 -0700] "POST /xmlrpc.php HTTP/1.1" 200 852 "-" "Jetpack by WordPress.com (Jetpack 12.5; WordPress 6.2)"
5.230.133.192 - - [24/Jul/2026:07:38:38 -0700] "POST /wp-editor.php HTTP/1.1" 200 44699 "-" "Mozilla/5.0 (Windows NT 10.0; Win64; x64) AppleWebKit/537.36 (KHTML, like Gecko) Chrome/127.0.0.0 Safari/537.36"
5.230.153.43 - - [24/Jul/2026:07:38:39 -0700] "POST /wp-editor.php HTTP/1.1" 200 45726 "-" "Mozilla/5.0 (Windows NT 10.0; Win64; x64) AppleWebKit/537.36 (KHTML, like Gecko) Chrome/127.0.0.0 Safari/537.36"
5.231.64.221 - - [24/Jul/2026:07:38:40 -0700] "POST /.502037847723579.php?to=alinmabank994@gmail.com HTTP/1.1" 406 300 "-" "Mozilla/5.0 (Windows NT 10.0; Win64; x64) AppleWebKit/537.36 (KHTML, like Gecko) Chrome/127.0.0.0 Safari/537.36"
192.145.236.177 - - [24/Jul/2026:07:47:14 -0700] "POST /wp-cron.php?doing_wp_cron=1784904434.6807401180267333984375 HTTP/1.1" 200 - "-" "WordPress/6.7.5; https://www.trxnews.today"
47.128.63.214 - - [24/Jul/2026:07:47:10 -0700] "GET /robots.txt HTTP/1.1" 200 567 "-" "Mozilla/5.0 (Linux; Android 5.0) AppleWebKit/537.36 (KHTML, like Gecko) Mobile Safari/537.36 (compatible; Bytespider; spider-feedback@bytedance.com)"
192.145.236.177 - - [24/Jul/2026:08:05:41 -0700] "POST /wp-cron.php?doing_wp_cron=1784905541.8466188907623291015625 HTTP/1.1" 200 - "-" "WordPress/6.7.5; https://www.trxnews.today"
65.21.237.125 - - [24/Jul/2026:08:05:41 -0700] "GET /comments/feed/ HTTP/1.1" 200 1219 "https://www.trxnews.today/" "Mozilla/5.0 (compatible; SEOkicks; +https://www.seokicks.de/robot.html)"
65.21.237.125 - - [24/Jul/2026:08:05:44 -0700] "GET /currencies/ HTTP/1.1" 200 39284 "https://www.trxnews.today/" "Mozilla/5.0 (compatible; SEOkicks; +https://www.seokicks.de/robot.html)"
65.21.237.125 - - [24/Jul/2026:08:05:46 -0700] "GET /guide/ HTTP/1.1" 200 40786 "https://www.trxnews.today/" "Mozilla/5.0 (compatible; SEOkicks; +https://www.seokicks.de/robot.html)"
65.21.237.125 - - [24/Jul/2026:08:05:49 -0700] "GET /events/ HTTP/1.1" 200 42984 "https://www.trxnews.today/" "Mozilla/5.0 (compatible; SEOkicks; +https://www.seokicks.de/robot.html)"
65.21.237.125 - - [24/Jul/2026:08:05:51 -0700] "GET /advertise/ HTTP/1.1" 200 38934 "https://www.trxnews.today/" "Mozilla/5.0 (compatible; SEOkicks; +https://www.seokicks.de/robot.html)"
192.145.236.177 - - [24/Jul/2026:08:05:54 -0700] "POST /wp-cron.php?doing_wp_cron=1784905554.5647649765014648437500 HTTP/1.1" 200 - "-" "WordPress/6.7.5; https://www.trxnews.today"
65.21.237.125 - - [24/Jul/2026:08:05:54 -0700] "GET /tron-terminologies-everything-you-need-to-know/ HTTP/1.1" 500 32621 "https://www.trxnews.today/" "Mozilla/5.0 (compatible; SEOkicks; +https://www.seokicks.de/robot.html)"
65.21.237.125 - - [24/Jul/2026:08:05:57 -0700] "GET /author/benjamin-stewart/ HTTP/1.1" 200 90108 "https://www.trxnews.today/" "Mozilla/5.0 (compatible; SEOkicks; +https://www.seokicks.de/robot.html)"
65.21.237.125 - - [24/Jul/2026:08:06:00 -0700] "GET /tron-price-movement-hangs-tight-around-0-017/ HTTP/1.1" 500 32585 "https://www.trxnews.today/" "Mozilla/5.0 (compatible; SEOkicks; +https://www.seokicks.de/robot.html)"
65.21.237.125 - - [24/Jul/2026:08:06:03 -0700] "GET /author/amy-waits/ HTTP/1.1" 200 94743 "https://www.trxnews.today/" "Mozilla/5.0 (compatible; SEOkicks; +https://www.seokicks.de/robot.html)"
65.21.237.125 - - [24/Jul/2026:08:06:06 -0700] "GET /category/trx-news/ HTTP/1.1" 200 41298 "https://www.trxnews.today/" "Mozilla/5.0 (compatible; SEOkicks; +https://www.seokicks.de/robot.html)"
192.145.236.177 - - [24/Jul/2026:08:10:13 -0700] "POST /wp-cron.php?doing_wp_cron=1784905813.5733931064605712890625 HTTP/1.1" 200 - "-" "WordPress/6.7.5; https://www.trxnews.today"
193.149.185.205 - - [24/Jul/2026:08:10:13 -0700] "GET / HTTP/1.1" 200 449 "-" "Mozilla/5.0 (Windows NT 10.0; Win64; x64) AppleWebKit/537.36 (KHTML, like Gecko) Chrome/120.0.0.0 Safari/537.36"
193.149.185.205 - - [24/Jul/2026:08:10:14 -0700] "GET /?rest_route=/ HTTP/1.1" 200 190786 "-" "Mozilla/5.0 (Windows NT 10.0; Win64; x64) AppleWebKit/537.36 (KHTML, like Gecko) Chrome/120.0.0.0 Safari/537.36"
193.149.185.205 - - [24/Jul/2026:08:10:15 -0700] "GET / HTTP/1.1" 503 2086 "-" "Mozilla/5.0 (Windows NT 10.0; Win64; x64) AppleWebKit/537.36 (KHTML, like Gecko) Chrome/120.0.0.0 Safari/537.36"
192.145.236.177 - - [24/Jul/2026:08:10:17 -0700] "GET /?wp_scrape_key=2aebb079b09897ac6cb0856cf1d39ddb&wp_scrape_nonce=1784905815 HTTP/1.1" 200 45761 "-" "WordPress/6.7.5; https://www.trxnews.today"
34.91.229.116 - - [24/Jul/2026:08:21:00 -0700] "GET / HTTP/1.1" 401 53 "-" "Scrapy/2.17.0 (+https://scrapy.org)"
5.230.153.218 - - [24/Jul/2026:08:23:53 -0700] "POST /wp-editor.php HTTP/1.1" 200 45717 "-" "Mozilla/5.0 (Windows NT 10.0; Win64; x64) AppleWebKit/537.36 (KHTML, like Gecko) Chrome/127.0.0.0 Safari/537.36"
5.231.64.68 - - [24/Jul/2026:08:23:54 -0700] "POST /wp-editor.php HTTP/1.1" 200 46734 "-" "Mozilla/5.0 (Windows NT 10.0; Win64; x64) AppleWebKit/537.36 (KHTML, like Gecko) Chrome/127.0.0.0 Safari/537.36"
107.174.169.78 - - [24/Jul/2026:08:23:55 -0700] "POST /.373043351105070.php?to=rrosanelli@earthlink.net HTTP/1.1" 406 300 "-" "Mozilla/5.0 (Windows NT 10.0; Win64; x64) AppleWebKit/537.36 (KHTML, like Gecko) Chrome/127.0.0.0 Safari/537.36"
34.90.191.83 - - [24/Jul/2026:08:25:16 -0700] "GET / HTTP/1.1" 200 12440 "-" "Scrapy/2.17.0 (+https://scrapy.org)"
192.145.236.177 - - [24/Jul/2026:08:26:54 -0700] "POST /wp-cron.php?doing_wp_cron=1784906814.5277850627899169921875 HTTP/1.1" 200 - "-" "WordPress/6.7.5; https://www.trxnews.today"
98.159.37.122 - - [24/Jul/2026:08:26:54 -0700] "POST /wp-login.php HTTP/1.1" 200 7523 "-" "Mozilla/5.0 (Windows; U; Windows NT 6.0; en-US) AppleWebKit/531.22.7 (KHTML, like Gecko) Version/4.0.5 Safari/531.22.7"
138.246.253.24 - - [24/Jul/2026:08:31:29 -0700] "GET /robots.txt HTTP/1.1" 200 26 "-" "Mozilla/5.0 (Windows NT 10.0; Win64; x64) AppleWebKit/537.36 (KHTML, like Gecko) Chrome/103.0.5060.134 Safari/537.36"
192.145.236.177 - - [24/Jul/2026:08:35:09 -0700] "POST /wp-cron.php?doing_wp_cron=1784907309.6858379840850830078125 HTTP/1.1" 200 - "-" "WordPress/6.7.5; https://www.trxnews.today"
198.98.59.181 - - [24/Jul/2026:08:35:08 -0700] "GET /wp-login.php HTTP/1.1" 200 7522 "-" "Mozilla/5.0 (Windows NT 6.3; WOW64) AppleWebKit/537.36 (KHTML, like Gecko) Chrome/36.0.1985.125 Safari/537.36"
198.98.59.181 - - [24/Jul/2026:08:35:09 -0700] "POST /wp-login.php HTTP/1.1" 200 7536 "-" "Mozilla/5.0 (Windows NT 6.3; WOW64) AppleWebKit/537.36 (KHTML, like Gecko) Chrome/36.0.1985.125 Safari/537.36"
192.145.236.177 - - [24/Jul/2026:08:42:15 -0700] "POST /wp-cron.php?doing_wp_cron=1784907735.0589001178741455078125 HTTP/1.1" 200 - "-" "WordPress/6.7.5; https://www.trxnews.today"
173.239.218.166 - - [24/Jul/2026:08:42:12 -0700] "POST /wp-login.php HTTP/1.1" 200 7523 "-" "Mozilla/5.0 (Windows NT 10.0; WOW64) AppleWebKit/537.36 (KHTML, like Gecko) Chrome/88.0.4324.104 Safari/537.36"
192.145.236.177 - - [24/Jul/2026:08:46:05 -0700] "POST /wp-cron.php?doing_wp_cron=1784907964.9982349872589111328125 HTTP/1.1" 200 - "-" "WordPress/6.7.5; https://www.trxnews.today"
170.168.175.227 - - [24/Jul/2026:08:46:04 -0700] "GET /tron-price-movement-hangs-tight-around-0-017/ HTTP/1.0" 500 32585 "https://www.trxnews.today/tron-price-movement-hangs-tight-around-0-017/" "Mozilla/5.0 (Windows NT 10.0; Win64; x64) AppleWebKit/537.36 (KHTML, like Gecko) Chrome/131.0.0.0 Safari/537.36 Avast/131.0.0.0"
170.168.175.227 - - [24/Jul/2026:08:46:06 -0700] "GET / HTTP/1.0" 200 99914 "https://www.trxnews.today/" "Mozilla/5.0 (Windows NT 10.0; Win64; x64) AppleWebKit/537.36 (KHTML, like Gecko) Chrome/131.0.0.0 Safari/537.36 Avast/131.0.0.0"
192.145.236.177 - - [24/Jul/2026:08:52:16 -0700] "POST /wp-cron.php?doing_wp_cron=1784908336.7500801086425781250000 HTTP/1.1" 200 - "-" "WordPress/6.7.5; https://www.trxnews.today"
65.21.237.125 - - [24/Jul/2026:08:52:10 -0700] "GET /?p=48 HTTP/1.1" 200 449 "https://www.trxnews.today/currencies/" "Mozilla/5.0 (compatible; SEOkicks; +https://www.seokicks.de/robot.html)"
65.21.237.125 - - [24/Jul/2026:08:52:19 -0700] "GET /?p=50 HTTP/1.1" 200 449 "https://www.trxnews.today/guide/" "Mozilla/5.0 (compatible; SEOkicks; +https://www.seokicks.de/robot.html)"
65.21.237.125 - - [24/Jul/2026:08:52:23 -0700] "GET /?p=52 HTTP/1.1" 200 449 "https://www.trxnews.today/events/" "Mozilla/5.0 (compatible; SEOkicks; +https://www.seokicks.de/robot.html)"
65.21.237.125 - - [24/Jul/2026:08:52:27 -0700] "GET /?p=54 HTTP/1.1" 200 449 "https://www.trxnews.today/advertise/" "Mozilla/5.0 (compatible; SEOkicks; +https://www.seokicks.de/robot.html)"
65.21.237.125 - - [24/Jul/2026:08:52:32 -0700] "GET /author/benjamin-stewart/feed/ HTTP/1.1" 200 11187 "https://www.trxnews.today/author/benjamin-stewart/" "Mozilla/5.0 (compatible; SEOkicks; +https://www.seokicks.de/robot.html)"
192.145.236.177 - - [24/Jul/2026:08:52:39 -0700] "POST /wp-cron.php?doing_wp_cron=1784908359.8923900127410888671875 HTTP/1.1" 200 - "-" "WordPress/6.7.5; https://www.trxnews.today"
65.21.237.125 - - [24/Jul/2026:08:52:37 -0700] "GET /author/amy-waits/feed/ HTTP/1.1" 200 13807 "https://www.trxnews.today/author/amy-waits/" "Mozilla/5.0 (compatible; SEOkicks; +https://www.seokicks.de/robot.html)"
65.21.237.125 - - [24/Jul/2026:08:52:42 -0700] "GET /tron-loses-the-consolidation-battle-reaching-0-06-usd/ HTTP/1.1" 500 32649 "https://www.trxnews.today/author/amy-waits/" "Mozilla/5.0 (compatible; SEOkicks; +https://www.seokicks.de/robot.html)"
94.154.43.184 - - [24/Jul/2026:08:52:45 -0700] "GET / HTTP/1.1" 200 39801 "-" "Mozilla/5.0 (Windows NT 10.0; Win64; x64) AppleWebKit/537.36 (KHTML, like Gecko) Chrome/147.0.0.0 Safari/537.36"
94.154.43.185 - - [24/Jul/2026:08:52:45 -0700] "GET / HTTP/1.1" 200 39789 "-" "Mozilla/5.0 (Windows NT 10.0; Win64; x64) AppleWebKit/537.36 (KHTML, like Gecko) Chrome/147.0.0.0 Safari/537.36"
94.154.43.178 - - [24/Jul/2026:08:52:45 -0700] "GET / HTTP/1.1" 401 36 "-" "Mozilla/5.0 (Windows NT 10.0; Win64; x64) AppleWebKit/537.36 (KHTML, like Gecko) Chrome/147.0.0.0 Safari/537.36"
94.154.43.188 - - [24/Jul/2026:08:52:45 -0700] "GET / HTTP/1.1" 401 36 "-" "Mozilla/5.0 (Windows NT 10.0; Win64; x64) AppleWebKit/537.36 (KHTML, like Gecko) Chrome/147.0.0.0 Safari/537.36"
94.154.43.183 - - [24/Jul/2026:08:52:45 -0700] "GET / HTTP/1.1" 401 36 "-" "Mozilla/5.0 (Windows NT 10.0; Win64; x64) AppleWebKit/537.36 (KHTML, like Gecko) Chrome/147.0.0.0 Safari/537.36"
94.154.43.177 - - [24/Jul/2026:08:52:45 -0700] "GET / HTTP/1.1" 200 449 "-" "Mozilla/5.0 (Windows NT 10.0; Win64; x64) AppleWebKit/537.36 (KHTML, like Gecko) Chrome/147.0.0.0 Safari/537.36"
94.154.43.185 - - [24/Jul/2026:08:52:45 -0700] "GET / HTTP/1.1" 200 449 "-" "Mozilla/5.0 (Windows NT 10.0; Win64; x64) AppleWebKit/537.36 (KHTML, like Gecko) Chrome/147.0.0.0 Safari/537.36"
65.21.237.125 - - [24/Jul/2026:08:52:46 -0700] "GET /tron-price-fluctuates-with-0-09-usd-on-the-table/ HTTP/1.1" 500 32607 "https://www.trxnews.today/author/amy-waits/" "Mozilla/5.0 (compatible; SEOkicks; +https://www.seokicks.de/robot.html)"
192.145.236.177 - - [24/Jul/2026:08:52:51 -0700] "POST /wp-cron.php?doing_wp_cron=1784908371.5359120368957519531250 HTTP/1.1" 200 - "-" "WordPress/6.7.5; https://www.trxnews.today"
65.21.237.125 - - [24/Jul/2026:08:52:50 -0700] "GET /category/trx-news/feed/ HTTP/1.1" 200 14901 "https://www.trxnews.today/category/trx-news/" "Mozilla/5.0 (compatible; SEOkicks; +https://www.seokicks.de/robot.html)"
192.145.236.177 - - [24/Jul/2026:08:56:39 -0700] "POST /wp-cron.php?doing_wp_cron=1784908599.2633960247039794921875 HTTP/1.1" 200 - "-" "WordPress/6.7.5; https://www.trxnews.today"
173.239.218.160 - - [24/Jul/2026:08:56:38 -0700] "POST /wp-login.php HTTP/1.1" 200 7523 "-" "Mozilla/5.0 (Linux; Android 10; K) AppleWebKit/537.36 (KHTML, like Gecko) Chrome/123.0.0.0 Mobile Safari/537.36 [ip:79.19.23.113]"
192.145.236.177 - - [24/Jul/2026:09:11:18 -0700] "POST /wp-cron.php?doing_wp_cron=1784909478.8327980041503906250000 HTTP/1.1" 200 - "-" "WordPress/6.7.5; https://www.trxnews.today"
173.239.218.161 - - [24/Jul/2026:09:11:17 -0700] "POST /wp-login.php HTTP/1.1" 200 7523 "-" "Mozilla/5.0 (Linux; Android 8.1.0; LM-X410.FGN) AppleWebKit/537.36 (KHTML, like Gecko) Chrome/83.0.4103.106 Mobile Safari/537.36"
192.145.236.177 - - [24/Jul/2026:09:12:48 -0700] "POST /wp-cron.php?doing_wp_cron=1784909568.6984620094299316406250 HTTP/1.1" 200 - "-" "WordPress/6.7.5; https://www.trxnews.today"
18.235.173.251 - - [24/Jul/2026:09:12:47 -0700] "GET /robots.txt HTTP/1.1" 200 567 "-" "Mozilla/5.0 (Macintosh; Intel Mac OS X 10_10_1) AppleWebKit/600.2.5 (KHTML, like Gecko) Version/8.0.2 Safari/600.2.5 (Gort)"
192.145.236.177 - - [24/Jul/2026:09:20:28 -0700] "POST /wp-cron.php?doing_wp_cron=1784910028.1471140384674072265625 HTTP/1.1" 200 - "-" "WordPress/6.7.5; https://www.trxnews.today"
45.61.187.50 - - [24/Jul/2026:09:20:27 -0700] "HEAD / HTTP/1.1" 200 - "-" "wp2shell/4.0"
45.61.187.50 - - [24/Jul/2026:09:20:28 -0700] "GET / HTTP/1.1" 200 449 "-" "wp2shell/4.0"
192.145.236.177 - - [24/Jul/2026:09:25:59 -0700] "POST /wp-cron.php?doing_wp_cron=1784910359.0380859375000000000000 HTTP/1.1" 200 - "-" "WordPress/6.7.5; https://www.trxnews.today"
98.159.37.124 - - [24/Jul/2026:09:25:58 -0700] "POST /wp-login.php HTTP/1.1" 200 7523 "-" "Mozilla/5.0 (Linux; Android 7.1.1; ZTE BLADE A521) AppleWebKit/537.36 (KHTML, like Gecko) Chrome/81.0.4044.138 Mobile Safari/537.36"
192.145.236.177 - - [24/Jul/2026:09:32:39 -0700] "POST /wp-cron.php?doing_wp_cron=1784910759.7954521179199218750000 HTTP/1.1" 200 - "-" "WordPress/6.7.5; https://www.trxnews.today"
43.173.132.93 - - [24/Jul/2026:09:32:39 -0700] "GET /robots.txt HTTP/1.1" 200 567 "-" "Mozilla/5.0 (Windows NT 10.0; Win64; x64) AppleWebKit/537.36 (KHTML, like Gecko) Chrome/131.0.0.0 Safari/537.36"
43.173.180.23 - - [24/Jul/2026:09:33:12 -0700] "GET / HTTP/1.1" 200 99914 "-" "Mozilla/5.0 (Windows NT 10.0; Win64; x64) AppleWebKit/537.36 (KHTML, like Gecko) Chrome/107.0.0.0 Safari/537.36"
43.172.195.33 - - [24/Jul/2026:09:33:26 -0700] "GET / HTTP/1.1" 200 99914 "http://www.trxnews.today" "Mozilla/5.0 (Windows NT 10.0; Win64; x64) AppleWebKit/537.36 (KHTML, like Gecko) Chrome/108.0.0.0 Safari/537.36"
192.145.236.177 - - [24/Jul/2026:09:40:38 -0700] "POST /wp-cron.php?doing_wp_cron=1784911238.8806240558624267578125 HTTP/1.1" 200 - "-" "WordPress/6.7.5; https://www.trxnews.today"
173.239.218.183 - - [24/Jul/2026:09:40:38 -0700] "POST /wp-login.php HTTP/1.1" 200 7523 "-" "firefox|Mozilla/5.0 (Windows; U; Windows NT 10.3; x64; en-US) Gecko/20130401 Firefox/51.4"
192.145.236.177 - - [24/Jul/2026:09:51:51 -0700] "POST /wp-cron.php?doing_wp_cron=1784911911.1931610107421875000000 HTTP/1.1" 200 - "-" "WordPress/6.7.5; https://www.trxnews.today"
181.118.35.255 - - [24/Jul/2026:09:51:50 -0700] "POST /xmlrpc.php HTTP/1.1" 200 852 "-" "Jetpack/12.5; WordPress/6.1; http://site16149428.com"
181.118.35.255 - - [24/Jul/2026:09:52:00 -0700] "POST /xmlrpc.php HTTP/1.1" 200 852 "-" "Jetpack/12.0; WordPress/6.1; http://site15284945.com"
181.118.35.255 - - [24/Jul/2026:09:52:11 -0700] "POST /xmlrpc.php HTTP/1.1" 200 852 "-" "WordPress.com; https://wordpress.com"
192.145.236.177 - - [24/Jul/2026:09:52:22 -0700] "POST /wp-cron.php?doing_wp_cron=1784911942.3160829544067382812500 HTTP/1.1" 200 - "-" "WordPress/6.7.5; https://www.trxnews.today"
181.118.35.255 - - [24/Jul/2026:09:52:21 -0700] "POST /xmlrpc.php HTTP/1.1" 200 852 "-" "Jetpack/12.1; WordPress/6.1; http://site35892100.com"
181.118.35.255 - - [24/Jul/2026:09:52:32 -0700] "POST /xmlrpc.php HTTP/1.1" 200 852 "-" "Jetpack/13.0; WordPress/6.2; http://site17032907.com"
192.145.236.177 - - [24/Jul/2026:09:52:43 -0700] "POST /wp-cron.php?doing_wp_cron=1784911963.2108380794525146484375 HTTP/1.1" 200 - "-" "WordPress/6.7.5; https://www.trxnews.today"
181.118.35.255 - - [24/Jul/2026:09:52:42 -0700] "POST /xmlrpc.php HTTP/1.1" 200 852 "-" "Jetpack by WordPress.com"
192.145.236.177 - - [24/Jul/2026:09:52:53 -0700] "POST /wp-cron.php?doing_wp_cron=1784911973.7382969856262207031250 HTTP/1.1" 200 - "-" "WordPress/6.7.5; https://www.trxnews.today"
181.118.35.255 - - [24/Jul/2026:09:52:53 -0700] "POST /xmlrpc.php HTTP/1.1" 200 852 "-" "Jetpack by WordPress.com (Jetpack 13.0; WordPress 6.2)"
181.118.35.255 - - [24/Jul/2026:09:53:03 -0700] "POST /xmlrpc.php HTTP/1.1" 200 852 "-" "Jetpack by WordPress.com (Jetpack 13.0; WordPress 6.1)"
192.145.236.177 - - [24/Jul/2026:09:53:18 -0700] "POST /wp-cron.php?doing_wp_cron=1784911998.7521979808807373046875 HTTP/1.1" 200 - "-" "WordPress/6.7.5; https://www.trxnews.today"
181.118.35.255 - - [24/Jul/2026:09:53:14 -0700] "POST /xmlrpc.php HTTP/1.1" 200 852 "-" "Jetpack/12.1; WordPress/6.4; http://site89445925.com"
181.118.35.255 - - [24/Jul/2026:09:53:24 -0700] "POST /xmlrpc.php HTTP/1.1" 200 852 "-" "Jetpack/12.5; WordPress/6.3; http://site30113801.com"
181.118.35.255 - - [24/Jul/2026:09:53:35 -0700] "POST /xmlrpc.php HTTP/1.1" 200 852 "-" "WordPress.com; https://wordpress.com"
192.145.236.177 - - [24/Jul/2026:09:53:46 -0700] "POST /wp-cron.php?doing_wp_cron=1784912026.2455830574035644531250 HTTP/1.1" 200 - "-" "WordPress/6.7.5; https://www.trxnews.today"
181.118.35.255 - - [24/Jul/2026:09:53:45 -0700] "POST /xmlrpc.php HTTP/1.1" 200 852 "-" "Jetpack by WordPress.com (Jetpack 13.0; WordPress 6.4)"
192.145.236.177 - - [24/Jul/2026:09:53:56 -0700] "POST /wp-cron.php?doing_wp_cron=1784912036.8463089466094970703125 HTTP/1.1" 200 - "-" "WordPress/6.7.5; https://www.trxnews.today"
181.118.35.255 - - [24/Jul/2026:09:53:56 -0700] "POST /xmlrpc.php HTTP/1.1" 200 852 "-" "Jetpack/12.5; WordPress/6.4; http://site91455058.com"
181.118.35.255 - - [24/Jul/2026:09:54:06 -0700] "POST /xmlrpc.php HTTP/1.1" 200 852 "-" "Jetpack by WordPress.com"
192.145.236.177 - - [24/Jul/2026:09:54:19 -0700] "POST /wp-cron.php?doing_wp_cron=1784912059.6867799758911132812500 HTTP/1.1" 200 - "-" "WordPress/6.7.5; https://www.trxnews.today"
181.118.35.255 - - [24/Jul/2026:09:54:17 -0700] "POST /xmlrpc.php HTTP/1.1" 200 852 "-" "WordPress.com; https://wordpress.com"
181.118.35.255 - - [24/Jul/2026:09:54:27 -0700] "POST /xmlrpc.php HTTP/1.1" 200 852 "-" "WordPress.com; https://wordpress.com"
192.145.236.177 - - [24/Jul/2026:09:54:39 -0700] "POST /wp-cron.php?doing_wp_cron=1784912079.0012431144714355468750 HTTP/1.1" 200 - "-" "WordPress/6.7.5; https://www.trxnews.today"
181.118.35.255 - - [24/Jul/2026:09:54:38 -0700] "POST /xmlrpc.php HTTP/1.1" 200 852 "-" "Jetpack/12.5; WordPress/6.4; http://site92911022.com"
181.118.35.255 - - [24/Jul/2026:09:54:48 -0700] "POST /xmlrpc.php HTTP/1.1" 200 852 "-" "Jetpack by WordPress.com"
181.118.35.255 - - [24/Jul/2026:09:54:59 -0700] "POST /xmlrpc.php HTTP/1.1" 406 300 "-" "WordPress.com; https://wordpress.com"
181.118.35.255 - - [24/Jul/2026:09:55:09 -0700] "POST /xmlrpc.php HTTP/1.1" 406 300 "-" "WordPress.com; https://wordpress.com"
192.145.236.177 - - [24/Jul/2026:09:55:12 -0700] "POST /wp-cron.php?doing_wp_cron=1784912112.1382019519805908203125 HTTP/1.1" 200 - "-" "WordPress/6.7.5; https://www.trxnews.today"
173.239.218.176 - - [24/Jul/2026:09:55:11 -0700] "POST /wp-login.php HTTP/1.1" 200 7523 "-" "android|Mozilla/5.0 (Android; Android 7.1.1; Pixel C Build/NME91E) AppleWebKit/602.27 (KHTML, like Gecko) Chrome/54.0.1063.185 Mobile Safari/602.5"
192.145.236.177 - - [24/Jul/2026:09:55:21 -0700] "POST /wp-cron.php?doing_wp_cron=1784912121.4502460956573486328125 HTTP/1.1" 200 - "-" "WordPress/6.7.5; https://www.trxnews.today"
181.118.35.255 - - [24/Jul/2026:09:55:20 -0700] "POST /xmlrpc.php HTTP/1.1" 200 852 "-" "Jetpack/12.5; WordPress/6.4; http://site93046529.com"
181.118.35.255 - - [24/Jul/2026:09:56:03 -0700] "POST /xmlrpc.php HTTP/1.1" 406 300 "-" "WordPress.com; https://wordpress.com"
192.145.236.177 - - [24/Jul/2026:09:56:26 -0700] "POST /wp-cron.php?doing_wp_cron=1784912186.1235039234161376953125 HTTP/1.1" 200 - "-" "WordPress/6.7.5; https://www.trxnews.today"
181.118.35.255 - - [24/Jul/2026:09:56:24 -0700] "POST /xmlrpc.php HTTP/1.1" 200 852 "-" "Jetpack by WordPress.com (Jetpack 12.0; WordPress 6.4)"
181.118.35.255 - - [24/Jul/2026:09:56:36 -0700] "POST /xmlrpc.php HTTP/1.1" 406 300 "-" "WordPress.com; https://wordpress.com"
192.145.236.177 - - [24/Jul/2026:09:56:44 -0700] "POST /wp-cron.php?doing_wp_cron=1784912204.8822178840637207031250 HTTP/1.1" 200 - "-" "WordPress/6.7.5; https://www.trxnews.today"
181.118.35.255 - - [24/Jul/2026:09:56:44 -0700] "POST /xmlrpc.php HTTP/1.1" 200 852 "-" "Jetpack by WordPress.com (Jetpack 12.5; WordPress 6.1)"
192.145.236.177 - - [24/Jul/2026:09:56:55 -0700] "POST /wp-cron.php?doing_wp_cron=1784912215.3744928836822509765625 HTTP/1.1" 200 - "-" "WordPress/6.7.5; https://www.trxnews.today"
181.118.35.255 - - [24/Jul/2026:09:56:54 -0700] "POST /xmlrpc.php HTTP/1.1" 200 852 "-" "Jetpack/12.1; WordPress/6.3; http://site15064284.com"
181.118.35.255 - - [24/Jul/2026:09:57:26 -0700] "POST /xmlrpc.php HTTP/1.1" 406 300 "-" "WordPress.com; https://wordpress.com"
192.145.236.177 - - [24/Jul/2026:09:57:37 -0700] "POST /wp-cron.php?doing_wp_cron=1784912257.4731230735778808593750 HTTP/1.1" 200 - "-" "WordPress/6.7.5; https://www.trxnews.today"
181.118.35.255 - - [24/Jul/2026:09:57:36 -0700] "POST /xmlrpc.php HTTP/1.1" 200 852 "-" "Jetpack/12.5; WordPress/6.2; http://site94199430.com"
181.118.35.255 - - [24/Jul/2026:09:57:48 -0700] "POST /xmlrpc.php HTTP/1.1" 200 852 "-" "Jetpack by WordPress.com (Jetpack 13.0; WordPress 6.4)"
192.145.236.177 - - [24/Jul/2026:09:58:08 -0700] "POST /wp-cron.php?doing_wp_cron=1784912288.9661459922790527343750 HTTP/1.1" 200 - "-" "WordPress/6.7.5; https://www.trxnews.today"
181.118.35.255 - - [24/Jul/2026:09:58:08 -0700] "POST /xmlrpc.php HTTP/1.1" 200 852 "-" "Jetpack/13.0; WordPress/6.1; http://site30672189.com"
192.145.236.177 - - [24/Jul/2026:09:58:19 -0700] "POST /wp-cron.php?doing_wp_cron=1784912299.6351480484008789062500 HTTP/1.1" 200 - "-" "WordPress/6.7.5; https://www.trxnews.today"
181.118.35.255 - - [24/Jul/2026:09:58:18 -0700] "POST /xmlrpc.php HTTP/1.1" 200 852 "-" "Jetpack by WordPress.com"
181.118.35.255 - - [24/Jul/2026:09:58:29 -0700] "POST /xmlrpc.php HTTP/1.1" 200 852 "-" "Jetpack by WordPress.com"
181.118.35.255 - - [24/Jul/2026:09:58:42 -0700] "POST /xmlrpc.php HTTP/1.1" 406 300 "-" "WordPress.com; https://wordpress.com"
181.118.35.255 - - [24/Jul/2026:09:58:50 -0700] "POST /xmlrpc.php HTTP/1.1" 406 300 "-" "WordPress.com; https://wordpress.com"
192.145.236.177 - - [24/Jul/2026:09:59:02 -0700] "POST /wp-cron.php?doing_wp_cron=1784912342.4981510639190673828125 HTTP/1.1" 200 - "-" "WordPress/6.7.5; https://www.trxnews.today"
181.118.35.255 - - [24/Jul/2026:09:59:01 -0700] "POST /xmlrpc.php HTTP/1.1" 200 852 "-" "Jetpack/12.5; WordPress/6.4; http://site24021932.com"
192.145.236.177 - - [24/Jul/2026:09:59:22 -0700] "POST /wp-cron.php?doing_wp_cron=1784912362.4989299774169921875000 HTTP/1.1" 200 - "-" "WordPress/6.7.5; https://www.trxnews.today"
181.118.35.255 - - [24/Jul/2026:09:59:21 -0700] "POST /xmlrpc.php HTTP/1.1" 200 852 "-" "Jetpack by WordPress.com (Jetpack 12.1; WordPress 6.2)"
77.75.78.169 - - [24/Jul/2026:09:59:38 -0700] "GET /become-a-contributor/ HTTP/1.1" 200 40569 "-" "Mozilla/5.0 (compatible; SeznamBot/4.0; +https://o-seznam.cz/napoveda/vyhledavani/en/seznambot-crawler/)"
192.145.236.177 - - [24/Jul/2026:09:59:39 -0700] "POST /wp-cron.php?doing_wp_cron=1784912379.2254691123962402343750 HTTP/1.1" 200 - "-" "WordPress/6.7.5; https://www.trxnews.today"
77.75.78.169 - - [24/Jul/2026:09:59:38 -0700] "GET /robots.txt HTTP/1.1" 200 567 "-" "Mozilla/5.0 (compatible; SeznamBot/4.0; +https://o-seznam.cz/napoveda/vyhledavani/en/seznambot-crawler/)"
181.118.35.255 - - [24/Jul/2026:09:59:43 -0700] "POST /xmlrpc.php HTTP/1.1" 200 852 "-" "Jetpack by WordPress.com"
192.145.236.177 - - [24/Jul/2026:10:01:00 -0700] "POST /wp-cron.php?doing_wp_cron=1784912460.1455988883972167968750 HTTP/1.1" 200 - "-" "WordPress/6.7.5; https://www.trxnews.today"
181.118.35.255 - - [24/Jul/2026:10:00:59 -0700] "POST /xmlrpc.php HTTP/1.1" 200 852 "-" "Jetpack by WordPress.com (Jetpack 13.0; WordPress 6.2)"
181.118.35.255 - - [24/Jul/2026:10:01:08 -0700] "POST /xmlrpc.php HTTP/1.1" 200 852 "-" "Jetpack by WordPress.com"
192.145.236.177 - - [24/Jul/2026:10:01:19 -0700] "POST /wp-cron.php?doing_wp_cron=1784912479.8745160102844238281250 HTTP/1.1" 200 - "-" "WordPress/6.7.5; https://www.trxnews.today"
181.118.35.255 - - [24/Jul/2026:10:01:18 -0700] "POST /xmlrpc.php HTTP/1.1" 200 852 "-" "Jetpack by WordPress.com (Jetpack 12.1; WordPress 6.4)"
181.118.35.255 - - [24/Jul/2026:10:01:28 -0700] "POST /xmlrpc.php HTTP/1.1" 200 852 "-" "Jetpack/12.1; WordPress/6.2; http://site55681100.com"
192.145.236.177 - - [24/Jul/2026:10:01:42 -0700] "POST /wp-cron.php?doing_wp_cron=1784912502.0559511184692382812500 HTTP/1.1" 200 - "-" "WordPress/6.7.5; https://www.trxnews.today"
181.118.35.255 - - [24/Jul/2026:10:01:41 -0700] "POST /xmlrpc.php HTTP/1.1" 200 852 "-" "Jetpack by WordPress.com (Jetpack 12.5; WordPress 6.4)"
192.145.236.177 - - [24/Jul/2026:10:01:52 -0700] "POST /wp-cron.php?doing_wp_cron=1784912512.5145480632781982421875 HTTP/1.1" 200 - "-" "WordPress/6.7.5; https://www.trxnews.today"
181.118.35.255 - - [24/Jul/2026:10:01:51 -0700] "POST /xmlrpc.php HTTP/1.1" 200 852 "-" "Jetpack by WordPress.com (Jetpack 12.0; WordPress 6.3)"
181.118.35.255 - - [24/Jul/2026:10:01:59 -0700] "POST /xmlrpc.php HTTP/1.1" 406 300 "-" "WordPress.com; https://wordpress.com"
181.118.35.255 - - [24/Jul/2026:10:02:09 -0700] "POST /xmlrpc.php HTTP/1.1" 200 852 "-" "Jetpack by WordPress.com"
192.145.236.177 - - [24/Jul/2026:10:02:21 -0700] "POST /wp-cron.php?doing_wp_cron=1784912541.3265120983123779296875 HTTP/1.1" 200 - "-" "WordPress/6.7.5; https://www.trxnews.today"
181.118.35.255 - - [24/Jul/2026:10:02:20 -0700] "POST /xmlrpc.php HTTP/1.1" 200 852 "-" "Jetpack by WordPress.com (Jetpack 12.0; WordPress 6.3)"
181.118.35.255 - - [24/Jul/2026:10:02:30 -0700] "POST /xmlrpc.php HTTP/1.1" 200 852 "-" "Jetpack/12.0; WordPress/6.3; http://site55698797.com"
192.145.236.177 - - [24/Jul/2026:10:02:42 -0700] "POST /wp-cron.php?doing_wp_cron=1784912562.0118229389190673828125 HTTP/1.1" 200 - "-" "WordPress/6.7.5; https://www.trxnews.today"
181.118.35.255 - - [24/Jul/2026:10:02:41 -0700] "POST /xmlrpc.php HTTP/1.1" 200 852 "-" "Jetpack by WordPress.com"
192.145.236.177 - - [24/Jul/2026:10:02:52 -0700] "POST /wp-cron.php?doing_wp_cron=1784912572.3467841148376464843750 HTTP/1.1" 200 - "-" "WordPress/6.7.5; https://www.trxnews.today"
181.118.35.255 - - [24/Jul/2026:10:02:51 -0700] "POST /xmlrpc.php HTTP/1.1" 200 852 "-" "Jetpack by WordPress.com"
181.118.35.255 - - [24/Jul/2026:10:03:02 -0700] "POST /xmlrpc.php HTTP/1.1" 406 300 "-" "WordPress.com; https://wordpress.com"
192.145.236.177 - - [24/Jul/2026:10:03:17 -0700] "POST /wp-cron.php?doing_wp_cron=1784912597.1862790584564208984375 HTTP/1.1" 200 - "-" "WordPress/6.7.5; https://www.trxnews.today"
181.118.35.255 - - [24/Jul/2026:10:03:13 -0700] "POST /xmlrpc.php HTTP/1.1" 200 852 "-" "Jetpack/13.0; WordPress/6.4; http://site60435392.com"
181.118.35.255 - - [24/Jul/2026:10:03:24 -0700] "POST /xmlrpc.php HTTP/1.1" 200 852 "-" "Jetpack by WordPress.com"
181.118.35.255 - - [24/Jul/2026:10:03:34 -0700] "POST /xmlrpc.php HTTP/1.1" 200 852 "-" "Jetpack by WordPress.com"
192.145.236.177 - - [24/Jul/2026:10:03:45 -0700] "POST /wp-cron.php?doing_wp_cron=1784912625.8947899341583251953125 HTTP/1.1" 200 - "-" "WordPress/6.7.5; https://www.trxnews.today"
186.22.17.113 - - [24/Jul/2026:10:03:45 -0700] "POST /xmlrpc.php HTTP/1.1" 200 852 "-" "Mozilla/5.0 (X11; Ubuntu; Linux x86_64; x86) AppleWebKit/537.36 (KHTML, like Gecko) Opera/76.0.0.0 Safari/537.36"
181.118.35.255 - - [24/Jul/2026:10:03:54 -0700] "POST /xmlrpc.php HTTP/1.1" 406 300 "-" "WordPress.com; https://wordpress.com"
192.145.236.177 - - [24/Jul/2026:10:04:06 -0700] "POST /wp-cron.php?doing_wp_cron=1784912646.1080789566040039062500 HTTP/1.1" 200 - "-" "WordPress/6.7.5; https://www.trxnews.today"
181.118.35.255 - - [24/Jul/2026:10:04:05 -0700] "POST /xmlrpc.php HTTP/1.1" 200 852 "-" "Jetpack/12.1; WordPress/6.2; http://site10271953.com"
181.118.35.255 - - [24/Jul/2026:10:04:18 -0700] "POST /xmlrpc.php HTTP/1.1" 406 300 "-" "WordPress.com; https://wordpress.com"
181.118.35.255 - - [24/Jul/2026:10:04:26 -0700] "POST /xmlrpc.php HTTP/1.1" 406 300 "-" "WordPress.com; https://wordpress.com"
192.145.236.177 - - [24/Jul/2026:10:04:37 -0700] "POST /wp-cron.php?doing_wp_cron=1784912677.5160520076751708984375 HTTP/1.1" 200 - "-" "WordPress/6.7.5; https://www.trxnews.today"
181.118.35.255 - - [24/Jul/2026:10:04:36 -0700] "POST /xmlrpc.php HTTP/1.1" 200 852 "-" "Jetpack by WordPress.com"
192.145.236.177 - - [24/Jul/2026:10:04:58 -0700] "POST /wp-cron.php?doing_wp_cron=1784912698.5913219451904296875000 HTTP/1.1" 200 - "-" "WordPress/6.7.5; https://www.trxnews.today"
181.118.35.255 - - [24/Jul/2026:10:04:57 -0700] "POST /xmlrpc.php HTTP/1.1" 200 852 "-" "Jetpack by WordPress.com (Jetpack 13.0; WordPress 6.3)"
192.145.236.177 - - [24/Jul/2026:10:05:33 -0700] "POST /wp-cron.php?doing_wp_cron=1784912733.2376439571380615234375 HTTP/1.1" 200 - "-" "WordPress/6.7.5; https://www.trxnews.today"
181.118.35.255 - - [24/Jul/2026:10:05:32 -0700] "POST /xmlrpc.php HTTP/1.1" 200 852 "-" "Jetpack by WordPress.com (Jetpack 12.1; WordPress 6.3)"
181.118.35.255 - - [24/Jul/2026:10:05:39 -0700] "POST /xmlrpc.php HTTP/1.1" 406 300 "-" "WordPress.com; https://wordpress.com"
192.145.236.177 - - [24/Jul/2026:10:05:56 -0700] "POST /wp-cron.php?doing_wp_cron=1784912756.7720348834991455078125 HTTP/1.1" 200 - "-" "WordPress/6.7.5; https://www.trxnews.today"
186.22.17.113 - - [24/Jul/2026:10:05:56 -0700] "GET /wp-json/wp/v2/users HTTP/1.1" 200 2790 "-" "Mozilla/4.0 (compatible; Win32; WinHttp.WinHttpRequest.5)"
181.118.35.255 - - [24/Jul/2026:10:06:00 -0700] "POST /xmlrpc.php HTTP/1.1" 406 300 "-" "WordPress.com; https://wordpress.com"
181.118.35.255 - - [24/Jul/2026:10:06:11 -0700] "POST /xmlrpc.php HTTP/1.1" 406 300 "-" "WordPress.com; https://wordpress.com"
181.118.35.255 - - [24/Jul/2026:10:06:22 -0700] "POST /xmlrpc.php HTTP/1.1" 406 300 "-" "WordPress.com; https://wordpress.com"
192.145.236.177 - - [24/Jul/2026:10:06:33 -0700] "POST /wp-cron.php?doing_wp_cron=1784912793.1440138816833496093750 HTTP/1.1" 200 - "-" "WordPress/6.7.5; https://www.trxnews.today"
181.118.35.255 - - [24/Jul/2026:10:06:32 -0700] "POST /xmlrpc.php HTTP/1.1" 200 852 "-" "Jetpack/12.1; WordPress/6.2; http://site13141925.com"
192.145.236.177 - - [24/Jul/2026:10:06:39 -0700] "POST /wp-cron.php?doing_wp_cron=1784912799.0274529457092285156250 HTTP/1.1" 200 - "-" "WordPress/6.7.5; https://www.trxnews.today"
186.22.17.113 - - [24/Jul/2026:10:06:38 -0700] "POST /xmlrpc.php HTTP/1.1" 200 852 "-" "Mozilla/5.0 (Linux; Android 10; x64) AppleWebKit/537.36 (KHTML, like Gecko) Chrome/84.0.0.0 Safari/537.36"
181.118.35.255 - - [24/Jul/2026:10:06:42 -0700] "POST /xmlrpc.php HTTP/1.1" 406 300 "-" "WordPress.com; https://wordpress.com"
192.145.236.177 - - [24/Jul/2026:10:06:54 -0700] "POST /wp-cron.php?doing_wp_cron=1784912814.0144429206848144531250 HTTP/1.1" 200 - "-" "WordPress/6.7.5; https://www.trxnews.today"
181.118.35.255 - - [24/Jul/2026:10:06:53 -0700] "POST /xmlrpc.php HTTP/1.1" 200 852 "-" "Jetpack by WordPress.com"
181.118.35.255 - - [24/Jul/2026:10:07:03 -0700] "POST /xmlrpc.php HTTP/1.1" 200 852 "-" "Jetpack by WordPress.com (Jetpack 13.0; WordPress 6.4)"
192.145.236.177 - - [24/Jul/2026:10:07:15 -0700] "POST /wp-cron.php?doing_wp_cron=1784912835.0407009124755859375000 HTTP/1.1" 200 - "-" "WordPress/6.7.5; https://www.trxnews.today"
181.118.35.255 - - [24/Jul/2026:10:07:14 -0700] "POST /xmlrpc.php HTTP/1.1" 200 852 "-" "Jetpack by WordPress.com"
186.22.17.113 - - [24/Jul/2026:10:07:22 -0700] "POST /xmlrpc.php HTTP/1.1" 200 852 "-" "Mozilla/5.0 (Windows NT 6.3; x86) AppleWebKit/537.36 (KHTML, like Gecko) Safari/12.0.0.0 Safari/537.36"
181.118.35.255 - - [24/Jul/2026:10:07:24 -0700] "POST /xmlrpc.php HTTP/1.1" 200 852 "-" "Jetpack/12.0; WordPress/6.1; http://site65042872.com"
181.118.35.255 - - [24/Jul/2026:10:07:35 -0700] "POST /xmlrpc.php HTTP/1.1" 200 852 "-" "Jetpack/13.0; WordPress/6.2; http://site58461507.com"
192.145.236.177 - - [24/Jul/2026:10:07:47 -0700] "POST /wp-cron.php?doing_wp_cron=1784912867.8911459445953369140625 HTTP/1.1" 200 - "-" "WordPress/6.7.5; https://www.trxnews.today"
181.118.35.255 - - [24/Jul/2026:10:07:46 -0700] "POST /xmlrpc.php HTTP/1.1" 200 852 "-" "Jetpack by WordPress.com"
192.145.236.177 - - [24/Jul/2026:10:07:58 -0700] "POST /wp-cron.php?doing_wp_cron=1784912878.9741830825805664062500 HTTP/1.1" 200 - "-" "WordPress/6.7.5; https://www.trxnews.today"
186.22.17.113 - - [24/Jul/2026:10:07:58 -0700] "POST /xmlrpc.php HTTP/1.1" 200 852 "-" "Mozilla/5.0 (Linux; Android 10; x86) AppleWebKit/537.36 (KHTML, like Gecko) Chrome/89.0.0.0 Safari/537.36"
181.118.35.255 - - [24/Jul/2026:10:07:59 -0700] "POST /xmlrpc.php HTTP/1.1" 200 852 "-" "Jetpack by WordPress.com (Jetpack 13.0; WordPress 6.1)"
181.118.35.255 - - [24/Jul/2026:10:08:06 -0700] "POST /xmlrpc.php HTTP/1.1" 406 300 "-" "WordPress.com; https://wordpress.com"
192.145.236.177 - - [24/Jul/2026:10:08:19 -0700] "POST /wp-cron.php?doing_wp_cron=1784912899.0563549995422363281250 HTTP/1.1" 200 - "-" "WordPress/6.7.5; https://www.trxnews.today"
181.118.35.255 - - [24/Jul/2026:10:08:18 -0700] "POST /xmlrpc.php HTTP/1.1" 200 852 "-" "Jetpack/12.1; WordPress/6.1; http://site90082978.com"
181.118.35.255 - - [24/Jul/2026:10:08:27 -0700] "POST /xmlrpc.php HTTP/1.1" 200 852 "-" "Jetpack by WordPress.com (Jetpack 13.0; WordPress 6.4)"
192.145.236.177 - - [24/Jul/2026:10:08:41 -0700] "POST /wp-cron.php?doing_wp_cron=1784912921.8335170745849609375000 HTTP/1.1" 200 - "-" "WordPress/6.7.5; https://www.trxnews.today"
181.118.35.255 - - [24/Jul/2026:10:08:41 -0700] "POST /xmlrpc.php HTTP/1.1" 200 852 "-" "Jetpack by WordPress.com (Jetpack 13.0; WordPress 6.4)"
186.22.17.113 - - [24/Jul/2026:10:08:42 -0700] "POST /xmlrpc.php HTTP/1.1" 200 852 "-" "Mozilla/5.0 (X11; Ubuntu; Linux x86_64; arm64) AppleWebKit/537.36 (KHTML, like Gecko) Edge/92.0.0.0 Safari/537.36"
181.118.35.255 - - [24/Jul/2026:10:08:48 -0700] "POST /xmlrpc.php HTTP/1.1" 200 852 "-" "Jetpack/12.5; WordPress/6.1; http://site48729606.com"
192.145.236.177 - - [24/Jul/2026:10:09:27 -0700] "POST /wp-cron.php?doing_wp_cron=1784912967.0544219017028808593750 HTTP/1.1" 200 - "-" "WordPress/6.7.5; https://www.trxnews.today"
186.22.17.113 - - [24/Jul/2026:10:09:26 -0700] "POST /xmlrpc.php HTTP/1.1" 200 852 "-" "Mozilla/5.0 (Linux; Android 10; x86) AppleWebKit/537.36 (KHTML, like Gecko) Edge/86.0.0.0 Safari/537.36"
181.118.35.255 - - [24/Jul/2026:10:09:31 -0700] "POST /xmlrpc.php HTTP/1.1" 200 852 "-" "Jetpack by WordPress.com"
192.145.236.177 - - [24/Jul/2026:10:09:41 -0700] "POST /wp-cron.php?doing_wp_cron=1784912981.8980538845062255859375 HTTP/1.1" 200 - "-" "WordPress/6.7.5; https://www.trxnews.today"
181.118.35.255 - - [24/Jul/2026:10:09:41 -0700] "POST /xmlrpc.php HTTP/1.1" 200 852 "-" "Jetpack/12.5; WordPress/6.1; http://site65512974.com"
192.145.236.177 - - [24/Jul/2026:10:10:02 -0700] "POST /wp-cron.php?doing_wp_cron=1784913002.8908460140228271484375 HTTP/1.1" 200 - "-" "WordPress/6.7.5; https://www.trxnews.today"
181.118.35.255 - - [24/Jul/2026:10:10:02 -0700] "POST /xmlrpc.php HTTP/1.1" 200 852 "-" "Jetpack by WordPress.com (Jetpack 13.0; WordPress 6.3)"
186.22.17.113 - - [24/Jul/2026:10:10:06 -0700] "POST /xmlrpc.php HTTP/1.1" 200 852 "-" "Mozilla/5.0 (Windows NT 6.2; x64) AppleWebKit/537.36 (KHTML, like Gecko) Edge/98.0.0.0 Safari/537.36"
181.118.35.255 - - [24/Jul/2026:10:10:12 -0700] "POST /xmlrpc.php HTTP/1.1" 406 300 "-" "WordPress.com; https://wordpress.com"
192.145.236.177 - - [24/Jul/2026:10:10:37 -0700] "POST /wp-cron.php?doing_wp_cron=1784913037.4622709751129150390625 HTTP/1.1" 200 - "-" "WordPress/6.7.5; https://www.trxnews.today"
181.118.35.255 - - [24/Jul/2026:10:10:36 -0700] "POST /xmlrpc.php HTTP/1.1" 200 852 "-" "Jetpack by WordPress.com"
181.118.35.255 - - [24/Jul/2026:10:10:44 -0700] "POST /xmlrpc.php HTTP/1.1" 200 852 "-" "Jetpack/12.0; WordPress/6.2; http://site83208262.com"
186.22.17.113 - - [24/Jul/2026:10:10:46 -0700] "POST /xmlrpc.php HTTP/1.1" 200 852 "-" "Mozilla/5.0 (Windows NT 6.3; x86) AppleWebKit/537.36 (KHTML, like Gecko) Chrome/109.0.0.0 Safari/537.36"
192.145.236.177 - - [24/Jul/2026:10:10:52 -0700] "POST /wp-cron.php?doing_wp_cron=1784913052.7533750534057617187500 HTTP/1.1" 200 - "-" "WordPress/6.7.5; https://www.trxnews.today"
98.159.37.123 - - [24/Jul/2026:10:10:52 -0700] "POST /wp-login.php HTTP/1.1" 200 7523 "-" "mobile|Mozilla/5.0 (Android; Android 4.4.1; SAMSUNG SM-T531 Build/KTU84P) AppleWebKit/602.43 (KHTML, like Gecko) Chrome/51.0.1322.270 Mobile Safari/602.2"
181.118.35.255 - - [24/Jul/2026:10:10:54 -0700] "POST /xmlrpc.php HTTP/1.1" 200 852 "-" "Jetpack/12.5; WordPress/6.4; http://site97493522.com"
181.118.35.255 - - [24/Jul/2026:10:11:05 -0700] "POST /xmlrpc.php HTTP/1.1" 200 852 "-" "Jetpack by WordPress.com (Jetpack 12.0; WordPress 6.3)"
192.145.236.177 - - [24/Jul/2026:10:11:16 -0700] "POST /wp-cron.php?doing_wp_cron=1784913076.5672969818115234375000 HTTP/1.1" 200 - "-" "WordPress/6.7.5; https://www.trxnews.today"
181.118.35.255 - - [24/Jul/2026:10:11:15 -0700] "POST /xmlrpc.php HTTP/1.1" 200 852 "-" "Jetpack by WordPress.com (Jetpack 12.5; WordPress 6.1)"
181.118.35.255 - - [24/Jul/2026:10:11:26 -0700] "POST /xmlrpc.php HTTP/1.1" 200 852 "-" "Jetpack by WordPress.com (Jetpack 12.5; WordPress 6.3)"
186.22.17.113 - - [24/Jul/2026:10:11:27 -0700] "POST /xmlrpc.php HTTP/1.1" 200 852 "-" "Mozilla/5.0 (Windows NT 6.2; arm64) AppleWebKit/537.36 (KHTML, like Gecko) Safari/13.0.0.0 Safari/537.36"
181.118.35.255 - - [24/Jul/2026:10:11:37 -0700] "POST /xmlrpc.php HTTP/1.1" 200 852 "-" "Jetpack by WordPress.com"
181.118.35.255 - - [24/Jul/2026:10:11:47 -0700] "POST /xmlrpc.php HTTP/1.1" 406 300 "-" "WordPress.com; https://wordpress.com"
192.145.236.177 - - [24/Jul/2026:10:11:58 -0700] "POST /wp-cron.php?doing_wp_cron=1784913118.6211531162261962890625 HTTP/1.1" 200 - "-" "WordPress/6.7.5; https://www.trxnews.today"
181.118.35.255 - - [24/Jul/2026:10:11:58 -0700] "POST /xmlrpc.php HTTP/1.1" 200 852 "-" "Jetpack by WordPress.com (Jetpack 13.0; WordPress 6.4)"
181.118.35.255 - - [24/Jul/2026:10:12:09 -0700] "POST /xmlrpc.php HTTP/1.1" 406 300 "-" "WordPress.com; https://wordpress.com"
186.22.17.113 - - [24/Jul/2026:10:12:10 -0700] "POST /xmlrpc.php HTTP/1.1" 200 852 "-" "Mozilla/5.0 (Linux; Android 10; arm64) AppleWebKit/537.36 (KHTML, like Gecko) Edge/93.0.0.0 Safari/537.36"
192.145.236.177 - - [24/Jul/2026:10:12:19 -0700] "POST /wp-cron.php?doing_wp_cron=1784913139.5717120170593261718750 HTTP/1.1" 200 - "-" "WordPress/6.7.5; https://www.trxnews.today"
181.118.35.255 - - [24/Jul/2026:10:12:19 -0700] "POST /xmlrpc.php HTTP/1.1" 200 852 "-" "Jetpack by WordPress.com (Jetpack 13.0; WordPress 6.1)"
181.118.35.255 - - [24/Jul/2026:10:12:29 -0700] "POST /xmlrpc.php HTTP/1.1" 200 852 "-" "Jetpack/12.1; WordPress/6.1; http://site60585211.com"
192.145.236.177 - - [24/Jul/2026:10:12:41 -0700] "POST /wp-cron.php?doing_wp_cron=1784913161.5680000782012939453125 HTTP/1.1" 200 - "-" "WordPress/6.7.5; https://www.trxnews.today"
181.118.35.255 - - [24/Jul/2026:10:12:40 -0700] "POST /xmlrpc.php HTTP/1.1" 200 852 "-" "Jetpack by WordPress.com (Jetpack 12.0; WordPress 6.4)"
181.118.35.255 - - [24/Jul/2026:10:12:50 -0700] "POST /xmlrpc.php HTTP/1.1" 200 852 "-" "Jetpack/12.5; WordPress/6.1; http://site62500554.com"
192.145.236.177 - - [24/Jul/2026:10:12:54 -0700] "POST /wp-cron.php?doing_wp_cron=1784913174.8443748950958251953125 HTTP/1.1" 200 - "-" "WordPress/6.7.5; https://www.trxnews.today"
186.22.17.113 - - [24/Jul/2026:10:12:54 -0700] "POST /xmlrpc.php HTTP/1.1" 200 852 "-" "Mozilla/5.0 (Linux; Android 10; arm64) AppleWebKit/537.36 (KHTML, like Gecko) Firefox/81.0.0.0 Safari/537.36"
181.118.35.255 - - [24/Jul/2026:10:13:01 -0700] "POST /xmlrpc.php HTTP/1.1" 200 852 "-" "Jetpack by WordPress.com (Jetpack 12.1; WordPress 6.4)"
181.118.35.255 - - [24/Jul/2026:10:13:12 -0700] "POST /xmlrpc.php HTTP/1.1" 200 852 "-" "Jetpack/13.0; WordPress/6.2; http://site11041576.com"
192.145.236.177 - - [24/Jul/2026:10:13:23 -0700] "POST /wp-cron.php?doing_wp_cron=1784913203.5635459423065185546875 HTTP/1.1" 200 - "-" "WordPress/6.7.5; https://www.trxnews.today"
181.118.35.255 - - [24/Jul/2026:10:13:22 -0700] "POST /xmlrpc.php HTTP/1.1" 200 852 "-" "Jetpack by WordPress.com (Jetpack 12.0; WordPress 6.2)"
181.118.35.255 - - [24/Jul/2026:10:13:32 -0700] "POST /xmlrpc.php HTTP/1.1" 200 852 "-" "Jetpack by WordPress.com (Jetpack 12.5; WordPress 6.1)"
192.145.236.177 - - [24/Jul/2026:10:13:40 -0700] "POST /wp-cron.php?doing_wp_cron=1784913220.2120749950408935546875 HTTP/1.1" 200 - "-" "WordPress/6.7.5; https://www.trxnews.today"
186.22.17.113 - - [24/Jul/2026:10:13:39 -0700] "POST /xmlrpc.php HTTP/1.1" 200 852 "-" "Mozilla/5.0 (Windows NT 6.3; arm64) AppleWebKit/537.36 (KHTML, like Gecko) Opera/71.0.0.0 Safari/537.36"
192.145.236.177 - - [24/Jul/2026:10:13:55 -0700] "POST /wp-cron.php?doing_wp_cron=1784913234.9716899394989013671875 HTTP/1.1" 200 - "-" "WordPress/6.7.5; https://www.trxnews.today"
181.118.35.255 - - [24/Jul/2026:10:13:54 -0700] "POST /xmlrpc.php HTTP/1.1" 200 852 "-" "Jetpack by WordPress.com (Jetpack 12.1; WordPress 6.4)"
192.145.236.177 - - [24/Jul/2026:10:14:05 -0700] "POST /wp-cron.php?doing_wp_cron=1784913245.3992059230804443359375 HTTP/1.1" 200 - "-" "WordPress/6.7.5; https://www.trxnews.today"
181.118.35.255 - - [24/Jul/2026:10:14:04 -0700] "POST /xmlrpc.php HTTP/1.1" 200 852 "-" "Jetpack by WordPress.com (Jetpack 12.1; WordPress 6.3)"
192.145.236.177 - - [24/Jul/2026:10:14:15 -0700] "POST /wp-cron.php?doing_wp_cron=1784913255.9573400020599365234375 HTTP/1.1" 200 - "-" "WordPress/6.7.5; https://www.trxnews.today"
181.118.35.255 - - [24/Jul/2026:10:14:15 -0700] "POST /xmlrpc.php HTTP/1.1" 200 852 "-" "Jetpack by WordPress.com (Jetpack 13.0; WordPress 6.4)"
186.22.17.113 - - [24/Jul/2026:10:14:17 -0700] "POST /xmlrpc.php HTTP/1.1" 200 852 "-" "Mozilla/5.0 (Windows NT 6.2; arm64) AppleWebKit/537.36 (KHTML, like Gecko) Opera/65.0.0.0 Safari/537.36"
181.118.35.255 - - [24/Jul/2026:10:14:45 -0700] "POST /xmlrpc.php HTTP/1.1" 406 300 "-" "WordPress.com; https://wordpress.com"
192.145.236.177 - - [24/Jul/2026:10:14:53 -0700] "POST /wp-cron.php?doing_wp_cron=1784913293.6830170154571533203125 HTTP/1.1" 200 - "-" "WordPress/6.7.5; https://www.trxnews.today"
186.22.17.113 - - [24/Jul/2026:10:14:53 -0700] "POST /xmlrpc.php HTTP/1.1" 200 852 "-" "Mozilla/5.0 (X11; Ubuntu; Linux x86_64; x86) AppleWebKit/537.36 (KHTML, like Gecko) Opera/64.0.0.0 Safari/537.36"
181.118.35.255 - - [24/Jul/2026:10:14:56 -0700] "POST /xmlrpc.php HTTP/1.1" 200 852 "-" "Jetpack by WordPress.com"
181.118.35.255 - - [24/Jul/2026:10:15:18 -0700] "POST /xmlrpc.php HTTP/1.1" 406 300 "-" "WordPress.com; https://wordpress.com"
192.145.236.177 - - [24/Jul/2026:10:15:30 -0700] "POST /wp-cron.php?doing_wp_cron=1784913330.3756461143493652343750 HTTP/1.1" 200 - "-" "WordPress/6.7.5; https://www.trxnews.today"
186.22.17.113 - - [24/Jul/2026:10:15:29 -0700] "POST /xmlrpc.php HTTP/1.1" 200 852 "-" "Mozilla/5.0 (X11; Ubuntu; Linux x86_64; x64) AppleWebKit/537.36 (KHTML, like Gecko) Opera/61.0.0.0 Safari/537.36"
181.118.35.255 - - [24/Jul/2026:10:15:30 -0700] "POST /xmlrpc.php HTTP/1.1" 200 852 "-" "Jetpack by WordPress.com (Jetpack 13.0; WordPress 6.1)"
181.118.35.255 - - [24/Jul/2026:10:15:39 -0700] "POST /xmlrpc.php HTTP/1.1" 406 300 "-" "WordPress.com; https://wordpress.com"
192.145.236.177 - - [24/Jul/2026:10:15:52 -0700] "POST /wp-cron.php?doing_wp_cron=1784913352.3975100517272949218750 HTTP/1.1" 200 - "-" "WordPress/6.7.5; https://www.trxnews.today"
181.118.35.255 - - [24/Jul/2026:10:15:51 -0700] "POST /xmlrpc.php HTTP/1.1" 200 852 "-" "Jetpack/12.0; WordPress/6.3; http://site19779656.com"
181.118.35.255 - - [24/Jul/2026:10:16:02 -0700] "POST /xmlrpc.php HTTP/1.1" 200 852 "-" "Jetpack by WordPress.com (Jetpack 12.0; WordPress 6.1)"
186.22.17.113 - - [24/Jul/2026:10:16:05 -0700] "POST /xmlrpc.php HTTP/1.1" 200 852 "-" "Mozilla/5.0 (Windows NT 6.2; arm64) AppleWebKit/537.36 (KHTML, like Gecko) Safari/10.0.0.0 Safari/537.36"
181.118.35.255 - - [24/Jul/2026:10:16:09 -0700] "POST /xmlrpc.php HTTP/1.1" 200 852 "-" "Jetpack by WordPress.com"
192.145.236.177 - - [24/Jul/2026:10:16:20 -0700] "POST /wp-cron.php?doing_wp_cron=1784913380.7805249691009521484375 HTTP/1.1" 200 - "-" "WordPress/6.7.5; https://www.trxnews.today"
181.118.35.255 - - [24/Jul/2026:10:16:20 -0700] "POST /xmlrpc.php HTTP/1.1" 200 852 "-" "Jetpack by WordPress.com (Jetpack 13.0; WordPress 6.3)"
181.118.35.255 - - [24/Jul/2026:10:16:33 -0700] "POST /xmlrpc.php HTTP/1.1" 200 852 "-" "Jetpack by WordPress.com"
192.145.236.177 - - [24/Jul/2026:10:16:43 -0700] "POST /wp-cron.php?doing_wp_cron=1784913403.6748590469360351562500 HTTP/1.1" 200 - "-" "WordPress/6.7.5; https://www.trxnews.today"
186.22.17.113 - - [24/Jul/2026:10:16:43 -0700] "POST /xmlrpc.php HTTP/1.1" 200 852 "-" "Mozilla/5.0 (Macintosh; Intel Mac OS X 10_15_7; x86) AppleWebKit/537.36 (KHTML, like Gecko) Edge/97.0.0.0 Safari/537.36"
192.145.236.177 - - [24/Jul/2026:10:16:52 -0700] "POST /wp-cron.php?doing_wp_cron=1784913412.2588210105895996093750 HTTP/1.1" 200 - "-" "WordPress/6.7.5; https://www.trxnews.today"
181.118.35.255 - - [24/Jul/2026:10:16:51 -0700] "POST /xmlrpc.php HTTP/1.1" 200 852 "-" "Jetpack by WordPress.com"
181.118.35.255 - - [24/Jul/2026:10:17:02 -0700] "POST /xmlrpc.php HTTP/1.1" 200 852 "-" "Jetpack by WordPress.com (Jetpack 12.0; WordPress 6.3)"
181.118.35.255 - - [24/Jul/2026:10:17:12 -0700] "POST /xmlrpc.php HTTP/1.1" 200 852 "-" "Jetpack by WordPress.com (Jetpack 12.5; WordPress 6.1)"
186.22.17.113 - - [24/Jul/2026:10:17:17 -0700] "POST /xmlrpc.php HTTP/1.1" 406 300 "-" "Mozilla/5.0 (Windows NT 6.2; arm64) AppleWebKit/537.36 (KHTML, like Gecko) Edge/87.0.0.0 Safari/537.36"
192.145.236.177 - - [24/Jul/2026:10:17:23 -0700] "POST /wp-cron.php?doing_wp_cron=1784913443.7898130416870117187500 HTTP/1.1" 200 - "-" "WordPress/6.7.5; https://www.trxnews.today"
181.118.35.255 - - [24/Jul/2026:10:17:23 -0700] "POST /xmlrpc.php HTTP/1.1" 200 852 "-" "Jetpack by WordPress.com (Jetpack 13.0; WordPress 6.2)"
181.118.35.255 - - [24/Jul/2026:10:17:34 -0700] "POST /xmlrpc.php HTTP/1.1" 200 852 "-" "Jetpack by WordPress.com"
192.145.236.177 - - [24/Jul/2026:10:17:44 -0700] "POST /wp-cron.php?doing_wp_cron=1784913464.8941059112548828125000 HTTP/1.1" 200 - "-" "WordPress/6.7.5; https://www.trxnews.today"
181.118.35.255 - - [24/Jul/2026:10:17:44 -0700] "POST /xmlrpc.php HTTP/1.1" 200 852 "-" "Jetpack by WordPress.com"
192.145.236.177 - - [24/Jul/2026:10:17:53 -0700] "POST /wp-cron.php?doing_wp_cron=1784913473.4888119697570800781250 HTTP/1.1" 200 - "-" "WordPress/6.7.5; https://www.trxnews.today"
186.22.17.113 - - [24/Jul/2026:10:17:52 -0700] "POST /xmlrpc.php HTTP/1.1" 200 852 "-" "Mozilla/5.0 (X11; Ubuntu; Linux x86_64; x86) AppleWebKit/537.36 (KHTML, like Gecko) Edge/100.0.0.0 Safari/537.36"
181.118.35.255 - - [24/Jul/2026:10:17:54 -0700] "POST /xmlrpc.php HTTP/1.1" 200 852 "-" "Jetpack/12.1; WordPress/6.4; http://site69752144.com"
192.145.236.177 - - [24/Jul/2026:10:18:29 -0700] "POST /wp-cron.php?doing_wp_cron=1784913509.0689001083374023437500 HTTP/1.1" 200 - "-" "WordPress/6.7.5; https://www.trxnews.today"
186.22.17.113 - - [24/Jul/2026:10:18:28 -0700] "POST /xmlrpc.php HTTP/1.1" 200 852 "-" "Mozilla/5.0 (Windows NT 6.2; x64) AppleWebKit/537.36 (KHTML, like Gecko) Chrome/80.0.0.0 Safari/537.36"
186.22.17.113 - - [24/Jul/2026:10:19:05 -0700] "POST /xmlrpc.php HTTP/1.1" 406 300 "-" "Mozilla/5.0 (Windows NT 6.3; arm64) AppleWebKit/537.36 (KHTML, like Gecko) Chrome/86.0.0.0 Safari/537.36"
192.145.236.177 - - [24/Jul/2026:10:19:47 -0700] "POST /wp-cron.php?doing_wp_cron=1784913587.9155468940734863281250 HTTP/1.1" 200 - "-" "WordPress/6.7.5; https://www.trxnews.today"
186.22.17.113 - - [24/Jul/2026:10:19:46 -0700] "POST /xmlrpc.php HTTP/1.1" 200 852 "-" "Mozilla/5.0 (Macintosh; Intel Mac OS X 10_15_7; x86) AppleWebKit/537.36 (KHTML, like Gecko) Firefox/98.0.0.0 Safari/537.36"
192.145.236.177 - - [24/Jul/2026:10:20:24 -0700] "POST /wp-cron.php?doing_wp_cron=1784913624.4201879501342773437500 HTTP/1.1" 200 - "-" "WordPress/6.7.5; https://www.trxnews.today"
186.22.17.113 - - [24/Jul/2026:10:20:23 -0700] "POST /xmlrpc.php HTTP/1.1" 200 852 "-" "Mozilla/5.0 (Windows NT 6.3; x64) AppleWebKit/537.36 (KHTML, like Gecko) Opera/65.0.0.0 Safari/537.36"
192.145.236.177 - - [24/Jul/2026:10:20:47 -0700] "POST /wp-cron.php?doing_wp_cron=1784913647.6331939697265625000000 HTTP/1.1" 200 - "-" "WordPress/6.7.5; https://www.trxnews.today"
186.22.17.113 - - [24/Jul/2026:10:20:47 -0700] "POST /xmlrpc.php HTTP/1.1" 200 852 "-" "Mozilla/5.0 (Windows NT 6.2; x64) AppleWebKit/537.36 (KHTML, like Gecko) Chrome/103.0.0.0 Safari/537.36"
186.22.17.113 - - [24/Jul/2026:10:21:10 -0700] "POST /xmlrpc.php HTTP/1.1" 406 300 "-" "Mozilla/5.0 (Windows NT 10.0; arm64) AppleWebKit/537.36 (KHTML, like Gecko) Chrome/88.0.0.0 Safari/537.36"
192.145.236.177 - - [24/Jul/2026:10:21:34 -0700] "POST /wp-cron.php?doing_wp_cron=1784913694.0917530059814453125000 HTTP/1.1" 200 - "-" "WordPress/6.7.5; https://www.trxnews.today"
