192.145.236.177 - - [24/Jul/2026:15:57:55 -0700] "POST /wp-cron.php?doing_wp_cron=1784933875.4210419654846191406250 HTTP/1.1" 200 - "-" "WordPress/6.7.5; https://www.trxnews.today"
128.127.115.194 - - [24/Jul/2026:15:57:54 -0700] "POST /xmlrpc.php HTTP/1.1" 200 852 "-" "Jetpack by WordPress.com (Jetpack 12.1; WordPress 6.2)"
128.127.115.194 - - [24/Jul/2026:15:58:05 -0700] "POST /xmlrpc.php HTTP/1.1" 200 852 "-" "Jetpack/13.0; WordPress/6.2; http://site48792807.com"
192.145.236.177 - - [24/Jul/2026:15:58:16 -0700] "POST /wp-cron.php?doing_wp_cron=1784933896.7946350574493408203125 HTTP/1.1" 200 - "-" "WordPress/6.7.5; https://www.trxnews.today"
128.127.115.194 - - [24/Jul/2026:15:58:16 -0700] "POST /xmlrpc.php HTTP/1.1" 200 852 "-" "Jetpack/12.0; WordPress/6.3; http://site11245900.com"
128.127.115.194 - - [24/Jul/2026:15:58:26 -0700] "POST /xmlrpc.php HTTP/1.1" 200 852 "-" "Jetpack/12.0; WordPress/6.1; http://site77765125.com"
192.145.236.177 - - [24/Jul/2026:15:58:38 -0700] "POST /wp-cron.php?doing_wp_cron=1784933918.6661961078643798828125 HTTP/1.1" 200 - "-" "WordPress/6.7.5; https://www.trxnews.today"
128.127.115.194 - - [24/Jul/2026:15:58:38 -0700] "POST /xmlrpc.php HTTP/1.1" 200 852 "-" "Jetpack by WordPress.com"
128.127.115.194 - - [24/Jul/2026:15:58:48 -0700] "POST /xmlrpc.php HTTP/1.1" 200 852 "-" "Jetpack/13.0; WordPress/6.4; http://site74097405.com"
192.145.236.177 - - [24/Jul/2026:15:58:59 -0700] "POST /wp-cron.php?doing_wp_cron=1784933939.5832729339599609375000 HTTP/1.1" 200 - "-" "WordPress/6.7.5; https://www.trxnews.today"
128.127.115.194 - - [24/Jul/2026:15:58:58 -0700] "POST /xmlrpc.php HTTP/1.1" 200 852 "-" "Jetpack by WordPress.com (Jetpack 13.0; WordPress 6.3)"
128.127.115.194 - - [24/Jul/2026:15:59:09 -0700] "POST /xmlrpc.php HTTP/1.1" 200 852 "-" "Jetpack/12.1; WordPress/6.4; http://site29921127.com"
192.145.236.177 - - [24/Jul/2026:15:59:19 -0700] "POST /wp-cron.php?doing_wp_cron=1784933959.3168330192565917968750 HTTP/1.1" 200 - "-" "WordPress/6.7.5; https://www.trxnews.today"
68.67.112.21 - - [24/Jul/2026:15:59:18 -0700] "GET /robots.txt HTTP/1.1" 200 567 "-" "Mozilla/5.0 AppleWebKit/537.36 (KHTML, like Gecko; compatible; YouBot/1.0; +https://docs.you.com/youbot; env:prod) Chrome/142.0.0.0 Safari/537.36"
68.67.112.21 - - [24/Jul/2026:15:59:19 -0700] "GET /tron-price-fluctuates-with-0-09-usd-on-the-table/ HTTP/1.1" 500 32607 "-" "Mozilla/5.0 AppleWebKit/537.36 (KHTML, like Gecko; compatible; YouBot/1.0; +https://docs.you.com/youbot; env:prod) Chrome/142.0.0.0 Safari/537.36"
128.127.115.194 - - [24/Jul/2026:15:59:20 -0700] "POST /xmlrpc.php HTTP/1.1" 200 852 "-" "Jetpack by WordPress.com"
128.127.115.194 - - [24/Jul/2026:15:59:30 -0700] "POST /xmlrpc.php HTTP/1.1" 200 852 "-" "Jetpack by WordPress.com"
192.145.236.177 - - [24/Jul/2026:16:00:01 -0700] "POST /wp-cron.php?doing_wp_cron=1784934001.2834300994873046875000 HTTP/1.1" 200 - "-" "WordPress/6.7.5; https://www.trxnews.today"
18.145.160.27 - - [24/Jul/2026:16:00:00 -0700] "GET /tron-price-fluctuates-with-0-09-usd-on-the-table/ HTTP/1.1" 500 32607 "-" "Mozilla/5.0 (Macintosh; Intel Mac OS X 10_15_7) AppleWebKit/537.36 (KHTML, like Gecko) Chrome/142.0.0.0 Safari/537.36"
192.145.236.177 - - [24/Jul/2026:16:00:55 -0700] "POST /wp-cron.php?doing_wp_cron=1784934055.3463571071624755859375 HTTP/1.1" 200 - "-" "WordPress/6.7.5; https://www.trxnews.today"
98.159.37.117 - - [24/Jul/2026:16:00:54 -0700] "POST /wp-login.php HTTP/1.1" 200 7523 "-" "Mozilla/5.0 (Linux; Android 10; 5002E) AppleWebKit/537.36 (KHTML, like Gecko) Chrome/89.0.4389.90 Mobile Safari/537.36"
138.246.253.24 - - [24/Jul/2026:16:06:28 -0700] "GET /robots.txt HTTP/1.1" 401 36 "-" "Mozilla/5.0 (Windows NT 10.0; Win64; x64) AppleWebKit/537.36 (KHTML, like Gecko) Chrome/103.0.5060.134 Safari/537.36"
172.213.208.20 - - [24/Jul/2026:16:11:14 -0700] "GET /wp-content/themes/admin.php HTTP/1.1" 401 53 "-" "Mozilla/5.0 (Windows NT 10.0; Win64; x64) AppleWebKit/537.36 (KHTML, like Gecko) Chrome/120.0.0.0 Safari/537.36"
172.213.208.20 - - [24/Jul/2026:16:11:14 -0700] "GET /m.php HTTP/1.1" 401 53 "-" "Mozilla/5.0 (Windows NT 10.0; Win64; x64) AppleWebKit/537.36 (KHTML, like Gecko) Chrome/120.0.0.0 Safari/537.36"
172.213.208.20 - - [24/Jul/2026:16:11:14 -0700] "GET /wp-admin/css/wp-login.php HTTP/1.1" 401 53 "-" "Mozilla/5.0 (Windows NT 10.0; Win64; x64) AppleWebKit/537.36 (KHTML, like Gecko) Chrome/120.0.0.0 Safari/537.36"
172.213.208.20 - - [24/Jul/2026:16:11:14 -0700] "GET /wk/index.php HTTP/1.1" 401 53 "-" "Mozilla/5.0 (Windows NT 10.0; Win64; x64) AppleWebKit/537.36 (KHTML, like Gecko) Chrome/120.0.0.0 Safari/537.36"
172.213.208.20 - - [24/Jul/2026:16:11:15 -0700] "GET /mini.php HTTP/1.1" 401 53 "-" "Mozilla/5.0 (Windows NT 10.0; Win64; x64) AppleWebKit/537.36 (KHTML, like Gecko) Chrome/120.0.0.0 Safari/537.36"
172.213.208.20 - - [24/Jul/2026:16:11:15 -0700] "GET /aa.php HTTP/1.1" 401 53 "-" "Mozilla/5.0 (Windows NT 10.0; Win64; x64) AppleWebKit/537.36 (KHTML, like Gecko) Chrome/120.0.0.0 Safari/537.36"
172.213.208.20 - - [24/Jul/2026:16:11:15 -0700] "GET /w.php HTTP/1.1" 401 53 "-" "Mozilla/5.0 (Windows NT 10.0; Win64; x64) AppleWebKit/537.36 (KHTML, like Gecko) Chrome/120.0.0.0 Safari/537.36"
172.213.208.20 - - [24/Jul/2026:16:11:16 -0700] "GET /admin.php HTTP/1.1" 401 53 "-" "Mozilla/5.0 (Windows NT 10.0; Win64; x64) AppleWebKit/537.36 (KHTML, like Gecko) Chrome/120.0.0.0 Safari/537.36"
172.213.208.20 - - [24/Jul/2026:16:11:16 -0700] "GET /404.php HTTP/1.1" 401 53 "-" "Mozilla/5.0 (Windows NT 10.0; Win64; x64) AppleWebKit/537.36 (KHTML, like Gecko) Chrome/120.0.0.0 Safari/537.36"
172.213.208.20 - - [24/Jul/2026:16:11:16 -0700] "GET /init.php HTTP/1.1" 401 53 "-" "Mozilla/5.0 (Windows NT 10.0; Win64; x64) AppleWebKit/537.36 (KHTML, like Gecko) Chrome/120.0.0.0 Safari/537.36"
172.213.208.20 - - [24/Jul/2026:16:11:16 -0700] "GET /adminfuns.php HTTP/1.1" 401 53 "-" "Mozilla/5.0 (Windows NT 10.0; Win64; x64) AppleWebKit/537.36 (KHTML, like Gecko) Chrome/120.0.0.0 Safari/537.36"
172.213.208.20 - - [24/Jul/2026:16:11:17 -0700] "GET /file.php HTTP/1.1" 401 53 "-" "Mozilla/5.0 (Windows NT 10.0; Win64; x64) AppleWebKit/537.36 (KHTML, like Gecko) Chrome/120.0.0.0 Safari/537.36"
172.213.208.20 - - [24/Jul/2026:16:11:17 -0700] "GET /222.php HTTP/1.1" 401 53 "-" "Mozilla/5.0 (Windows NT 10.0; Win64; x64) AppleWebKit/537.36 (KHTML, like Gecko) Chrome/120.0.0.0 Safari/537.36"
172.213.208.20 - - [24/Jul/2026:16:11:17 -0700] "GET /wp-includes/js/codemirror/about.php HTTP/1.1" 401 53 "-" "Mozilla/5.0 (Windows NT 10.0; Win64; x64) AppleWebKit/537.36 (KHTML, like Gecko) Chrome/120.0.0.0 Safari/537.36"
172.213.208.20 - - [24/Jul/2026:16:11:17 -0700] "GET /wp-admin/css/colors/blue/ HTTP/1.1" 401 53 "-" "Mozilla/5.0 (Windows NT 10.0; Win64; x64) AppleWebKit/537.36 (KHTML, like Gecko) Chrome/120.0.0.0 Safari/537.36"
172.213.208.20 - - [24/Jul/2026:16:11:17 -0700] "GET /wp-includes/Requests/library/ HTTP/1.1" 401 53 "-" "Mozilla/5.0 (Windows NT 10.0; Win64; x64) AppleWebKit/537.36 (KHTML, like Gecko) Chrome/120.0.0.0 Safari/537.36"
172.213.208.20 - - [24/Jul/2026:16:11:18 -0700] "GET /wp-content/admin.php HTTP/1.1" 401 53 "-" "Mozilla/5.0 (Windows NT 10.0; Win64; x64) AppleWebKit/537.36 (KHTML, like Gecko) Chrome/120.0.0.0 Safari/537.36"
172.213.208.20 - - [24/Jul/2026:16:11:18 -0700] "GET /wp-configs.php HTTP/1.1" 401 53 "-" "Mozilla/5.0 (Windows NT 10.0; Win64; x64) AppleWebKit/537.36 (KHTML, like Gecko) Chrome/120.0.0.0 Safari/537.36"
172.213.208.20 - - [24/Jul/2026:16:11:18 -0700] "GET /php.php HTTP/1.1" 401 53 "-" "Mozilla/5.0 (Windows NT 10.0; Win64; x64) AppleWebKit/537.36 (KHTML, like Gecko) Chrome/120.0.0.0 Safari/537.36"
172.213.208.20 - - [24/Jul/2026:16:11:18 -0700] "GET /wp-includes/index.php HTTP/1.1" 401 53 "-" "Mozilla/5.0 (Windows NT 10.0; Win64; x64) AppleWebKit/537.36 (KHTML, like Gecko) Chrome/120.0.0.0 Safari/537.36"
172.213.208.20 - - [24/Jul/2026:16:11:18 -0700] "GET /wp-admin/a.php HTTP/1.1" 401 53 "-" "Mozilla/5.0 (Windows NT 10.0; Win64; x64) AppleWebKit/537.36 (KHTML, like Gecko) Chrome/120.0.0.0 Safari/537.36"
172.213.208.20 - - [24/Jul/2026:16:11:19 -0700] "GET /wp-includes/sitemaps/providers/ HTTP/1.1" 401 53 "-" "Mozilla/5.0 (Windows NT 10.0; Win64; x64) AppleWebKit/537.36 (KHTML, like Gecko) Chrome/120.0.0.0 Safari/537.36"
172.213.208.20 - - [24/Jul/2026:16:11:19 -0700] "GET /wp-includes/block-bindings/ HTTP/1.1" 401 53 "-" "Mozilla/5.0 (Windows NT 10.0; Win64; x64) AppleWebKit/537.36 (KHTML, like Gecko) Chrome/120.0.0.0 Safari/537.36"
172.213.208.20 - - [24/Jul/2026:16:11:19 -0700] "GET /wp-includes/Text/about.php HTTP/1.1" 401 53 "-" "Mozilla/5.0 (Windows NT 10.0; Win64; x64) AppleWebKit/537.36 (KHTML, like Gecko) Chrome/120.0.0.0 Safari/537.36"
192.145.236.177 - - [24/Jul/2026:16:11:19 -0700] "POST /wp-cron.php?doing_wp_cron=1784934679.6947660446166992187500 HTTP/1.1" 200 - "-" "WordPress/6.7.5; https://www.trxnews.today"
66.249.65.97 - - [24/Jul/2026:16:11:19 -0700] "GET /robots.txt HTTP/1.1" 200 567 "-" "Mozilla/5.0 (compatible; Googlebot/2.1; +http://www.google.com/bot.html)"
172.213.208.20 - - [24/Jul/2026:16:11:19 -0700] "GET /wp-admin.php HTTP/1.1" 401 53 "-" "Mozilla/5.0 (Windows NT 10.0; Win64; x64) AppleWebKit/537.36 (KHTML, like Gecko) Chrome/120.0.0.0 Safari/537.36"
66.249.65.96 - - [24/Jul/2026:16:11:19 -0700] "GET /terms-and-conditions/ HTTP/1.1" 200 47700 "-" "Mozilla/5.0 (Linux; Android 6.0.1; Nexus 5X Build/MMB29P) AppleWebKit/537.36 (KHTML, like Gecko) Chrome/150.0.7871.128 Mobile Safari/537.36 (compatible; Googlebot/2.1; +http://www.google.com/bot.html)"
172.213.208.20 - - [24/Jul/2026:16:11:19 -0700] "GET /size.php HTTP/1.1" 401 53 "-" "Mozilla/5.0 (Windows NT 10.0; Win64; x64) AppleWebKit/537.36 (KHTML, like Gecko) Chrome/120.0.0.0 Safari/537.36"
172.213.208.20 - - [24/Jul/2026:16:11:20 -0700] "GET /wp-includes/wp-class.php HTTP/1.1" 401 53 "-" "Mozilla/5.0 (Windows NT 10.0; Win64; x64) AppleWebKit/537.36 (KHTML, like Gecko) Chrome/120.0.0.0 Safari/537.36"
172.213.208.20 - - [24/Jul/2026:16:11:20 -0700] "GET /403.php HTTP/1.1" 401 53 "-" "Mozilla/5.0 (Windows NT 10.0; Win64; x64) AppleWebKit/537.36 (KHTML, like Gecko) Chrome/120.0.0.0 Safari/537.36"
172.213.208.20 - - [24/Jul/2026:16:11:20 -0700] "GET /wp-includes/IXR/wp-login.php HTTP/1.1" 401 53 "-" "Mozilla/5.0 (Windows NT 10.0; Win64; x64) AppleWebKit/537.36 (KHTML, like Gecko) Chrome/120.0.0.0 Safari/537.36"
172.213.208.20 - - [24/Jul/2026:16:11:20 -0700] "GET /as.php HTTP/1.1" 401 53 "-" "Mozilla/5.0 (Windows NT 10.0; Win64; x64) AppleWebKit/537.36 (KHTML, like Gecko) Chrome/120.0.0.0 Safari/537.36"
172.213.208.20 - - [24/Jul/2026:16:11:21 -0700] "GET /wp-admin/includes/index.php HTTP/1.1" 401 53 "-" "Mozilla/5.0 (Windows NT 10.0; Win64; x64) AppleWebKit/537.36 (KHTML, like Gecko) Chrome/120.0.0.0 Safari/537.36"
172.213.208.20 - - [24/Jul/2026:16:11:21 -0700] "GET /wp-admin/js/widgets/index.php HTTP/1.1" 401 53 "-" "Mozilla/5.0 (Windows NT 10.0; Win64; x64) AppleWebKit/537.36 (KHTML, like Gecko) Chrome/120.0.0.0 Safari/537.36"
172.213.208.20 - - [24/Jul/2026:16:11:21 -0700] "GET /plugins.php HTTP/1.1" 401 53 "-" "Mozilla/5.0 (Windows NT 10.0; Win64; x64) AppleWebKit/537.36 (KHTML, like Gecko) Chrome/120.0.0.0 Safari/537.36"
172.213.208.20 - - [24/Jul/2026:16:11:21 -0700] "GET /wp-includes/js/index.php HTTP/1.1" 401 53 "-" "Mozilla/5.0 (Windows NT 10.0; Win64; x64) AppleWebKit/537.36 (KHTML, like Gecko) Chrome/120.0.0.0 Safari/537.36"
172.213.208.20 - - [24/Jul/2026:16:11:21 -0700] "GET /go.php HTTP/1.1" 401 53 "-" "Mozilla/5.0 (Windows NT 10.0; Win64; x64) AppleWebKit/537.36 (KHTML, like Gecko) Chrome/120.0.0.0 Safari/537.36"
172.213.208.20 - - [24/Jul/2026:16:11:22 -0700] "GET /aaa.php HTTP/1.1" 401 53 "-" "Mozilla/5.0 (Windows NT 10.0; Win64; x64) AppleWebKit/537.36 (KHTML, like Gecko) Chrome/120.0.0.0 Safari/537.36"
172.213.208.20 - - [24/Jul/2026:16:11:22 -0700] "GET /getid3-core.php HTTP/1.1" 401 53 "-" "Mozilla/5.0 (Windows NT 10.0; Win64; x64) AppleWebKit/537.36 (KHTML, like Gecko) Chrome/120.0.0.0 Safari/537.36"
172.213.208.20 - - [24/Jul/2026:16:11:22 -0700] "GET /adminer.php HTTP/1.1" 401 53 "-" "Mozilla/5.0 (Windows NT 10.0; Win64; x64) AppleWebKit/537.36 (KHTML, like Gecko) Chrome/120.0.0.0 Safari/537.36"
172.213.208.20 - - [24/Jul/2026:16:11:22 -0700] "GET /wp-admin/maint/index.php HTTP/1.1" 401 53 "-" "Mozilla/5.0 (Windows NT 10.0; Win64; x64) AppleWebKit/537.36 (KHTML, like Gecko) Chrome/120.0.0.0 Safari/537.36"
172.213.208.20 - - [24/Jul/2026:16:11:22 -0700] "GET /wp-content/uploads/2024/ HTTP/1.1" 401 53 "-" "Mozilla/5.0 (Windows NT 10.0; Win64; x64) AppleWebKit/537.36 (KHTML, like Gecko) Chrome/120.0.0.0 Safari/537.36"
172.213.208.20 - - [24/Jul/2026:16:11:23 -0700] "GET /alfa.php HTTP/1.1" 401 53 "-" "Mozilla/5.0 (Windows NT 10.0; Win64; x64) AppleWebKit/537.36 (KHTML, like Gecko) Chrome/120.0.0.0 Safari/537.36"
172.213.208.20 - - [24/Jul/2026:16:11:23 -0700] "GET /wp-content/uploads/ HTTP/1.1" 401 53 "-" "Mozilla/5.0 (Windows NT 10.0; Win64; x64) AppleWebKit/537.36 (KHTML, like Gecko) Chrome/120.0.0.0 Safari/537.36"
172.213.208.20 - - [24/Jul/2026:16:11:23 -0700] "GET /wp-content/themes/alera/alpha.php HTTP/1.1" 401 53 "-" "Mozilla/5.0 (Windows NT 10.0; Win64; x64) AppleWebKit/537.36 (KHTML, like Gecko) Chrome/120.0.0.0 Safari/537.36"
172.213.208.20 - - [24/Jul/2026:16:11:23 -0700] "GET /wp-includes/SimplePie/about.php HTTP/1.1" 401 53 "-" "Mozilla/5.0 (Windows NT 10.0; Win64; x64) AppleWebKit/537.36 (KHTML, like Gecko) Chrome/120.0.0.0 Safari/537.36"
172.213.208.20 - - [24/Jul/2026:16:11:23 -0700] "GET /wp-content/plugins/linkpreview/index.php HTTP/1.1" 401 53 "-" "Mozilla/5.0 (Windows NT 10.0; Win64; x64) AppleWebKit/537.36 (KHTML, like Gecko) Chrome/120.0.0.0 Safari/537.36"
172.213.208.20 - - [24/Jul/2026:16:11:24 -0700] "GET /edit.php HTTP/1.1" 401 53 "-" "Mozilla/5.0 (Windows NT 10.0; Win64; x64) AppleWebKit/537.36 (KHTML, like Gecko) Chrome/120.0.0.0 Safari/537.36"
172.213.208.20 - - [24/Jul/2026:16:11:24 -0700] "GET /wp-includes/block-supports/ HTTP/1.1" 401 53 "-" "Mozilla/5.0 (Windows NT 10.0; Win64; x64) AppleWebKit/537.36 (KHTML, like Gecko) Chrome/120.0.0.0 Safari/537.36"
172.213.208.20 - - [24/Jul/2026:16:11:24 -0700] "GET /wp-content/ HTTP/1.1" 401 53 "-" "Mozilla/5.0 (Windows NT 10.0; Win64; x64) AppleWebKit/537.36 (KHTML, like Gecko) Chrome/120.0.0.0 Safari/537.36"
172.213.208.20 - - [24/Jul/2026:16:11:24 -0700] "GET /file5.php HTTP/1.1" 401 53 "-" "Mozilla/5.0 (Windows NT 10.0; Win64; x64) AppleWebKit/537.36 (KHTML, like Gecko) Chrome/120.0.0.0 Safari/537.36"
172.213.208.20 - - [24/Jul/2026:16:11:24 -0700] "GET /sf.php HTTP/1.1" 401 53 "-" "Mozilla/5.0 (Windows NT 10.0; Win64; x64) AppleWebKit/537.36 (KHTML, like Gecko) Chrome/120.0.0.0 Safari/537.36"
172.213.208.20 - - [24/Jul/2026:16:11:25 -0700] "GET /wp-admin/js/widgets/ HTTP/1.1" 401 53 "-" "Mozilla/5.0 (Windows NT 10.0; Win64; x64) AppleWebKit/537.36 (KHTML, like Gecko) Chrome/120.0.0.0 Safari/537.36"
172.213.208.20 - - [24/Jul/2026:16:11:25 -0700] "GET /wso.php HTTP/1.1" 401 53 "-" "Mozilla/5.0 (Windows NT 10.0; Win64; x64) AppleWebKit/537.36 (KHTML, like Gecko) Chrome/120.0.0.0 Safari/537.36"
172.213.208.20 - - [24/Jul/2026:16:11:25 -0700] "GET /ioxi-o.php HTTP/1.1" 401 53 "-" "Mozilla/5.0 (Windows NT 10.0; Win64; x64) AppleWebKit/537.36 (KHTML, like Gecko) Chrome/120.0.0.0 Safari/537.36"
172.213.208.20 - - [24/Jul/2026:16:11:25 -0700] "GET /file56.php HTTP/1.1" 401 53 "-" "Mozilla/5.0 (Windows NT 10.0; Win64; x64) AppleWebKit/537.36 (KHTML, like Gecko) Chrome/120.0.0.0 Safari/537.36"
172.213.208.20 - - [24/Jul/2026:16:11:25 -0700] "GET /wp-includes/PHPMailer/admin.php HTTP/1.1" 401 53 "-" "Mozilla/5.0 (Windows NT 10.0; Win64; x64) AppleWebKit/537.36 (KHTML, like Gecko) Chrome/120.0.0.0 Safari/537.36"
172.213.208.20 - - [24/Jul/2026:16:11:26 -0700] "GET /wp-admin/css/index.php HTTP/1.1" 401 53 "-" "Mozilla/5.0 (Windows NT 10.0; Win64; x64) AppleWebKit/537.36 (KHTML, like Gecko) Chrome/120.0.0.0 Safari/537.36"
172.213.208.20 - - [24/Jul/2026:16:11:26 -0700] "GET /wp-content/edit.php HTTP/1.1" 401 53 "-" "Mozilla/5.0 (Windows NT 10.0; Win64; x64) AppleWebKit/537.36 (KHTML, like Gecko) Chrome/120.0.0.0 Safari/537.36"
172.213.208.20 - - [24/Jul/2026:16:11:26 -0700] "GET /2.php HTTP/1.1" 401 53 "-" "Mozilla/5.0 (Windows NT 10.0; Win64; x64) AppleWebKit/537.36 (KHTML, like Gecko) Chrome/120.0.0.0 Safari/537.36"
172.213.208.20 - - [24/Jul/2026:16:11:26 -0700] "GET /wp-content/uploads/admin.php HTTP/1.1" 401 53 "-" "Mozilla/5.0 (Windows NT 10.0; Win64; x64) AppleWebKit/537.36 (KHTML, like Gecko) Chrome/120.0.0.0 Safari/537.36"
172.213.208.20 - - [24/Jul/2026:16:11:26 -0700] "GET /mah.php HTTP/1.1" 401 53 "-" "Mozilla/5.0 (Windows NT 10.0; Win64; x64) AppleWebKit/537.36 (KHTML, like Gecko) Chrome/120.0.0.0 Safari/537.36"
172.213.208.20 - - [24/Jul/2026:16:11:27 -0700] "GET /send.php HTTP/1.1" 401 53 "-" "Mozilla/5.0 (Windows NT 10.0; Win64; x64) AppleWebKit/537.36 (KHTML, like Gecko) Chrome/120.0.0.0 Safari/537.36"
172.213.208.20 - - [24/Jul/2026:16:11:27 -0700] "GET /wp-content/plugins/dummyyummy/wp-signup.php HTTP/1.1" 401 53 "-" "Mozilla/5.0 (Windows NT 10.0; Win64; x64) AppleWebKit/537.36 (KHTML, like Gecko) Chrome/120.0.0.0 Safari/537.36"
172.213.208.20 - - [24/Jul/2026:16:11:27 -0700] "GET /wp-includes/js/crop/ HTTP/1.1" 401 53 "-" "Mozilla/5.0 (Windows NT 10.0; Win64; x64) AppleWebKit/537.36 (KHTML, like Gecko) Chrome/120.0.0.0 Safari/537.36"
172.213.208.20 - - [24/Jul/2026:16:11:27 -0700] "GET /about.php HTTP/1.1" 401 53 "-" "Mozilla/5.0 (Windows NT 10.0; Win64; x64) AppleWebKit/537.36 (KHTML, like Gecko) Chrome/120.0.0.0 Safari/537.36"
172.213.208.20 - - [24/Jul/2026:16:11:27 -0700] "GET /options.php HTTP/1.1" 401 53 "-" "Mozilla/5.0 (Windows NT 10.0; Win64; x64) AppleWebKit/537.36 (KHTML, like Gecko) Chrome/120.0.0.0 Safari/537.36"
172.213.208.20 - - [24/Jul/2026:16:11:28 -0700] "GET /wp-content/themes/index.php HTTP/1.1" 401 53 "-" "Mozilla/5.0 (Windows NT 10.0; Win64; x64) AppleWebKit/537.36 (KHTML, like Gecko) Chrome/120.0.0.0 Safari/537.36"
172.213.208.20 - - [24/Jul/2026:16:11:28 -0700] "GET /wp-file.php HTTP/1.1" 401 53 "-" "Mozilla/5.0 (Windows NT 10.0; Win64; x64) AppleWebKit/537.36 (KHTML, like Gecko) Chrome/120.0.0.0 Safari/537.36"
172.213.208.20 - - [24/Jul/2026:16:11:28 -0700] "GET /sid3.php HTTP/1.1" 401 53 "-" "Mozilla/5.0 (Windows NT 10.0; Win64; x64) AppleWebKit/537.36 (KHTML, like Gecko) Chrome/120.0.0.0 Safari/537.36"
172.213.208.20 - - [24/Jul/2026:16:11:28 -0700] "GET /themes.php HTTP/1.1" 401 53 "-" "Mozilla/5.0 (Windows NT 10.0; Win64; x64) AppleWebKit/537.36 (KHTML, like Gecko) Chrome/120.0.0.0 Safari/537.36"
172.213.208.20 - - [24/Jul/2026:16:11:28 -0700] "GET /wp-content/plugins/index.php HTTP/1.1" 401 53 "-" "Mozilla/5.0 (Windows NT 10.0; Win64; x64) AppleWebKit/537.36 (KHTML, like Gecko) Chrome/120.0.0.0 Safari/537.36"
172.213.208.20 - - [24/Jul/2026:16:11:29 -0700] "GET /admin/controller/extension/extension/ HTTP/1.1" 401 53 "-" "Mozilla/5.0 (Windows NT 10.0; Win64; x64) AppleWebKit/537.36 (KHTML, like Gecko) Chrome/120.0.0.0 Safari/537.36"
172.213.208.20 - - [24/Jul/2026:16:11:29 -0700] "GET /wp-includes/css/dist/widgets/ HTTP/1.1" 401 53 "-" "Mozilla/5.0 (Windows NT 10.0; Win64; x64) AppleWebKit/537.36 (KHTML, like Gecko) Chrome/120.0.0.0 Safari/537.36"
172.213.208.20 - - [24/Jul/2026:16:11:29 -0700] "GET /wp-admin/images/index.php HTTP/1.1" 401 53 "-" "Mozilla/5.0 (Windows NT 10.0; Win64; x64) AppleWebKit/537.36 (KHTML, like Gecko) Chrome/120.0.0.0 Safari/537.36"
172.213.208.20 - - [24/Jul/2026:16:11:29 -0700] "GET /num.php HTTP/1.1" 401 53 "-" "Mozilla/5.0 (Windows NT 10.0; Win64; x64) AppleWebKit/537.36 (KHTML, like Gecko) Chrome/120.0.0.0 Safari/537.36"
172.213.208.20 - - [24/Jul/2026:16:11:29 -0700] "GET /wp-admin/css/colors/ocean/ HTTP/1.1" 401 53 "-" "Mozilla/5.0 (Windows NT 10.0; Win64; x64) AppleWebKit/537.36 (KHTML, like Gecko) Chrome/120.0.0.0 Safari/537.36"
172.213.208.20 - - [24/Jul/2026:16:11:29 -0700] "GET /wp-content/et-cache/ HTTP/1.1" 401 53 "-" "Mozilla/5.0 (Windows NT 10.0; Win64; x64) AppleWebKit/537.36 (KHTML, like Gecko) Chrome/120.0.0.0 Safari/537.36"
172.213.208.20 - - [24/Jul/2026:16:11:30 -0700] "GET /wp-admin/images/admin.php HTTP/1.1" 401 53 "-" "Mozilla/5.0 (Windows NT 10.0; Win64; x64) AppleWebKit/537.36 (KHTML, like Gecko) Chrome/120.0.0.0 Safari/537.36"
172.213.208.20 - - [24/Jul/2026:16:11:30 -0700] "GET /wp-content/upgrade/index.php HTTP/1.1" 401 53 "-" "Mozilla/5.0 (Windows NT 10.0; Win64; x64) AppleWebKit/537.36 (KHTML, like Gecko) Chrome/120.0.0.0 Safari/537.36"
172.213.208.20 - - [24/Jul/2026:16:11:30 -0700] "GET /wp-includes/SimplePie/index.php HTTP/1.1" 401 53 "-" "Mozilla/5.0 (Windows NT 10.0; Win64; x64) AppleWebKit/537.36 (KHTML, like Gecko) Chrome/120.0.0.0 Safari/537.36"
172.213.208.20 - - [24/Jul/2026:16:11:30 -0700] "GET /gifclass.php HTTP/1.1" 401 53 "-" "Mozilla/5.0 (Windows NT 10.0; Win64; x64) AppleWebKit/537.36 (KHTML, like Gecko) Chrome/120.0.0.0 Safari/537.36"
172.213.208.20 - - [24/Jul/2026:16:11:30 -0700] "GET /wp-includes/certificates/ HTTP/1.1" 401 53 "-" "Mozilla/5.0 (Windows NT 10.0; Win64; x64) AppleWebKit/537.36 (KHTML, like Gecko) Chrome/120.0.0.0 Safari/537.36"
172.213.208.20 - - [24/Jul/2026:16:11:31 -0700] "GET /wp-content/plugins/admin.php HTTP/1.1" 401 53 "-" "Mozilla/5.0 (Windows NT 10.0; Win64; x64) AppleWebKit/537.36 (KHTML, like Gecko) Chrome/120.0.0.0 Safari/537.36"
172.213.208.20 - - [24/Jul/2026:16:11:31 -0700] "GET /css/index.php HTTP/1.1" 401 53 "-" "Mozilla/5.0 (Windows NT 10.0; Win64; x64) AppleWebKit/537.36 (KHTML, like Gecko) Chrome/120.0.0.0 Safari/537.36"
172.213.208.20 - - [24/Jul/2026:16:11:31 -0700] "GET /wp-cron.php HTTP/1.1" 401 53 "-" "Mozilla/5.0 (Windows NT 10.0; Win64; x64) AppleWebKit/537.36 (KHTML, like Gecko) Chrome/120.0.0.0 Safari/537.36"
172.213.208.20 - - [24/Jul/2026:16:11:31 -0700] "GET /wp-block.php HTTP/1.1" 401 53 "-" "Mozilla/5.0 (Windows NT 10.0; Win64; x64) AppleWebKit/537.36 (KHTML, like Gecko) Chrome/120.0.0.0 Safari/537.36"
172.213.208.20 - - [24/Jul/2026:16:11:32 -0700] "GET /wp-includes/fonts/admin.php HTTP/1.1" 401 53 "-" "Mozilla/5.0 (Windows NT 10.0; Win64; x64) AppleWebKit/537.36 (KHTML, like Gecko) Chrome/120.0.0.0 Safari/537.36"
172.213.208.20 - - [24/Jul/2026:16:11:32 -0700] "GET /wp-admin/css/colors/modern/ HTTP/1.1" 401 53 "-" "Mozilla/5.0 (Windows NT 10.0; Win64; x64) AppleWebKit/537.36 (KHTML, like Gecko) Chrome/120.0.0.0 Safari/537.36"
172.213.208.20 - - [24/Jul/2026:16:11:32 -0700] "GET /classwithtostring.php HTTP/1.1" 401 53 "-" "Mozilla/5.0 (Windows NT 10.0; Win64; x64) AppleWebKit/537.36 (KHTML, like Gecko) Chrome/120.0.0.0 Safari/537.36"
172.213.208.20 - - [24/Jul/2026:16:11:32 -0700] "GET /test1.php HTTP/1.1" 401 53 "-" "Mozilla/5.0 (Windows NT 10.0; Win64; x64) AppleWebKit/537.36 (KHTML, like Gecko) Chrome/120.0.0.0 Safari/537.36"
172.213.208.20 - - [24/Jul/2026:16:11:32 -0700] "GET /wp-admin/images/ HTTP/1.1" 401 53 "-" "Mozilla/5.0 (Windows NT 10.0; Win64; x64) AppleWebKit/537.36 (KHTML, like Gecko) Chrome/120.0.0.0 Safari/537.36"
172.213.208.20 - - [24/Jul/2026:16:11:33 -0700] "GET /images/index.php HTTP/1.1" 401 53 "-" "Mozilla/5.0 (Windows NT 10.0; Win64; x64) AppleWebKit/537.36 (KHTML, like Gecko) Chrome/120.0.0.0 Safari/537.36"
172.213.208.20 - - [24/Jul/2026:16:11:33 -0700] "GET /wp-includes/rest-api/fields/ HTTP/1.1" 401 53 "-" "Mozilla/5.0 (Windows NT 10.0; Win64; x64) AppleWebKit/537.36 (KHTML, like Gecko) Chrome/120.0.0.0 Safari/537.36"
172.213.208.20 - - [24/Jul/2026:16:11:33 -0700] "GET /asd.php HTTP/1.1" 401 53 "-" "Mozilla/5.0 (Windows NT 10.0; Win64; x64) AppleWebKit/537.36 (KHTML, like Gecko) Chrome/120.0.0.0 Safari/537.36"
172.213.208.20 - - [24/Jul/2026:16:11:33 -0700] "GET /wp-includes/customize/index.php HTTP/1.1" 401 53 "-" "Mozilla/5.0 (Windows NT 10.0; Win64; x64) AppleWebKit/537.36 (KHTML, like Gecko) Chrome/120.0.0.0 Safari/537.36"
172.213.208.20 - - [24/Jul/2026:16:11:33 -0700] "GET /wp-content/plugins/core-plugin/include.php HTTP/1.1" 401 53 "-" "Mozilla/5.0 (Windows NT 10.0; Win64; x64) AppleWebKit/537.36 (KHTML, like Gecko) Chrome/120.0.0.0 Safari/537.36"
172.213.208.20 - - [24/Jul/2026:16:11:34 -0700] "GET /atomlib.php HTTP/1.1" 401 53 "-" "Mozilla/5.0 (Windows NT 10.0; Win64; x64) AppleWebKit/537.36 (KHTML, like Gecko) Chrome/120.0.0.0 Safari/537.36"
172.213.208.20 - - [24/Jul/2026:16:11:34 -0700] "GET /wp-includes/html-api/ HTTP/1.1" 401 53 "-" "Mozilla/5.0 (Windows NT 10.0; Win64; x64) AppleWebKit/537.36 (KHTML, like Gecko) Chrome/120.0.0.0 Safari/537.36"
172.213.208.20 - - [24/Jul/2026:16:11:34 -0700] "GET /wp-admin/js/ HTTP/1.1" 401 53 "-" "Mozilla/5.0 (Windows NT 10.0; Win64; x64) AppleWebKit/537.36 (KHTML, like Gecko) Chrome/120.0.0.0 Safari/537.36"
172.213.208.20 - - [24/Jul/2026:16:11:34 -0700] "GET /wp-includes/IXR/chosen.php HTTP/1.1" 401 53 "-" "Mozilla/5.0 (Windows NT 10.0; Win64; x64) AppleWebKit/537.36 (KHTML, like Gecko) Chrome/120.0.0.0 Safari/537.36"
172.213.208.20 - - [24/Jul/2026:16:11:34 -0700] "GET /wp-admin/css/colors/ectoplasm/ HTTP/1.1" 401 53 "-" "Mozilla/5.0 (Windows NT 10.0; Win64; x64) AppleWebKit/537.36 (KHTML, like Gecko) Chrome/120.0.0.0 Safari/537.36"
172.213.208.20 - - [24/Jul/2026:16:11:35 -0700] "GET /wp-includes/blocks/block/ HTTP/1.1" 401 53 "-" "Mozilla/5.0 (Windows NT 10.0; Win64; x64) AppleWebKit/537.36 (KHTML, like Gecko) Chrome/120.0.0.0 Safari/537.36"
172.213.208.20 - - [24/Jul/2026:16:11:39 -0700] "GET /wp-includes/pomo/ HTTP/1.1" 401 53 "-" "Mozilla/5.0 (Windows NT 10.0; Win64; x64) AppleWebKit/537.36 (KHTML, like Gecko) Chrome/120.0.0.0 Safari/537.36"
172.213.208.20 - - [24/Jul/2026:16:11:39 -0700] "GET /wp-includes/rest-api/ HTTP/1.1" 401 53 "-" "Mozilla/5.0 (Windows NT 10.0; Win64; x64) AppleWebKit/537.36 (KHTML, like Gecko) Chrome/120.0.0.0 Safari/537.36"
172.213.208.20 - - [24/Jul/2026:16:11:39 -0700] "GET /inputs.php HTTP/1.1" 401 53 "-" "Mozilla/5.0 (Windows NT 10.0; Win64; x64) AppleWebKit/537.36 (KHTML, like Gecko) Chrome/120.0.0.0 Safari/537.36"
172.213.208.20 - - [24/Jul/2026:16:11:39 -0700] "GET /wp-content/index.php HTTP/1.1" 401 53 "-" "Mozilla/5.0 (Windows NT 10.0; Win64; x64) AppleWebKit/537.36 (KHTML, like Gecko) Chrome/120.0.0.0 Safari/537.36"
172.213.208.20 - - [24/Jul/2026:16:11:39 -0700] "GET /wp-admin/network/index.php HTTP/1.1" 401 53 "-" "Mozilla/5.0 (Windows NT 10.0; Win64; x64) AppleWebKit/537.36 (KHTML, like Gecko) Chrome/120.0.0.0 Safari/537.36"
172.213.208.20 - - [24/Jul/2026:16:11:40 -0700] "GET /wp-content/1.php HTTP/1.1" 401 53 "-" "Mozilla/5.0 (Windows NT 10.0; Win64; x64) AppleWebKit/537.36 (KHTML, like Gecko) Chrome/120.0.0.0 Safari/537.36"
172.213.208.20 - - [24/Jul/2026:16:11:40 -0700] "GET /plugin.php HTTP/1.1" 401 53 "-" "Mozilla/5.0 (Windows NT 10.0; Win64; x64) AppleWebKit/537.36 (KHTML, like Gecko) Chrome/120.0.0.0 Safari/537.36"
172.213.208.20 - - [24/Jul/2026:16:11:40 -0700] "GET /1.php HTTP/1.1" 401 53 "-" "Mozilla/5.0 (Windows NT 10.0; Win64; x64) AppleWebKit/537.36 (KHTML, like Gecko) Chrome/120.0.0.0 Safari/537.36"
172.213.208.20 - - [24/Jul/2026:16:11:40 -0700] "GET /gg.php HTTP/1.1" 401 53 "-" "Mozilla/5.0 (Windows NT 10.0; Win64; x64) AppleWebKit/537.36 (KHTML, like Gecko) Chrome/120.0.0.0 Safari/537.36"
172.213.208.20 - - [24/Jul/2026:16:11:40 -0700] "GET /wp-includes/images/crystal/ HTTP/1.1" 401 53 "-" "Mozilla/5.0 (Windows NT 10.0; Win64; x64) AppleWebKit/537.36 (KHTML, like Gecko) Chrome/120.0.0.0 Safari/537.36"
172.213.208.20 - - [24/Jul/2026:16:11:40 -0700] "GET /wp-content/languages/index.php HTTP/1.1" 401 53 "-" "Mozilla/5.0 (Windows NT 10.0; Win64; x64) AppleWebKit/537.36 (KHTML, like Gecko) Chrome/120.0.0.0 Safari/537.36"
172.213.208.20 - - [24/Jul/2026:16:11:41 -0700] "GET /wp.php HTTP/1.1" 401 53 "-" "Mozilla/5.0 (Windows NT 10.0; Win64; x64) AppleWebKit/537.36 (KHTML, like Gecko) Chrome/120.0.0.0 Safari/537.36"
172.213.208.20 - - [24/Jul/2026:16:11:41 -0700] "GET /wp-includes/blocks/about.php HTTP/1.1" 401 53 "-" "Mozilla/5.0 (Windows NT 10.0; Win64; x64) AppleWebKit/537.36 (KHTML, like Gecko) Chrome/120.0.0.0 Safari/537.36"
172.213.208.20 - - [24/Jul/2026:16:11:41 -0700] "GET /wp-admin/file.php HTTP/1.1" 401 53 "-" "Mozilla/5.0 (Windows NT 10.0; Win64; x64) AppleWebKit/537.36 (KHTML, like Gecko) Chrome/120.0.0.0 Safari/537.36"
172.213.208.20 - - [24/Jul/2026:16:11:41 -0700] "GET /wp-admin/user/index.php HTTP/1.1" 401 53 "-" "Mozilla/5.0 (Windows NT 10.0; Win64; x64) AppleWebKit/537.36 (KHTML, like Gecko) Chrome/120.0.0.0 Safari/537.36"
172.213.208.20 - - [24/Jul/2026:16:11:41 -0700] "GET /wp-content/plugins/WordPressCore/ HTTP/1.1" 401 53 "-" "Mozilla/5.0 (Windows NT 10.0; Win64; x64) AppleWebKit/537.36 (KHTML, like Gecko) Chrome/120.0.0.0 Safari/537.36"
172.213.208.20 - - [24/Jul/2026:16:11:42 -0700] "GET /wp-admin/css/colors/blue/admin.php HTTP/1.1" 401 53 "-" "Mozilla/5.0 (Windows NT 10.0; Win64; x64) AppleWebKit/537.36 (KHTML, like Gecko) Chrome/120.0.0.0 Safari/537.36"
172.213.208.20 - - [24/Jul/2026:16:11:42 -0700] "GET /index/function.php HTTP/1.1" 401 53 "-" "Mozilla/5.0 (Windows NT 10.0; Win64; x64) AppleWebKit/537.36 (KHTML, like Gecko) Chrome/120.0.0.0 Safari/537.36"
172.213.208.20 - - [24/Jul/2026:16:11:42 -0700] "GET /wp-includes/PHPMailer/ HTTP/1.1" 401 53 "-" "Mozilla/5.0 (Windows NT 10.0; Win64; x64) AppleWebKit/537.36 (KHTML, like Gecko) Chrome/120.0.0.0 Safari/537.36"
172.213.208.20 - - [24/Jul/2026:16:11:42 -0700] "GET /wp-includes/css/ HTTP/1.1" 401 53 "-" "Mozilla/5.0 (Windows NT 10.0; Win64; x64) AppleWebKit/537.36 (KHTML, like Gecko) Chrome/120.0.0.0 Safari/537.36"
66.249.65.96 - - [24/Jul/2026:16:11:58 -0700] "GET /wp-content/plugins/wp-user-avatar/assets/select2/select2.min.css?ver=6.7.5 HTTP/1.1" 200 14965 "https://www.trxnews.today/terms-and-conditions/" "Mozilla/5.0 (Linux; Android 6.0.1; Nexus 5X Build/MMB29P) AppleWebKit/537.36 (KHTML, like Gecko) Chrome/150.0.7871.128 Mobile Safari/537.36 (compatible; Googlebot/2.1; +http://www.google.com/bot.html)"
66.249.65.105 - - [24/Jul/2026:16:11:58 -0700] "GET /wp-content/themes/digiqole/assets/css/bootstrap.min.css?ver=1783296000 HTTP/1.1" 200 144877 "https://www.trxnews.today/terms-and-conditions/" "Mozilla/5.0 (Linux; Android 6.0.1; Nexus 5X Build/MMB29P) AppleWebKit/537.36 (KHTML, like Gecko) Chrome/150.0.7871.128 Mobile Safari/537.36 (compatible; Googlebot/2.1; +http://www.google.com/bot.html)"
66.249.65.96 - - [24/Jul/2026:16:11:58 -0700] "GET /wp-content/plugins/wp-user-avatar/assets/flatpickr/flatpickr.min.css?ver=4.16.19 HTTP/1.1" 200 12899 "https://www.trxnews.today/terms-and-conditions/" "Mozilla/5.0 (Linux; Android 6.0.1; Nexus 5X Build/MMB29P) AppleWebKit/537.36 (KHTML, like Gecko) Chrome/150.0.7871.128 Mobile Safari/537.36 (compatible; Googlebot/2.1; +http://www.google.com/bot.html)"
66.249.65.96 - - [24/Jul/2026:16:12:01 -0700] "GET /wp-content/cache/min/1/wp-content/themes/digiqole/assets/css/gutenberg-custom.css?ver=1783296000 HTTP/1.1" 200 22851 "https://www.trxnews.today/terms-and-conditions/" "Mozilla/5.0 (Linux; Android 6.0.1; Nexus 5X Build/MMB29P) AppleWebKit/537.36 (KHTML, like Gecko) Chrome/150.0.7871.128 Mobile Safari/537.36 (compatible; Googlebot/2.1; +http://www.google.com/bot.html)"
66.249.65.105 - - [24/Jul/2026:16:12:03 -0700] "GET /wp-content/cache/min/1/wp-content/themes/digiqole/assets/css/master.css?ver=1783296000 HTTP/1.1" 200 159440 "https://www.trxnews.today/terms-and-conditions/" "Mozilla/5.0 (Linux; Android 6.0.1; Nexus 5X Build/MMB29P) AppleWebKit/537.36 (KHTML, like Gecko) Chrome/150.0.7871.128 Mobile Safari/537.36 (compatible; Googlebot/2.1; +http://www.google.com/bot.html)"
66.249.65.105 - - [24/Jul/2026:16:12:04 -0700] "GET /wp-content/cache/min/1/wp-content/plugins/massive-cryptocurrency-widgets/assets/public/css/selectize.custom.css?ver=1783296000 HTTP/1.1" 200 8916 "https://www.trxnews.today/terms-and-conditions/" "Mozilla/5.0 (Linux; Android 6.0.1; Nexus 5X Build/MMB29P) AppleWebKit/537.36 (KHTML, like Gecko) Chrome/150.0.7871.128 Mobile Safari/537.36 (compatible; Googlebot/2.1; +http://www.google.com/bot.html)"
66.249.65.105 - - [24/Jul/2026:16:12:04 -0700] "GET /wp-content/cache/min/1/wp-content/themes/digiqole/assets/css/jquery.mCustomScrollbar.css?ver=1783296000 HTTP/1.1" 200 43146 "https://www.trxnews.today/terms-and-conditions/" "Mozilla/5.0 (Linux; Android 6.0.1; Nexus 5X Build/MMB29P) AppleWebKit/537.36 (KHTML, like Gecko) Chrome/150.0.7871.128 Mobile Safari/537.36 (compatible; Googlebot/2.1; +http://www.google.com/bot.html)"
192.145.236.177 - - [24/Jul/2026:16:18:34 -0700] "POST /wp-cron.php?doing_wp_cron=1784935113.9291601181030273437500 HTTP/1.1" 200 - "-" "WordPress/6.7.5; https://www.trxnews.today"
98.159.37.137 - - [24/Jul/2026:16:18:32 -0700] "POST /wp-login.php HTTP/1.1" 200 7523 "-" "Mozilla/5.0 (Linux; Android 6.0; E5533) AppleWebKit/537.36 (KHTML, like Gecko) Chrome/77.0.3865.116 Mobile Safari/537.36 OPR/55.2.2719.50740"
192.145.236.177 - - [24/Jul/2026:16:36:04 -0700] "POST /wp-cron.php?doing_wp_cron=1784936164.5004320144653320312500 HTTP/1.1" 200 - "-" "WordPress/6.7.5; https://www.trxnews.today"
98.159.37.126 - - [24/Jul/2026:16:36:03 -0700] "POST /wp-login.php HTTP/1.1" 200 7523 "-" "firefox|Mozilla/5.0 (Windows NT 10.1; x64) Gecko/20100101 Firefox/68.4"
66.249.65.105 - - [24/Jul/2026:16:36:19 -0700] "GET /advertise/ HTTP/1.1" 200 38931 "-" "Mozilla/5.0 (Linux; Android 6.0.1; Nexus 5X Build/MMB29P) AppleWebKit/537.36 (KHTML, like Gecko) Chrome/150.0.7871.128 Mobile Safari/537.36 (compatible; Googlebot/2.1; +http://www.google.com/bot.html)"
192.145.236.177 - - [24/Jul/2026:16:47:05 -0700] "POST /wp-cron.php?doing_wp_cron=1784936825.7271919250488281250000 HTTP/1.1" 200 - "-" "WordPress/6.7.5; https://www.trxnews.today"
216.73.217.13 - - [24/Jul/2026:16:47:05 -0700] "GET /robots.txt HTTP/1.1" 200 449 "-" "Mozilla/5.0 AppleWebKit/537.36 (KHTML, like Gecko; compatible; ClaudeBot/1.0; +claudebot@anthropic.com)"
216.73.217.13 - - [24/Jul/2026:16:47:07 -0700] "GET /sitemap.xml HTTP/1.1" 200 449 "-" "Mozilla/5.0 AppleWebKit/537.36 (KHTML, like Gecko; compatible; ClaudeBot/1.0; +claudebot@anthropic.com)"
192.145.236.177 - - [24/Jul/2026:16:50:05 -0700] "POST /wp-cron.php?doing_wp_cron=1784937004.9376571178436279296875 HTTP/1.1" 200 - "-" "WordPress/6.7.5; https://www.trxnews.today"
216.73.217.13 - - [24/Jul/2026:16:50:03 -0700] "GET /robots.txt HTTP/1.1" 200 567 "-" "Mozilla/5.0 AppleWebKit/537.36 (KHTML, like Gecko; compatible; ClaudeBot/1.0; +claudebot@anthropic.com)"
216.73.217.13 - - [24/Jul/2026:16:50:05 -0700] "GET /wp-sitemap.xml HTTP/1.1" 200 996 "-" "Mozilla/5.0 AppleWebKit/537.36 (KHTML, like Gecko; compatible; ClaudeBot/1.0; +claudebot@anthropic.com)"
192.145.236.177 - - [24/Jul/2026:16:53:27 -0700] "POST /wp-cron.php?doing_wp_cron=1784937207.1940739154815673828125 HTTP/1.1" 200 - "-" "WordPress/6.7.5; https://www.trxnews.today"
98.159.37.131 - - [24/Jul/2026:16:53:26 -0700] "POST /wp-login.php HTTP/1.1" 200 7523 "-" "windows|Mozilla/5.0 (Windows; U; Windows NT 6.3; Win64; x64) AppleWebKit/535.45 (KHTML, like Gecko) Chrome/47.0.3950.393 Safari/534.8 Edge/15.58928"
66.249.65.105 - - [24/Jul/2026:16:56:09 -0700] "GET /wp-content/cache/min/1/wp-content/themes/digiqole/assets/css/woocommerce.css?ver=1783296000 HTTP/1.1" 200 5145 "https://www.trxnews.today/advertise/" "Mozilla/5.0 (Linux; Android 6.0.1; Nexus 5X Build/MMB29P) AppleWebKit/537.36 (KHTML, like Gecko) Chrome/150.0.7871.128 Mobile Safari/537.36 (compatible; Googlebot/2.1; +http://www.google.com/bot.html)"
66.249.65.105 - - [24/Jul/2026:16:56:16 -0700] "GET /wp-content/cache/min/1/wp-content/themes/digiqole/assets/css/jquery.mCustomScrollbar.css?ver=1783296000 HTTP/1.1" 200 43146 "https://www.trxnews.today/advertise/" "Mozilla/5.0 (Linux; Android 6.0.1; Nexus 5X Build/MMB29P) AppleWebKit/537.36 (KHTML, like Gecko) Chrome/150.0.7871.128 Mobile Safari/537.36 (compatible; Googlebot/2.1; +http://www.google.com/bot.html)"
66.249.65.105 - - [24/Jul/2026:16:56:19 -0700] "GET /wp-content/cache/min/1/wp-content/themes/digiqole/assets/css/gutenberg-custom.css?ver=1783296000 HTTP/1.1" 200 22851 "https://www.trxnews.today/advertise/" "Mozilla/5.0 (Linux; Android 6.0.1; Nexus 5X Build/MMB29P) AppleWebKit/537.36 (KHTML, like Gecko) Chrome/150.0.7871.128 Mobile Safari/537.36 (compatible; Googlebot/2.1; +http://www.google.com/bot.html)"
66.249.65.105 - - [24/Jul/2026:16:56:20 -0700] "GET /wp-content/cache/min/1/wp-content/themes/digiqole/assets/css/master.css?ver=1783296000 HTTP/1.1" 200 159440 "https://www.trxnews.today/advertise/" "Mozilla/5.0 (Linux; Android 6.0.1; Nexus 5X Build/MMB29P) AppleWebKit/537.36 (KHTML, like Gecko) Chrome/150.0.7871.128 Mobile Safari/537.36 (compatible; Googlebot/2.1; +http://www.google.com/bot.html)"
192.145.236.177 - - [24/Jul/2026:17:01:25 -0700] "POST /wp-cron.php?doing_wp_cron=1784937685.6530489921569824218750 HTTP/1.1" 200 - "-" "WordPress/6.7.5; https://www.trxnews.today"
103.187.162.75 - - [24/Jul/2026:17:01:25 -0700] "GET / HTTP/1.1" 200 449 "-" "Mozilla/5.0 (compatible; tld-netprobe/1.0)"
66.249.65.105 - - [24/Jul/2026:17:02:13 -0700] "GET /wp-content/cache/min/1/08f84c4e102a3203f8976d4001c19479.js HTTP/1.1" 200 618924 "https://www.trxnews.today/advertise/" "Mozilla/5.0 (Linux; Android 6.0.1; Nexus 5X Build/MMB29P) AppleWebKit/537.36 (KHTML, like Gecko) Chrome/150.0.7871.128 Mobile Safari/537.36 (compatible; Googlebot/2.1; +http://www.google.com/bot.html)"
192.145.236.177 - - [24/Jul/2026:17:03:18 -0700] "POST /wp-cron.php?doing_wp_cron=1784937798.4635989665985107421875 HTTP/1.1" 200 - "-" "WordPress/6.7.5; https://www.trxnews.today"
114.119.148.198 - - [24/Jul/2026:17:03:17 -0700] "GET /wp-sitemap-users-1.xml HTTP/1.1" 200 779 "https://www.trxnews.today/wp-sitemap-users-1.xml" "Mozilla/5.0 (Linux; Android 7.0;) AppleWebKit/537.36 (HTML, like Gecko) Mobile Safari/537.36 (compatible; PetalBot;+https://webmaster.petalsearch.com/site/petalbot)"
192.145.236.177 - - [24/Jul/2026:17:04:02 -0700] "POST /wp-cron.php?doing_wp_cron=1784937842.6555440425872802734375 HTTP/1.1" 200 - "-" "WordPress/6.7.5; https://www.trxnews.today"
14.236.112.31 - - [24/Jul/2026:17:04:02 -0700] "GET /tron-terminologies-everything-you-need-to-know/ HTTP/1.1" 500 32621 "https://www.trxnews.today/" "Mozilla/5.0 (Windows NT 10.0; Win64; x64) AppleWebKit/537.36 (KHTML, like Gecko) Chrome/134.0.0.0 Safari/537.36 Edg/134.0.0.0"
14.236.112.31 - - [24/Jul/2026:17:04:03 -0700] "GET /?p=421 HTTP/1.1" 200 449 "https://www.trxnews.today/tron-terminologies-everything-you-need-to-know/" "Mozilla/5.0 (Windows NT 10.0; Win64; x64) AppleWebKit/537.36 (KHTML, like Gecko) Chrome/134.0.0.0 Safari/537.36 Edg/134.0.0.0"

Youez - 2016 - github.com/yon3zu
LinuXploit