186.22.17.113 - - [24/Jul/2026:10:21:33 -0700] "POST /xmlrpc.php HTTP/1.1" 200 852 "-" "Mozilla/5.0 (Windows NT 10.0; x86) AppleWebKit/537.36 (KHTML, like Gecko) Safari/13.0.0.0 Safari/537.36"
192.145.236.177 - - [24/Jul/2026:10:21:56 -0700] "POST /wp-cron.php?doing_wp_cron=1784913716.8093221187591552734375 HTTP/1.1" 200 - "-" "WordPress/6.7.5; https://www.trxnews.today"
186.22.17.113 - - [24/Jul/2026:10:21:56 -0700] "POST /xmlrpc.php HTTP/1.1" 200 852 "-" "Mozilla/5.0 (Windows NT 6.3; x64) AppleWebKit/537.36 (KHTML, like Gecko) Chrome/111.0.0.0 Safari/537.36"
186.22.17.113 - - [24/Jul/2026:10:22:18 -0700] "POST /xmlrpc.php HTTP/1.1" 406 300 "-" "Mozilla/5.0 (Linux; Android 10; x64) AppleWebKit/537.36 (KHTML, like Gecko) Edge/92.0.0.0 Safari/537.36"
186.22.17.113 - - [24/Jul/2026:10:22:43 -0700] "POST /xmlrpc.php HTTP/1.1" 406 300 "-" "Mozilla/5.0 (Macintosh; Intel Mac OS X 10_15_7; arm64) AppleWebKit/537.36 (KHTML, like Gecko) Firefox/74.0.0.0 Safari/537.36"
192.145.236.177 - - [24/Jul/2026:10:23:08 -0700] "POST /wp-cron.php?doing_wp_cron=1784913788.0870521068572998046875 HTTP/1.1" 200 - "-" "WordPress/6.7.5; https://www.trxnews.today"
186.22.17.113 - - [24/Jul/2026:10:23:07 -0700] "POST /xmlrpc.php HTTP/1.1" 200 852 "-" "Mozilla/5.0 (Windows NT 10.0; x64) AppleWebKit/537.36 (KHTML, like Gecko) Chrome/94.0.0.0 Safari/537.36"
192.145.236.177 - - [24/Jul/2026:10:23:31 -0700] "POST /wp-cron.php?doing_wp_cron=1784913811.7576799392700195312500 HTTP/1.1" 200 - "-" "WordPress/6.7.5; https://www.trxnews.today"
186.22.17.113 - - [24/Jul/2026:10:23:30 -0700] "POST /xmlrpc.php HTTP/1.1" 200 852 "-" "Mozilla/5.0 (Windows NT 6.2; x86) AppleWebKit/537.36 (KHTML, like Gecko) Firefox/75.0.0.0 Safari/537.36"
186.22.17.113 - - [24/Jul/2026:10:23:53 -0700] "POST /xmlrpc.php HTTP/1.1" 406 300 "-" "Mozilla/5.0 (Linux; Android 10; arm64) AppleWebKit/537.36 (KHTML, like Gecko) Opera/68.0.0.0 Safari/537.36"
186.22.17.113 - - [24/Jul/2026:10:24:17 -0700] "POST /xmlrpc.php HTTP/1.1" 406 300 "-" "Mozilla/5.0 (Linux; Android 10; x64) AppleWebKit/537.36 (KHTML, like Gecko) Edge/89.0.0.0 Safari/537.36"
192.145.236.177 - - [24/Jul/2026:10:24:42 -0700] "POST /wp-cron.php?doing_wp_cron=1784913882.1093840599060058593750 HTTP/1.1" 200 - "-" "WordPress/6.7.5; https://www.trxnews.today"
186.22.17.113 - - [24/Jul/2026:10:24:40 -0700] "POST /xmlrpc.php HTTP/1.1" 200 852 "-" "Mozilla/5.0 (X11; Ubuntu; Linux x86_64; x64) AppleWebKit/537.36 (KHTML, like Gecko) Edge/84.0.0.0 Safari/537.36"
186.22.17.113 - - [24/Jul/2026:10:25:05 -0700] "POST /xmlrpc.php HTTP/1.1" 406 300 "-" "Mozilla/5.0 (Linux; Android 10; x86) AppleWebKit/537.36 (KHTML, like Gecko) Firefox/83.0.0.0 Safari/537.36"
186.22.17.113 - - [24/Jul/2026:10:25:29 -0700] "POST /xmlrpc.php HTTP/1.1" 406 300 "-" "Mozilla/5.0 (Macintosh; Intel Mac OS X 10_15_7; arm64) AppleWebKit/537.36 (KHTML, like Gecko) Firefox/79.0.0.0 Safari/537.36"
192.145.236.177 - - [24/Jul/2026:10:25:53 -0700] "POST /wp-cron.php?doing_wp_cron=1784913953.0707969665527343750000 HTTP/1.1" 200 - "-" "WordPress/6.7.5; https://www.trxnews.today"
186.22.17.113 - - [24/Jul/2026:10:25:52 -0700] "POST /xmlrpc.php HTTP/1.1" 200 852 "-" "Mozilla/5.0 (Windows NT 10.0; x64) AppleWebKit/537.36 (KHTML, like Gecko) Firefox/86.0.0.0 Safari/537.36"
192.145.236.177 - - [24/Jul/2026:10:26:15 -0700] "POST /wp-cron.php?doing_wp_cron=1784913975.6024980545043945312500 HTTP/1.1" 200 - "-" "WordPress/6.7.5; https://www.trxnews.today"
186.22.17.113 - - [24/Jul/2026:10:26:15 -0700] "POST /xmlrpc.php HTTP/1.1" 200 852 "-" "Mozilla/5.0 (Windows NT 6.2; x64) AppleWebKit/537.36 (KHTML, like Gecko) Chrome/114.0.0.0 Safari/537.36"
192.145.236.177 - - [24/Jul/2026:10:26:41 -0700] "POST /wp-cron.php?doing_wp_cron=1784914001.8256640434265136718750 HTTP/1.1" 200 - "-" "WordPress/6.7.5; https://www.trxnews.today"
186.22.17.113 - - [24/Jul/2026:10:26:41 -0700] "POST /xmlrpc.php HTTP/1.1" 200 852 "-" "Mozilla/5.0 (Windows NT 6.2; x64) AppleWebKit/537.36 (KHTML, like Gecko) Chrome/100.0.0.0 Safari/537.36"
186.22.17.113 - - [24/Jul/2026:10:27:05 -0700] "POST /xmlrpc.php HTTP/1.1" 406 300 "-" "Mozilla/5.0 (Linux; Android 10; x86) AppleWebKit/537.36 (KHTML, like Gecko) Opera/63.0.0.0 Safari/537.36"
192.145.236.177 - - [24/Jul/2026:10:27:27 -0700] "POST /wp-cron.php?doing_wp_cron=1784914047.6643180847167968750000 HTTP/1.1" 200 - "-" "WordPress/6.7.5; https://www.trxnews.today"
186.22.17.113 - - [24/Jul/2026:10:27:27 -0700] "POST /xmlrpc.php HTTP/1.1" 200 852 "-" "Mozilla/5.0 (Windows NT 6.2; x86) AppleWebKit/537.36 (KHTML, like Gecko) Edge/94.0.0.0 Safari/537.36"
74.7.242.0 - - [24/Jul/2026:10:27:29 -0700] "GET /wp-sitemap.xml HTTP/1.1" 200 996 "-" "Mozilla/5.0 AppleWebKit/537.36 (KHTML, like Gecko; compatible; GPTBot/1.4; +https://openai.com/gptbot)"
74.7.230.53 - - [24/Jul/2026:10:27:29 -0700] "GET /robots.txt HTTP/1.1" 200 567 "-" "Mozilla/5.0 (Macintosh; Intel Mac OS X 10_15_7) AppleWebKit/537.36 (KHTML, like Gecko) Chrome/131.0.0.0 Safari/537.36; compatible; OAI-SearchBot/1.4; robots.txt; +https://openai.com/searchbot"
74.7.242.0 - - [24/Jul/2026:10:27:32 -0700] "GET /wp-sitemap-posts-post-1.xml HTTP/1.1" 200 1205 "https://www.trxnews.today/wp-sitemap.xml" "Mozilla/5.0 AppleWebKit/537.36 (KHTML, like Gecko; compatible; GPTBot/1.4; +https://openai.com/gptbot)"
74.7.242.0 - - [24/Jul/2026:10:27:35 -0700] "GET /wp-sitemap-posts-page-1.xml HTTP/1.1" 200 1783 "https://www.trxnews.today/wp-sitemap.xml" "Mozilla/5.0 AppleWebKit/537.36 (KHTML, like Gecko; compatible; GPTBot/1.4; +https://openai.com/gptbot)"
192.145.236.177 - - [24/Jul/2026:10:27:38 -0700] "POST /wp-cron.php?doing_wp_cron=1784914058.5330820083618164062500 HTTP/1.1" 200 - "-" "WordPress/6.7.5; https://www.trxnews.today"
74.7.242.0 - - [24/Jul/2026:10:27:37 -0700] "GET /wp-sitemap-taxonomies-category-1.xml HTTP/1.1" 200 842 "https://www.trxnews.today/wp-sitemap.xml" "Mozilla/5.0 AppleWebKit/537.36 (KHTML, like Gecko; compatible; GPTBot/1.4; +https://openai.com/gptbot)"
74.7.242.0 - - [24/Jul/2026:10:27:40 -0700] "GET /wp-sitemap-users-1.xml HTTP/1.1" 200 779 "https://www.trxnews.today/wp-sitemap.xml" "Mozilla/5.0 AppleWebKit/537.36 (KHTML, like Gecko; compatible; GPTBot/1.4; +https://openai.com/gptbot)"
74.7.242.0 - - [24/Jul/2026:10:27:42 -0700] "GET / HTTP/1.1" 200 99914 "https://www.trxnews.today/wp-sitemap-posts-page-1.xml" "Mozilla/5.0 AppleWebKit/537.36 (KHTML, like Gecko; compatible; GPTBot/1.4; +https://openai.com/gptbot)"
74.7.242.0 - - [24/Jul/2026:10:27:44 -0700] "GET /sample-page/ HTTP/1.1" 200 37379 "https://www.trxnews.today/wp-sitemap-posts-page-1.xml" "Mozilla/5.0 AppleWebKit/537.36 (KHTML, like Gecko; compatible; GPTBot/1.4; +https://openai.com/gptbot)"
74.7.242.0 - - [24/Jul/2026:10:27:45 -0700] "GET /wp-content/themes/digiqole/assets/css/owl.carousel.min.css?ver=1784881684 HTTP/1.1" 200 2936 "https://www.trxnews.today/" "Mozilla/5.0 AppleWebKit/537.36 (KHTML, like Gecko; compatible; GPTBot/1.4; +https://openai.com/gptbot)"
74.7.242.0 - - [24/Jul/2026:10:27:47 -0700] "GET /wp-content/themes/digiqole/assets/css/bootstrap.min.css?ver=1784881684 HTTP/1.1" 200 144877 "https://www.trxnews.today/" "Mozilla/5.0 AppleWebKit/537.36 (KHTML, like Gecko; compatible; GPTBot/1.4; +https://openai.com/gptbot)"
74.7.242.0 - - [24/Jul/2026:10:27:48 -0700] "GET /wp-content/themes/digiqole/assets/css/owl.theme.default.min.css?ver=1784881684 HTTP/1.1" 200 1013 "https://www.trxnews.today/" "Mozilla/5.0 AppleWebKit/537.36 (KHTML, like Gecko; compatible; GPTBot/1.4; +https://openai.com/gptbot)"
74.7.242.0 - - [24/Jul/2026:10:27:50 -0700] "GET /wp-json/wp/v2/pages/2 HTTP/1.1" 200 2294 "https://www.trxnews.today/sample-page/" "Mozilla/5.0 AppleWebKit/537.36 (KHTML, like Gecko; compatible; GPTBot/1.4; +https://openai.com/gptbot)"
74.7.242.0 - - [24/Jul/2026:10:27:51 -0700] "GET /wp-content/themes/digiqole/assets/css/owl.carousel.min.css?ver=1784880543 HTTP/1.1" 200 2936 "https://www.trxnews.today/sample-page/" "Mozilla/5.0 AppleWebKit/537.36 (KHTML, like Gecko; compatible; GPTBot/1.4; +https://openai.com/gptbot)"
192.145.236.177 - - [24/Jul/2026:10:27:52 -0700] "POST /wp-cron.php?doing_wp_cron=1784914072.8569450378417968750000 HTTP/1.1" 200 - "-" "WordPress/6.7.5; https://www.trxnews.today"
74.7.242.0 - - [24/Jul/2026:10:27:52 -0700] "GET /?p=2 HTTP/1.1" 200 449 "https://www.trxnews.today/sample-page/" "Mozilla/5.0 AppleWebKit/537.36 (KHTML, like Gecko; compatible; GPTBot/1.4; +https://openai.com/gptbot)"
74.7.242.0 - - [24/Jul/2026:10:27:53 -0700] "GET /wp-json/oembed/1.0/embed?format=xml&url=https%3A%2F%2Fwww.trxnews.today%2Fsample-page%2F HTTP/1.1" 200 2855 "https://www.trxnews.today/sample-page/" "Mozilla/5.0 AppleWebKit/537.36 (KHTML, like Gecko; compatible; GPTBot/1.4; +https://openai.com/gptbot)"
74.7.242.0 - - [24/Jul/2026:10:27:54 -0700] "GET /wp-content/themes/digiqole/assets/css/owl.theme.default.min.css?ver=1784880543 HTTP/1.1" 200 1013 "https://www.trxnews.today/sample-page/" "Mozilla/5.0 AppleWebKit/537.36 (KHTML, like Gecko; compatible; GPTBot/1.4; +https://openai.com/gptbot)"
74.7.242.0 - - [24/Jul/2026:10:27:54 -0700] "GET /wp-json/oembed/1.0/embed?url=https%3A%2F%2Fwww.trxnews.today%2Fsample-page%2F HTTP/1.1" 200 2698 "https://www.trxnews.today/sample-page/" "Mozilla/5.0 AppleWebKit/537.36 (KHTML, like Gecko; compatible; GPTBot/1.4; +https://openai.com/gptbot)"
74.7.242.0 - - [24/Jul/2026:10:27:56 -0700] "GET /sample-page/feed/ HTTP/1.1" 200 1267 "https://www.trxnews.today/sample-page/" "Mozilla/5.0 AppleWebKit/537.36 (KHTML, like Gecko; compatible; GPTBot/1.4; +https://openai.com/gptbot)"
74.7.242.0 - - [24/Jul/2026:10:27:57 -0700] "GET /wp-content/themes/digiqole/assets/css/bootstrap.min.css?ver=1784880543 HTTP/1.1" 200 144877 "https://www.trxnews.today/sample-page/" "Mozilla/5.0 AppleWebKit/537.36 (KHTML, like Gecko; compatible; GPTBot/1.4; +https://openai.com/gptbot)"
74.7.242.0 - - [24/Jul/2026:10:27:58 -0700] "GET /%22https:/www.trxnews.today/sample-page/%22 HTTP/1.1" 200 449 "https://www.trxnews.today/wp-json/oembed/1.0/embed?url=https%3A%2F%2Fwww.trxnews.today%2Fsample-page%2F" "Mozilla/5.0 AppleWebKit/537.36 (KHTML, like Gecko; compatible; GPTBot/1.4; +https://openai.com/gptbot)"
74.7.242.0 - - [24/Jul/2026:10:27:59 -0700] "GET /%22https:/www.trxnews.today/sample-page/embed/ HTTP/1.1" 200 34086 "https://www.trxnews.today/wp-json/oembed/1.0/embed?url=https%3A%2F%2Fwww.trxnews.today%2Fsample-page%2F" "Mozilla/5.0 AppleWebKit/537.36 (KHTML, like Gecko; compatible; GPTBot/1.4; +https://openai.com/gptbot)"
186.22.17.113 - - [24/Jul/2026:10:28:02 -0700] "POST /xmlrpc.php HTTP/1.1" 406 300 "-" "Mozilla/5.0 (Macintosh; Intel Mac OS X 10_15_7; arm64) AppleWebKit/537.36 (KHTML, like Gecko) Firefox/99.0.0.0 Safari/537.36"
74.7.242.0 - - [24/Jul/2026:10:28:02 -0700] "GET /wp-content/plugins/wp-user-avatar/assets/select2/select2.min.js?ver=4.16.19 HTTP/1.1" 200 70851 "https://www.trxnews.today/%22https:/www.trxnews.today/sample-page/embed/" "Mozilla/5.0 AppleWebKit/537.36 (KHTML, like Gecko; compatible; GPTBot/1.4; +https://openai.com/gptbot)"
74.7.242.0 - - [24/Jul/2026:10:28:03 -0700] "GET /wp-content/themes/digiqole/assets/css/owl.theme.default.min.css?ver=1784914081 HTTP/1.1" 429 17 "https://www.trxnews.today/%22https:/www.trxnews.today/sample-page/embed/" "Mozilla/5.0 AppleWebKit/537.36 (KHTML, like Gecko; compatible; GPTBot/1.4; +https://openai.com/gptbot)"
74.7.242.0 - - [24/Jul/2026:10:28:03 -0700] "GET /wp-content/themes/digiqole/assets/js/jquery.mCustomScrollbar.concat.min.js?ver=1784914081 HTTP/1.1" 429 17 "https://www.trxnews.today/%22https:/www.trxnews.today/sample-page/embed/" "Mozilla/5.0 AppleWebKit/537.36 (KHTML, like Gecko; compatible; GPTBot/1.4; +https://openai.com/gptbot)"
74.7.242.0 - - [24/Jul/2026:10:28:05 -0700] "GET /wp-content/themes/digiqole/assets/js/owl.carousel.min.js?ver=1784914081 HTTP/1.1" 429 17 "https://www.trxnews.today/%22https:/www.trxnews.today/sample-page/embed/" "Mozilla/5.0 AppleWebKit/537.36 (KHTML, like Gecko; compatible; GPTBot/1.4; +https://openai.com/gptbot)"
74.7.242.0 - - [24/Jul/2026:10:28:10 -0700] "GET /wp-content/plugins/wp-user-avatar/assets/js/frontend.min.js?ver=4.16.19 HTTP/1.1" 429 17 "https://www.trxnews.today/%22https:/www.trxnews.today/sample-page/embed/" "Mozilla/5.0 AppleWebKit/537.36 (KHTML, like Gecko; compatible; GPTBot/1.4; +https://openai.com/gptbot)"
192.145.236.177 - - [24/Jul/2026:10:28:15 -0700] "POST /wp-cron.php?doing_wp_cron=1784914095.3336889743804931640625 HTTP/1.1" 200 - "-" "WordPress/6.7.5; https://www.trxnews.today"
98.159.37.134 - - [24/Jul/2026:10:28:14 -0700] "POST /wp-login.php HTTP/1.1" 200 7523 "-" "Mozilla/5.0 (X11; U; Linux Gentoo; pl-PL; rv:1.8.1.7) Gecko/20070914 Firefox/2.0.0.7"
74.7.242.0 - - [24/Jul/2026:10:28:24 -0700] "GET /wp-content/themes/digiqole/assets/js/script.js?ver=1784914081 HTTP/1.1" 429 17 "https://www.trxnews.today/%22https:/www.trxnews.today/sample-page/embed/" "Mozilla/5.0 AppleWebKit/537.36 (KHTML, like Gecko; compatible; GPTBot/1.4; +https://openai.com/gptbot)"
186.22.17.113 - - [24/Jul/2026:10:28:25 -0700] "POST /xmlrpc.php HTTP/1.1" 200 852 "-" "Mozilla/5.0 (Windows NT 6.2; x86) AppleWebKit/537.36 (KHTML, like Gecko) Opera/79.0.0.0 Safari/537.36"
192.145.236.177 - - [24/Jul/2026:10:29:01 -0700] "POST /wp-cron.php?doing_wp_cron=1784914141.6065111160278320312500 HTTP/1.1" 200 - "-" "WordPress/6.7.5; https://www.trxnews.today"
186.22.17.113 - - [24/Jul/2026:10:29:00 -0700] "POST /xmlrpc.php HTTP/1.1" 200 852 "-" "Mozilla/5.0 (Windows NT 6.3; x86) AppleWebKit/537.36 (KHTML, like Gecko) Opera/68.0.0.0 Safari/537.36"
74.7.242.0 - - [24/Jul/2026:10:29:07 -0700] "GET /wp-content/themes/digiqole/assets/css/font-awesome.css?ver=1784914081 HTTP/1.1" 429 17 "https://www.trxnews.today/%22https:/www.trxnews.today/sample-page/embed/" "Mozilla/5.0 AppleWebKit/537.36 (KHTML, like Gecko; compatible; GPTBot/1.4; +https://openai.com/gptbot)"
186.22.17.113 - - [24/Jul/2026:10:29:25 -0700] "POST /xmlrpc.php HTTP/1.1" 406 300 "-" "Mozilla/5.0 (Linux; Android 10; x64) AppleWebKit/537.36 (KHTML, like Gecko) Safari/15.0.0.0 Safari/537.36"
186.22.17.113 - - [24/Jul/2026:10:29:48 -0700] "POST /xmlrpc.php HTTP/1.1" 406 300 "-" "Mozilla/5.0 (Linux; Android 10; x86) AppleWebKit/537.36 (KHTML, like Gecko) Edge/84.0.0.0 Safari/537.36"
74.7.242.0 - - [24/Jul/2026:10:30:08 -0700] "GET /wp-content/themes/digiqole/assets/js/popper.min.js?ver=1784914081 HTTP/1.1" 429 17 "https://www.trxnews.today/%22https:/www.trxnews.today/sample-page/embed/" "Mozilla/5.0 AppleWebKit/537.36 (KHTML, like Gecko; compatible; GPTBot/1.4; +https://openai.com/gptbot)"
186.22.17.113 - - [24/Jul/2026:10:30:11 -0700] "POST /xmlrpc.php HTTP/1.1" 406 300 "-" "Mozilla/5.0 (Macintosh; Intel Mac OS X 10_15_7; arm64) AppleWebKit/537.36 (KHTML, like Gecko) Firefox/86.0.0.0 Safari/537.36"
186.22.17.113 - - [24/Jul/2026:10:30:34 -0700] "POST /xmlrpc.php HTTP/1.1" 406 300 "-" "Mozilla/5.0 (X11; Ubuntu; Linux x86_64; arm64) AppleWebKit/537.36 (KHTML, like Gecko) Chrome/106.0.0.0 Safari/537.36"
186.22.17.113 - - [24/Jul/2026:10:30:56 -0700] "POST /xmlrpc.php HTTP/1.1" 406 300 "-" "Mozilla/5.0 (Linux; Android 10; x86) AppleWebKit/537.36 (KHTML, like Gecko) Firefox/81.0.0.0 Safari/537.36"
74.7.242.0 - - [24/Jul/2026:10:31:13 -0700] "GET /wp-content/plugins/massive-cryptocurrency-widgets/assets/public/css/selectize.custom.css?ver=3.1.5 HTTP/1.1" 429 17 "https://www.trxnews.today/%22https:/www.trxnews.today/sample-page/embed/" "Mozilla/5.0 AppleWebKit/537.36 (KHTML, like Gecko; compatible; GPTBot/1.4; +https://openai.com/gptbot)"
186.22.17.113 - - [24/Jul/2026:10:31:19 -0700] "POST /xmlrpc.php HTTP/1.1" 406 300 "-" "Mozilla/5.0 (Macintosh; Intel Mac OS X 10_15_7; arm64) AppleWebKit/537.36 (KHTML, like Gecko) Firefox/82.0.0.0 Safari/537.36"
192.145.236.177 - - [24/Jul/2026:10:31:43 -0700] "POST /wp-cron.php?doing_wp_cron=1784914303.0530149936676025390625 HTTP/1.1" 200 - "-" "WordPress/6.7.5; https://www.trxnews.today"
186.22.17.113 - - [24/Jul/2026:10:31:42 -0700] "POST /xmlrpc.php HTTP/1.1" 200 852 "-" "Mozilla/5.0 (Macintosh; Intel Mac OS X 10_15_7; x86) AppleWebKit/537.36 (KHTML, like Gecko) Opera/80.0.0.0 Safari/537.36"
34.178.60.179 - - [24/Jul/2026:10:32:02 -0700] "GET /.git/config HTTP/1.1" 406 300 "-" "-"
192.145.236.177 - - [24/Jul/2026:10:32:05 -0700] "POST /wp-cron.php?doing_wp_cron=1784914325.7711229324340820312500 HTTP/1.1" 200 - "-" "WordPress/6.7.5; https://www.trxnews.today"
186.22.17.113 - - [24/Jul/2026:10:32:04 -0700] "POST /xmlrpc.php HTTP/1.1" 200 852 "-" "Mozilla/5.0 (Windows NT 6.2; x86) AppleWebKit/537.36 (KHTML, like Gecko) Opera/69.0.0.0 Safari/537.36"
74.7.242.0 - - [24/Jul/2026:10:32:15 -0700] "GET /wp-content/themes/digiqole/assets/css/blog.css?ver=1784914081 HTTP/1.1" 429 17 "https://www.trxnews.today/%22https:/www.trxnews.today/sample-page/embed/" "Mozilla/5.0 AppleWebKit/537.36 (KHTML, like Gecko; compatible; GPTBot/1.4; +https://openai.com/gptbot)"
192.145.236.177 - - [24/Jul/2026:10:32:29 -0700] "POST /wp-cron.php?doing_wp_cron=1784914349.1958360671997070312500 HTTP/1.1" 200 - "-" "WordPress/6.7.5; https://www.trxnews.today"
186.22.17.113 - - [24/Jul/2026:10:32:28 -0700] "POST /xmlrpc.php HTTP/1.1" 200 852 "-" "Mozilla/5.0 (Windows NT 10.0; x64) AppleWebKit/537.36 (KHTML, like Gecko) Opera/71.0.0.0 Safari/537.36"
192.145.236.177 - - [24/Jul/2026:10:32:53 -0700] "POST /wp-cron.php?doing_wp_cron=1784914373.0778040885925292968750 HTTP/1.1" 200 - "-" "WordPress/6.7.5; https://www.trxnews.today"
186.22.17.113 - - [24/Jul/2026:10:32:52 -0700] "POST /xmlrpc.php HTTP/1.1" 200 852 "-" "Mozilla/5.0 (Macintosh; Intel Mac OS X 10_15_7; x64) AppleWebKit/537.36 (KHTML, like Gecko) Edge/94.0.0.0 Safari/537.36"
74.7.242.0 - - [24/Jul/2026:10:33:15 -0700] "GET /wp-includes/js/jquery/jquery-migrate.min.js?ver=3.4.1 HTTP/1.1" 200 13577 "https://www.trxnews.today/%22https:/www.trxnews.today/sample-page/embed/" "Mozilla/5.0 AppleWebKit/537.36 (KHTML, like Gecko; compatible; GPTBot/1.4; +https://openai.com/gptbot)"
186.22.17.113 - - [24/Jul/2026:10:33:17 -0700] "POST /xmlrpc.php HTTP/1.1" 406 300 "-" "Mozilla/5.0 (Linux; Android 10; arm64) AppleWebKit/537.36 (KHTML, like Gecko) Safari/10.0.0.0 Safari/537.36"
192.145.236.177 - - [24/Jul/2026:10:33:40 -0700] "POST /wp-cron.php?doing_wp_cron=1784914420.0565938949584960937500 HTTP/1.1" 200 - "-" "WordPress/6.7.5; https://www.trxnews.today"
186.22.17.113 - - [24/Jul/2026:10:33:39 -0700] "POST /xmlrpc.php HTTP/1.1" 200 852 "-" "Mozilla/5.0 (Macintosh; Intel Mac OS X 10_15_7; x64) AppleWebKit/537.36 (KHTML, like Gecko) Safari/12.0.0.0 Safari/537.36"
192.145.236.177 - - [24/Jul/2026:10:34:00 -0700] "POST /wp-cron.php?doing_wp_cron=1784914440.4088630676269531250000 HTTP/1.1" 200 - "-" "WordPress/6.7.5; https://www.trxnews.today"
186.22.17.113 - - [24/Jul/2026:10:34:00 -0700] "POST /xmlrpc.php HTTP/1.1" 200 852 "-" "Mozilla/5.0 (Windows NT 6.3; x64) AppleWebKit/537.36 (KHTML, like Gecko) Safari/14.0.0.0 Safari/537.36"
74.7.242.0 - - [24/Jul/2026:10:34:18 -0700] "GET /wp-content/themes/digiqole/assets/js/jquery.appear.min.js?ver=1784914081 HTTP/1.1" 200 964 "https://www.trxnews.today/%22https:/www.trxnews.today/sample-page/embed/" "Mozilla/5.0 AppleWebKit/537.36 (KHTML, like Gecko; compatible; GPTBot/1.4; +https://openai.com/gptbot)"
192.145.236.177 - - [24/Jul/2026:10:34:21 -0700] "POST /wp-cron.php?doing_wp_cron=1784914461.6727030277252197265625 HTTP/1.1" 200 - "-" "WordPress/6.7.5; https://www.trxnews.today"
186.22.17.113 - - [24/Jul/2026:10:34:21 -0700] "POST /xmlrpc.php HTTP/1.1" 200 852 "-" "Mozilla/5.0 (X11; Ubuntu; Linux x86_64; x64) AppleWebKit/537.36 (KHTML, like Gecko) Firefox/100.0.0.0 Safari/537.36"
186.22.17.113 - - [24/Jul/2026:10:34:40 -0700] "POST /xmlrpc.php HTTP/1.1" 406 300 "-" "Mozilla/5.0 (Macintosh; Intel Mac OS X 10_15_7; arm64) AppleWebKit/537.36 (KHTML, like Gecko) Opera/80.0.0.0 Safari/537.36"
192.145.236.177 - - [24/Jul/2026:10:35:00 -0700] "POST /wp-cron.php?doing_wp_cron=1784914500.1720559597015380859375 HTTP/1.1" 200 - "-" "WordPress/6.7.5; https://www.trxnews.today"
186.22.17.113 - - [24/Jul/2026:10:34:59 -0700] "POST /xmlrpc.php HTTP/1.1" 200 852 "-" "Mozilla/5.0 (Windows NT 6.2; x86) AppleWebKit/537.36 (KHTML, like Gecko) Safari/13.0.0.0 Safari/537.36"
74.7.242.0 - - [24/Jul/2026:10:35:14 -0700] "GET /wp-content/themes/digiqole/assets/js/goodshare.min.js?ver=1 HTTP/1.1" 200 36419 "https://www.trxnews.today/%22https:/www.trxnews.today/sample-page/embed/" "Mozilla/5.0 AppleWebKit/537.36 (KHTML, like Gecko; compatible; GPTBot/1.4; +https://openai.com/gptbot)"
192.145.236.177 - - [24/Jul/2026:10:35:21 -0700] "POST /wp-cron.php?doing_wp_cron=1784914521.1069829463958740234375 HTTP/1.1" 200 - "-" "WordPress/6.7.5; https://www.trxnews.today"
186.22.17.113 - - [24/Jul/2026:10:35:20 -0700] "POST /xmlrpc.php HTTP/1.1" 200 852 "-" "Mozilla/5.0 (Macintosh; Intel Mac OS X 10_15_7; x86) AppleWebKit/537.36 (KHTML, like Gecko) Firefox/74.0.0.0 Safari/537.36"
186.22.17.113 - - [24/Jul/2026:10:35:38 -0700] "POST /xmlrpc.php HTTP/1.1" 406 300 "-" "Mozilla/5.0 (Linux; Android 10; arm64) AppleWebKit/537.36 (KHTML, like Gecko) Chrome/91.0.0.0 Safari/537.36"
186.22.17.113 - - [24/Jul/2026:10:35:55 -0700] "POST /xmlrpc.php HTTP/1.1" 406 300 "-" "Mozilla/5.0 (Linux; Android 10; x64) AppleWebKit/537.36 (KHTML, like Gecko) Firefox/74.0.0.0 Safari/537.36"
74.7.242.0 - - [24/Jul/2026:10:36:05 -0700] "GET /wp-content/plugins/massive-cryptocurrency-widgets/assets/public/js/selectize.min.js?ver=0.12.4 HTTP/1.1" 200 45138 "https://www.trxnews.today/%22https:/www.trxnews.today/sample-page/embed/" "Mozilla/5.0 AppleWebKit/537.36 (KHTML, like Gecko; compatible; GPTBot/1.4; +https://openai.com/gptbot)"
192.145.236.177 - - [24/Jul/2026:10:36:12 -0700] "POST /wp-cron.php?doing_wp_cron=1784914572.0815479755401611328125 HTTP/1.1" 200 - "-" "WordPress/6.7.5; https://www.trxnews.today"
186.22.17.113 - - [24/Jul/2026:10:36:11 -0700] "POST /xmlrpc.php HTTP/1.1" 200 852 "-" "Mozilla/5.0 (Windows NT 6.2; x64) AppleWebKit/537.36 (KHTML, like Gecko) Chrome/103.0.0.0 Safari/537.36"
186.22.17.113 - - [24/Jul/2026:10:36:33 -0700] "POST /xmlrpc.php HTTP/1.1" 406 300 "-" "Mozilla/5.0 (X11; Ubuntu; Linux x86_64; arm64) AppleWebKit/537.36 (KHTML, like Gecko) Safari/13.0.0.0 Safari/537.36"
186.22.17.113 - - [24/Jul/2026:10:36:49 -0700] "POST /xmlrpc.php HTTP/1.1" 406 300 "-" "Mozilla/5.0 (Windows NT 6.2; arm64) AppleWebKit/537.36 (KHTML, like Gecko) Safari/14.0.0.0 Safari/537.36"
74.7.242.0 - - [24/Jul/2026:10:36:49 -0700] "GET /wp-content/themes/digiqole/assets/js/bootstrap.min.js?ver=1784914081 HTTP/1.1" 200 48944 "https://www.trxnews.today/%22https:/www.trxnews.today/sample-page/embed/" "Mozilla/5.0 AppleWebKit/537.36 (KHTML, like Gecko; compatible; GPTBot/1.4; +https://openai.com/gptbot)"
186.22.17.113 - - [24/Jul/2026:10:37:04 -0700] "POST /xmlrpc.php HTTP/1.1" 406 300 "-" "Mozilla/5.0 (Macintosh; Intel Mac OS X 10_15_7; arm64) AppleWebKit/537.36 (KHTML, like Gecko) Edge/85.0.0.0 Safari/537.36"
192.145.236.177 - - [24/Jul/2026:10:37:20 -0700] "POST /wp-cron.php?doing_wp_cron=1784914640.9602179527282714843750 HTTP/1.1" 200 - "-" "WordPress/6.7.5; https://www.trxnews.today"
186.22.17.113 - - [24/Jul/2026:10:37:20 -0700] "POST /xmlrpc.php HTTP/1.1" 200 852 "-" "Mozilla/5.0 (Windows NT 6.3; x86) AppleWebKit/537.36 (KHTML, like Gecko) Opera/77.0.0.0 Safari/537.36"
74.7.242.0 - - [24/Jul/2026:10:37:28 -0700] "GET /wp-content/themes/digiqole/assets/js/raphael.min.js?ver=1784914081 HTTP/1.1" 200 93168 "https://www.trxnews.today/%22https:/www.trxnews.today/sample-page/embed/" "Mozilla/5.0 AppleWebKit/537.36 (KHTML, like Gecko; compatible; GPTBot/1.4; +https://openai.com/gptbot)"
186.22.17.113 - - [24/Jul/2026:10:37:40 -0700] "POST /xmlrpc.php HTTP/1.1" 406 300 "-" "Mozilla/5.0 (Macintosh; Intel Mac OS X 10_15_7; arm64) AppleWebKit/537.36 (KHTML, like Gecko) Chrome/96.0.0.0 Safari/537.36"
74.7.242.0 - - [24/Jul/2026:10:38:05 -0700] "GET /wp-content/themes/digiqole/assets/js/jquery.magnific-popup.min.js?ver=1784914081 HTTP/1.1" 200 20216 "https://www.trxnews.today/%22https:/www.trxnews.today/sample-page/embed/" "Mozilla/5.0 AppleWebKit/537.36 (KHTML, like Gecko; compatible; GPTBot/1.4; +https://openai.com/gptbot)"
192.145.236.177 - - [24/Jul/2026:10:38:06 -0700] "POST /wp-cron.php?doing_wp_cron=1784914686.5234050750732421875000 HTTP/1.1" 200 - "-" "WordPress/6.7.5; https://www.trxnews.today"
186.22.17.113 - - [24/Jul/2026:10:38:05 -0700] "POST /xmlrpc.php HTTP/1.1" 200 852 "-" "Mozilla/5.0 (Macintosh; Intel Mac OS X 10_15_7; x64) AppleWebKit/537.36 (KHTML, like Gecko) Firefox/83.0.0.0 Safari/537.36"
192.145.236.177 - - [24/Jul/2026:10:38:29 -0700] "POST /wp-cron.php?doing_wp_cron=1784914709.9010798931121826171875 HTTP/1.1" 200 - "-" "WordPress/6.7.5; https://www.trxnews.today"
186.22.17.113 - - [24/Jul/2026:10:38:29 -0700] "POST /xmlrpc.php HTTP/1.1" 200 852 "-" "Mozilla/5.0 (X11; Ubuntu; Linux x86_64; x64) AppleWebKit/537.36 (KHTML, like Gecko) Edge/91.0.0.0 Safari/537.36"
74.7.242.0 - - [24/Jul/2026:10:38:38 -0700] "GET /wp-content/themes/digiqole/assets/js/jquery.easypiechart.min.js?ver=1784914081 HTTP/1.1" 200 3990 "https://www.trxnews.today/%22https:/www.trxnews.today/sample-page/embed/" "Mozilla/5.0 AppleWebKit/537.36 (KHTML, like Gecko; compatible; GPTBot/1.4; +https://openai.com/gptbot)"
186.22.17.113 - - [24/Jul/2026:10:38:56 -0700] "POST /xmlrpc.php HTTP/1.1" 406 300 "-" "Mozilla/5.0 (Windows NT 10.0; arm64) AppleWebKit/537.36 (KHTML, like Gecko) Opera/78.0.0.0 Safari/537.36"
74.7.242.0 - - [24/Jul/2026:10:39:09 -0700] "GET /wp-content/plugins/wp-user-avatar/assets/flatpickr/flatpickr.min.js?ver=4.16.19 HTTP/1.1" 200 52446 "https://www.trxnews.today/%22https:/www.trxnews.today/sample-page/embed/" "Mozilla/5.0 AppleWebKit/537.36 (KHTML, like Gecko; compatible; GPTBot/1.4; +https://openai.com/gptbot)"
186.22.17.113 - - [24/Jul/2026:10:39:13 -0700] "POST /xmlrpc.php HTTP/1.1" 200 852 "-" "Mozilla/5.0 (Windows NT 10.0; x86) AppleWebKit/537.36 (KHTML, like Gecko) Safari/15.0.0.0 Safari/537.36"
192.145.236.177 - - [24/Jul/2026:10:39:29 -0700] "POST /wp-cron.php?doing_wp_cron=1784914769.1412179470062255859375 HTTP/1.1" 200 - "-" "WordPress/6.7.5; https://www.trxnews.today"
186.22.17.113 - - [24/Jul/2026:10:39:28 -0700] "POST /xmlrpc.php HTTP/1.1" 200 852 "-" "Mozilla/5.0 (X11; Ubuntu; Linux x86_64; x64) AppleWebKit/537.36 (KHTML, like Gecko) Firefox/100.0.0.0 Safari/537.36"
74.7.242.0 - - [24/Jul/2026:10:39:37 -0700] "GET /wp-content/plugins/massive-cryptocurrency-widgets/assets/public/js/socket.io.js?ver=2.1.0 HTTP/1.1" 200 62357 "https://www.trxnews.today/%22https:/www.trxnews.today/sample-page/embed/" "Mozilla/5.0 AppleWebKit/537.36 (KHTML, like Gecko; compatible; GPTBot/1.4; +https://openai.com/gptbot)"
192.145.236.177 - - [24/Jul/2026:10:39:42 -0700] "POST /wp-cron.php?doing_wp_cron=1784914782.9156889915466308593750 HTTP/1.1" 200 - "-" "WordPress/6.7.5; https://www.trxnews.today"
186.22.17.113 - - [24/Jul/2026:10:39:42 -0700] "POST /xmlrpc.php HTTP/1.1" 200 852 "-" "Mozilla/5.0 (Windows NT 6.3; x86) AppleWebKit/537.36 (KHTML, like Gecko) Opera/70.0.0.0 Safari/537.36"
192.145.236.177 - - [24/Jul/2026:10:39:56 -0700] "POST /wp-cron.php?doing_wp_cron=1784914796.0207901000976562500000 HTTP/1.1" 200 - "-" "WordPress/6.7.5; https://www.trxnews.today"
186.22.17.113 - - [24/Jul/2026:10:39:55 -0700] "POST /xmlrpc.php HTTP/1.1" 200 852 "-" "Mozilla/5.0 (Windows NT 10.0; x86) AppleWebKit/537.36 (KHTML, like Gecko) Chrome/91.0.0.0 Safari/537.36"
74.7.242.0 - - [24/Jul/2026:10:40:02 -0700] "GET /wp-content/plugins/massive-cryptocurrency-widgets/assets/public/js/common.min.js?ver=3.1.5 HTTP/1.1" 200 36483 "https://www.trxnews.today/%22https:/www.trxnews.today/sample-page/embed/" "Mozilla/5.0 AppleWebKit/537.36 (KHTML, like Gecko; compatible; GPTBot/1.4; +https://openai.com/gptbot)"
186.22.17.113 - - [24/Jul/2026:10:40:10 -0700] "POST /xmlrpc.php HTTP/1.1" 406 300 "-" "Mozilla/5.0 (X11; Ubuntu; Linux x86_64; arm64) AppleWebKit/537.36 (KHTML, like Gecko) Safari/10.0.0.0 Safari/537.36"
74.7.242.0 - - [24/Jul/2026:10:40:24 -0700] "GET /wp-content/plugins/wp-user-avatar/assets/css/frontend.min.css?ver=4.16.19 HTTP/1.1" 200 100465 "https://www.trxnews.today/%22https:/www.trxnews.today/sample-page/embed/" "Mozilla/5.0 AppleWebKit/537.36 (KHTML, like Gecko; compatible; GPTBot/1.4; +https://openai.com/gptbot)"
192.145.236.177 - - [24/Jul/2026:10:40:24 -0700] "POST /wp-cron.php?doing_wp_cron=1784914824.3248729705810546875000 HTTP/1.1" 200 - "-" "WordPress/6.7.5; https://www.trxnews.today"
186.22.17.113 - - [24/Jul/2026:10:40:23 -0700] "POST /xmlrpc.php HTTP/1.1" 200 852 "-" "Mozilla/5.0 (Macintosh; Intel Mac OS X 10_15_7; x64) AppleWebKit/537.36 (KHTML, like Gecko) Edge/83.0.0.0 Safari/537.36"
186.22.17.113 - - [24/Jul/2026:10:40:38 -0700] "POST /xmlrpc.php HTTP/1.1" 406 300 "-" "Mozilla/5.0 (X11; Ubuntu; Linux x86_64; arm64) AppleWebKit/537.36 (KHTML, like Gecko) Chrome/87.0.0.0 Safari/537.36"
74.7.242.0 - - [24/Jul/2026:10:40:44 -0700] "GET /wp-content/plugins/massive-cryptocurrency-widgets/assets/public/css/style.css?ver=3.1.5 HTTP/1.1" 200 51633 "https://www.trxnews.today/%22https:/www.trxnews.today/sample-page/embed/" "Mozilla/5.0 AppleWebKit/537.36 (KHTML, like Gecko; compatible; GPTBot/1.4; +https://openai.com/gptbot)"
192.145.236.177 - - [24/Jul/2026:10:40:52 -0700] "POST /wp-cron.php?doing_wp_cron=1784914852.9626889228820800781250 HTTP/1.1" 200 - "-" "WordPress/6.7.5; https://www.trxnews.today"
186.22.17.113 - - [24/Jul/2026:10:40:52 -0700] "POST /xmlrpc.php HTTP/1.1" 200 852 "-" "Mozilla/5.0 (Windows NT 10.0; x86) AppleWebKit/537.36 (KHTML, like Gecko) Safari/10.0.0.0 Safari/537.36"
74.7.242.0 - - [24/Jul/2026:10:41:02 -0700] "GET /wp-content/themes/digiqole/assets/css/woocommerce.css?ver=1784914081 HTTP/1.1" 200 6455 "https://www.trxnews.today/%22https:/www.trxnews.today/sample-page/embed/" "Mozilla/5.0 AppleWebKit/537.36 (KHTML, like Gecko; compatible; GPTBot/1.4; +https://openai.com/gptbot)"
186.22.17.113 - - [24/Jul/2026:10:41:08 -0700] "POST /xmlrpc.php HTTP/1.1" 406 300 "-" "Mozilla/5.0 (Windows NT 6.2; arm64) AppleWebKit/537.36 (KHTML, like Gecko) Opera/79.0.0.0 Safari/537.36"
74.7.242.0 - - [24/Jul/2026:10:41:18 -0700] "GET /wp-content/themes/digiqole/assets/css/gutenberg-custom.css?ver=1784914081 HTTP/1.1" 200 28060 "https://www.trxnews.today/%22https:/www.trxnews.today/sample-page/embed/" "Mozilla/5.0 AppleWebKit/537.36 (KHTML, like Gecko; compatible; GPTBot/1.4; +https://openai.com/gptbot)"
186.22.17.113 - - [24/Jul/2026:10:41:25 -0700] "POST /xmlrpc.php HTTP/1.1" 406 300 "-" "Mozilla/5.0 (Linux; Android 10; x64) AppleWebKit/537.36 (KHTML, like Gecko) Firefox/86.0.0.0 Safari/537.36"
192.145.236.177 - - [24/Jul/2026:10:41:33 -0700] "POST /wp-cron.php?doing_wp_cron=1784914893.2970449924468994140625 HTTP/1.1" 200 - "-" "WordPress/6.7.5; https://www.trxnews.today"
74.7.242.0 - - [24/Jul/2026:10:41:32 -0700] "GET /wp-content/themes/digiqole/assets/js/bootstrap.min.js.map HTTP/1.1" 200 36192 "https://www.trxnews.today/wp-content/themes/digiqole/assets/js/bootstrap.min.js?ver=1784914081" "Mozilla/5.0 AppleWebKit/537.36 (KHTML, like Gecko; compatible; GPTBot/1.4; +https://openai.com/gptbot)"
186.22.17.113 - - [24/Jul/2026:10:41:38 -0700] "POST /xmlrpc.php HTTP/1.1" 406 300 "-" "Mozilla/5.0 (Macintosh; Intel Mac OS X 10_15_7; arm64) AppleWebKit/537.36 (KHTML, like Gecko) Opera/75.0.0.0 Safari/537.36"
74.7.242.0 - - [24/Jul/2026:10:41:45 -0700] "GET /wp-content/themes/digiqole/assets/css/owl.carousel.min.css?ver=1784914081 HTTP/1.1" 200 2936 "https://www.trxnews.today/%22https:/www.trxnews.today/sample-page/embed/" "Mozilla/5.0 AppleWebKit/537.36 (KHTML, like Gecko; compatible; GPTBot/1.4; +https://openai.com/gptbot)"
192.145.236.177 - - [24/Jul/2026:10:41:51 -0700] "POST /wp-cron.php?doing_wp_cron=1784914911.9498889446258544921875 HTTP/1.1" 200 - "-" "WordPress/6.7.5; https://www.trxnews.today"
186.22.17.113 - - [24/Jul/2026:10:41:51 -0700] "POST /xmlrpc.php HTTP/1.1" 200 852 "-" "Mozilla/5.0 (Windows NT 6.3; x64) AppleWebKit/537.36 (KHTML, like Gecko) Safari/11.0.0.0 Safari/537.36"
74.7.242.0 - - [24/Jul/2026:10:41:57 -0700] "GET /wp-content/themes/digiqole/assets/js/%url% HTTP/1.1" 400 36192 "https://www.trxnews.today/wp-content/themes/digiqole/assets/js/jquery.magnific-popup.min.js?ver=1784914081" "Mozilla/5.0 AppleWebKit/537.36 (KHTML, like Gecko; compatible; GPTBot/1.4; +https://openai.com/gptbot)"
186.22.17.113 - - [24/Jul/2026:10:42:06 -0700] "POST /xmlrpc.php HTTP/1.1" 200 852 "-" "Mozilla/5.0 (Windows NT 10.0; x64) AppleWebKit/537.36 (KHTML, like Gecko) Safari/10.0.0.0 Safari/537.36"
74.7.242.0 - - [24/Jul/2026:10:42:07 -0700] "GET /wp-content/themes/digiqole/assets/css/bootstrap.min.css?ver=1784914081 HTTP/1.1" 200 144877 "https://www.trxnews.today/%22https:/www.trxnews.today/sample-page/embed/" "Mozilla/5.0 AppleWebKit/537.36 (KHTML, like Gecko; compatible; GPTBot/1.4; +https://openai.com/gptbot)"
74.7.242.0 - - [24/Jul/2026:10:42:18 -0700] "GET /wp-content/themes/digiqole/assets/css/magnific-popup.css?ver=1784914081 HTTP/1.1" 200 8551 "https://www.trxnews.today/%22https:/www.trxnews.today/sample-page/embed/" "Mozilla/5.0 AppleWebKit/537.36 (KHTML, like Gecko; compatible; GPTBot/1.4; +https://openai.com/gptbot)"
192.145.236.177 - - [24/Jul/2026:10:42:20 -0700] "POST /wp-cron.php?doing_wp_cron=1784914940.3696808815002441406250 HTTP/1.1" 200 - "-" "WordPress/6.7.5; https://www.trxnews.today"
186.22.17.113 - - [24/Jul/2026:10:42:19 -0700] "POST /xmlrpc.php HTTP/1.1" 200 852 "-" "Mozilla/5.0 (Windows NT 10.0; x64) AppleWebKit/537.36 (KHTML, like Gecko) Safari/11.0.0.0 Safari/537.36"
74.7.242.0 - - [24/Jul/2026:10:42:28 -0700] "GET /wp-content/themes/digiqole/assets/css/jquery.mCustomScrollbar.css?ver=1784914081 HTTP/1.1" 429 17 "https://www.trxnews.today/%22https:/www.trxnews.today/sample-page/embed/" "Mozilla/5.0 AppleWebKit/537.36 (KHTML, like Gecko; compatible; GPTBot/1.4; +https://openai.com/gptbot)"
186.22.17.113 - - [24/Jul/2026:10:42:30 -0700] "POST /xmlrpc.php HTTP/1.1" 200 852 "-" "Mozilla/5.0 (Macintosh; Intel Mac OS X 10_15_7; x64) AppleWebKit/537.36 (KHTML, like Gecko) Edge/82.0.0.0 Safari/537.36"
74.7.242.0 - - [24/Jul/2026:10:42:36 -0700] "GET /wp-content/plugins/massive-cryptocurrency-widgets/assets/public/js/'+row.link+' HTTP/1.1" 429 17 "https://www.trxnews.today/wp-content/plugins/massive-cryptocurrency-widgets/assets/public/js/common.min.js?ver=3.1.5" "Mozilla/5.0 AppleWebKit/537.36 (KHTML, like Gecko; compatible; GPTBot/1.4; +https://openai.com/gptbot)"
192.145.236.177 - - [24/Jul/2026:10:42:43 -0700] "POST /wp-cron.php?doing_wp_cron=1784914963.6154880523681640625000 HTTP/1.1" 200 - "-" "WordPress/6.7.5; https://www.trxnews.today"
186.22.17.113 - - [24/Jul/2026:10:42:42 -0700] "POST /xmlrpc.php HTTP/1.1" 200 852 "-" "Mozilla/5.0 (Windows NT 6.3; x86) AppleWebKit/537.36 (KHTML, like Gecko) Opera/80.0.0.0 Safari/537.36"
192.145.236.177 - - [24/Jul/2026:10:42:56 -0700] "POST /wp-cron.php?doing_wp_cron=1784914976.5171709060668945312500 HTTP/1.1" 200 - "-" "WordPress/6.7.5; https://www.trxnews.today"
186.22.17.113 - - [24/Jul/2026:10:42:55 -0700] "POST /xmlrpc.php HTTP/1.1" 200 852 "-" "Mozilla/5.0 (Windows NT 10.0; x86) AppleWebKit/537.36 (KHTML, like Gecko) Firefox/81.0.0.0 Safari/537.36"
74.7.242.0 - - [24/Jul/2026:10:43:02 -0700] "GET /wp-content/themes/digiqole/assets/css/icon-font.css?ver=1784914081 HTTP/1.1" 429 17 "https://www.trxnews.today/%22https:/www.trxnews.today/sample-page/embed/" "Mozilla/5.0 AppleWebKit/537.36 (KHTML, like Gecko; compatible; GPTBot/1.4; +https://openai.com/gptbot)"
186.22.17.113 - - [24/Jul/2026:10:43:08 -0700] "POST /xmlrpc.php HTTP/1.1" 200 852 "-" "Mozilla/5.0 (Windows NT 6.3; x64) AppleWebKit/537.36 (KHTML, like Gecko) Chrome/112.0.0.0 Safari/537.36"
186.22.17.113 - - [24/Jul/2026:10:43:24 -0700] "POST /xmlrpc.php HTTP/1.1" 406 300 "-" "Mozilla/5.0 (Windows NT 10.0; arm64) AppleWebKit/537.36 (KHTML, like Gecko) Edge/83.0.0.0 Safari/537.36"
186.22.17.113 - - [24/Jul/2026:10:43:36 -0700] "POST /xmlrpc.php HTTP/1.1" 406 300 "-" "Mozilla/5.0 (Macintosh; Intel Mac OS X 10_15_7; arm64) AppleWebKit/537.36 (KHTML, like Gecko) Firefox/77.0.0.0 Safari/537.36"
192.145.236.177 - - [24/Jul/2026:10:43:47 -0700] "POST /wp-cron.php?doing_wp_cron=1784915027.8666288852691650390625 HTTP/1.1" 200 - "-" "WordPress/6.7.5; https://www.trxnews.today"
186.22.17.113 - - [24/Jul/2026:10:43:46 -0700] "POST /xmlrpc.php HTTP/1.1" 200 852 "-" "Mozilla/5.0 (Windows NT 6.3; x64) AppleWebKit/537.36 (KHTML, like Gecko) Firefox/94.0.0.0 Safari/537.36"
186.22.17.113 - - [24/Jul/2026:10:44:00 -0700] "POST /xmlrpc.php HTTP/1.1" 406 300 "-" "Mozilla/5.0 (Linux; Android 10; arm64) AppleWebKit/537.36 (KHTML, like Gecko) Safari/12.0.0.0 Safari/537.36"
74.7.242.0 - - [24/Jul/2026:10:44:08 -0700] "GET /wp-content/themes/digiqole/assets/css/master.css?ver=1784914081 HTTP/1.1" 200 192410 "https://www.trxnews.today/%22https:/www.trxnews.today/sample-page/embed/" "Mozilla/5.0 AppleWebKit/537.36 (KHTML, like Gecko; compatible; GPTBot/1.4; +https://openai.com/gptbot)"
186.22.17.113 - - [24/Jul/2026:10:44:13 -0700] "POST /xmlrpc.php HTTP/1.1" 406 300 "-" "Mozilla/5.0 (Windows NT 6.2; arm64) AppleWebKit/537.36 (KHTML, like Gecko) Firefox/73.0.0.0 Safari/537.36"
192.145.236.177 - - [24/Jul/2026:10:44:25 -0700] "POST /wp-cron.php?doing_wp_cron=1784915065.5191531181335449218750 HTTP/1.1" 200 - "-" "WordPress/6.7.5; https://www.trxnews.today"
186.22.17.113 - - [24/Jul/2026:10:44:24 -0700] "POST /xmlrpc.php HTTP/1.1" 200 852 "-" "Mozilla/5.0 (X11; Ubuntu; Linux x86_64; x64) AppleWebKit/537.36 (KHTML, like Gecko) Opera/80.0.0.0 Safari/537.36"
186.22.17.113 - - [24/Jul/2026:10:44:37 -0700] "POST /xmlrpc.php HTTP/1.1" 200 852 "-" "Mozilla/5.0 (Macintosh; Intel Mac OS X 10_15_7; x64) AppleWebKit/537.36 (KHTML, like Gecko) Firefox/99.0.0.0 Safari/537.36"
186.22.17.113 - - [24/Jul/2026:10:44:47 -0700] "POST /xmlrpc.php HTTP/1.1" 406 300 "-" "Mozilla/5.0 (Windows NT 10.0; arm64) AppleWebKit/537.36 (KHTML, like Gecko) Firefox/70.0.0.0 Safari/537.36"
192.145.236.177 - - [24/Jul/2026:10:44:58 -0700] "POST /wp-cron.php?doing_wp_cron=1784915098.6993420124053955078125 HTTP/1.1" 200 - "-" "WordPress/6.7.5; https://www.trxnews.today"
186.22.17.113 - - [24/Jul/2026:10:44:58 -0700] "POST /xmlrpc.php HTTP/1.1" 200 852 "-" "Mozilla/5.0 (Windows NT 6.2; x86) AppleWebKit/537.36 (KHTML, like Gecko) Firefox/74.0.0.0 Safari/537.36"
74.7.242.0 - - [24/Jul/2026:10:45:09 -0700] "GET /wp-content/themes/digiqole/assets/css/animate.css?ver=1784914081 HTTP/1.1" 200 23848 "https://www.trxnews.today/%22https:/www.trxnews.today/sample-page/embed/" "Mozilla/5.0 AppleWebKit/537.36 (KHTML, like Gecko; compatible; GPTBot/1.4; +https://openai.com/gptbot)"
186.22.17.113 - - [24/Jul/2026:10:45:14 -0700] "POST /xmlrpc.php HTTP/1.1" 200 852 "-" "Mozilla/5.0 (Macintosh; Intel Mac OS X 10_15_7; x64) AppleWebKit/537.36 (KHTML, like Gecko) Opera/67.0.0.0 Safari/537.36"
186.22.17.113 - - [24/Jul/2026:10:45:25 -0700] "POST /xmlrpc.php HTTP/1.1" 406 300 "-" "Mozilla/5.0 (Linux; Android 10; arm64) AppleWebKit/537.36 (KHTML, like Gecko) Safari/10.0.0.0 Safari/537.36"
192.145.236.177 - - [24/Jul/2026:10:45:37 -0700] "POST /wp-cron.php?doing_wp_cron=1784915137.1955509185791015625000 HTTP/1.1" 200 - "-" "WordPress/6.7.5; https://www.trxnews.today"
186.22.17.113 - - [24/Jul/2026:10:45:36 -0700] "POST /xmlrpc.php HTTP/1.1" 200 852 "-" "Mozilla/5.0 (X11; Ubuntu; Linux x86_64; x64) AppleWebKit/537.36 (KHTML, like Gecko) Opera/67.0.0.0 Safari/537.36"
192.145.236.177 - - [24/Jul/2026:10:45:48 -0700] "POST /wp-cron.php?doing_wp_cron=1784915148.0150239467620849609375 HTTP/1.1" 200 - "-" "WordPress/6.7.5; https://www.trxnews.today"
186.22.17.113 - - [24/Jul/2026:10:45:47 -0700] "POST /xmlrpc.php HTTP/1.1" 200 852 "-" "Mozilla/5.0 (Windows NT 6.3; x64) AppleWebKit/537.36 (KHTML, like Gecko) Chrome/106.0.0.0 Safari/537.36"
186.22.17.113 - - [24/Jul/2026:10:45:59 -0700] "POST /xmlrpc.php HTTP/1.1" 406 300 "-" "Mozilla/5.0 (Linux; Android 10; arm64) AppleWebKit/537.36 (KHTML, like Gecko) Chrome/105.0.0.0 Safari/537.36"
192.145.236.177 - - [24/Jul/2026:10:46:01 -0700] "POST /wp-cron.php?doing_wp_cron=1784915161.7986249923706054687500 HTTP/1.1" 200 - "-" "WordPress/6.7.5; https://www.trxnews.today"
173.239.218.170 - - [24/Jul/2026:10:46:00 -0700] "POST /wp-login.php HTTP/1.1" 200 7523 "-" "Mozilla/5.0 (Macintosh; Intel Mac OS X 10_15_7) AppleWebKit/537.36 (KHTML, like Gecko) Chrome/85.0.4183.83 Safari/537.36 Edg/85.0.564.44"
74.7.242.0 - - [24/Jul/2026:10:46:04 -0700] "GET /wp-content/themes/digiqole/assets/css/blog.css?ver=1784914893 HTTP/1.1" 200 21637 "https://www.trxnews.today/wp-content/themes/digiqole/assets/js/bootstrap.min.js.map" "Mozilla/5.0 AppleWebKit/537.36 (KHTML, like Gecko; compatible; GPTBot/1.4; +https://openai.com/gptbot)"
186.22.17.113 - - [24/Jul/2026:10:46:13 -0700] "POST /xmlrpc.php HTTP/1.1" 406 300 "-" "Mozilla/5.0 (Linux; Android 10; arm64) AppleWebKit/537.36 (KHTML, like Gecko) Safari/13.0.0.0 Safari/537.36"
192.145.236.177 - - [24/Jul/2026:10:46:25 -0700] "POST /wp-cron.php?doing_wp_cron=1784915185.3525619506835937500000 HTTP/1.1" 200 - "-" "WordPress/6.7.5; https://www.trxnews.today"
186.22.17.113 - - [24/Jul/2026:10:46:24 -0700] "POST /xmlrpc.php HTTP/1.1" 200 852 "-" "Mozilla/5.0 (Macintosh; Intel Mac OS X 10_15_7; x64) AppleWebKit/537.36 (KHTML, like Gecko) Safari/13.0.0.0 Safari/537.36"
186.22.17.113 - - [24/Jul/2026:10:46:36 -0700] "POST /xmlrpc.php HTTP/1.1" 406 300 "-" "Mozilla/5.0 (Macintosh; Intel Mac OS X 10_15_7; arm64) AppleWebKit/537.36 (KHTML, like Gecko) Edge/95.0.0.0 Safari/537.36"
186.22.17.113 - - [24/Jul/2026:10:46:46 -0700] "POST /xmlrpc.php HTTP/1.1" 406 300 "-" "Mozilla/5.0 (Linux; Android 10; x86) AppleWebKit/537.36 (KHTML, like Gecko) Chrome/114.0.0.0 Safari/537.36"
192.145.236.177 - - [24/Jul/2026:10:46:57 -0700] "POST /wp-cron.php?doing_wp_cron=1784915217.5933179855346679687500 HTTP/1.1" 200 - "-" "WordPress/6.7.5; https://www.trxnews.today"
186.22.17.113 - - [24/Jul/2026:10:46:57 -0700] "POST /xmlrpc.php HTTP/1.1" 200 852 "-" "Mozilla/5.0 (X11; Ubuntu; Linux x86_64; x86) AppleWebKit/537.36 (KHTML, like Gecko) Safari/10.0.0.0 Safari/537.36"
74.7.242.0 - - [24/Jul/2026:10:46:58 -0700] "GET /wp-content/themes/digiqole/assets/js/jquery.mCustomScrollbar.concat.min.js?ver=1784914893 HTTP/1.1" 200 44621 "https://www.trxnews.today/wp-content/themes/digiqole/assets/js/bootstrap.min.js.map" "Mozilla/5.0 AppleWebKit/537.36 (KHTML, like Gecko; compatible; GPTBot/1.4; +https://openai.com/gptbot)"
186.22.17.113 - - [24/Jul/2026:10:47:07 -0700] "POST /xmlrpc.php HTTP/1.1" 406 300 "-" "Mozilla/5.0 (Windows NT 6.3; arm64) AppleWebKit/537.36 (KHTML, like Gecko) Safari/14.0.0.0 Safari/537.36"
186.22.17.113 - - [24/Jul/2026:10:47:17 -0700] "POST /xmlrpc.php HTTP/1.1" 406 300 "-" "Mozilla/5.0 (Macintosh; Intel Mac OS X 10_15_7; arm64) AppleWebKit/537.36 (KHTML, like Gecko) Opera/79.0.0.0 Safari/537.36"
192.145.236.177 - - [24/Jul/2026:10:47:27 -0700] "POST /wp-cron.php?doing_wp_cron=1784915247.6980960369110107421875 HTTP/1.1" 200 - "-" "WordPress/6.7.5; https://www.trxnews.today"
186.22.17.113 - - [24/Jul/2026:10:47:27 -0700] "POST /xmlrpc.php HTTP/1.1" 200 852 "-" "Mozilla/5.0 (Windows NT 6.2; x64) AppleWebKit/537.36 (KHTML, like Gecko) Safari/12.0.0.0 Safari/537.36"
192.145.236.177 - - [24/Jul/2026:10:47:38 -0700] "POST /wp-cron.php?doing_wp_cron=1784915258.5454230308532714843750 HTTP/1.1" 200 - "-" "WordPress/6.7.5; https://www.trxnews.today"
186.22.17.113 - - [24/Jul/2026:10:47:37 -0700] "POST /xmlrpc.php HTTP/1.1" 200 852 "-" "Mozilla/5.0 (Macintosh; Intel Mac OS X 10_15_7; x64) AppleWebKit/537.36 (KHTML, like Gecko) Edge/83.0.0.0 Safari/537.36"
74.7.242.0 - - [24/Jul/2026:10:47:44 -0700] "GET /wp-content/themes/digiqole/assets/js/owl.carousel.min.js?ver=1784914893 HTTP/1.1" 200 42766 "https://www.trxnews.today/wp-content/themes/digiqole/assets/js/bootstrap.min.js.map" "Mozilla/5.0 AppleWebKit/537.36 (KHTML, like Gecko; compatible; GPTBot/1.4; +https://openai.com/gptbot)"
186.22.17.113 - - [24/Jul/2026:10:47:49 -0700] "POST /xmlrpc.php HTTP/1.1" 200 852 "-" "Mozilla/5.0 (Macintosh; Intel Mac OS X 10_15_7; x86) AppleWebKit/537.36 (KHTML, like Gecko) Safari/10.0.0.0 Safari/537.36"
186.22.17.113 - - [24/Jul/2026:10:48:01 -0700] "POST /xmlrpc.php HTTP/1.1" 406 300 "-" "Mozilla/5.0 (X11; Ubuntu; Linux x86_64; arm64) AppleWebKit/537.36 (KHTML, like Gecko) Opera/78.0.0.0 Safari/537.36"
192.145.236.177 - - [24/Jul/2026:10:48:14 -0700] "POST /wp-cron.php?doing_wp_cron=1784915294.5899488925933837890625 HTTP/1.1" 200 - "-" "WordPress/6.7.5; https://www.trxnews.today"
186.22.17.113 - - [24/Jul/2026:10:48:14 -0700] "POST /xmlrpc.php HTTP/1.1" 200 852 "-" "Mozilla/5.0 (Macintosh; Intel Mac OS X 10_15_7; x64) AppleWebKit/537.36 (KHTML, like Gecko) Chrome/91.0.0.0 Safari/537.36"
186.22.17.113 - - [24/Jul/2026:10:48:26 -0700] "POST /xmlrpc.php HTTP/1.1" 406 300 "-" "Mozilla/5.0 (Linux; Android 10; x64) AppleWebKit/537.36 (KHTML, like Gecko) Opera/78.0.0.0 Safari/537.36"
74.7.242.0 - - [24/Jul/2026:10:48:26 -0700] "GET /wp-content/themes/digiqole/assets/js/jquery.appear.min.js?ver=1784914893 HTTP/1.1" 200 964 "https://www.trxnews.today/wp-content/themes/digiqole/assets/js/bootstrap.min.js.map" "Mozilla/5.0 AppleWebKit/537.36 (KHTML, like Gecko; compatible; GPTBot/1.4; +https://openai.com/gptbot)"
186.22.17.113 - - [24/Jul/2026:10:48:34 -0700] "POST /xmlrpc.php HTTP/1.1" 200 852 "-" "Mozilla/5.0 (Macintosh; Intel Mac OS X 10_15_7; x86) AppleWebKit/537.36 (KHTML, like Gecko) Opera/78.0.0.0 Safari/537.36"
192.145.236.177 - - [24/Jul/2026:10:48:44 -0700] "POST /wp-cron.php?doing_wp_cron=1784915324.0621230602264404296875 HTTP/1.1" 200 - "-" "WordPress/6.7.5; https://www.trxnews.today"
186.22.17.113 - - [24/Jul/2026:10:48:43 -0700] "POST /xmlrpc.php HTTP/1.1" 200 852 "-" "Mozilla/5.0 (Macintosh; Intel Mac OS X 10_15_7; x86) AppleWebKit/537.36 (KHTML, like Gecko) Safari/13.0.0.0 Safari/537.36"
186.22.17.113 - - [24/Jul/2026:10:48:52 -0700] "POST /xmlrpc.php HTTP/1.1" 406 300 "-" "Mozilla/5.0 (Linux; Android 10; x64) AppleWebKit/537.36 (KHTML, like Gecko) Chrome/102.0.0.0 Safari/537.36"
74.7.242.0 - - [24/Jul/2026:10:49:02 -0700] "GET /wp-content/themes/digiqole/assets/js/script.js?ver=1784914893 HTTP/1.1" 200 16844 "https://www.trxnews.today/wp-content/themes/digiqole/assets/js/bootstrap.min.js.map" "Mozilla/5.0 AppleWebKit/537.36 (KHTML, like Gecko; compatible; GPTBot/1.4; +https://openai.com/gptbot)"
186.22.17.113 - - [24/Jul/2026:10:49:07 -0700] "POST /xmlrpc.php HTTP/1.1" 406 300 "-" "Mozilla/5.0 (Linux; Android 10; arm64) AppleWebKit/537.36 (KHTML, like Gecko) Opera/68.0.0.0 Safari/537.36"
186.22.17.113 - - [24/Jul/2026:10:49:17 -0700] "POST /xmlrpc.php HTTP/1.1" 406 300 "-" "Mozilla/5.0 (Windows NT 10.0; arm64) AppleWebKit/537.36 (KHTML, like Gecko) Safari/13.0.0.0 Safari/537.36"
186.22.17.113 - - [24/Jul/2026:10:49:26 -0700] "POST /xmlrpc.php HTTP/1.1" 406 300 "-" "Mozilla/5.0 (Linux; Android 10; x64) AppleWebKit/537.36 (KHTML, like Gecko) Chrome/110.0.0.0 Safari/537.36"
192.145.236.177 - - [24/Jul/2026:10:49:35 -0700] "POST /wp-cron.php?doing_wp_cron=1784915375.7773869037628173828125 HTTP/1.1" 200 - "-" "WordPress/6.7.5; https://www.trxnews.today"
186.22.17.113 - - [24/Jul/2026:10:49:34 -0700] "POST /xmlrpc.php HTTP/1.1" 200 852 "-" "Mozilla/5.0 (Macintosh; Intel Mac OS X 10_15_7; x86) AppleWebKit/537.36 (KHTML, like Gecko) Chrome/108.0.0.0 Safari/537.36"
74.7.242.0 - - [24/Jul/2026:10:49:37 -0700] "GET /wp-content/themes/digiqole/assets/js/bootstrap.min.js?ver=1784914893 HTTP/1.1" 200 48944 "https://www.trxnews.today/wp-content/themes/digiqole/assets/js/bootstrap.min.js.map" "Mozilla/5.0 AppleWebKit/537.36 (KHTML, like Gecko; compatible; GPTBot/1.4; +https://openai.com/gptbot)"
192.145.236.177 - - [24/Jul/2026:10:49:45 -0700] "POST /wp-cron.php?doing_wp_cron=1784915385.5179810523986816406250 HTTP/1.1" 200 - "-" "WordPress/6.7.5; https://www.trxnews.today"
186.22.17.113 - - [24/Jul/2026:10:49:44 -0700] "POST /xmlrpc.php HTTP/1.1" 200 852 "-" "Mozilla/5.0 (Windows NT 10.0; x86) AppleWebKit/537.36 (KHTML, like Gecko) Edge/88.0.0.0 Safari/537.36"
192.145.236.177 - - [24/Jul/2026:10:49:54 -0700] "POST /wp-cron.php?doing_wp_cron=1784915394.5598859786987304687500 HTTP/1.1" 200 - "-" "WordPress/6.7.5; https://www.trxnews.today"
186.22.17.113 - - [24/Jul/2026:10:49:53 -0700] "POST /xmlrpc.php HTTP/1.1" 200 852 "-" "Mozilla/5.0 (Macintosh; Intel Mac OS X 10_15_7; x64) AppleWebKit/537.36 (KHTML, like Gecko) Safari/15.0.0.0 Safari/537.36"
186.22.17.113 - - [24/Jul/2026:10:50:04 -0700] "POST /xmlrpc.php HTTP/1.1" 406 300 "-" "Mozilla/5.0 (Windows NT 6.2; arm64) AppleWebKit/537.36 (KHTML, like Gecko) Safari/13.0.0.0 Safari/537.36"
74.7.242.0 - - [24/Jul/2026:10:50:08 -0700] "GET /wp-content/themes/digiqole/assets/js/popper.min.js?ver=1784914893 HTTP/1.1" 200 19236 "https://www.trxnews.today/wp-content/themes/digiqole/assets/js/bootstrap.min.js.map" "Mozilla/5.0 AppleWebKit/537.36 (KHTML, like Gecko; compatible; GPTBot/1.4; +https://openai.com/gptbot)"
186.22.17.113 - - [24/Jul/2026:10:50:14 -0700] "POST /xmlrpc.php HTTP/1.1" 406 300 "-" "Mozilla/5.0 (Linux; Android 10; arm64) AppleWebKit/537.36 (KHTML, like Gecko) Opera/77.0.0.0 Safari/537.36"
186.22.17.113 - - [24/Jul/2026:10:50:23 -0700] "POST /xmlrpc.php HTTP/1.1" 406 300 "-" "Mozilla/5.0 (Windows NT 6.2; arm64) AppleWebKit/537.36 (KHTML, like Gecko) Safari/14.0.0.0 Safari/537.36"
186.22.17.113 - - [24/Jul/2026:10:50:30 -0700] "POST /xmlrpc.php HTTP/1.1" 406 300 "-" "Mozilla/5.0 (Windows NT 6.2; arm64) AppleWebKit/537.36 (KHTML, like Gecko) Chrome/99.0.0.0 Safari/537.36"
192.145.236.177 - - [24/Jul/2026:10:50:32 -0700] "POST /wp-cron.php?doing_wp_cron=1784915432.5550799369812011718750 HTTP/1.1" 200 - "-" "WordPress/6.7.5; https://www.trxnews.today"
