186.22.17.113 - - [24/Jul/2026:10:50:31 -0700] "POST /xmlrpc.php HTTP/1.1" 200 852 "-" "Mozilla/5.0 (Windows NT 10.0; x86) AppleWebKit/537.36 (KHTML, like Gecko) Opera/80.0.0.0 Safari/537.36"
74.7.242.0 - - [24/Jul/2026:10:50:35 -0700] "GET /wp-content/themes/digiqole/assets/js/raphael.min.js?ver=1784914893 HTTP/1.1" 200 93168 "https://www.trxnews.today/wp-content/themes/digiqole/assets/js/bootstrap.min.js.map" "Mozilla/5.0 AppleWebKit/537.36 (KHTML, like Gecko; compatible; GPTBot/1.4; +https://openai.com/gptbot)"
74.7.242.0 - - [24/Jul/2026:10:50:58 -0700] "GET /wp-content/themes/digiqole/assets/js/jquery.magnific-popup.min.js?ver=1784914893 HTTP/1.1" 200 20216 "https://www.trxnews.today/wp-content/themes/digiqole/assets/js/bootstrap.min.js.map" "Mozilla/5.0 AppleWebKit/537.36 (KHTML, like Gecko; compatible; GPTBot/1.4; +https://openai.com/gptbot)"
74.7.242.0 - - [24/Jul/2026:10:51:21 -0700] "GET /wp-content/themes/digiqole/assets/js/jquery.easypiechart.min.js?ver=1784914893 HTTP/1.1" 200 3990 "https://www.trxnews.today/wp-content/themes/digiqole/assets/js/bootstrap.min.js.map" "Mozilla/5.0 AppleWebKit/537.36 (KHTML, like Gecko; compatible; GPTBot/1.4; +https://openai.com/gptbot)"
74.7.242.0 - - [24/Jul/2026:10:51:40 -0700] "GET /wp-content/plugins/wp-user-avatar/assets/js/frontend.min.js?ver=4.16.19 HTTP/1.1" 200 20302 "https://www.trxnews.today/wp-content/themes/digiqole/assets/js/bootstrap.min.js.map" "Mozilla/5.0 AppleWebKit/537.36 (KHTML, like Gecko; compatible; GPTBot/1.4; +https://openai.com/gptbot)"
74.7.242.0 - - [24/Jul/2026:10:51:59 -0700] "GET /wp-content/plugins/massive-cryptocurrency-widgets/assets/public/css/selectize.custom.css?ver=3.1.5 HTTP/1.1" 200 11505 "https://www.trxnews.today/wp-content/themes/digiqole/assets/js/bootstrap.min.js.map" "Mozilla/5.0 AppleWebKit/537.36 (KHTML, like Gecko; compatible; GPTBot/1.4; +https://openai.com/gptbot)"
74.7.242.0 - - [24/Jul/2026:10:52:14 -0700] "GET /wp-content/themes/digiqole/assets/css/woocommerce.css?ver=1784914893 HTTP/1.1" 200 6455 "https://www.trxnews.today/wp-content/themes/digiqole/assets/js/bootstrap.min.js.map" "Mozilla/5.0 AppleWebKit/537.36 (KHTML, like Gecko; compatible; GPTBot/1.4; +https://openai.com/gptbot)"
192.145.236.177 - - [24/Jul/2026:10:52:29 -0700] "POST /wp-cron.php?doing_wp_cron=1784915549.8485999107360839843750 HTTP/1.1" 200 - "-" "WordPress/6.7.5; https://www.trxnews.today"
74.7.242.0 - - [24/Jul/2026:10:52:29 -0700] "GET /wp-content/themes/digiqole/assets/js/+a+ HTTP/1.1" 200 36192 "https://www.trxnews.today/wp-content/themes/digiqole/assets/js/owl.carousel.min.js?ver=1784914893" "Mozilla/5.0 AppleWebKit/537.36 (KHTML, like Gecko; compatible; GPTBot/1.4; +https://openai.com/gptbot)"
74.7.242.0 - - [24/Jul/2026:10:52:42 -0700] "GET /wp-content/themes/digiqole/assets/css/gutenberg-custom.css?ver=1784914893 HTTP/1.1" 200 28060 "https://www.trxnews.today/wp-content/themes/digiqole/assets/js/bootstrap.min.js.map" "Mozilla/5.0 AppleWebKit/537.36 (KHTML, like Gecko; compatible; GPTBot/1.4; +https://openai.com/gptbot)"
74.7.242.0 - - [24/Jul/2026:10:52:54 -0700] "GET /wp-content/themes/digiqole/assets/css/owl.theme.default.min.css?ver=1784914893 HTTP/1.1" 200 1013 "https://www.trxnews.today/wp-content/themes/digiqole/assets/js/bootstrap.min.js.map" "Mozilla/5.0 AppleWebKit/537.36 (KHTML, like Gecko; compatible; GPTBot/1.4; +https://openai.com/gptbot)"
74.7.242.0 - - [24/Jul/2026:10:53:05 -0700] "GET /wp-content/themes/digiqole/assets/css/owl.carousel.min.css?ver=1784914893 HTTP/1.1" 200 2936 "https://www.trxnews.today/wp-content/themes/digiqole/assets/js/bootstrap.min.js.map" "Mozilla/5.0 AppleWebKit/537.36 (KHTML, like Gecko; compatible; GPTBot/1.4; +https://openai.com/gptbot)"
74.7.242.0 - - [24/Jul/2026:10:53:15 -0700] "GET /wp-content/themes/digiqole/assets/js/popper.min.js.map HTTP/1.1" 429 17 "https://www.trxnews.today/wp-content/themes/digiqole/assets/js/popper.min.js?ver=1784914893" "Mozilla/5.0 AppleWebKit/537.36 (KHTML, like Gecko; compatible; GPTBot/1.4; +https://openai.com/gptbot)"
74.7.242.0 - - [24/Jul/2026:10:53:23 -0700] "GET /wp-content/themes/digiqole/assets/css/font-awesome.css?ver=1784914893 HTTP/1.1" 429 17 "https://www.trxnews.today/wp-content/themes/digiqole/assets/js/bootstrap.min.js.map" "Mozilla/5.0 AppleWebKit/537.36 (KHTML, like Gecko; compatible; GPTBot/1.4; +https://openai.com/gptbot)"
74.7.242.0 - - [24/Jul/2026:10:53:48 -0700] "GET /wp-content/themes/digiqole/assets/css/bootstrap.min.css?ver=1784914893 HTTP/1.1" 429 17 "https://www.trxnews.today/wp-content/themes/digiqole/assets/js/bootstrap.min.js.map" "Mozilla/5.0 AppleWebKit/537.36 (KHTML, like Gecko; compatible; GPTBot/1.4; +https://openai.com/gptbot)"
74.7.242.0 - - [24/Jul/2026:10:54:51 -0700] "GET /wp-content/themes/digiqole/assets/css/magnific-popup.css?ver=1784914893 HTTP/1.1" 429 17 "https://www.trxnews.today/wp-content/themes/digiqole/assets/js/bootstrap.min.js.map" "Mozilla/5.0 AppleWebKit/537.36 (KHTML, like Gecko; compatible; GPTBot/1.4; +https://openai.com/gptbot)"
74.7.242.0 - - [24/Jul/2026:10:55:53 -0700] "GET /wp-content/themes/digiqole/assets/css/jquery.mCustomScrollbar.css?ver=1784914893 HTTP/1.1" 200 53583 "https://www.trxnews.today/wp-content/themes/digiqole/assets/js/bootstrap.min.js.map" "Mozilla/5.0 AppleWebKit/537.36 (KHTML, like Gecko; compatible; GPTBot/1.4; +https://openai.com/gptbot)"
74.7.242.0 - - [24/Jul/2026:10:56:54 -0700] "GET /wp-content/themes/digiqole/assets/css/icon-font.css?ver=1784914893 HTTP/1.1" 200 16748 "https://www.trxnews.today/wp-content/themes/digiqole/assets/js/bootstrap.min.js.map" "Mozilla/5.0 AppleWebKit/537.36 (KHTML, like Gecko; compatible; GPTBot/1.4; +https://openai.com/gptbot)"
74.7.242.0 - - [24/Jul/2026:10:57:53 -0700] "GET /wp-content/themes/digiqole/assets/css/master.css?ver=1784914893 HTTP/1.1" 200 192410 "https://www.trxnews.today/wp-content/themes/digiqole/assets/js/bootstrap.min.js.map" "Mozilla/5.0 AppleWebKit/537.36 (KHTML, like Gecko; compatible; GPTBot/1.4; +https://openai.com/gptbot)"
74.7.242.0 - - [24/Jul/2026:10:58:43 -0700] "GET /wp-content/themes/digiqole/assets/js/jquery.mCustomScrollbar.concat.min.js?ver=1784915549 HTTP/1.1" 200 44621 "https://www.trxnews.today/wp-content/themes/digiqole/assets/js/+a+" "Mozilla/5.0 AppleWebKit/537.36 (KHTML, like Gecko; compatible; GPTBot/1.4; +https://openai.com/gptbot)"
74.7.242.0 - - [24/Jul/2026:10:59:29 -0700] "GET /wp-content/themes/digiqole/assets/js/owl.carousel.min.js?ver=1784915549 HTTP/1.1" 200 42766 "https://www.trxnews.today/wp-content/themes/digiqole/assets/js/+a+" "Mozilla/5.0 AppleWebKit/537.36 (KHTML, like Gecko; compatible; GPTBot/1.4; +https://openai.com/gptbot)"
74.7.242.0 - - [24/Jul/2026:11:00:09 -0700] "GET /wp-content/themes/digiqole/assets/js/jquery.appear.min.js?ver=1784915549 HTTP/1.1" 200 964 "https://www.trxnews.today/wp-content/themes/digiqole/assets/js/+a+" "Mozilla/5.0 AppleWebKit/537.36 (KHTML, like Gecko; compatible; GPTBot/1.4; +https://openai.com/gptbot)"
74.7.242.0 - - [24/Jul/2026:11:00:47 -0700] "GET /wp-content/themes/digiqole/assets/js/script.js?ver=1784915549 HTTP/1.1" 200 16844 "https://www.trxnews.today/wp-content/themes/digiqole/assets/js/+a+" "Mozilla/5.0 AppleWebKit/537.36 (KHTML, like Gecko; compatible; GPTBot/1.4; +https://openai.com/gptbot)"
74.7.242.0 - - [24/Jul/2026:11:01:19 -0700] "GET /wp-content/themes/digiqole/assets/js/bootstrap.min.js?ver=1784915549 HTTP/1.1" 200 48944 "https://www.trxnews.today/wp-content/themes/digiqole/assets/js/+a+" "Mozilla/5.0 AppleWebKit/537.36 (KHTML, like Gecko; compatible; GPTBot/1.4; +https://openai.com/gptbot)"
74.7.242.0 - - [24/Jul/2026:11:01:49 -0700] "GET /wp-content/themes/digiqole/assets/js/popper.min.js?ver=1784915549 HTTP/1.1" 200 19236 "https://www.trxnews.today/wp-content/themes/digiqole/assets/js/+a+" "Mozilla/5.0 AppleWebKit/537.36 (KHTML, like Gecko; compatible; GPTBot/1.4; +https://openai.com/gptbot)"
74.7.242.0 - - [24/Jul/2026:11:02:16 -0700] "GET /wp-content/themes/digiqole/assets/js/raphael.min.js?ver=1784915549 HTTP/1.1" 200 93168 "https://www.trxnews.today/wp-content/themes/digiqole/assets/js/+a+" "Mozilla/5.0 AppleWebKit/537.36 (KHTML, like Gecko; compatible; GPTBot/1.4; +https://openai.com/gptbot)"
74.7.242.0 - - [24/Jul/2026:11:02:40 -0700] "GET /wp-content/themes/digiqole/assets/js/jquery.magnific-popup.min.js?ver=1784915549 HTTP/1.1" 200 20216 "https://www.trxnews.today/wp-content/themes/digiqole/assets/js/+a+" "Mozilla/5.0 AppleWebKit/537.36 (KHTML, like Gecko; compatible; GPTBot/1.4; +https://openai.com/gptbot)"
74.7.242.0 - - [24/Jul/2026:11:03:01 -0700] "GET /wp-content/themes/digiqole/assets/js/jquery.easypiechart.min.js?ver=1784915549 HTTP/1.1" 200 3990 "https://www.trxnews.today/wp-content/themes/digiqole/assets/js/+a+" "Mozilla/5.0 AppleWebKit/537.36 (KHTML, like Gecko; compatible; GPTBot/1.4; +https://openai.com/gptbot)"
74.7.242.0 - - [24/Jul/2026:11:03:21 -0700] "GET /wp-content/themes/digiqole/assets/css/woocommerce.css?ver=1784915549 HTTP/1.1" 200 6455 "https://www.trxnews.today/wp-content/themes/digiqole/assets/js/+a+" "Mozilla/5.0 AppleWebKit/537.36 (KHTML, like Gecko; compatible; GPTBot/1.4; +https://openai.com/gptbot)"
192.145.236.177 - - [24/Jul/2026:11:03:33 -0700] "POST /wp-cron.php?doing_wp_cron=1784916213.0300769805908203125000 HTTP/1.1" 200 - "-" "WordPress/6.7.5; https://www.trxnews.today"
173.239.218.181 - - [24/Jul/2026:11:03:32 -0700] "POST /wp-login.php HTTP/1.1" 200 7523 "-" "edge|Mozilla/5.0 (Windows; Windows NT 10.0;) AppleWebKit/601.38 (KHTML, like Gecko) Chrome/48.0.2199.275 Safari/601.5 Edge/14.24689"
74.7.242.0 - - [24/Jul/2026:11:03:39 -0700] "GET /wp-content/themes/digiqole/assets/css/gutenberg-custom.css?ver=1784915549 HTTP/1.1" 200 28060 "https://www.trxnews.today/wp-content/themes/digiqole/assets/js/+a+" "Mozilla/5.0 AppleWebKit/537.36 (KHTML, like Gecko; compatible; GPTBot/1.4; +https://openai.com/gptbot)"
74.7.242.0 - - [24/Jul/2026:11:03:55 -0700] "GET /wp-content/themes/digiqole/assets/css/blog.css?ver=1784915549 HTTP/1.1" 200 21637 "https://www.trxnews.today/wp-content/themes/digiqole/assets/js/+a+" "Mozilla/5.0 AppleWebKit/537.36 (KHTML, like Gecko; compatible; GPTBot/1.4; +https://openai.com/gptbot)"
74.7.242.0 - - [24/Jul/2026:11:04:08 -0700] "GET /wp-content/themes/digiqole/assets/css/owl.theme.default.min.css?ver=1784915549 HTTP/1.1" 200 1013 "https://www.trxnews.today/wp-content/themes/digiqole/assets/js/+a+" "Mozilla/5.0 AppleWebKit/537.36 (KHTML, like Gecko; compatible; GPTBot/1.4; +https://openai.com/gptbot)"
74.7.242.0 - - [24/Jul/2026:11:04:21 -0700] "GET /wp-content/themes/digiqole/assets/css/owl.carousel.min.css?ver=1784915549 HTTP/1.1" 200 2936 "https://www.trxnews.today/wp-content/themes/digiqole/assets/js/+a+" "Mozilla/5.0 AppleWebKit/537.36 (KHTML, like Gecko; compatible; GPTBot/1.4; +https://openai.com/gptbot)"
74.7.242.0 - - [24/Jul/2026:11:04:33 -0700] "GET /wp-content/themes/digiqole/assets/css/font-awesome.css?ver=1784915549 HTTP/1.1" 200 28747 "https://www.trxnews.today/wp-content/themes/digiqole/assets/js/+a+" "Mozilla/5.0 AppleWebKit/537.36 (KHTML, like Gecko; compatible; GPTBot/1.4; +https://openai.com/gptbot)"
74.7.242.0 - - [24/Jul/2026:11:04:43 -0700] "GET /wp-content/themes/digiqole/assets/css/bootstrap.min.css?ver=1784915549 HTTP/1.1" 200 144877 "https://www.trxnews.today/wp-content/themes/digiqole/assets/js/+a+" "Mozilla/5.0 AppleWebKit/537.36 (KHTML, like Gecko; compatible; GPTBot/1.4; +https://openai.com/gptbot)"
74.7.242.0 - - [24/Jul/2026:11:04:53 -0700] "GET /wp-content/themes/digiqole/assets/js/popper.min.js.map HTTP/1.1" 429 17 "https://www.trxnews.today/wp-content/themes/digiqole/assets/js/popper.min.js?ver=1784915549" "Mozilla/5.0 AppleWebKit/537.36 (KHTML, like Gecko; compatible; GPTBot/1.4; +https://openai.com/gptbot)"
74.7.242.0 - - [24/Jul/2026:11:05:01 -0700] "GET /wp-content/themes/digiqole/assets/css/magnific-popup.css?ver=1784915549 HTTP/1.1" 429 17 "https://www.trxnews.today/wp-content/themes/digiqole/assets/js/+a+" "Mozilla/5.0 AppleWebKit/537.36 (KHTML, like Gecko; compatible; GPTBot/1.4; +https://openai.com/gptbot)"
74.7.242.0 - - [24/Jul/2026:11:05:26 -0700] "GET /wp-content/themes/digiqole/assets/css/jquery.mCustomScrollbar.css?ver=1784915549 HTTP/1.1" 429 17 "https://www.trxnews.today/wp-content/themes/digiqole/assets/js/+a+" "Mozilla/5.0 AppleWebKit/537.36 (KHTML, like Gecko; compatible; GPTBot/1.4; +https://openai.com/gptbot)"
74.7.242.0 - - [24/Jul/2026:11:06:27 -0700] "GET /wp-content/themes/digiqole/assets/css/icon-font.css?ver=1784915549 HTTP/1.1" 429 17 "https://www.trxnews.today/wp-content/themes/digiqole/assets/js/+a+" "Mozilla/5.0 AppleWebKit/537.36 (KHTML, like Gecko; compatible; GPTBot/1.4; +https://openai.com/gptbot)"
192.145.236.177 - - [24/Jul/2026:11:06:40 -0700] "POST /wp-cron.php?doing_wp_cron=1784916400.2353370189666748046875 HTTP/1.1" 200 - "-" "WordPress/6.7.5; https://www.trxnews.today"
51.120.70.186 - - [24/Jul/2026:11:06:39 -0700] "GET /about.php HTTP/1.1" 200 449 "-" "Mozilla/5.0 (Windows NT 10.0; Win64; x64) AppleWebKit/537.36 (KHTML, like Gecko) Chrome/120.0.0.0 Safari/537.36"
192.145.236.177 - - [24/Jul/2026:11:07:06 -0700] "POST /wp-cron.php?doing_wp_cron=1784916426.9562098979949951171875 HTTP/1.1" 200 - "-" "WordPress/6.7.5; https://www.trxnews.today"
149.154.161.246 - - [24/Jul/2026:11:07:06 -0700] "GET /about.php HTTP/1.1" 200 449 "-" "TelegramBot (like TwitterBot)"
74.7.242.0 - - [24/Jul/2026:11:07:31 -0700] "GET /wp-content/themes/digiqole/assets/css/master.css?ver=1784915549 HTTP/1.1" 200 192410 "https://www.trxnews.today/wp-content/themes/digiqole/assets/js/+a+" "Mozilla/5.0 AppleWebKit/537.36 (KHTML, like Gecko; compatible; GPTBot/1.4; +https://openai.com/gptbot)"
192.145.236.177 - - [24/Jul/2026:11:07:55 -0700] "POST /wp-cron.php?doing_wp_cron=1784916475.7732129096984863281250 HTTP/1.1" 200 - "-" "WordPress/6.7.5; https://www.trxnews.today"
103.196.29.240 - - [24/Jul/2026:11:07:55 -0700] "POST /xmlrpc.php HTTP/1.1" 200 852 "-" "Jetpack by WordPress.com"
103.196.29.240 - - [24/Jul/2026:11:08:05 -0700] "POST /xmlrpc.php HTTP/1.1" 200 852 "-" "Jetpack by WordPress.com (Jetpack 12.1; WordPress 6.2)"
192.145.236.177 - - [24/Jul/2026:11:08:16 -0700] "POST /wp-cron.php?doing_wp_cron=1784916496.8551230430603027343750 HTTP/1.1" 200 - "-" "WordPress/6.7.5; https://www.trxnews.today"
103.196.29.240 - - [24/Jul/2026:11:08:16 -0700] "POST /xmlrpc.php HTTP/1.1" 200 852 "-" "Jetpack by WordPress.com (Jetpack 12.1; WordPress 6.2)"
103.196.29.240 - - [24/Jul/2026:11:08:26 -0700] "POST /xmlrpc.php HTTP/1.1" 200 852 "-" "Jetpack by WordPress.com (Jetpack 12.5; WordPress 6.1)"
74.7.242.0 - - [24/Jul/2026:11:08:36 -0700] "GET /wp-content/themes/digiqole/assets/css/animate.css?ver=1784914893 HTTP/1.1" 200 23848 "https://www.trxnews.today/wp-content/themes/digiqole/assets/js/bootstrap.min.js.map" "Mozilla/5.0 AppleWebKit/537.36 (KHTML, like Gecko; compatible; GPTBot/1.4; +https://openai.com/gptbot)"
103.196.29.240 - - [24/Jul/2026:11:08:37 -0700] "POST /xmlrpc.php HTTP/1.1" 200 852 "-" "WordPress.com; https://wordpress.com"
192.145.236.177 - - [24/Jul/2026:11:08:48 -0700] "POST /wp-cron.php?doing_wp_cron=1784916528.3052880764007568359375 HTTP/1.1" 200 - "-" "WordPress/6.7.5; https://www.trxnews.today"
103.196.29.240 - - [24/Jul/2026:11:08:47 -0700] "POST /xmlrpc.php HTTP/1.1" 200 852 "-" "Jetpack/12.5; WordPress/6.4; http://site87696388.com"
192.145.236.177 - - [24/Jul/2026:11:08:59 -0700] "POST /wp-cron.php?doing_wp_cron=1784916539.1035170555114746093750 HTTP/1.1" 200 - "-" "WordPress/6.7.5; https://www.trxnews.today"
103.196.29.240 - - [24/Jul/2026:11:08:58 -0700] "POST /xmlrpc.php HTTP/1.1" 200 852 "-" "Jetpack/13.0; WordPress/6.4; http://site98332073.com"
103.196.29.240 - - [24/Jul/2026:11:09:09 -0700] "POST /xmlrpc.php HTTP/1.1" 200 852 "-" "Jetpack by WordPress.com"
192.145.236.177 - - [24/Jul/2026:11:09:20 -0700] "POST /wp-cron.php?doing_wp_cron=1784916560.1235499382019042968750 HTTP/1.1" 200 - "-" "WordPress/6.7.5; https://www.trxnews.today"
103.196.29.240 - - [24/Jul/2026:11:09:19 -0700] "POST /xmlrpc.php HTTP/1.1" 200 852 "-" "Jetpack by WordPress.com"
103.196.29.240 - - [24/Jul/2026:11:09:30 -0700] "POST /xmlrpc.php HTTP/1.1" 200 852 "-" "Jetpack by WordPress.com"
74.7.242.0 - - [24/Jul/2026:11:09:32 -0700] "GET /wp-content/themes/digiqole/assets/css/animate.css?ver=1784915549 HTTP/1.1" 200 23848 "https://www.trxnews.today/wp-content/themes/digiqole/assets/js/+a+" "Mozilla/5.0 AppleWebKit/537.36 (KHTML, like Gecko; compatible; GPTBot/1.4; +https://openai.com/gptbot)"
192.145.236.177 - - [24/Jul/2026:11:09:42 -0700] "POST /wp-cron.php?doing_wp_cron=1784916582.3888680934906005859375 HTTP/1.1" 200 - "-" "WordPress/6.7.5; https://www.trxnews.today"
103.196.29.240 - - [24/Jul/2026:11:09:41 -0700] "POST /xmlrpc.php HTTP/1.1" 200 852 "-" "WordPress.com; https://wordpress.com"
192.145.236.177 - - [24/Jul/2026:11:09:52 -0700] "POST /wp-cron.php?doing_wp_cron=1784916592.2380409240722656250000 HTTP/1.1" 200 - "-" "WordPress/6.7.5; https://www.trxnews.today"
205.210.31.57 - - [24/Jul/2026:11:09:50 -0700] "GET / HTTP/1.1" 200 449 "-" "Hello from Palo Alto Networks, find out more about our scans in https://docs-cortex.paloaltonetworks.com/r/1/Cortex-Xpanse/Scanning-activity"
103.196.29.240 - - [24/Jul/2026:11:09:51 -0700] "POST /xmlrpc.php HTTP/1.1" 200 852 "-" "Jetpack by WordPress.com"
103.196.29.240 - - [24/Jul/2026:11:10:02 -0700] "POST /xmlrpc.php HTTP/1.1" 200 852 "-" "WordPress.com; https://wordpress.com"
103.196.29.240 - - [24/Jul/2026:11:10:12 -0700] "POST /xmlrpc.php HTTP/1.1" 200 852 "-" "Jetpack/12.1; WordPress/6.1; http://site69544633.com"
192.145.236.177 - - [24/Jul/2026:11:10:24 -0700] "POST /wp-cron.php?doing_wp_cron=1784916624.0023119449615478515625 HTTP/1.1" 200 - "-" "WordPress/6.7.5; https://www.trxnews.today"
103.196.29.240 - - [24/Jul/2026:11:10:23 -0700] "POST /xmlrpc.php HTTP/1.1" 200 852 "-" "Jetpack/13.0; WordPress/6.2; http://site29021529.com"
103.196.29.240 - - [24/Jul/2026:11:10:34 -0700] "POST /xmlrpc.php HTTP/1.1" 200 852 "-" "Jetpack by WordPress.com"
103.196.29.240 - - [24/Jul/2026:11:10:44 -0700] "POST /xmlrpc.php HTTP/1.1" 406 300 "-" "WordPress.com; https://wordpress.com"
103.196.29.240 - - [24/Jul/2026:11:10:55 -0700] "POST /xmlrpc.php HTTP/1.1" 406 300 "-" "WordPress.com; https://wordpress.com"
192.145.236.177 - - [24/Jul/2026:11:11:06 -0700] "POST /wp-cron.php?doing_wp_cron=1784916666.4131639003753662109375 HTTP/1.1" 200 - "-" "WordPress/6.7.5; https://www.trxnews.today"
103.196.29.240 - - [24/Jul/2026:11:11:05 -0700] "POST /xmlrpc.php HTTP/1.1" 200 852 "-" "Jetpack by WordPress.com"
103.196.29.240 - - [24/Jul/2026:11:11:16 -0700] "POST /xmlrpc.php HTTP/1.1" 406 300 "-" "WordPress.com; https://wordpress.com"
192.145.236.177 - - [24/Jul/2026:11:11:27 -0700] "POST /wp-cron.php?doing_wp_cron=1784916687.4545340538024902343750 HTTP/1.1" 200 - "-" "WordPress/6.7.5; https://www.trxnews.today"
103.196.29.240 - - [24/Jul/2026:11:11:26 -0700] "POST /xmlrpc.php HTTP/1.1" 200 852 "-" "Jetpack/13.0; WordPress/6.4; http://site25710581.com"
192.145.236.177 - - [24/Jul/2026:11:11:38 -0700] "POST /wp-cron.php?doing_wp_cron=1784916698.0572760105133056640625 HTTP/1.1" 200 - "-" "WordPress/6.7.5; https://www.trxnews.today"
103.196.29.240 - - [24/Jul/2026:11:11:37 -0700] "POST /xmlrpc.php HTTP/1.1" 200 852 "-" "Jetpack/12.5; WordPress/6.1; http://site15048936.com"
103.196.29.240 - - [24/Jul/2026:11:11:48 -0700] "POST /xmlrpc.php HTTP/1.1" 200 852 "-" "Jetpack/13.0; WordPress/6.1; http://site64157080.com"
103.196.29.240 - - [24/Jul/2026:11:11:58 -0700] "POST /xmlrpc.php HTTP/1.1" 406 300 "-" "WordPress.com; https://wordpress.com"
192.145.236.177 - - [24/Jul/2026:11:12:10 -0700] "POST /wp-cron.php?doing_wp_cron=1784916730.0429539680480957031250 HTTP/1.1" 200 - "-" "WordPress/6.7.5; https://www.trxnews.today"
103.196.29.240 - - [24/Jul/2026:11:12:09 -0700] "POST /xmlrpc.php HTTP/1.1" 200 852 "-" "Jetpack/13.0; WordPress/6.1; http://site24311234.com"
192.145.236.177 - - [24/Jul/2026:11:12:20 -0700] "POST /wp-cron.php?doing_wp_cron=1784916740.9212899208068847656250 HTTP/1.1" 200 - "-" "WordPress/6.7.5; https://www.trxnews.today"
103.196.29.240 - - [24/Jul/2026:11:12:20 -0700] "POST /xmlrpc.php HTTP/1.1" 200 852 "-" "Jetpack by WordPress.com (Jetpack 12.5; WordPress 6.1)"
103.196.29.240 - - [24/Jul/2026:11:12:30 -0700] "POST /xmlrpc.php HTTP/1.1" 200 852 "-" "Jetpack/13.0; WordPress/6.2; http://site88412275.com"
103.196.29.240 - - [24/Jul/2026:11:12:41 -0700] "POST /xmlrpc.php HTTP/1.1" 406 300 "-" "WordPress.com; https://wordpress.com"
103.196.29.240 - - [24/Jul/2026:11:13:02 -0700] "POST /xmlrpc.php HTTP/1.1" 406 300 "-" "WordPress.com; https://wordpress.com"
192.145.236.177 - - [24/Jul/2026:11:13:13 -0700] "POST /wp-cron.php?doing_wp_cron=1784916793.7329070568084716796875 HTTP/1.1" 200 - "-" "WordPress/6.7.5; https://www.trxnews.today"
103.196.29.240 - - [24/Jul/2026:11:13:13 -0700] "POST /xmlrpc.php HTTP/1.1" 200 852 "-" "Jetpack by WordPress.com"
192.145.236.177 - - [24/Jul/2026:11:13:24 -0700] "POST /wp-cron.php?doing_wp_cron=1784916804.3072540760040283203125 HTTP/1.1" 200 - "-" "WordPress/6.7.5; https://www.trxnews.today"
103.196.29.240 - - [24/Jul/2026:11:13:23 -0700] "POST /xmlrpc.php HTTP/1.1" 200 852 "-" "Jetpack/12.0; WordPress/6.2; http://site73638196.com"
103.196.29.240 - - [24/Jul/2026:11:13:34 -0700] "POST /xmlrpc.php HTTP/1.1" 200 852 "-" "Jetpack/12.0; WordPress/6.1; http://site87394416.com"
192.145.236.177 - - [24/Jul/2026:11:13:45 -0700] "POST /wp-cron.php?doing_wp_cron=1784916825.3763160705566406250000 HTTP/1.1" 200 - "-" "WordPress/6.7.5; https://www.trxnews.today"
103.196.29.240 - - [24/Jul/2026:11:13:44 -0700] "POST /xmlrpc.php HTTP/1.1" 200 852 "-" "Jetpack by WordPress.com (Jetpack 12.5; WordPress 6.1)"
192.145.236.177 - - [24/Jul/2026:11:14:07 -0700] "POST /wp-cron.php?doing_wp_cron=1784916847.3117771148681640625000 HTTP/1.1" 200 - "-" "WordPress/6.7.5; https://www.trxnews.today"
103.196.29.240 - - [24/Jul/2026:11:14:05 -0700] "POST /xmlrpc.php HTTP/1.1" 200 852 "-" "Jetpack/12.5; WordPress/6.3; http://site87987488.com"
192.145.236.177 - - [24/Jul/2026:11:14:17 -0700] "POST /wp-cron.php?doing_wp_cron=1784916857.3647489547729492187500 HTTP/1.1" 200 - "-" "WordPress/6.7.5; https://www.trxnews.today"
103.196.29.240 - - [24/Jul/2026:11:14:16 -0700] "POST /xmlrpc.php HTTP/1.1" 200 852 "-" "Jetpack by WordPress.com (Jetpack 12.0; WordPress 6.2)"
103.196.29.240 - - [24/Jul/2026:11:14:27 -0700] "POST /xmlrpc.php HTTP/1.1" 200 852 "-" "Jetpack by WordPress.com (Jetpack 13.0; WordPress 6.1)"
192.145.236.177 - - [24/Jul/2026:11:14:39 -0700] "POST /wp-cron.php?doing_wp_cron=1784916879.3596239089965820312500 HTTP/1.1" 200 - "-" "WordPress/6.7.5; https://www.trxnews.today"
103.196.29.240 - - [24/Jul/2026:11:14:37 -0700] "POST /xmlrpc.php HTTP/1.1" 200 852 "-" "Jetpack by WordPress.com (Jetpack 13.0; WordPress 6.4)"
103.196.29.240 - - [24/Jul/2026:11:14:48 -0700] "POST /xmlrpc.php HTTP/1.1" 200 852 "-" "Jetpack by WordPress.com"
192.145.236.177 - - [24/Jul/2026:11:14:59 -0700] "POST /wp-cron.php?doing_wp_cron=1784916899.6482489109039306640625 HTTP/1.1" 200 - "-" "WordPress/6.7.5; https://www.trxnews.today"
103.196.29.240 - - [24/Jul/2026:11:14:58 -0700] "POST /xmlrpc.php HTTP/1.1" 200 852 "-" "Jetpack/12.0; WordPress/6.3; http://site32605502.com"
103.196.29.240 - - [24/Jul/2026:11:15:09 -0700] "POST /xmlrpc.php HTTP/1.1" 200 852 "-" "Jetpack by WordPress.com"
192.145.236.177 - - [24/Jul/2026:11:15:20 -0700] "POST /wp-cron.php?doing_wp_cron=1784916920.6216070652008056640625 HTTP/1.1" 200 - "-" "WordPress/6.7.5; https://www.trxnews.today"
103.196.29.240 - - [24/Jul/2026:11:15:20 -0700] "POST /xmlrpc.php HTTP/1.1" 200 852 "-" "Jetpack/13.0; WordPress/6.4; http://site13471010.com"
103.196.29.240 - - [24/Jul/2026:11:15:30 -0700] "POST /xmlrpc.php HTTP/1.1" 200 852 "-" "Jetpack/13.0; WordPress/6.1; http://site85708907.com"
192.145.236.177 - - [24/Jul/2026:11:15:41 -0700] "POST /wp-cron.php?doing_wp_cron=1784916941.8076810836791992187500 HTTP/1.1" 200 - "-" "WordPress/6.7.5; https://www.trxnews.today"
103.196.29.240 - - [24/Jul/2026:11:15:41 -0700] "POST /xmlrpc.php HTTP/1.1" 200 852 "-" "Jetpack by WordPress.com (Jetpack 12.5; WordPress 6.4)"
192.145.236.177 - - [24/Jul/2026:11:15:52 -0700] "POST /wp-cron.php?doing_wp_cron=1784916952.6221458911895751953125 HTTP/1.1" 200 - "-" "WordPress/6.7.5; https://www.trxnews.today"
103.196.29.240 - - [24/Jul/2026:11:15:51 -0700] "POST /xmlrpc.php HTTP/1.1" 200 852 "-" "Jetpack by WordPress.com"
103.196.29.240 - - [24/Jul/2026:11:16:02 -0700] "POST /xmlrpc.php HTTP/1.1" 200 852 "-" "Jetpack by WordPress.com"
103.196.29.240 - - [24/Jul/2026:11:16:13 -0700] "POST /xmlrpc.php HTTP/1.1" 200 852 "-" "Jetpack/12.0; WordPress/6.2; http://site86097305.com"
192.145.236.177 - - [24/Jul/2026:11:16:24 -0700] "POST /wp-cron.php?doing_wp_cron=1784916984.2976601123809814453125 HTTP/1.1" 200 - "-" "WordPress/6.7.5; https://www.trxnews.today"
103.196.29.240 - - [24/Jul/2026:11:16:23 -0700] "POST /xmlrpc.php HTTP/1.1" 200 852 "-" "Jetpack/12.0; WordPress/6.4; http://site25236841.com"
103.196.29.240 - - [24/Jul/2026:11:16:34 -0700] "POST /xmlrpc.php HTTP/1.1" 200 852 "-" "Jetpack/12.1; WordPress/6.2; http://site55630854.com"
192.145.236.177 - - [24/Jul/2026:11:16:45 -0700] "POST /wp-cron.php?doing_wp_cron=1784917005.7001039981842041015625 HTTP/1.1" 200 - "-" "WordPress/6.7.5; https://www.trxnews.today"
103.196.29.240 - - [24/Jul/2026:11:16:45 -0700] "POST /xmlrpc.php HTTP/1.1" 200 852 "-" "Jetpack by WordPress.com"
103.196.29.240 - - [24/Jul/2026:11:16:55 -0700] "POST /xmlrpc.php HTTP/1.1" 406 300 "-" "WordPress.com; https://wordpress.com"
103.196.29.240 - - [24/Jul/2026:11:17:06 -0700] "POST /xmlrpc.php HTTP/1.1" 406 300 "-" "WordPress.com; https://wordpress.com"
103.196.29.240 - - [24/Jul/2026:11:17:16 -0700] "POST /xmlrpc.php HTTP/1.1" 406 300 "-" "WordPress.com; https://wordpress.com"
192.145.236.177 - - [24/Jul/2026:11:17:28 -0700] "POST /wp-cron.php?doing_wp_cron=1784917048.1501479148864746093750 HTTP/1.1" 200 - "-" "WordPress/6.7.5; https://www.trxnews.today"
103.196.29.240 - - [24/Jul/2026:11:17:27 -0700] "POST /xmlrpc.php HTTP/1.1" 200 852 "-" "Jetpack by WordPress.com (Jetpack 12.0; WordPress 6.3)"
192.145.236.177 - - [24/Jul/2026:11:17:39 -0700] "POST /wp-cron.php?doing_wp_cron=1784917059.0520660877227783203125 HTTP/1.1" 200 - "-" "WordPress/6.7.5; https://www.trxnews.today"
103.196.29.240 - - [24/Jul/2026:11:17:38 -0700] "POST /xmlrpc.php HTTP/1.1" 200 852 "-" "Jetpack by WordPress.com"
103.196.29.240 - - [24/Jul/2026:11:17:48 -0700] "POST /xmlrpc.php HTTP/1.1" 406 300 "-" "WordPress.com; https://wordpress.com"
192.145.236.177 - - [24/Jul/2026:11:17:59 -0700] "POST /wp-cron.php?doing_wp_cron=1784917079.8771939277648925781250 HTTP/1.1" 200 - "-" "WordPress/6.7.5; https://www.trxnews.today"
103.196.29.240 - - [24/Jul/2026:11:17:59 -0700] "POST /xmlrpc.php HTTP/1.1" 200 852 "-" "Jetpack/12.0; WordPress/6.3; http://site59806637.com"
103.196.29.240 - - [24/Jul/2026:11:18:09 -0700] "POST /xmlrpc.php HTTP/1.1" 200 852 "-" "Jetpack by WordPress.com"
192.145.236.177 - - [24/Jul/2026:11:18:21 -0700] "POST /wp-cron.php?doing_wp_cron=1784917101.1280939579010009765625 HTTP/1.1" 200 - "-" "WordPress/6.7.5; https://www.trxnews.today"
103.196.29.240 - - [24/Jul/2026:11:18:20 -0700] "POST /xmlrpc.php HTTP/1.1" 200 852 "-" "Jetpack/12.0; WordPress/6.4; http://site53907837.com"
103.196.29.240 - - [24/Jul/2026:11:18:31 -0700] "POST /xmlrpc.php HTTP/1.1" 200 852 "-" "Jetpack/12.5; WordPress/6.3; http://site20546774.com"
192.145.236.177 - - [24/Jul/2026:11:18:42 -0700] "POST /wp-cron.php?doing_wp_cron=1784917122.3862419128417968750000 HTTP/1.1" 200 - "-" "WordPress/6.7.5; https://www.trxnews.today"
103.196.29.240 - - [24/Jul/2026:11:18:41 -0700] "POST /xmlrpc.php HTTP/1.1" 200 852 "-" "Jetpack by WordPress.com"
192.145.236.177 - - [24/Jul/2026:11:18:53 -0700] "POST /wp-cron.php?doing_wp_cron=1784917133.0385749340057373046875 HTTP/1.1" 200 - "-" "WordPress/6.7.5; https://www.trxnews.today"
103.196.29.240 - - [24/Jul/2026:11:18:52 -0700] "POST /xmlrpc.php HTTP/1.1" 200 852 "-" "Jetpack/12.1; WordPress/6.4; http://site62596611.com"
103.196.29.240 - - [24/Jul/2026:11:19:02 -0700] "POST /xmlrpc.php HTTP/1.1" 200 852 "-" "Jetpack/12.0; WordPress/6.2; http://site18432389.com"
103.196.29.240 - - [24/Jul/2026:11:19:13 -0700] "POST /xmlrpc.php HTTP/1.1" 200 852 "-" "Jetpack by WordPress.com"
192.145.236.177 - - [24/Jul/2026:11:19:24 -0700] "POST /wp-cron.php?doing_wp_cron=1784917164.7298729419708251953125 HTTP/1.1" 200 - "-" "WordPress/6.7.5; https://www.trxnews.today"
103.196.29.240 - - [24/Jul/2026:11:19:24 -0700] "POST /xmlrpc.php HTTP/1.1" 200 852 "-" "Jetpack/12.0; WordPress/6.1; http://site50108174.com"
103.196.29.240 - - [24/Jul/2026:11:19:34 -0700] "POST /xmlrpc.php HTTP/1.1" 200 852 "-" "Jetpack/12.0; WordPress/6.3; http://site40176080.com"
192.145.236.177 - - [24/Jul/2026:11:19:45 -0700] "POST /wp-cron.php?doing_wp_cron=1784917185.8768711090087890625000 HTTP/1.1" 200 - "-" "WordPress/6.7.5; https://www.trxnews.today"
103.196.29.240 - - [24/Jul/2026:11:19:45 -0700] "POST /xmlrpc.php HTTP/1.1" 200 852 "-" "Jetpack/13.0; WordPress/6.2; http://site12490297.com"
103.196.29.240 - - [24/Jul/2026:11:19:55 -0700] "POST /xmlrpc.php HTTP/1.1" 406 300 "-" "WordPress.com; https://wordpress.com"
192.145.236.177 - - [24/Jul/2026:11:20:07 -0700] "POST /wp-cron.php?doing_wp_cron=1784917207.1190659999847412109375 HTTP/1.1" 200 - "-" "WordPress/6.7.5; https://www.trxnews.today"
103.196.29.240 - - [24/Jul/2026:11:20:06 -0700] "POST /xmlrpc.php HTTP/1.1" 200 852 "-" "Jetpack/12.1; WordPress/6.4; http://site18568253.com"
103.196.29.240 - - [24/Jul/2026:11:20:17 -0700] "POST /xmlrpc.php HTTP/1.1" 406 300 "-" "WordPress.com; https://wordpress.com"
192.145.236.177 - - [24/Jul/2026:11:20:28 -0700] "POST /wp-cron.php?doing_wp_cron=1784917228.5844891071319580078125 HTTP/1.1" 200 - "-" "WordPress/6.7.5; https://www.trxnews.today"
103.196.29.240 - - [24/Jul/2026:11:20:27 -0700] "POST /xmlrpc.php HTTP/1.1" 200 852 "-" "Jetpack by WordPress.com"
103.196.29.240 - - [24/Jul/2026:11:20:38 -0700] "POST /xmlrpc.php HTTP/1.1" 406 300 "-" "WordPress.com; https://wordpress.com"
192.145.236.177 - - [24/Jul/2026:11:20:49 -0700] "POST /wp-cron.php?doing_wp_cron=1784917249.6315019130706787109375 HTTP/1.1" 200 - "-" "WordPress/6.7.5; https://www.trxnews.today"
103.196.29.240 - - [24/Jul/2026:11:20:49 -0700] "POST /xmlrpc.php HTTP/1.1" 200 852 "-" "Jetpack/12.0; WordPress/6.4; http://site88746243.com"
192.145.236.177 - - [24/Jul/2026:11:20:58 -0700] "POST /wp-cron.php?doing_wp_cron=1784917258.9681370258331298828125 HTTP/1.1" 200 - "-" "WordPress/6.7.5; https://www.trxnews.today"
98.159.37.137 - - [24/Jul/2026:11:20:58 -0700] "POST /wp-login.php HTTP/1.1" 200 7523 "-" "Dalvik/2.1.0 (Linux; U; Android 8.1.0; BLADE A530 Build/O11019)"
103.196.29.240 - - [24/Jul/2026:11:20:59 -0700] "POST /xmlrpc.php HTTP/1.1" 200 852 "-" "Jetpack/12.0; WordPress/6.3; http://site53566595.com"
103.196.29.240 - - [24/Jul/2026:11:21:10 -0700] "POST /xmlrpc.php HTTP/1.1" 200 852 "-" "Jetpack by WordPress.com"
192.145.236.177 - - [24/Jul/2026:11:21:21 -0700] "POST /wp-cron.php?doing_wp_cron=1784917281.8390429019927978515625 HTTP/1.1" 200 - "-" "WordPress/6.7.5; https://www.trxnews.today"
103.196.29.240 - - [24/Jul/2026:11:21:20 -0700] "POST /xmlrpc.php HTTP/1.1" 200 852 "-" "Jetpack by WordPress.com"
103.196.29.240 - - [24/Jul/2026:11:21:31 -0700] "POST /xmlrpc.php HTTP/1.1" 200 852 "-" "Jetpack by WordPress.com"
192.145.236.177 - - [24/Jul/2026:11:21:42 -0700] "POST /wp-cron.php?doing_wp_cron=1784917302.6045749187469482421875 HTTP/1.1" 200 - "-" "WordPress/6.7.5; https://www.trxnews.today"
103.196.29.240 - - [24/Jul/2026:11:21:41 -0700] "POST /xmlrpc.php HTTP/1.1" 200 852 "-" "Jetpack by WordPress.com (Jetpack 12.5; WordPress 6.4)"
192.145.236.177 - - [24/Jul/2026:11:21:53 -0700] "POST /wp-cron.php?doing_wp_cron=1784917313.4221169948577880859375 HTTP/1.1" 200 - "-" "WordPress/6.7.5; https://www.trxnews.today"
103.196.29.240 - - [24/Jul/2026:11:21:52 -0700] "POST /xmlrpc.php HTTP/1.1" 200 852 "-" "Jetpack/13.0; WordPress/6.1; http://site21650995.com"
103.196.29.240 - - [24/Jul/2026:11:22:03 -0700] "POST /xmlrpc.php HTTP/1.1" 200 852 "-" "Jetpack/13.0; WordPress/6.3; http://site65523249.com"
103.196.29.240 - - [24/Jul/2026:11:22:13 -0700] "POST /xmlrpc.php HTTP/1.1" 200 852 "-" "Jetpack/12.5; WordPress/6.4; http://site86550483.com"
192.145.236.177 - - [24/Jul/2026:11:22:25 -0700] "POST /wp-cron.php?doing_wp_cron=1784917345.3441960811614990234375 HTTP/1.1" 200 - "-" "WordPress/6.7.5; https://www.trxnews.today"
103.196.29.240 - - [24/Jul/2026:11:22:24 -0700] "POST /xmlrpc.php HTTP/1.1" 200 852 "-" "Jetpack/12.0; WordPress/6.2; http://site89882314.com"
103.196.29.240 - - [24/Jul/2026:11:22:35 -0700] "POST /xmlrpc.php HTTP/1.1" 200 852 "-" "Jetpack by WordPress.com (Jetpack 12.1; WordPress 6.1)"
192.145.236.177 - - [24/Jul/2026:11:22:46 -0700] "POST /wp-cron.php?doing_wp_cron=1784917366.4115970134735107421875 HTTP/1.1" 200 - "-" "WordPress/6.7.5; https://www.trxnews.today"
103.196.29.240 - - [24/Jul/2026:11:22:45 -0700] "POST /xmlrpc.php HTTP/1.1" 200 852 "-" "Jetpack by WordPress.com (Jetpack 12.0; WordPress 6.4)"
192.145.236.177 - - [24/Jul/2026:11:22:57 -0700] "POST /wp-cron.php?doing_wp_cron=1784917377.1200470924377441406250 HTTP/1.1" 200 - "-" "WordPress/6.7.5; https://www.trxnews.today"
103.196.29.240 - - [24/Jul/2026:11:22:56 -0700] "POST /xmlrpc.php HTTP/1.1" 200 852 "-" "Jetpack/12.5; WordPress/6.1; http://site18242857.com"
103.196.29.240 - - [24/Jul/2026:11:23:07 -0700] "POST /xmlrpc.php HTTP/1.1" 200 852 "-" "Jetpack by WordPress.com"
192.145.236.177 - - [24/Jul/2026:11:23:18 -0700] "POST /wp-cron.php?doing_wp_cron=1784917398.2923319339752197265625 HTTP/1.1" 200 - "-" "WordPress/6.7.5; https://www.trxnews.today"
103.196.29.240 - - [24/Jul/2026:11:23:17 -0700] "POST /xmlrpc.php HTTP/1.1" 200 852 "-" "Jetpack by WordPress.com (Jetpack 13.0; WordPress 6.2)"
103.196.29.240 - - [24/Jul/2026:11:23:28 -0700] "POST /xmlrpc.php HTTP/1.1" 406 300 "-" "WordPress.com; https://wordpress.com"
192.145.236.177 - - [24/Jul/2026:11:23:39 -0700] "POST /wp-cron.php?doing_wp_cron=1784917419.7111790180206298828125 HTTP/1.1" 200 - "-" "WordPress/6.7.5; https://www.trxnews.today"
103.196.29.240 - - [24/Jul/2026:11:23:38 -0700] "POST /xmlrpc.php HTTP/1.1" 200 852 "-" "Jetpack/12.0; WordPress/6.4; http://site20074653.com"
103.196.29.240 - - [24/Jul/2026:11:23:49 -0700] "POST /xmlrpc.php HTTP/1.1" 200 852 "-" "Jetpack/12.1; WordPress/6.3; http://site85484603.com"
103.196.29.240 - - [24/Jul/2026:11:23:59 -0700] "POST /xmlrpc.php HTTP/1.1" 406 300 "-" "WordPress.com; https://wordpress.com"
103.196.29.240 - - [24/Jul/2026:11:24:10 -0700] "POST /xmlrpc.php HTTP/1.1" 406 300 "-" "WordPress.com; https://wordpress.com"
192.145.236.177 - - [24/Jul/2026:11:24:22 -0700] "POST /wp-cron.php?doing_wp_cron=1784917462.1563880443572998046875 HTTP/1.1" 200 - "-" "WordPress/6.7.5; https://www.trxnews.today"
103.196.29.240 - - [24/Jul/2026:11:24:21 -0700] "POST /xmlrpc.php HTTP/1.1" 200 852 "-" "Jetpack/12.5; WordPress/6.1; http://site39747126.com"
103.196.29.240 - - [24/Jul/2026:11:24:31 -0700] "POST /xmlrpc.php HTTP/1.1" 200 852 "-" "Jetpack by WordPress.com (Jetpack 12.0; WordPress 6.3)"
192.145.236.177 - - [24/Jul/2026:11:24:43 -0700] "POST /wp-cron.php?doing_wp_cron=1784917483.2008750438690185546875 HTTP/1.1" 200 - "-" "WordPress/6.7.5; https://www.trxnews.today"
103.196.29.240 - - [24/Jul/2026:11:24:42 -0700] "POST /xmlrpc.php HTTP/1.1" 200 852 "-" "Jetpack/12.5; WordPress/6.1; http://site24777988.com"
192.145.236.177 - - [24/Jul/2026:11:24:53 -0700] "POST /wp-cron.php?doing_wp_cron=1784917493.7563469409942626953125 HTTP/1.1" 200 - "-" "WordPress/6.7.5; https://www.trxnews.today"
103.196.29.240 - - [24/Jul/2026:11:24:53 -0700] "POST /xmlrpc.php HTTP/1.1" 200 852 "-" "Jetpack by WordPress.com (Jetpack 13.0; WordPress 6.4)"
103.196.29.240 - - [24/Jul/2026:11:25:03 -0700] "POST /xmlrpc.php HTTP/1.1" 200 852 "-" "Jetpack by WordPress.com (Jetpack 12.0; WordPress 6.2)"
192.145.236.177 - - [24/Jul/2026:11:25:15 -0700] "POST /wp-cron.php?doing_wp_cron=1784917515.4306859970092773437500 HTTP/1.1" 200 - "-" "WordPress/6.7.5; https://www.trxnews.today"
103.196.29.240 - - [24/Jul/2026:11:25:14 -0700] "POST /xmlrpc.php HTTP/1.1" 200 852 "-" "Jetpack/13.0; WordPress/6.3; http://site59999364.com"
103.196.29.240 - - [24/Jul/2026:11:25:25 -0700] "POST /xmlrpc.php HTTP/1.1" 200 852 "-" "Jetpack by WordPress.com"
103.196.29.240 - - [24/Jul/2026:11:25:35 -0700] "POST /xmlrpc.php HTTP/1.1" 200 852 "-" "Jetpack by WordPress.com"
192.145.236.177 - - [24/Jul/2026:11:25:47 -0700] "POST /wp-cron.php?doing_wp_cron=1784917547.4710080623626708984375 HTTP/1.1" 200 - "-" "WordPress/6.7.5; https://www.trxnews.today"
103.196.29.240 - - [24/Jul/2026:11:25:46 -0700] "POST /xmlrpc.php HTTP/1.1" 200 852 "-" "Jetpack/13.0; WordPress/6.3; http://site47558183.com"
103.196.29.240 - - [24/Jul/2026:11:25:57 -0700] "POST /xmlrpc.php HTTP/1.1" 406 300 "-" "WordPress.com; https://wordpress.com"
192.145.236.177 - - [24/Jul/2026:11:26:08 -0700] "POST /wp-cron.php?doing_wp_cron=1784917568.2450180053710937500000 HTTP/1.1" 200 - "-" "WordPress/6.7.5; https://www.trxnews.today"
103.196.29.240 - - [24/Jul/2026:11:26:07 -0700] "POST /xmlrpc.php HTTP/1.1" 200 852 "-" "Jetpack by WordPress.com (Jetpack 12.1; WordPress 6.2)"
192.145.236.177 - - [24/Jul/2026:11:26:19 -0700] "POST /wp-cron.php?doing_wp_cron=1784917579.2802510261535644531250 HTTP/1.1" 200 - "-" "WordPress/6.7.5; https://www.trxnews.today"
103.196.29.240 - - [24/Jul/2026:11:26:18 -0700] "POST /xmlrpc.php HTTP/1.1" 200 852 "-" "Jetpack/12.1; WordPress/6.4; http://site28959817.com"
103.196.29.240 - - [24/Jul/2026:11:26:28 -0700] "POST /xmlrpc.php HTTP/1.1" 200 852 "-" "Jetpack by WordPress.com (Jetpack 12.0; WordPress 6.3)"
192.145.236.177 - - [24/Jul/2026:11:26:40 -0700] "POST /wp-cron.php?doing_wp_cron=1784917600.3421669006347656250000 HTTP/1.1" 200 - "-" "WordPress/6.7.5; https://www.trxnews.today"
103.196.29.240 - - [24/Jul/2026:11:26:39 -0700] "POST /xmlrpc.php HTTP/1.1" 200 852 "-" "Jetpack by WordPress.com (Jetpack 12.0; WordPress 6.1)"
192.145.236.177 - - [24/Jul/2026:11:26:51 -0700] "POST /wp-cron.php?doing_wp_cron=1784917611.0971739292144775390625 HTTP/1.1" 200 - "-" "WordPress/6.7.5; https://www.trxnews.today"
103.196.29.240 - - [24/Jul/2026:11:26:50 -0700] "POST /xmlrpc.php HTTP/1.1" 200 852 "-" "Jetpack by WordPress.com"
103.196.29.240 - - [24/Jul/2026:11:27:00 -0700] "POST /xmlrpc.php HTTP/1.1" 406 300 "-" "WordPress.com; https://wordpress.com"
103.196.29.240 - - [24/Jul/2026:11:27:11 -0700] "POST /xmlrpc.php HTTP/1.1" 200 852 "-" "Jetpack by WordPress.com (Jetpack 13.0; WordPress 6.3)"
192.145.236.177 - - [24/Jul/2026:11:27:22 -0700] "POST /wp-cron.php?doing_wp_cron=1784917642.4336590766906738281250 HTTP/1.1" 200 - "-" "WordPress/6.7.5; https://www.trxnews.today"
103.196.29.240 - - [24/Jul/2026:11:27:21 -0700] "POST /xmlrpc.php HTTP/1.1" 200 852 "-" "Jetpack by WordPress.com (Jetpack 13.0; WordPress 6.1)"
103.196.29.240 - - [24/Jul/2026:11:27:32 -0700] "POST /xmlrpc.php HTTP/1.1" 200 852 "-" "Jetpack/12.1; WordPress/6.4; http://site97354064.com"
192.145.236.177 - - [24/Jul/2026:11:27:44 -0700] "POST /wp-cron.php?doing_wp_cron=1784917664.4222199916839599609375 HTTP/1.1" 200 - "-" "WordPress/6.7.5; https://www.trxnews.today"
103.196.29.240 - - [24/Jul/2026:11:27:43 -0700] "POST /xmlrpc.php HTTP/1.1" 200 852 "-" "Jetpack by WordPress.com"
192.145.236.177 - - [24/Jul/2026:11:27:55 -0700] "POST /wp-cron.php?doing_wp_cron=1784917675.3087990283966064453125 HTTP/1.1" 200 - "-" "WordPress/6.7.5; https://www.trxnews.today"
103.196.29.240 - - [24/Jul/2026:11:27:53 -0700] "POST /xmlrpc.php HTTP/1.1" 200 852 "-" "Jetpack by WordPress.com (Jetpack 13.0; WordPress 6.1)"
103.196.29.240 - - [24/Jul/2026:11:28:04 -0700] "POST /xmlrpc.php HTTP/1.1" 200 852 "-" "Jetpack/12.5; WordPress/6.3; http://site64248399.com"
192.145.236.177 - - [24/Jul/2026:11:28:15 -0700] "POST /wp-cron.php?doing_wp_cron=1784917695.6558930873870849609375 HTTP/1.1" 200 - "-" "WordPress/6.7.5; https://www.trxnews.today"
103.196.29.240 - - [24/Jul/2026:11:28:14 -0700] "POST /xmlrpc.php HTTP/1.1" 200 852 "-" "Jetpack/13.0; WordPress/6.3; http://site13758047.com"
103.196.29.240 - - [24/Jul/2026:11:28:25 -0700] "POST /xmlrpc.php HTTP/1.1" 200 852 "-" "Jetpack by WordPress.com"
103.196.29.240 - - [24/Jul/2026:11:28:36 -0700] "POST /xmlrpc.php HTTP/1.1" 200 852 "-" "Jetpack by WordPress.com"
103.196.29.240 - - [24/Jul/2026:11:28:47 -0700] "POST /xmlrpc.php HTTP/1.1" 406 300 "-" "WordPress.com; https://wordpress.com"
192.145.236.177 - - [24/Jul/2026:11:28:58 -0700] "POST /wp-cron.php?doing_wp_cron=1784917738.3668570518493652343750 HTTP/1.1" 200 - "-" "WordPress/6.7.5; https://www.trxnews.today"
103.196.29.240 - - [24/Jul/2026:11:28:57 -0700] "POST /xmlrpc.php HTTP/1.1" 200 852 "-" "Jetpack/12.0; WordPress/6.3; http://site16455032.com"
103.196.29.240 - - [24/Jul/2026:11:29:08 -0700] "POST /xmlrpc.php HTTP/1.1" 200 852 "-" "Jetpack by WordPress.com"
192.145.236.177 - - [24/Jul/2026:11:29:19 -0700] "POST /wp-cron.php?doing_wp_cron=1784917759.6417989730834960937500 HTTP/1.1" 200 - "-" "WordPress/6.7.5; https://www.trxnews.today"
103.196.29.240 - - [24/Jul/2026:11:29:18 -0700] "POST /xmlrpc.php HTTP/1.1" 200 852 "-" "Jetpack by WordPress.com"
103.196.29.240 - - [24/Jul/2026:11:29:29 -0700] "POST /xmlrpc.php HTTP/1.1" 200 852 "-" "Jetpack by WordPress.com (Jetpack 12.0; WordPress 6.2)"
192.145.236.177 - - [24/Jul/2026:11:29:40 -0700] "POST /wp-cron.php?doing_wp_cron=1784917780.8645520210266113281250 HTTP/1.1" 200 - "-" "WordPress/6.7.5; https://www.trxnews.today"
103.196.29.240 - - [24/Jul/2026:11:29:40 -0700] "POST /xmlrpc.php HTTP/1.1" 200 852 "-" "Jetpack by WordPress.com (Jetpack 12.5; WordPress 6.3)"
192.145.236.177 - - [24/Jul/2026:11:29:51 -0700] "POST /wp-cron.php?doing_wp_cron=1784917791.3302071094512939453125 HTTP/1.1" 200 - "-" "WordPress/6.7.5; https://www.trxnews.today"
103.196.29.240 - - [24/Jul/2026:11:29:50 -0700] "POST /xmlrpc.php HTTP/1.1" 200 852 "-" "Jetpack by WordPress.com"
103.196.29.240 - - [24/Jul/2026:11:30:01 -0700] "POST /xmlrpc.php HTTP/1.1" 200 852 "-" "Jetpack by WordPress.com"
103.196.29.240 - - [24/Jul/2026:11:30:11 -0700] "POST /xmlrpc.php HTTP/1.1" 200 852 "-" "Jetpack/12.1; WordPress/6.2; http://site84047869.com"
103.196.29.240 - - [24/Jul/2026:11:30:22 -0700] "POST /xmlrpc.php HTTP/1.1" 406 300 "-" "WordPress.com; https://wordpress.com"
192.145.236.177 - - [24/Jul/2026:11:30:33 -0700] "POST /wp-cron.php?doing_wp_cron=1784917833.8178141117095947265625 HTTP/1.1" 200 - "-" "WordPress/6.7.5; https://www.trxnews.today"
103.196.29.240 - - [24/Jul/2026:11:30:33 -0700] "POST /xmlrpc.php HTTP/1.1" 200 852 "-" "Jetpack by WordPress.com"
77.90.185.230 - - [24/Jul/2026:11:30:38 -0700] "GET /.env HTTP/1.1" 406 300 "-" "Mozilla/5.0 (iPod touch; CPU iPhone OS 8_1 like Mac OS X) AppleWebKit/600.1.4 (KHTML, like Gecko) Version/8.0 Mobile/12B411 Safari/600.1.4"
192.145.236.177 - - [24/Jul/2026:11:30:40 -0700] "POST /wp-cron.php?doing_wp_cron=1784917840.2349479198455810546875 HTTP/1.1" 200 - "-" "WordPress/6.7.5; https://www.trxnews.today"
77.90.185.230 - - [24/Jul/2026:11:30:39 -0700] "GET / HTTP/1.1" 200 449 "-" "Mozilla/5.0 (iPod touch; CPU iPhone OS 8_1 like Mac OS X) AppleWebKit/600.1.4 (KHTML, like Gecko) Version/8.0 Mobile/12B411 Safari/600.1.4"
77.90.185.230 - - [24/Jul/2026:11:30:40 -0700] "GET /sendgrid.env HTTP/1.1" 200 449 "-" "Mozilla/5.0 (iPod touch; CPU iPhone OS 8_1 like Mac OS X) AppleWebKit/600.1.4 (KHTML, like Gecko) Version/8.0 Mobile/12B411 Safari/600.1.4"
103.196.29.240 - - [24/Jul/2026:11:30:43 -0700] "POST /xmlrpc.php HTTP/1.1" 200 852 "-" "Jetpack by WordPress.com"
103.196.29.240 - - [24/Jul/2026:11:30:54 -0700] "POST /xmlrpc.php HTTP/1.1" 406 300 "-" "WordPress.com; https://wordpress.com"
192.145.236.177 - - [24/Jul/2026:11:31:09 -0700] "POST /wp-cron.php?doing_wp_cron=1784917869.3646180629730224609375 HTTP/1.1" 200 - "-" "WordPress/6.7.5; https://www.trxnews.today"
103.196.29.240 - - [24/Jul/2026:11:31:08 -0700] "POST /xmlrpc.php HTTP/1.1" 200 852 "-" "Jetpack/12.0; WordPress/6.3; http://site78683815.com"
192.145.236.177 - - [24/Jul/2026:11:31:16 -0700] "POST /wp-cron.php?doing_wp_cron=1784917876.6744771003723144531250 HTTP/1.1" 200 - "-" "WordPress/6.7.5; https://www.trxnews.today"
103.196.29.240 - - [24/Jul/2026:11:31:15 -0700] "POST /xmlrpc.php HTTP/1.1" 200 852 "-" "Jetpack/12.0; WordPress/6.3; http://site35290858.com"
103.196.29.240 - - [24/Jul/2026:11:31:26 -0700] "POST /xmlrpc.php HTTP/1.1" 200 852 "-" "Jetpack by WordPress.com (Jetpack 13.0; WordPress 6.3)"
34.169.6.178 - - [24/Jul/2026:11:31:29 -0700] "HEAD / HTTP/1.1" 200 - "-" "Mozilla/5.0 (X11; Linux x86_64; rv:154.0) Gecko/20100101 /154.0"
103.196.29.240 - - [24/Jul/2026:11:31:36 -0700] "POST /xmlrpc.php HTTP/1.1" 200 852 "-" "Jetpack by WordPress.com"
103.196.29.240 - - [24/Jul/2026:11:31:47 -0700] "POST /xmlrpc.php HTTP/1.1" 200 852 "-" "Jetpack by WordPress.com"
103.196.29.240 - - [24/Jul/2026:11:31:58 -0700] "POST /xmlrpc.php HTTP/1.1" 200 852 "-" "Jetpack by WordPress.com"
103.196.29.240 - - [24/Jul/2026:11:32:08 -0700] "POST /xmlrpc.php HTTP/1.1" 200 852 "-" "Jetpack by WordPress.com (Jetpack 12.0; WordPress 6.2)"
103.196.29.240 - - [24/Jul/2026:11:32:19 -0700] "POST /xmlrpc.php HTTP/1.1" 406 300 "-" "WordPress.com; https://wordpress.com"
192.145.236.177 - - [24/Jul/2026:11:32:30 -0700] "POST /wp-cron.php?doing_wp_cron=1784917950.6109640598297119140625 HTTP/1.1" 200 - "-" "WordPress/6.7.5; https://www.trxnews.today"
103.196.29.240 - - [24/Jul/2026:11:32:29 -0700] "POST /xmlrpc.php HTTP/1.1" 200 852 "-" "Jetpack by WordPress.com"
192.145.236.177 - - [24/Jul/2026:11:32:41 -0700] "POST /wp-cron.php?doing_wp_cron=1784917961.5077219009399414062500 HTTP/1.1" 200 - "-" "WordPress/6.7.5; https://www.trxnews.today"
103.196.29.240 - - [24/Jul/2026:11:32:40 -0700] "POST /xmlrpc.php HTTP/1.1" 200 852 "-" "Jetpack/12.5; WordPress/6.3; http://site90361367.com"
192.145.236.177 - - [24/Jul/2026:11:32:51 -0700] "POST /wp-cron.php?doing_wp_cron=1784917971.7706539630889892578125 HTTP/1.1" 200 - "-" "WordPress/6.7.5; https://www.trxnews.today"
103.196.29.240 - - [24/Jul/2026:11:32:51 -0700] "POST /xmlrpc.php HTTP/1.1" 200 852 "-" "Jetpack by WordPress.com (Jetpack 12.1; WordPress 6.4)"
103.196.29.240 - - [24/Jul/2026:11:33:01 -0700] "POST /xmlrpc.php HTTP/1.1" 200 852 "-" "Jetpack by WordPress.com"
103.196.29.240 - - [24/Jul/2026:11:33:12 -0700] "POST /xmlrpc.php HTTP/1.1" 200 852 "-" "Jetpack by WordPress.com"
192.145.236.177 - - [24/Jul/2026:11:33:23 -0700] "POST /wp-cron.php?doing_wp_cron=1784918003.7004549503326416015625 HTTP/1.1" 200 - "-" "WordPress/6.7.5; https://www.trxnews.today"
103.196.29.240 - - [24/Jul/2026:11:33:23 -0700] "POST /xmlrpc.php HTTP/1.1" 200 852 "-" "Jetpack/12.1; WordPress/6.1; http://site71787065.com"
103.196.29.240 - - [24/Jul/2026:11:33:33 -0700] "POST /xmlrpc.php HTTP/1.1" 200 852 "-" "Jetpack by WordPress.com"
103.196.29.240 - - [24/Jul/2026:11:33:44 -0700] "POST /xmlrpc.php HTTP/1.1" 406 300 "-" "WordPress.com; https://wordpress.com"
103.196.29.240 - - [24/Jul/2026:11:33:54 -0700] "POST /xmlrpc.php HTTP/1.1" 406 300 "-" "WordPress.com; https://wordpress.com"
192.145.236.177 - - [24/Jul/2026:11:34:06 -0700] "POST /wp-cron.php?doing_wp_cron=1784918046.0698390007019042968750 HTTP/1.1" 200 - "-" "WordPress/6.7.5; https://www.trxnews.today"
103.196.29.240 - - [24/Jul/2026:11:34:05 -0700] "POST /xmlrpc.php HTTP/1.1" 200 852 "-" "Jetpack/12.0; WordPress/6.3; http://site74803214.com"
103.196.29.240 - - [24/Jul/2026:11:34:15 -0700] "POST /xmlrpc.php HTTP/1.1" 406 300 "-" "WordPress.com; https://wordpress.com"
192.145.236.177 - - [24/Jul/2026:11:38:34 -0700] "POST /wp-cron.php?doing_wp_cron=1784918314.5570940971374511718750 HTTP/1.1" 200 - "-" "WordPress/6.7.5; https://www.trxnews.today"
98.159.37.129 - - [24/Jul/2026:11:38:34 -0700] "POST /wp-login.php HTTP/1.1" 200 7523 "-" "Mozilla/5.0 (Linux; Android 10; K) AppleWebKit/537.36 (KHTML, like Gecko) Chrome/123.0.0.0 Mobile Safari/537.36 [ip:94.109.137.21]"
192.145.236.177 - - [24/Jul/2026:11:56:20 -0700] "POST /wp-cron.php?doing_wp_cron=1784919379.9835360050201416015625 HTTP/1.1" 200 - "-" "WordPress/6.7.5; https://www.trxnews.today"
173.239.218.178 - - [24/Jul/2026:11:56:19 -0700] "POST /wp-login.php HTTP/1.1" 200 7523 "-" "firefox|Mozilla/5.0 (Windows; Windows NT 6.2; WOW64; en-US) Gecko/20100101 Firefox/66.3"
192.145.236.177 - - [24/Jul/2026:12:01:38 -0700] "POST /wp-cron.php?doing_wp_cron=1784919698.1267979145050048828125 HTTP/1.1" 200 - "-" "WordPress/6.7.5; https://www.trxnews.today"
223.109.255.161 - - [24/Jul/2026:12:01:37 -0700] "GET /tron-price-fluctuates-with-0-09-usd-on-the-table/ HTTP/1.1" 500 32607 "-" "Sogou web spider/4.0(+http://www.sogou.com/docs/help/webmasters.htm#07)"
121.229.156.29 - - [24/Jul/2026:12:01:39 -0700] "GET /tron-price-fluctuates-with-0-09-usd-on-the-table/ HTTP/1.1" 500 32607 "-" "Sogou web spider/4.0(+http://www.sogou.com/docs/help/webmasters.htm#07)"
192.145.236.177 - - [24/Jul/2026:12:02:17 -0700] "POST /wp-cron.php?doing_wp_cron=1784919737.3799190521240234375000 HTTP/1.1" 200 - "-" "WordPress/6.7.5; https://www.trxnews.today"
34.124.163.183 - - [24/Jul/2026:12:02:17 -0700] "POST /?rest_route=/batch/v1 HTTP/1.1" 200 449 "-" "Mozilla/5.0 (Windows NT 10.0; Win64; x64) AppleWebKit/537.36 (KHTML, like Gecko) Chrome/131.0.0.0 Safari/537.36"
192.145.236.177 - - [24/Jul/2026:12:02:17 -0700] "GET /sample-page/ HTTP/1.1" 200 37352 "-" "WP Rocket/Preload"
