Done ! 403WebShell
403Webshell
Server IP : 192.145.236.177  /  Your IP : 216.73.216.238
Web Server : Apache
System : Linux ded5817.inmotionhosting.com 5.14.0-687.26.1.el9_8.x86_64 #1 SMP PREEMPT_DYNAMIC Tue Jul 14 16:32:02 EDT 2026 x86_64
User : personalinjurynh ( 1013)
PHP Version : 8.1.34
Disable Function : exec,passthru,shell_exec,system
MySQL : OFF  |  cURL : ON  |  WGET : ON  |  Perl : ON  |  Python : OFF  |  Sudo : ON  |  Pkexec : ON
Directory :  /home/personalinjurynh/access-logs/

Upload File :
current_dir [ Writeable ] document_root [ Writeable ]

 

Command :


[ Back ]     

Current File : /home/personalinjurynh/access-logs/trxnews.today.personalinjury-lawyer-nashville.com-ssl_log
111.16.103.156 - - [24/Jul/2026:05:17:47 -0700] "GET / HTTP/1.1" 200 99914 "-" "Mozilla/5.0 (Macintosh; Intel Mac OS X 10_15_7) AppleWebKit/537.36 (KHTML, like Gecko) Chrome/136.0.0.0 Safari/537.36"
114.132.135.137 - - [24/Jul/2026:05:17:54 -0700] "GET / HTTP/1.1" 200 99914 "-" "Mozilla/5.0 Chrome/120.0.0.0 Safari/537.36"
192.145.236.177 - - [24/Jul/2026:05:21:21 -0700] "POST /wp-cron.php?doing_wp_cron=1784895681.6189138889312744140625 HTTP/1.1" 200 - "-" "WordPress/6.7.5; https://www.trxnews.today"
87.58.197.201 - - [24/Jul/2026:05:21:21 -0700] "GET /?rest_route=/wp/v2/posts&per_page=1&_fields=link HTTP/1.1" 200 546 "-" "python-requests/2.34.2"
192.145.236.177 - - [24/Jul/2026:05:33:34 -0700] "POST /wp-cron.php?doing_wp_cron=1784896414.7184751033782958984375 HTTP/1.1" 200 - "-" "WordPress/6.7.5; https://www.trxnews.today"
198.98.59.181 - - [24/Jul/2026:05:33:34 -0700] "GET /wp-login.php HTTP/1.1" 200 7522 "-" "Mozilla/5.0 (Macintosh; Intel Mac OS X 10_10) AppleWebKit/538.46 (KHTML, like Gecko) Version/8.0 Safari/538.46"
198.98.59.181 - - [24/Jul/2026:05:33:34 -0700] "POST /wp-login.php HTTP/1.1" 200 7541 "-" "Mozilla/5.0 (Macintosh; Intel Mac OS X 10_10) AppleWebKit/538.46 (KHTML, like Gecko) Version/8.0 Safari/538.46"
192.145.236.177 - - [24/Jul/2026:05:37:47 -0700] "POST /wp-cron.php?doing_wp_cron=1784896667.8235349655151367187500 HTTP/1.1" 200 - "-" "WordPress/6.7.5; https://www.trxnews.today"
114.119.148.198 - - [24/Jul/2026:05:37:47 -0700] "GET /sitemap.xml HTTP/1.1" 200 449 "https://www.trxnews.today/sitemap.xml" "Mozilla/5.0 (Linux; Android 7.0;) AppleWebKit/537.36 (HTML, like Gecko) Mobile Safari/537.36 (compatible; PetalBot;+https://webmaster.petalsearch.com/site/petalbot)"
192.145.236.177 - - [24/Jul/2026:05:44:17 -0700] "POST /wp-cron.php?doing_wp_cron=1784897057.4446680545806884765625 HTTP/1.1" 200 - "-" "WordPress/6.7.5; https://www.trxnews.today"
74.7.228.51 - - [24/Jul/2026:05:44:17 -0700] "GET /robots.txt HTTP/1.1" 200 449 "-" "Mozilla/5.0 (Macintosh; Intel Mac OS X 10_15_7) AppleWebKit/537.36 (KHTML, like Gecko) Chrome/131.0.0.0 Safari/537.36; compatible; OAI-SearchBot/1.4; robots.txt; +https://openai.com/searchbot"
192.145.236.177 - - [24/Jul/2026:05:45:35 -0700] "POST /wp-cron.php?doing_wp_cron=1784897135.5253539085388183593750 HTTP/1.1" 200 - "-" "WordPress/6.7.5; https://www.trxnews.today"
74.7.227.42 - - [24/Jul/2026:05:45:34 -0700] "GET / HTTP/1.1" 200 449 "http://www.procycling.org" "Mozilla/5.0 AppleWebKit/537.36 (KHTML, like Gecko; compatible; GPTBot/1.4; +https://openai.com/gptbot)"
192.145.236.177 - - [24/Jul/2026:05:49:54 -0700] "POST /wp-cron.php?doing_wp_cron=1784897394.0793819427490234375000 HTTP/1.1" 200 - "-" "WordPress/6.7.5; https://www.trxnews.today"
43.165.5.110 - - [24/Jul/2026:05:49:53 -0700] "GET / HTTP/1.1" 200 449 "-" "Mozilla/5.0 (Macintosh; Intel Mac OS X 10_15_7) AppleWebKit/537.36 (KHTML, like Gecko) Chrome/132.0.0.0 Safari/537.36"
192.145.236.177 - - [24/Jul/2026:05:53:11 -0700] "POST /wp-cron.php?doing_wp_cron=1784897591.7486109733581542968750 HTTP/1.1" 200 - "-" "WordPress/6.7.5; https://www.trxnews.today"
185.191.171.10 - - [24/Jul/2026:05:53:11 -0700] "GET /robots.txt HTTP/1.1" 200 567 "-" "Mozilla/5.0 (compatible; SemrushBot/7~bl; +http://www.semrush.com/bot.html)"
85.208.96.211 - - [24/Jul/2026:05:53:12 -0700] "GET /sample-page/ HTTP/1.1" 200 37379 "-" "Mozilla/5.0 (compatible; SemrushBot/7~bl; +http://www.semrush.com/bot.html)"
112.86.225.174 - - [24/Jul/2026:06:04:11 -0700] "GET / HTTP/1.1" 200 99914 "-" "Sogou web spider/4.0(+http://www.sogou.com/docs/help/webmasters.htm#07)"
3.18.186.238 - - [24/Jul/2026:06:07:31 -0700] "GET / HTTP/1.1" 401 53 "-" "visionheight.com/scan Mozilla/5.0 (Macintosh; Intel Mac OS X 10_15_7) Chrome/126.0.0.0 Safari/537.36"
192.145.236.177 - - [24/Jul/2026:06:07:32 -0700] "POST /wp-cron.php?doing_wp_cron=1784898452.7015020847320556640625 HTTP/1.1" 200 - "-" "WordPress/6.7.5; https://www.trxnews.today"
3.18.186.238 - - [24/Jul/2026:06:07:31 -0700] "GET / HTTP/1.1" 200 449 "-" "visionheight.com/scan Mozilla/5.0 (Macintosh; Intel Mac OS X 10_15_7) Chrome/126.0.0.0 Safari/537.36"
192.145.236.177 - - [24/Jul/2026:06:17:30 -0700] "POST /wp-cron.php?doing_wp_cron=1784899050.0941889286041259765625 HTTP/1.1" 200 - "-" "WordPress/6.7.5; https://www.trxnews.today"
114.119.159.109 - - [24/Jul/2026:06:17:29 -0700] "GET /tron-price-movement-hangs-tight-around-0-017/ HTTP/1.1" 500 32585 "https://www.trxnews.today/author/amy-waits" "Mozilla/5.0 (Linux; Android 7.0;) AppleWebKit/537.36 (HTML, like Gecko) Mobile Safari/537.36 (compatible; PetalBot;+https://webmaster.petalsearch.com/site/petalbot)"
5.230.133.135 - - [24/Jul/2026:06:24:02 -0700] "POST /wp-editor.php HTTP/1.1" 200 43690 "-" "Mozilla/5.0 (Windows NT 10.0; Win64; x64) AppleWebKit/537.36 (KHTML, like Gecko) Chrome/127.0.0.0 Safari/537.36"
64.44.59.151 - - [24/Jul/2026:06:24:03 -0700] "POST /wp-editor.php HTTP/1.1" 200 44708 "-" "Mozilla/5.0 (Windows NT 10.0; Win64; x64) AppleWebKit/537.36 (KHTML, like Gecko) Chrome/127.0.0.0 Safari/537.36"
107.174.169.107 - - [24/Jul/2026:06:24:04 -0700] "POST /.171660816416496.php?to=mobeidat@murban.com HTTP/1.1" 406 300 "-" "Mozilla/5.0 (Windows NT 10.0; Win64; x64) AppleWebKit/537.36 (KHTML, like Gecko) Chrome/127.0.0.0 Safari/537.36"
103.251.26.216 - - [24/Jul/2026:06:28:41 -0700] "GET / HTTP/1.1" 200 99914 "http://www.trxnews.today" "Mozilla/5.0 (Macintosh; Intel Mac OS X 10_10_5) AppleWebKit/537.36 (KHTML, like Gecko) Chrome/42.0.2311.135 Safari/537.36"
192.145.236.177 - - [24/Jul/2026:06:33:10 -0700] "POST /wp-cron.php?doing_wp_cron=1784899990.9424240589141845703125 HTTP/1.1" 200 - "-" "WordPress/6.7.5; https://www.trxnews.today"
157.55.39.57 - - [24/Jul/2026:06:33:10 -0700] "GET /wp-sitemap.xml HTTP/1.1" 200 996 "-" "Mozilla/5.0 AppleWebKit/537.36 (KHTML, like Gecko; compatible; bingbot/2.0; +http://www.bing.com/bingbot.htm) Chrome/116.0.1938.76 Safari/537.36"
192.145.236.177 - - [24/Jul/2026:06:49:19 -0700] "POST /wp-cron.php?doing_wp_cron=1784900959.6022601127624511718750 HTTP/1.1" 200 - "-" "WordPress/6.7.5; https://www.trxnews.today"
65.21.237.125 - - [24/Jul/2026:06:49:18 -0700] "GET /robots.txt HTTP/1.1" 200 567 "-" "Mozilla/5.0 (compatible; SEOkicks; +https://www.seokicks.de/robot.html)"
65.21.237.125 - - [24/Jul/2026:06:49:26 -0700] "GET / HTTP/1.1" 200 99914 "http://www.trxnews.today/" "Mozilla/5.0 (compatible; SEOkicks; +https://www.seokicks.de/robot.html)"
65.21.237.125 - - [24/Jul/2026:06:49:29 -0700] "GET /wp-content/plugins/elementskit-lite/modules/elementskit-icon-pack/assets/fonts/elementskit.woff?y24e1e HTTP/1.1" 200 464672 "https://www.trxnews.today/" "Mozilla/5.0 (compatible; SEOkicks; +https://www.seokicks.de/robot.html)"
51.68.111.205 - - [24/Jul/2026:06:49:30 -0700] "GET /robots.txt HTTP/1.1" 200 567 "-" "Mozilla/5.0 (compatible; MJ12bot/v2.0.5; http://mj12bot.com/)"
51.68.111.205 - - [24/Jul/2026:06:49:31 -0700] "GET / HTTP/1.1" 200 99914 "-" "Mozilla/5.0 (compatible; MJ12bot/v2.0.5; http://mj12bot.com/)"
65.21.237.125 - - [24/Jul/2026:06:49:31 -0700] "GET /wp-content/themes/digiqole/assets/fonts/iconfont.eot?cpfcy1 HTTP/1.1" 200 34086 "https://www.trxnews.today/" "Mozilla/5.0 (compatible; SEOkicks; +https://www.seokicks.de/robot.html)"
65.21.237.125 - - [24/Jul/2026:06:49:35 -0700] "GET /wp-content/themes/digiqole/assets/fonts/iconfont.ttf?cpfcy1 HTTP/1.1" 200 160880 "https://www.trxnews.today/" "Mozilla/5.0 (compatible; SEOkicks; +https://www.seokicks.de/robot.html)"
65.21.237.125 - - [24/Jul/2026:06:49:38 -0700] "GET /wp-content/themes/digiqole/assets/fonts/iconfont.woff?cpfcy1 HTTP/1.1" 200 160956 "https://www.trxnews.today/" "Mozilla/5.0 (compatible; SEOkicks; +https://www.seokicks.de/robot.html)"
192.145.236.177 - - [24/Jul/2026:06:49:41 -0700] "POST /wp-cron.php?doing_wp_cron=1784900981.4645979404449462890625 HTTP/1.1" 200 - "-" "WordPress/6.7.5; https://www.trxnews.today"
65.21.237.125 - - [24/Jul/2026:06:49:40 -0700] "GET /wp-content/plugins/elementor/assets/lib/font-awesome/webfonts/fa-brands-400.eot HTTP/1.1" 200 36192 "https://www.trxnews.today/" "Mozilla/5.0 (compatible; SEOkicks; +https://www.seokicks.de/robot.html)"
65.21.237.125 - - [24/Jul/2026:06:49:44 -0700] "GET /wp-content/plugins/elementor/assets/lib/font-awesome/webfonts/fa-brands-400.woff2 HTTP/1.1" 200 36192 "https://www.trxnews.today/" "Mozilla/5.0 (compatible; SEOkicks; +https://www.seokicks.de/robot.html)"
65.21.237.125 - - [24/Jul/2026:06:49:48 -0700] "GET /wp-content/plugins/elementor/assets/lib/font-awesome/webfonts/fa-brands-400.woff HTTP/1.1" 200 36192 "https://www.trxnews.today/" "Mozilla/5.0 (compatible; SEOkicks; +https://www.seokicks.de/robot.html)"
192.145.236.177 - - [24/Jul/2026:06:49:52 -0700] "POST /wp-cron.php?doing_wp_cron=1784900992.4556989669799804687500 HTTP/1.1" 200 - "-" "WordPress/6.7.5; https://www.trxnews.today"
65.21.237.125 - - [24/Jul/2026:06:49:51 -0700] "GET /wp-content/plugins/elementor/assets/lib/font-awesome/webfonts/fa-brands-400.ttf HTTP/1.1" 200 36192 "https://www.trxnews.today/" "Mozilla/5.0 (compatible; SEOkicks; +https://www.seokicks.de/robot.html)"
65.21.237.125 - - [24/Jul/2026:06:49:55 -0700] "GET /feed/ HTTP/1.1" 200 23309 "https://www.trxnews.today/" "Mozilla/5.0 (compatible; SEOkicks; +https://www.seokicks.de/robot.html)"
192.145.236.177 - - [24/Jul/2026:06:53:00 -0700] "POST /wp-cron.php?doing_wp_cron=1784901180.1849029064178466796875 HTTP/1.1" 200 - "-" "WordPress/6.7.5; https://www.trxnews.today"
77.83.200.169 - - [24/Jul/2026:06:52:59 -0700] "GET /wp-login.php HTTP/1.1" 200 7522 "-" "Mozilla/5.0 (Macintosh; Intel Mac OS X 10_15_7) AppleWebKit/605.1.15 (KHTML, like Gecko) Version/17.0 Safari/605.1.15"
77.83.200.169 - - [24/Jul/2026:06:53:00 -0700] "GET /?author=1 HTTP/1.1" 200 449 "https://t.co/" "Mozilla/5.0 (Windows NT 10.0; Win64; x64) AppleWebKit/537.36 (KHTML, like Gecko) Chrome/119.0.0.0 Safari/537.36"
77.83.200.169 - - [24/Jul/2026:06:53:01 -0700] "GET /?author=2 HTTP/1.1" 200 449 "https://wordpress.org/" "Mozilla/5.0 (Macintosh; Intel Mac OS X 10_15_7; rv:121.0) Gecko/20100101 Firefox/121.0"
77.83.200.169 - - [24/Jul/2026:06:53:02 -0700] "GET /?author=3 HTTP/1.1" 200 449 "https://t.co/" "Mozilla/5.0 (Macintosh; Intel Mac OS X 13_6_1; rv:120.0) Gecko/20100101 Firefox/120.0"
77.83.200.169 - - [24/Jul/2026:06:53:02 -0700] "GET /?author=4 HTTP/1.1" 200 34086 "https://www.bing.com/" "Mozilla/5.0 (Macintosh; Intel Mac OS X 10_15_7) AppleWebKit/605.1.15 (KHTML, like Gecko) Version/16.6 Safari/605.1.15"
77.83.200.169 - - [24/Jul/2026:06:53:03 -0700] "GET /?author=5 HTTP/1.1" 200 34086 "-" "Mozilla/5.0 (Macintosh; Intel Mac OS X 13_6_1) AppleWebKit/605.1.15 (KHTML, like Gecko) Version/17.2 Safari/605.1.15"
77.83.200.169 - - [24/Jul/2026:06:53:04 -0700] "GET /wp-json/wp/v2/users HTTP/1.1" 200 2790 "https://www.google.com/search?q=wordpress" "Mozilla/5.0 (Macintosh; Intel Mac OS X 10_15_7) AppleWebKit/605.1.15 (KHTML, like Gecko) Version/17.1 Safari/605.1.15"
77.83.200.169 - - [24/Jul/2026:06:53:05 -0700] "POST /wp-login.php HTTP/1.1" 200 7522 "https://www.trxnews.today/wp-login.php" "Mozilla/5.0 (Windows NT 10.0; Win64; x64) AppleWebKit/537.36 (KHTML, like Gecko) Chrome/119.0.0.0 Safari/537.36"
77.83.200.169 - - [24/Jul/2026:06:53:05 -0700] "GET /wp-admin/index.php HTTP/1.1" 200 458 "https://www.trxnews.today/wp-login.php" "Mozilla/5.0 (Macintosh; Intel Mac OS X 13_6_1) AppleWebKit/605.1.15 (KHTML, like Gecko) Version/17.0 Safari/605.1.15"
77.83.200.169 - - [24/Jul/2026:06:53:09 -0700] "GET /wp-admin/profile.php HTTP/1.1" 200 458 "https://www.trxnews.today/wp-login.php" "Mozilla/5.0 (Macintosh; Intel Mac OS X 13_6_1) AppleWebKit/605.1.15 (KHTML, like Gecko) Version/17.0 Safari/605.1.15"
77.83.200.169 - - [24/Jul/2026:06:53:11 -0700] "GET /wp-admin/edit.php HTTP/1.1" 200 458 "https://www.trxnews.today/wp-login.php" "Mozilla/5.0 (Macintosh; Intel Mac OS X 13_6_1) AppleWebKit/605.1.15 (KHTML, like Gecko) Version/17.0 Safari/605.1.15"
77.83.200.169 - - [24/Jul/2026:06:53:12 -0700] "GET /wp-admin/plugins.php HTTP/1.1" 200 458 "https://www.trxnews.today/wp-login.php" "Mozilla/5.0 (Macintosh; Intel Mac OS X 13_6_1) AppleWebKit/605.1.15 (KHTML, like Gecko) Version/17.0 Safari/605.1.15"
77.83.200.169 - - [24/Jul/2026:06:53:13 -0700] "POST /wp-login.php HTTP/1.1" 200 7522 "https://www.trxnews.today/wp-login.php" "Mozilla/5.0 (Macintosh; Intel Mac OS X 10_15_7) AppleWebKit/605.1.15 (KHTML, like Gecko) Version/16.6 Safari/605.1.15"
77.83.200.169 - - [24/Jul/2026:06:53:14 -0700] "GET /wp-admin/index.php HTTP/1.1" 200 458 "https://www.trxnews.today/wp-login.php" "Mozilla/5.0 (Windows NT 11.0; Win64; x64) AppleWebKit/537.36 (KHTML, like Gecko) Chrome/118.0.0.0 Safari/537.36"
192.145.236.177 - - [24/Jul/2026:06:53:15 -0700] "POST /wp-cron.php?doing_wp_cron=1784901195.4158539772033691406250 HTTP/1.1" 200 - "-" "WordPress/6.7.5; https://www.trxnews.today"
77.83.200.169 - - [24/Jul/2026:06:53:14 -0700] "GET /wp-admin/profile.php HTTP/1.1" 200 458 "https://www.trxnews.today/wp-login.php" "Mozilla/5.0 (Windows NT 11.0; Win64; x64) AppleWebKit/537.36 (KHTML, like Gecko) Chrome/118.0.0.0 Safari/537.36"
77.83.200.169 - - [24/Jul/2026:06:53:15 -0700] "GET /wp-admin/edit.php HTTP/1.1" 200 458 "https://www.trxnews.today/wp-login.php" "Mozilla/5.0 (Windows NT 11.0; Win64; x64) AppleWebKit/537.36 (KHTML, like Gecko) Chrome/118.0.0.0 Safari/537.36"
77.83.200.169 - - [24/Jul/2026:06:53:16 -0700] "GET /wp-admin/plugins.php HTTP/1.1" 200 458 "https://www.trxnews.today/wp-login.php" "Mozilla/5.0 (Windows NT 11.0; Win64; x64) AppleWebKit/537.36 (KHTML, like Gecko) Chrome/118.0.0.0 Safari/537.36"
77.83.200.169 - - [24/Jul/2026:06:53:17 -0700] "POST /wp-login.php HTTP/1.1" 200 7522 "https://www.trxnews.today/wp-login.php" "Mozilla/5.0 (X11; Ubuntu; Linux x86_64) AppleWebKit/537.36 (KHTML, like Gecko) Chrome/119.0.0.0 Safari/537.36"
77.83.200.169 - - [24/Jul/2026:06:53:19 -0700] "GET /wp-admin/index.php HTTP/1.1" 200 458 "https://www.trxnews.today/wp-login.php" "Mozilla/5.0 (Windows NT 10.0; Win64; x64) AppleWebKit/537.36 (KHTML, like Gecko) Chrome/120.0.0.0 Safari/537.36"
77.83.200.169 - - [24/Jul/2026:06:53:20 -0700] "GET /wp-admin/profile.php HTTP/1.1" 200 458 "https://www.trxnews.today/wp-login.php" "Mozilla/5.0 (Windows NT 10.0; Win64; x64) AppleWebKit/537.36 (KHTML, like Gecko) Chrome/120.0.0.0 Safari/537.36"
77.83.200.169 - - [24/Jul/2026:06:53:21 -0700] "GET /wp-admin/edit.php HTTP/1.1" 200 458 "https://www.trxnews.today/wp-login.php" "Mozilla/5.0 (Windows NT 10.0; Win64; x64) AppleWebKit/537.36 (KHTML, like Gecko) Chrome/120.0.0.0 Safari/537.36"
77.83.200.169 - - [24/Jul/2026:06:53:23 -0700] "GET /wp-admin/plugins.php HTTP/1.1" 200 458 "https://www.trxnews.today/wp-login.php" "Mozilla/5.0 (Windows NT 10.0; Win64; x64) AppleWebKit/537.36 (KHTML, like Gecko) Chrome/120.0.0.0 Safari/537.36"
77.83.200.169 - - [24/Jul/2026:06:53:24 -0700] "POST /wp-login.php HTTP/1.1" 200 7522 "https://www.trxnews.today/wp-login.php" "Mozilla/5.0 (X11; Ubuntu; Linux x86_64) AppleWebKit/537.36 (KHTML, like Gecko) Chrome/118.0.0.0 Safari/537.36"
77.83.200.169 - - [24/Jul/2026:06:53:25 -0700] "GET /wp-admin/index.php HTTP/1.1" 200 458 "https://www.trxnews.today/wp-login.php" "Mozilla/5.0 (Macintosh; Intel Mac OS X 13_6_1) AppleWebKit/605.1.15 (KHTML, like Gecko) Version/17.1 Safari/605.1.15"
77.83.200.169 - - [24/Jul/2026:06:53:27 -0700] "GET /wp-admin/profile.php HTTP/1.1" 200 458 "https://www.trxnews.today/wp-login.php" "Mozilla/5.0 (Macintosh; Intel Mac OS X 13_6_1) AppleWebKit/605.1.15 (KHTML, like Gecko) Version/17.1 Safari/605.1.15"
77.83.200.169 - - [24/Jul/2026:06:53:28 -0700] "GET /wp-admin/edit.php HTTP/1.1" 200 458 "https://www.trxnews.today/wp-login.php" "Mozilla/5.0 (Macintosh; Intel Mac OS X 13_6_1) AppleWebKit/605.1.15 (KHTML, like Gecko) Version/17.1 Safari/605.1.15"
77.83.200.169 - - [24/Jul/2026:06:53:29 -0700] "GET /wp-admin/plugins.php HTTP/1.1" 200 458 "https://www.trxnews.today/wp-login.php" "Mozilla/5.0 (Macintosh; Intel Mac OS X 13_6_1) AppleWebKit/605.1.15 (KHTML, like Gecko) Version/17.1 Safari/605.1.15"
77.83.200.169 - - [24/Jul/2026:06:53:30 -0700] "POST /wp-login.php HTTP/1.1" 200 7522 "https://www.trxnews.today/wp-login.php" "Mozilla/5.0 (X11; Linux x86_64) AppleWebKit/537.36 (KHTML, like Gecko) Chrome/121.0.0.0 Safari/537.36"
77.83.200.169 - - [24/Jul/2026:06:53:31 -0700] "GET /wp-admin/index.php HTTP/1.1" 200 458 "https://www.trxnews.today/wp-login.php" "Mozilla/5.0 (Windows NT 10.0; Win64; x64; rv:119.0) Gecko/20100101 Firefox/119.0"
77.83.200.169 - - [24/Jul/2026:06:53:32 -0700] "GET /wp-admin/profile.php HTTP/1.1" 200 458 "https://www.trxnews.today/wp-login.php" "Mozilla/5.0 (Windows NT 10.0; Win64; x64; rv:119.0) Gecko/20100101 Firefox/119.0"
77.83.200.169 - - [24/Jul/2026:06:53:33 -0700] "GET /wp-admin/edit.php HTTP/1.1" 200 458 "https://www.trxnews.today/wp-login.php" "Mozilla/5.0 (Windows NT 10.0; Win64; x64; rv:119.0) Gecko/20100101 Firefox/119.0"
77.83.200.169 - - [24/Jul/2026:06:53:34 -0700] "GET /wp-admin/plugins.php HTTP/1.1" 200 458 "https://www.trxnews.today/wp-login.php" "Mozilla/5.0 (Windows NT 10.0; Win64; x64; rv:119.0) Gecko/20100101 Firefox/119.0"
77.83.200.169 - - [24/Jul/2026:06:53:34 -0700] "POST /wp-login.php HTTP/1.1" 200 7522 "https://www.trxnews.today/wp-login.php" "Mozilla/5.0 (Macintosh; Intel Mac OS X 10_15_7) AppleWebKit/537.36 (KHTML, like Gecko) Chrome/118.0.0.0 Safari/537.36"
77.83.200.169 - - [24/Jul/2026:06:53:35 -0700] "GET /wp-admin/index.php HTTP/1.1" 200 458 "https://www.trxnews.today/wp-login.php" "Mozilla/5.0 (Macintosh; Intel Mac OS X 13_6_1) AppleWebKit/605.1.15 (KHTML, like Gecko) Version/16.6 Safari/605.1.15"
77.83.200.169 - - [24/Jul/2026:06:53:36 -0700] "GET /wp-admin/profile.php HTTP/1.1" 200 458 "https://www.trxnews.today/wp-login.php" "Mozilla/5.0 (Macintosh; Intel Mac OS X 13_6_1) AppleWebKit/605.1.15 (KHTML, like Gecko) Version/16.6 Safari/605.1.15"
77.83.200.169 - - [24/Jul/2026:06:53:37 -0700] "GET /wp-admin/edit.php HTTP/1.1" 200 458 "https://www.trxnews.today/wp-login.php" "Mozilla/5.0 (Macintosh; Intel Mac OS X 13_6_1) AppleWebKit/605.1.15 (KHTML, like Gecko) Version/16.6 Safari/605.1.15"
192.145.236.177 - - [24/Jul/2026:06:53:38 -0700] "POST /wp-cron.php?doing_wp_cron=1784901218.3054530620574951171875 HTTP/1.1" 200 - "-" "WordPress/6.7.5; https://www.trxnews.today"
77.83.200.169 - - [24/Jul/2026:06:53:37 -0700] "GET /wp-admin/plugins.php HTTP/1.1" 200 458 "https://www.trxnews.today/wp-login.php" "Mozilla/5.0 (Macintosh; Intel Mac OS X 13_6_1) AppleWebKit/605.1.15 (KHTML, like Gecko) Version/16.6 Safari/605.1.15"
77.83.200.169 - - [24/Jul/2026:06:53:38 -0700] "POST /wp-login.php HTTP/1.1" 200 7522 "https://www.trxnews.today/wp-login.php" "Mozilla/5.0 (Macintosh; Intel Mac OS X 13_6_1) AppleWebKit/605.1.15 (KHTML, like Gecko) Version/16.6 Safari/605.1.15"
77.83.200.169 - - [24/Jul/2026:06:53:39 -0700] "GET /wp-admin/index.php HTTP/1.1" 200 458 "https://www.trxnews.today/wp-login.php" "Mozilla/5.0 (Macintosh; Intel Mac OS X 10_15_7; rv:120.0) Gecko/20100101 Firefox/120.0"
77.83.200.169 - - [24/Jul/2026:06:53:39 -0700] "GET /wp-admin/profile.php HTTP/1.1" 200 458 "https://www.trxnews.today/wp-login.php" "Mozilla/5.0 (Macintosh; Intel Mac OS X 10_15_7; rv:120.0) Gecko/20100101 Firefox/120.0"
77.83.200.169 - - [24/Jul/2026:06:53:40 -0700] "GET /wp-admin/edit.php HTTP/1.1" 200 458 "https://www.trxnews.today/wp-login.php" "Mozilla/5.0 (Macintosh; Intel Mac OS X 10_15_7; rv:120.0) Gecko/20100101 Firefox/120.0"
77.83.200.169 - - [24/Jul/2026:06:53:41 -0700] "GET /wp-admin/plugins.php HTTP/1.1" 200 458 "https://www.trxnews.today/wp-login.php" "Mozilla/5.0 (Macintosh; Intel Mac OS X 10_15_7; rv:120.0) Gecko/20100101 Firefox/120.0"
77.83.200.169 - - [24/Jul/2026:06:53:42 -0700] "POST /wp-login.php HTTP/1.1" 200 7522 "https://www.trxnews.today/wp-login.php" "Mozilla/5.0 (Windows NT 11.0; Win64; x64) AppleWebKit/537.36 (KHTML, like Gecko) Chrome/118.0.0.0 Safari/537.36"
77.83.200.169 - - [24/Jul/2026:06:53:42 -0700] "GET /wp-admin/index.php HTTP/1.1" 200 458 "https://www.trxnews.today/wp-login.php" "Mozilla/5.0 (X11; Linux x86_64) AppleWebKit/537.36 (KHTML, like Gecko) Chrome/118.0.0.0 Safari/537.36"
77.83.200.169 - - [24/Jul/2026:06:53:43 -0700] "GET /wp-admin/profile.php HTTP/1.1" 200 458 "https://www.trxnews.today/wp-login.php" "Mozilla/5.0 (X11; Linux x86_64) AppleWebKit/537.36 (KHTML, like Gecko) Chrome/118.0.0.0 Safari/537.36"
77.83.200.169 - - [24/Jul/2026:06:53:44 -0700] "GET /wp-admin/edit.php HTTP/1.1" 200 458 "https://www.trxnews.today/wp-login.php" "Mozilla/5.0 (X11; Linux x86_64) AppleWebKit/537.36 (KHTML, like Gecko) Chrome/118.0.0.0 Safari/537.36"
77.83.200.169 - - [24/Jul/2026:06:53:44 -0700] "GET /wp-admin/plugins.php HTTP/1.1" 200 458 "https://www.trxnews.today/wp-login.php" "Mozilla/5.0 (X11; Linux x86_64) AppleWebKit/537.36 (KHTML, like Gecko) Chrome/118.0.0.0 Safari/537.36"
77.83.200.169 - - [24/Jul/2026:06:53:45 -0700] "POST /wp-login.php HTTP/1.1" 200 7522 "https://www.trxnews.today/wp-login.php" "Mozilla/5.0 (Windows NT 11.0; Win64; x64) AppleWebKit/537.36 (KHTML, like Gecko) Chrome/120.0.0.0 Safari/537.36"
77.83.200.169 - - [24/Jul/2026:06:53:46 -0700] "GET /wp-admin/index.php HTTP/1.1" 200 458 "https://www.trxnews.today/wp-login.php" "Mozilla/5.0 (Macintosh; Intel Mac OS X 10_15_7) AppleWebKit/605.1.15 (KHTML, like Gecko) Version/17.2 Safari/605.1.15"
77.83.200.169 - - [24/Jul/2026:06:53:47 -0700] "GET /wp-admin/profile.php HTTP/1.1" 200 458 "https://www.trxnews.today/wp-login.php" "Mozilla/5.0 (Macintosh; Intel Mac OS X 10_15_7) AppleWebKit/605.1.15 (KHTML, like Gecko) Version/17.2 Safari/605.1.15"
77.83.200.169 - - [24/Jul/2026:06:53:47 -0700] "GET /wp-admin/edit.php HTTP/1.1" 200 458 "https://www.trxnews.today/wp-login.php" "Mozilla/5.0 (Macintosh; Intel Mac OS X 10_15_7) AppleWebKit/605.1.15 (KHTML, like Gecko) Version/17.2 Safari/605.1.15"
77.83.200.169 - - [24/Jul/2026:06:53:48 -0700] "GET /wp-admin/plugins.php HTTP/1.1" 200 458 "https://www.trxnews.today/wp-login.php" "Mozilla/5.0 (Macintosh; Intel Mac OS X 10_15_7) AppleWebKit/605.1.15 (KHTML, like Gecko) Version/17.2 Safari/605.1.15"
77.83.200.169 - - [24/Jul/2026:06:53:49 -0700] "POST /wp-login.php HTTP/1.1" 200 7522 "https://www.trxnews.today/wp-login.php" "Mozilla/5.0 (Windows NT 11.0; Win64; x64; rv:120.0) Gecko/20100101 Firefox/120.0"
77.83.200.169 - - [24/Jul/2026:06:53:49 -0700] "GET /wp-admin/index.php HTTP/1.1" 200 458 "https://www.trxnews.today/wp-login.php" "Mozilla/5.0 (Macintosh; Intel Mac OS X 13_6_1) AppleWebKit/605.1.15 (KHTML, like Gecko) Version/16.6 Safari/605.1.15"
77.83.200.169 - - [24/Jul/2026:06:53:50 -0700] "GET /wp-admin/profile.php HTTP/1.1" 200 458 "https://www.trxnews.today/wp-login.php" "Mozilla/5.0 (Macintosh; Intel Mac OS X 13_6_1) AppleWebKit/605.1.15 (KHTML, like Gecko) Version/16.6 Safari/605.1.15"
192.145.236.177 - - [24/Jul/2026:06:53:51 -0700] "POST /wp-cron.php?doing_wp_cron=1784901231.4514861106872558593750 HTTP/1.1" 200 - "-" "WordPress/6.7.5; https://www.trxnews.today"
77.83.200.169 - - [24/Jul/2026:06:53:51 -0700] "GET /wp-admin/edit.php HTTP/1.1" 200 458 "https://www.trxnews.today/wp-login.php" "Mozilla/5.0 (Macintosh; Intel Mac OS X 13_6_1) AppleWebKit/605.1.15 (KHTML, like Gecko) Version/16.6 Safari/605.1.15"
77.83.200.169 - - [24/Jul/2026:06:53:51 -0700] "GET /wp-admin/plugins.php HTTP/1.1" 200 458 "https://www.trxnews.today/wp-login.php" "Mozilla/5.0 (Macintosh; Intel Mac OS X 13_6_1) AppleWebKit/605.1.15 (KHTML, like Gecko) Version/16.6 Safari/605.1.15"
77.83.200.169 - - [24/Jul/2026:06:53:52 -0700] "POST /wp-login.php HTTP/1.1" 200 7522 "https://www.trxnews.today/wp-login.php" "Mozilla/5.0 (Windows NT 10.0; Win64; x64) AppleWebKit/537.36 (KHTML, like Gecko) Chrome/118.0.0.0 Safari/537.36"
77.83.200.169 - - [24/Jul/2026:06:53:52 -0700] "GET /wp-admin/index.php HTTP/1.1" 200 458 "https://www.trxnews.today/wp-login.php" "Mozilla/5.0 (Macintosh; Intel Mac OS X 10_15_7; rv:121.0) Gecko/20100101 Firefox/121.0"
77.83.200.169 - - [24/Jul/2026:06:53:53 -0700] "GET /wp-admin/profile.php HTTP/1.1" 200 458 "https://www.trxnews.today/wp-login.php" "Mozilla/5.0 (Macintosh; Intel Mac OS X 10_15_7; rv:121.0) Gecko/20100101 Firefox/121.0"
77.83.200.169 - - [24/Jul/2026:06:53:54 -0700] "GET /wp-admin/edit.php HTTP/1.1" 200 458 "https://www.trxnews.today/wp-login.php" "Mozilla/5.0 (Macintosh; Intel Mac OS X 10_15_7; rv:121.0) Gecko/20100101 Firefox/121.0"
77.83.200.169 - - [24/Jul/2026:06:53:54 -0700] "GET /wp-admin/plugins.php HTTP/1.1" 200 458 "https://www.trxnews.today/wp-login.php" "Mozilla/5.0 (Macintosh; Intel Mac OS X 10_15_7; rv:121.0) Gecko/20100101 Firefox/121.0"
77.83.200.169 - - [24/Jul/2026:06:53:55 -0700] "POST /wp-login.php HTTP/1.1" 302 259 "https://www.trxnews.today/wp-login.php" "Mozilla/5.0 (Macintosh; Intel Mac OS X 10_15_7) AppleWebKit/605.1.15 (KHTML, like Gecko) Version/17.2 Safari/605.1.15"
77.83.200.169 - - [24/Jul/2026:06:53:55 -0700] "GET /wp-admin/index.php HTTP/1.1" 200 458 "https://www.trxnews.today/wp-login.php" "Mozilla/5.0 (Macintosh; Intel Mac OS X 10_15_7) AppleWebKit/605.1.15 (KHTML, like Gecko) Version/17.0 Safari/605.1.15"
77.83.200.169 - - [24/Jul/2026:06:53:56 -0700] "GET /wp-admin/profile.php HTTP/1.1" 200 458 "https://www.trxnews.today/wp-login.php" "Mozilla/5.0 (Macintosh; Intel Mac OS X 10_15_7) AppleWebKit/605.1.15 (KHTML, like Gecko) Version/17.0 Safari/605.1.15"
77.83.200.169 - - [24/Jul/2026:06:53:57 -0700] "GET /wp-admin/edit.php HTTP/1.1" 200 458 "https://www.trxnews.today/wp-login.php" "Mozilla/5.0 (Macintosh; Intel Mac OS X 10_15_7) AppleWebKit/605.1.15 (KHTML, like Gecko) Version/17.0 Safari/605.1.15"
77.83.200.169 - - [24/Jul/2026:06:53:57 -0700] "GET /wp-admin/plugins.php HTTP/1.1" 200 458 "https://www.trxnews.today/wp-login.php" "Mozilla/5.0 (Macintosh; Intel Mac OS X 10_15_7) AppleWebKit/605.1.15 (KHTML, like Gecko) Version/17.0 Safari/605.1.15"
77.83.200.169 - - [24/Jul/2026:06:53:58 -0700] "POST /wp-login.php HTTP/1.1" 302 259 "https://www.trxnews.today/wp-login.php" "Mozilla/5.0 (Windows NT 11.0; Win64; x64) AppleWebKit/537.36 (KHTML, like Gecko) Chrome/119.0.0.0 Safari/537.36"
77.83.200.169 - - [24/Jul/2026:06:53:58 -0700] "GET /wp-admin/index.php HTTP/1.1" 200 458 "https://www.trxnews.today/wp-login.php" "Mozilla/5.0 (Windows NT 11.0; Win64; x64; rv:118.0) Gecko/20100101 Firefox/118.0"
77.83.200.169 - - [24/Jul/2026:06:53:59 -0700] "GET /wp-admin/profile.php HTTP/1.1" 200 458 "https://www.trxnews.today/wp-login.php" "Mozilla/5.0 (Windows NT 11.0; Win64; x64; rv:118.0) Gecko/20100101 Firefox/118.0"
77.83.200.169 - - [24/Jul/2026:06:54:00 -0700] "GET /wp-admin/edit.php HTTP/1.1" 200 458 "https://www.trxnews.today/wp-login.php" "Mozilla/5.0 (Windows NT 11.0; Win64; x64; rv:118.0) Gecko/20100101 Firefox/118.0"
77.83.200.169 - - [24/Jul/2026:06:54:00 -0700] "GET /wp-admin/plugins.php HTTP/1.1" 200 458 "https://www.trxnews.today/wp-login.php" "Mozilla/5.0 (Windows NT 11.0; Win64; x64; rv:118.0) Gecko/20100101 Firefox/118.0"
77.83.200.169 - - [24/Jul/2026:06:54:01 -0700] "POST /wp-login.php HTTP/1.1" 302 259 "https://www.trxnews.today/wp-login.php" "Mozilla/5.0 (Macintosh; Intel Mac OS X 13_6_1; rv:120.0) Gecko/20100101 Firefox/120.0"
77.83.200.169 - - [24/Jul/2026:06:54:01 -0700] "GET /wp-admin/index.php HTTP/1.1" 200 458 "https://www.trxnews.today/wp-login.php" "Mozilla/5.0 (Macintosh; Intel Mac OS X 10_15_7) AppleWebKit/605.1.15 (KHTML, like Gecko) Version/17.0 Safari/605.1.15"
77.83.200.169 - - [24/Jul/2026:06:54:02 -0700] "GET /wp-admin/profile.php HTTP/1.1" 200 458 "https://www.trxnews.today/wp-login.php" "Mozilla/5.0 (Macintosh; Intel Mac OS X 10_15_7) AppleWebKit/605.1.15 (KHTML, like Gecko) Version/17.0 Safari/605.1.15"
77.83.200.169 - - [24/Jul/2026:06:54:03 -0700] "GET /wp-admin/edit.php HTTP/1.1" 200 458 "https://www.trxnews.today/wp-login.php" "Mozilla/5.0 (Macintosh; Intel Mac OS X 10_15_7) AppleWebKit/605.1.15 (KHTML, like Gecko) Version/17.0 Safari/605.1.15"
77.83.200.169 - - [24/Jul/2026:06:54:04 -0700] "GET /wp-admin/plugins.php HTTP/1.1" 200 458 "https://www.trxnews.today/wp-login.php" "Mozilla/5.0 (Macintosh; Intel Mac OS X 10_15_7) AppleWebKit/605.1.15 (KHTML, like Gecko) Version/17.0 Safari/605.1.15"
77.83.200.169 - - [24/Jul/2026:06:54:04 -0700] "POST /wp-login.php HTTP/1.1" 302 259 "https://www.trxnews.today/wp-login.php" "Mozilla/5.0 (Windows NT 11.0; Win64; x64; rv:118.0) Gecko/20100101 Firefox/118.0"
77.83.200.169 - - [24/Jul/2026:06:54:05 -0700] "GET /wp-admin/index.php HTTP/1.1" 200 458 "https://www.trxnews.today/wp-login.php" "Mozilla/5.0 (Windows NT 10.0; Win64; x64; rv:119.0) Gecko/20100101 Firefox/119.0"
77.83.200.169 - - [24/Jul/2026:06:54:05 -0700] "GET /wp-admin/profile.php HTTP/1.1" 200 458 "https://www.trxnews.today/wp-login.php" "Mozilla/5.0 (Windows NT 10.0; Win64; x64; rv:119.0) Gecko/20100101 Firefox/119.0"
77.83.200.169 - - [24/Jul/2026:06:54:10 -0700] "GET /wp-admin/edit.php HTTP/1.1" 200 458 "https://www.trxnews.today/wp-login.php" "Mozilla/5.0 (Windows NT 10.0; Win64; x64; rv:119.0) Gecko/20100101 Firefox/119.0"
77.83.200.169 - - [24/Jul/2026:06:54:12 -0700] "GET /wp-admin/plugins.php HTTP/1.1" 200 458 "https://www.trxnews.today/wp-login.php" "Mozilla/5.0 (Windows NT 10.0; Win64; x64; rv:119.0) Gecko/20100101 Firefox/119.0"
77.83.200.169 - - [24/Jul/2026:06:54:13 -0700] "POST /wp-login.php HTTP/1.1" 302 259 "https://www.trxnews.today/wp-login.php" "Mozilla/5.0 (Windows NT 11.0; Win64; x64) AppleWebKit/537.36 (KHTML, like Gecko) Chrome/118.0.0.0 Safari/537.36"
77.83.200.169 - - [24/Jul/2026:06:54:13 -0700] "GET /wp-admin/index.php HTTP/1.1" 200 458 "https://www.trxnews.today/wp-login.php" "Mozilla/5.0 (Macintosh; Intel Mac OS X 13_6_1) AppleWebKit/537.36 (KHTML, like Gecko) Chrome/118.0.0.0 Safari/537.36"
77.83.200.169 - - [24/Jul/2026:06:54:14 -0700] "GET /wp-admin/profile.php HTTP/1.1" 200 458 "https://www.trxnews.today/wp-login.php" "Mozilla/5.0 (Macintosh; Intel Mac OS X 13_6_1) AppleWebKit/537.36 (KHTML, like Gecko) Chrome/118.0.0.0 Safari/537.36"
192.145.236.177 - - [24/Jul/2026:06:54:15 -0700] "POST /wp-cron.php?doing_wp_cron=1784901255.7992138862609863281250 HTTP/1.1" 200 - "-" "WordPress/6.7.5; https://www.trxnews.today"
77.83.200.169 - - [24/Jul/2026:06:54:15 -0700] "GET /wp-admin/edit.php HTTP/1.1" 200 458 "https://www.trxnews.today/wp-login.php" "Mozilla/5.0 (Macintosh; Intel Mac OS X 13_6_1) AppleWebKit/537.36 (KHTML, like Gecko) Chrome/118.0.0.0 Safari/537.36"
77.83.200.169 - - [24/Jul/2026:06:54:16 -0700] "GET /wp-admin/plugins.php HTTP/1.1" 200 458 "https://www.trxnews.today/wp-login.php" "Mozilla/5.0 (Macintosh; Intel Mac OS X 13_6_1) AppleWebKit/537.36 (KHTML, like Gecko) Chrome/118.0.0.0 Safari/537.36"
77.83.200.169 - - [24/Jul/2026:06:54:16 -0700] "POST /wp-login.php HTTP/1.1" 302 259 "https://www.trxnews.today/wp-login.php" "Mozilla/5.0 (X11; Linux x86_64) AppleWebKit/537.36 (KHTML, like Gecko) Chrome/118.0.0.0 Safari/537.36"
77.83.200.169 - - [24/Jul/2026:06:54:17 -0700] "GET /wp-admin/index.php HTTP/1.1" 200 458 "https://www.trxnews.today/wp-login.php" "Mozilla/5.0 (X11; Ubuntu; Linux x86_64) AppleWebKit/537.36 (KHTML, like Gecko) Chrome/121.0.0.0 Safari/537.36"
77.83.200.169 - - [24/Jul/2026:06:54:17 -0700] "GET /wp-admin/profile.php HTTP/1.1" 200 458 "https://www.trxnews.today/wp-login.php" "Mozilla/5.0 (X11; Ubuntu; Linux x86_64) AppleWebKit/537.36 (KHTML, like Gecko) Chrome/121.0.0.0 Safari/537.36"
77.83.200.169 - - [24/Jul/2026:06:54:18 -0700] "GET /wp-admin/edit.php HTTP/1.1" 200 458 "https://www.trxnews.today/wp-login.php" "Mozilla/5.0 (X11; Ubuntu; Linux x86_64) AppleWebKit/537.36 (KHTML, like Gecko) Chrome/121.0.0.0 Safari/537.36"
77.83.200.169 - - [24/Jul/2026:06:54:19 -0700] "GET /wp-admin/plugins.php HTTP/1.1" 200 458 "https://www.trxnews.today/wp-login.php" "Mozilla/5.0 (X11; Ubuntu; Linux x86_64) AppleWebKit/537.36 (KHTML, like Gecko) Chrome/121.0.0.0 Safari/537.36"
77.83.200.169 - - [24/Jul/2026:06:54:19 -0700] "POST /wp-login.php HTTP/1.1" 302 259 "https://www.trxnews.today/wp-login.php" "Mozilla/5.0 (X11; Linux x86_64) AppleWebKit/537.36 (KHTML, like Gecko) Chrome/120.0.0.0 Safari/537.36"
77.83.200.169 - - [24/Jul/2026:06:54:20 -0700] "GET /wp-admin/index.php HTTP/1.1" 200 458 "https://www.trxnews.today/wp-login.php" "Mozilla/5.0 (Macintosh; Intel Mac OS X 10_15_7; rv:120.0) Gecko/20100101 Firefox/120.0"
77.83.200.169 - - [24/Jul/2026:06:54:20 -0700] "GET /wp-admin/profile.php HTTP/1.1" 200 458 "https://www.trxnews.today/wp-login.php" "Mozilla/5.0 (Macintosh; Intel Mac OS X 10_15_7; rv:120.0) Gecko/20100101 Firefox/120.0"
77.83.200.169 - - [24/Jul/2026:06:54:21 -0700] "GET /wp-admin/edit.php HTTP/1.1" 200 458 "https://www.trxnews.today/wp-login.php" "Mozilla/5.0 (Macintosh; Intel Mac OS X 10_15_7; rv:120.0) Gecko/20100101 Firefox/120.0"
77.83.200.169 - - [24/Jul/2026:06:54:22 -0700] "GET /wp-admin/plugins.php HTTP/1.1" 200 458 "https://www.trxnews.today/wp-login.php" "Mozilla/5.0 (Macintosh; Intel Mac OS X 10_15_7; rv:120.0) Gecko/20100101 Firefox/120.0"
77.83.200.169 - - [24/Jul/2026:06:54:22 -0700] "POST /wp-login.php HTTP/1.1" 302 259 "https://www.trxnews.today/wp-login.php" "Mozilla/5.0 (Macintosh; Intel Mac OS X 13_6_1; rv:120.0) Gecko/20100101 Firefox/120.0"
77.83.200.169 - - [24/Jul/2026:06:54:22 -0700] "GET /wp-admin/index.php HTTP/1.1" 200 458 "https://www.trxnews.today/wp-login.php" "Mozilla/5.0 (Macintosh; Intel Mac OS X 10_15_7; rv:120.0) Gecko/20100101 Firefox/120.0"
77.83.200.169 - - [24/Jul/2026:06:54:23 -0700] "GET /wp-admin/profile.php HTTP/1.1" 200 458 "https://www.trxnews.today/wp-login.php" "Mozilla/5.0 (Macintosh; Intel Mac OS X 10_15_7; rv:120.0) Gecko/20100101 Firefox/120.0"
77.83.200.169 - - [24/Jul/2026:06:54:24 -0700] "GET /wp-admin/edit.php HTTP/1.1" 200 458 "https://www.trxnews.today/wp-login.php" "Mozilla/5.0 (Macintosh; Intel Mac OS X 10_15_7; rv:120.0) Gecko/20100101 Firefox/120.0"
77.83.200.169 - - [24/Jul/2026:06:54:28 -0700] "GET /wp-admin/plugins.php HTTP/1.1" 200 458 "https://www.trxnews.today/wp-login.php" "Mozilla/5.0 (Macintosh; Intel Mac OS X 10_15_7; rv:120.0) Gecko/20100101 Firefox/120.0"
77.83.200.169 - - [24/Jul/2026:06:54:29 -0700] "POST /wp-login.php HTTP/1.1" 302 259 "https://www.trxnews.today/wp-login.php" "Mozilla/5.0 (Macintosh; Intel Mac OS X 13_6_1; rv:121.0) Gecko/20100101 Firefox/121.0"
77.83.200.169 - - [24/Jul/2026:06:54:29 -0700] "GET /wp-admin/index.php HTTP/1.1" 200 458 "https://www.trxnews.today/wp-login.php" "Mozilla/5.0 (Macintosh; Intel Mac OS X 13_6_1; rv:121.0) Gecko/20100101 Firefox/121.0"
77.83.200.169 - - [24/Jul/2026:06:54:31 -0700] "GET /wp-admin/profile.php HTTP/1.1" 200 458 "https://www.trxnews.today/wp-login.php" "Mozilla/5.0 (Macintosh; Intel Mac OS X 13_6_1; rv:121.0) Gecko/20100101 Firefox/121.0"
77.83.200.169 - - [24/Jul/2026:06:54:32 -0700] "GET /wp-admin/edit.php HTTP/1.1" 200 458 "https://www.trxnews.today/wp-login.php" "Mozilla/5.0 (Macintosh; Intel Mac OS X 13_6_1; rv:121.0) Gecko/20100101 Firefox/121.0"
77.83.200.169 - - [24/Jul/2026:06:54:33 -0700] "GET /wp-admin/plugins.php HTTP/1.1" 200 458 "https://www.trxnews.today/wp-login.php" "Mozilla/5.0 (Macintosh; Intel Mac OS X 13_6_1; rv:121.0) Gecko/20100101 Firefox/121.0"
77.83.200.169 - - [24/Jul/2026:06:54:34 -0700] "POST /wp-login.php HTTP/1.1" 302 259 "https://www.trxnews.today/wp-login.php" "Mozilla/5.0 (Macintosh; Intel Mac OS X 13_6_1; rv:120.0) Gecko/20100101 Firefox/120.0"
77.83.200.169 - - [24/Jul/2026:06:54:34 -0700] "GET /wp-admin/index.php HTTP/1.1" 200 458 "https://www.trxnews.today/wp-login.php" "Mozilla/5.0 (X11; Ubuntu; Linux x86_64) AppleWebKit/537.36 (KHTML, like Gecko) Chrome/121.0.0.0 Safari/537.36"
77.83.200.169 - - [24/Jul/2026:06:54:35 -0700] "GET /wp-admin/profile.php HTTP/1.1" 200 458 "https://www.trxnews.today/wp-login.php" "Mozilla/5.0 (X11; Ubuntu; Linux x86_64) AppleWebKit/537.36 (KHTML, like Gecko) Chrome/121.0.0.0 Safari/537.36"
77.83.200.169 - - [24/Jul/2026:06:54:36 -0700] "GET /wp-admin/edit.php HTTP/1.1" 200 458 "https://www.trxnews.today/wp-login.php" "Mozilla/5.0 (X11; Ubuntu; Linux x86_64) AppleWebKit/537.36 (KHTML, like Gecko) Chrome/121.0.0.0 Safari/537.36"
77.83.200.169 - - [24/Jul/2026:06:54:37 -0700] "GET /wp-admin/plugins.php HTTP/1.1" 200 458 "https://www.trxnews.today/wp-login.php" "Mozilla/5.0 (X11; Ubuntu; Linux x86_64) AppleWebKit/537.36 (KHTML, like Gecko) Chrome/121.0.0.0 Safari/537.36"
77.83.200.169 - - [24/Jul/2026:06:54:37 -0700] "POST /wp-login.php HTTP/1.1" 302 259 "https://www.trxnews.today/wp-login.php" "Mozilla/5.0 (Windows NT 10.0; Win64; x64) AppleWebKit/537.36 (KHTML, like Gecko) Chrome/120.0.0.0 Safari/537.36"
192.145.236.177 - - [24/Jul/2026:06:54:38 -0700] "POST /wp-cron.php?doing_wp_cron=1784901278.5316939353942871093750 HTTP/1.1" 200 - "-" "WordPress/6.7.5; https://www.trxnews.today"
77.83.200.169 - - [24/Jul/2026:06:54:37 -0700] "GET /wp-admin/index.php HTTP/1.1" 200 458 "https://www.trxnews.today/wp-login.php" "Mozilla/5.0 (Macintosh; Intel Mac OS X 10_15_7) AppleWebKit/605.1.15 (KHTML, like Gecko) Version/17.0 Safari/605.1.15"
77.83.200.169 - - [24/Jul/2026:06:54:38 -0700] "GET /wp-admin/profile.php HTTP/1.1" 200 458 "https://www.trxnews.today/wp-login.php" "Mozilla/5.0 (Macintosh; Intel Mac OS X 10_15_7) AppleWebKit/605.1.15 (KHTML, like Gecko) Version/17.0 Safari/605.1.15"
77.83.200.169 - - [24/Jul/2026:06:54:39 -0700] "GET /wp-admin/edit.php HTTP/1.1" 200 458 "https://www.trxnews.today/wp-login.php" "Mozilla/5.0 (Macintosh; Intel Mac OS X 10_15_7) AppleWebKit/605.1.15 (KHTML, like Gecko) Version/17.0 Safari/605.1.15"
77.83.200.169 - - [24/Jul/2026:06:54:40 -0700] "GET /wp-admin/plugins.php HTTP/1.1" 200 458 "https://www.trxnews.today/wp-login.php" "Mozilla/5.0 (Macintosh; Intel Mac OS X 10_15_7) AppleWebKit/605.1.15 (KHTML, like Gecko) Version/17.0 Safari/605.1.15"
77.83.200.169 - - [24/Jul/2026:06:54:41 -0700] "POST /wp-login.php HTTP/1.1" 302 259 "https://www.trxnews.today/wp-login.php" "Mozilla/5.0 (Macintosh; Intel Mac OS X 10_15_7) AppleWebKit/605.1.15 (KHTML, like Gecko) Version/17.0 Safari/605.1.15"
77.83.200.169 - - [24/Jul/2026:06:54:41 -0700] "GET /wp-admin/index.php HTTP/1.1" 200 458 "https://www.trxnews.today/wp-login.php" "Mozilla/5.0 (Macintosh; Intel Mac OS X 10_15_7) AppleWebKit/537.36 (KHTML, like Gecko) Chrome/119.0.0.0 Safari/537.36"
77.83.200.169 - - [24/Jul/2026:06:54:42 -0700] "GET /wp-admin/profile.php HTTP/1.1" 200 458 "https://www.trxnews.today/wp-login.php" "Mozilla/5.0 (Macintosh; Intel Mac OS X 10_15_7) AppleWebKit/537.36 (KHTML, like Gecko) Chrome/119.0.0.0 Safari/537.36"
77.83.200.169 - - [24/Jul/2026:06:54:42 -0700] "GET /wp-admin/edit.php HTTP/1.1" 200 458 "https://www.trxnews.today/wp-login.php" "Mozilla/5.0 (Macintosh; Intel Mac OS X 10_15_7) AppleWebKit/537.36 (KHTML, like Gecko) Chrome/119.0.0.0 Safari/537.36"
77.83.200.169 - - [24/Jul/2026:06:54:43 -0700] "GET /wp-admin/plugins.php HTTP/1.1" 200 458 "https://www.trxnews.today/wp-login.php" "Mozilla/5.0 (Macintosh; Intel Mac OS X 10_15_7) AppleWebKit/537.36 (KHTML, like Gecko) Chrome/119.0.0.0 Safari/537.36"
77.83.200.169 - - [24/Jul/2026:06:54:44 -0700] "POST /wp-login.php HTTP/1.1" 302 259 "https://www.trxnews.today/wp-login.php" "Mozilla/5.0 (X11; Ubuntu; Linux x86_64) AppleWebKit/537.36 (KHTML, like Gecko) Chrome/118.0.0.0 Safari/537.36"
77.83.200.169 - - [24/Jul/2026:06:54:44 -0700] "GET /wp-admin/index.php HTTP/1.1" 200 458 "https://www.trxnews.today/wp-login.php" "Mozilla/5.0 (Macintosh; Intel Mac OS X 10_15_7; rv:118.0) Gecko/20100101 Firefox/118.0"
77.83.200.169 - - [24/Jul/2026:06:54:45 -0700] "GET /wp-admin/profile.php HTTP/1.1" 200 458 "https://www.trxnews.today/wp-login.php" "Mozilla/5.0 (Macintosh; Intel Mac OS X 10_15_7; rv:118.0) Gecko/20100101 Firefox/118.0"
77.83.200.169 - - [24/Jul/2026:06:54:45 -0700] "GET /wp-admin/edit.php HTTP/1.1" 200 458 "https://www.trxnews.today/wp-login.php" "Mozilla/5.0 (Macintosh; Intel Mac OS X 10_15_7; rv:118.0) Gecko/20100101 Firefox/118.0"
77.83.200.169 - - [24/Jul/2026:06:54:46 -0700] "GET /wp-admin/plugins.php HTTP/1.1" 200 458 "https://www.trxnews.today/wp-login.php" "Mozilla/5.0 (Macintosh; Intel Mac OS X 10_15_7; rv:118.0) Gecko/20100101 Firefox/118.0"
77.83.200.169 - - [24/Jul/2026:06:54:47 -0700] "POST /wp-login.php HTTP/1.1" 302 259 "https://www.trxnews.today/wp-login.php" "Mozilla/5.0 (Windows NT 11.0; Win64; x64; rv:118.0) Gecko/20100101 Firefox/118.0"
77.83.200.169 - - [24/Jul/2026:06:54:47 -0700] "GET /wp-admin/index.php HTTP/1.1" 200 458 "https://www.trxnews.today/wp-login.php" "Mozilla/5.0 (Windows NT 10.0; Win64; x64) AppleWebKit/537.36 (KHTML, like Gecko) Chrome/119.0.0.0 Safari/537.36"
77.83.200.169 - - [24/Jul/2026:06:54:48 -0700] "GET /wp-admin/profile.php HTTP/1.1" 200 458 "https://www.trxnews.today/wp-login.php" "Mozilla/5.0 (Windows NT 10.0; Win64; x64) AppleWebKit/537.36 (KHTML, like Gecko) Chrome/119.0.0.0 Safari/537.36"
77.83.200.169 - - [24/Jul/2026:06:54:49 -0700] "GET /wp-admin/edit.php HTTP/1.1" 200 458 "https://www.trxnews.today/wp-login.php" "Mozilla/5.0 (Windows NT 10.0; Win64; x64) AppleWebKit/537.36 (KHTML, like Gecko) Chrome/119.0.0.0 Safari/537.36"
77.83.200.169 - - [24/Jul/2026:06:54:49 -0700] "GET /wp-admin/plugins.php HTTP/1.1" 200 458 "https://www.trxnews.today/wp-login.php" "Mozilla/5.0 (Windows NT 10.0; Win64; x64) AppleWebKit/537.36 (KHTML, like Gecko) Chrome/119.0.0.0 Safari/537.36"
77.83.200.169 - - [24/Jul/2026:06:54:50 -0700] "POST /wp-login.php HTTP/1.1" 302 259 "https://www.trxnews.today/wp-login.php" "Mozilla/5.0 (Windows NT 11.0; Win64; x64) AppleWebKit/537.36 (KHTML, like Gecko) Chrome/118.0.0.0 Safari/537.36"
77.83.200.169 - - [24/Jul/2026:06:54:50 -0700] "GET /wp-admin/index.php HTTP/1.1" 200 458 "https://www.trxnews.today/wp-login.php" "Mozilla/5.0 (Macintosh; Intel Mac OS X 13_6_1; rv:120.0) Gecko/20100101 Firefox/120.0"
192.145.236.177 - - [24/Jul/2026:06:54:51 -0700] "POST /wp-cron.php?doing_wp_cron=1784901291.7208170890808105468750 HTTP/1.1" 200 - "-" "WordPress/6.7.5; https://www.trxnews.today"
77.83.200.169 - - [24/Jul/2026:06:54:51 -0700] "GET /wp-admin/profile.php HTTP/1.1" 200 458 "https://www.trxnews.today/wp-login.php" "Mozilla/5.0 (Macintosh; Intel Mac OS X 13_6_1; rv:120.0) Gecko/20100101 Firefox/120.0"
77.83.200.169 - - [24/Jul/2026:06:54:51 -0700] "GET /wp-admin/edit.php HTTP/1.1" 200 458 "https://www.trxnews.today/wp-login.php" "Mozilla/5.0 (Macintosh; Intel Mac OS X 13_6_1; rv:120.0) Gecko/20100101 Firefox/120.0"
77.83.200.169 - - [24/Jul/2026:06:54:52 -0700] "GET /wp-admin/plugins.php HTTP/1.1" 200 458 "https://www.trxnews.today/wp-login.php" "Mozilla/5.0 (Macintosh; Intel Mac OS X 13_6_1; rv:120.0) Gecko/20100101 Firefox/120.0"
43.157.150.69 - - [24/Jul/2026:06:59:18 -0700] "GET / HTTP/1.1" 200 101188 "http://www.trxnews.today" "Mozilla/5.0 (iPhone; CPU iPhone OS 13_2_3 like Mac OS X) AppleWebKit/605.1.15 (KHTML, like Gecko) Version/13.0.3 Mobile/15E148 Safari/604.1"
192.145.236.177 - - [24/Jul/2026:07:02:50 -0700] "POST /wp-cron.php?doing_wp_cron=1784901770.2967419624328613281250 HTTP/1.1" 200 - "-" "WordPress/6.7.5; https://www.trxnews.today"
43.166.237.57 - - [24/Jul/2026:07:02:49 -0700] "GET /wp-content/cache/min/1/wp-content/plugins/massive-cryptoc HTTP/1.1" 200 36192 "-" "Mozilla/5.0 (iPhone; CPU iPhone OS 13_2_3 like Mac OS X) AppleWebKit/605.1.15 (KHTML, like Gecko) Version/13.0.3 Mobile/15E148 Safari/604.1"
209.97.149.246 - - [24/Jul/2026:07:16:11 -0700] "GET / HTTP/1.1" 401 53 "-" "Mozilla/5.0 (X11; Linux x86_64; rv:142.0) Gecko/20100101 Firefox/142.0"
209.97.149.246 - - [24/Jul/2026:07:16:13 -0700] "GET /favicon.ico HTTP/1.1" 401 53 "https://cpcalendars.trxnews.today/" "Mozilla/5.0 (X11; Linux x86_64; rv:142.0) Gecko/20100101 Firefox/142.0"
192.145.236.177 - - [24/Jul/2026:07:23:19 -0700] "POST /wp-cron.php?doing_wp_cron=1784902999.0666089057922363281250 HTTP/1.1" 200 - "-" "WordPress/6.7.5; https://www.trxnews.today"
173.239.218.173 - - [24/Jul/2026:07:23:18 -0700] "GET /wp-login.php HTTP/1.1" 200 7522 "-" "Mozilla/5.0 (Macintosh; U; Intel Mac OS X; sv-se) AppleWebKit/523.10.3 (KHTML, like Gecko) Version/3.0.4 Safari/523.10"
173.239.218.173 - - [24/Jul/2026:07:23:19 -0700] "GET /?author=1 HTTP/1.1" 200 34454 "-" "mobile|Mozilla/5.0 (Linux; U; Android 5.0; HTC 80:number1-2s Build/LRX22G) AppleWebKit/601.5 (KHTML, like Gecko) Chrome/55.0.2263.389 Mobile Safari/533.3"
173.239.218.173 - - [24/Jul/2026:07:23:20 -0700] "GET /?rest_route=/wp/v2/users HTTP/1.1" 200 2790 "-" "Mozilla/5.0 (Linux; Android 10; moto g(7) optimo maxx(XT1955DL)) AppleWebKit/537.36 (KHTML, like Gecko) Chrome/87.0.4280.101 Mobile Safari/537.36"
94.154.43.183 - - [24/Jul/2026:07:31:29 -0700] "GET /.env HTTP/1.1" 406 300 "-" "Mozilla/5.0 (Windows NT 10.0; Win64; x64) AppleWebKit/537.36 (KHTML, like Gecko) Chrome/147.0.0.0 Safari/537.36"
94.154.43.185 - - [24/Jul/2026:07:31:29 -0700] "GET /.env HTTP/1.1" 406 300 "-" "Mozilla/5.0 (Windows NT 10.0; Win64; x64) AppleWebKit/537.36 (KHTML, like Gecko) Chrome/147.0.0.0 Safari/537.36"
94.154.43.179 - - [24/Jul/2026:07:31:29 -0700] "GET /.env HTTP/1.1" 406 300 "-" "Mozilla/5.0 (Windows NT 10.0; Win64; x64) AppleWebKit/537.36 (KHTML, like Gecko) Chrome/147.0.0.0 Safari/537.36"
94.154.43.187 - - [24/Jul/2026:07:31:29 -0700] "GET /.env HTTP/1.1" 406 300 "-" "Mozilla/5.0 (Windows NT 10.0; Win64; x64) AppleWebKit/537.36 (KHTML, like Gecko) Chrome/147.0.0.0 Safari/537.36"
94.154.43.186 - - [24/Jul/2026:07:31:29 -0700] "GET /.env HTTP/1.1" 406 300 "-" "Mozilla/5.0 (Windows NT 10.0; Win64; x64) AppleWebKit/537.36 (KHTML, like Gecko) Chrome/147.0.0.0 Safari/537.36"
94.154.43.229 - - [24/Jul/2026:07:31:29 -0700] "GET /.env HTTP/1.1" 406 300 "-" "Mozilla/5.0 (Windows NT 10.0; Win64; x64) AppleWebKit/537.36 (KHTML, like Gecko) Chrome/147.0.0.0 Safari/537.36"
94.154.43.179 - - [24/Jul/2026:07:31:29 -0700] "GET /.env HTTP/1.1" 406 300 "-" "Mozilla/5.0 (Windows NT 10.0; Win64; x64) AppleWebKit/537.36 (KHTML, like Gecko) Chrome/147.0.0.0 Safari/537.36"
192.145.236.177 - - [24/Jul/2026:07:32:37 -0700] "POST /wp-cron.php?doing_wp_cron=1784903557.0480170249938964843750 HTTP/1.1" 200 - "-" "WordPress/6.7.5; https://www.trxnews.today"
104.28.164.109 - - [24/Jul/2026:07:32:36 -0700] "POST /xmlrpc.php HTTP/1.1" 200 852 "-" "Jetpack/12.1; WordPress/6.4; http://site46589658.com"
192.145.236.177 - - [24/Jul/2026:07:32:45 -0700] "POST /wp-cron.php?doing_wp_cron=1784903565.8365020751953125000000 HTTP/1.1" 200 - "-" "WordPress/6.7.5; https://www.trxnews.today"
104.28.164.109 - - [24/Jul/2026:07:32:45 -0700] "POST /xmlrpc.php HTTP/1.1" 200 852 "-" "Jetpack by WordPress.com"
192.145.236.177 - - [24/Jul/2026:07:32:55 -0700] "POST /wp-cron.php?doing_wp_cron=1784903575.6356329917907714843750 HTTP/1.1" 200 - "-" "WordPress/6.7.5; https://www.trxnews.today"
104.28.164.109 - - [24/Jul/2026:07:32:54 -0700] "POST /xmlrpc.php HTTP/1.1" 200 852 "-" "Jetpack/12.5; WordPress/6.4; http://site21299404.com"
104.28.164.109 - - [24/Jul/2026:07:33:05 -0700] "POST /xmlrpc.php HTTP/1.1" 200 852 "-" "Jetpack by WordPress.com"
192.145.236.177 - - [24/Jul/2026:07:33:16 -0700] "POST /wp-cron.php?doing_wp_cron=1784903596.5660939216613769531250 HTTP/1.1" 200 - "-" "WordPress/6.7.5; https://www.trxnews.today"
104.28.164.109 - - [24/Jul/2026:07:33:16 -0700] "POST /xmlrpc.php HTTP/1.1" 200 852 "-" "Jetpack by WordPress.com (Jetpack 12.0; WordPress 6.2)"
104.28.164.109 - - [24/Jul/2026:07:33:26 -0700] "POST /xmlrpc.php HTTP/1.1" 200 852 "-" "Jetpack by WordPress.com (Jetpack 13.0; WordPress 6.3)"
192.145.236.177 - - [24/Jul/2026:07:33:38 -0700] "POST /wp-cron.php?doing_wp_cron=1784903618.0254130363464355468750 HTTP/1.1" 200 - "-" "WordPress/6.7.5; https://www.trxnews.today"
104.28.164.109 - - [24/Jul/2026:07:33:37 -0700] "POST /xmlrpc.php HTTP/1.1" 200 852 "-" "Jetpack by WordPress.com (Jetpack 12.5; WordPress 6.2)"
104.28.164.109 - - [24/Jul/2026:07:33:47 -0700] "POST /xmlrpc.php HTTP/1.1" 200 852 "-" "Jetpack by WordPress.com"
192.145.236.177 - - [24/Jul/2026:07:33:59 -0700] "POST /wp-cron.php?doing_wp_cron=1784903639.2064371109008789062500 HTTP/1.1" 200 - "-" "WordPress/6.7.5; https://www.trxnews.today"
104.28.164.109 - - [24/Jul/2026:07:33:58 -0700] "POST /xmlrpc.php HTTP/1.1" 200 852 "-" "Jetpack/12.1; WordPress/6.2; http://site50984811.com"
104.28.164.109 - - [24/Jul/2026:07:34:09 -0700] "POST /xmlrpc.php HTTP/1.1" 200 852 "-" "Jetpack by WordPress.com (Jetpack 12.1; WordPress 6.4)"
192.145.236.177 - - [24/Jul/2026:07:34:20 -0700] "POST /wp-cron.php?doing_wp_cron=1784903660.7545130252838134765625 HTTP/1.1" 200 - "-" "WordPress/6.7.5; https://www.trxnews.today"
104.28.164.109 - - [24/Jul/2026:07:34:19 -0700] "POST /xmlrpc.php HTTP/1.1" 200 852 "-" "Jetpack/12.1; WordPress/6.3; http://site84564934.com"
104.28.164.109 - - [24/Jul/2026:07:34:30 -0700] "POST /xmlrpc.php HTTP/1.1" 200 852 "-" "Jetpack by WordPress.com"
192.145.236.177 - - [24/Jul/2026:07:34:41 -0700] "POST /wp-cron.php?doing_wp_cron=1784903681.8775041103363037109375 HTTP/1.1" 200 - "-" "WordPress/6.7.5; https://www.trxnews.today"
104.28.164.109 - - [24/Jul/2026:07:34:41 -0700] "POST /xmlrpc.php HTTP/1.1" 200 852 "-" "WordPress.com; https://wordpress.com"
