Done ! 403WebShell
403Webshell
Server IP : 192.145.236.177  /  Your IP : 216.73.216.238
Web Server : Apache
System : Linux ded5817.inmotionhosting.com 5.14.0-687.26.1.el9_8.x86_64 #1 SMP PREEMPT_DYNAMIC Tue Jul 14 16:32:02 EDT 2026 x86_64
User : personalinjurynh ( 1013)
PHP Version : 8.1.34
Disable Function : exec,passthru,shell_exec,system
MySQL : OFF  |  cURL : ON  |  WGET : ON  |  Perl : ON  |  Python : OFF  |  Sudo : ON  |  Pkexec : ON
Directory :  /home/personalinjurynh/access-logs/

Upload File :
current_dir [ Writeable ] document_root [ Writeable ]

 

Command :


[ Back ]     

Current File : /home/personalinjurynh/access-logs/creditcard.ru.com.personalinjury-lawyer-nashville.com-ssl_log
192.145.236.177 - - [24/Jul/2026:05:31:49 -0700] "POST /wp-cron.php?doing_wp_cron=1784896309.3421890735626220703125 HTTP/1.1" 200 - "https://creditcard.ru.com/wp-cron.php?doing_wp_cron=1784896309.3421890735626220703125" "TNp6QaKPPoIf"
106.222.235.157 - - [24/Jul/2026:05:31:48 -0700] "POST /xmlrpc.php HTTP/1.1" 200 403 "-" "Jetpack/12.5; WordPress/6.4; http://site52214301.com"
106.222.235.157 - - [24/Jul/2026:05:31:59 -0700] "POST /xmlrpc.php HTTP/1.1" 200 403 "-" "WordPress.com; https://wordpress.com"
106.222.235.157 - - [24/Jul/2026:05:32:09 -0700] "POST /xmlrpc.php HTTP/1.1" 200 403 "-" "Jetpack by WordPress.com"
106.222.235.157 - - [24/Jul/2026:05:32:20 -0700] "POST /xmlrpc.php HTTP/1.1" 200 403 "-" "Jetpack by WordPress.com (Jetpack 13.0; WordPress 6.2)"
106.222.235.157 - - [24/Jul/2026:05:32:30 -0700] "POST /xmlrpc.php HTTP/1.1" 200 403 "-" "Jetpack/12.5; WordPress/6.4; http://site85216244.com"
192.145.236.177 - - [24/Jul/2026:05:32:41 -0700] "POST /wp-cron.php?doing_wp_cron=1784896361.2172019481658935546875 HTTP/1.1" 200 - "https://creditcard.ru.com/wp-cron.php?doing_wp_cron=1784896361.2172019481658935546875" "ZHsGFCdHXqcr"
106.222.235.157 - - [24/Jul/2026:05:32:40 -0700] "POST /xmlrpc.php HTTP/1.1" 200 403 "-" "Jetpack by WordPress.com"
106.222.235.157 - - [24/Jul/2026:05:32:51 -0700] "POST /xmlrpc.php HTTP/1.1" 406 300 "-" "WordPress.com; https://wordpress.com"
106.222.235.157 - - [24/Jul/2026:05:33:02 -0700] "POST /xmlrpc.php HTTP/1.1" 200 403 "-" "Jetpack by WordPress.com (Jetpack 12.0; WordPress 6.4)"
106.222.235.157 - - [24/Jul/2026:05:33:12 -0700] "POST /xmlrpc.php HTTP/1.1" 200 403 "-" "Jetpack by WordPress.com"
192.145.236.177 - - [24/Jul/2026:05:33:23 -0700] "POST /wp-cron.php?doing_wp_cron=1784896403.4252328872680664062500 HTTP/1.1" 200 - "https://creditcard.ru.com/wp-cron.php?doing_wp_cron=1784896403.4252328872680664062500" "Y942Z5SB5AlF"
106.222.235.157 - - [24/Jul/2026:05:33:23 -0700] "POST /xmlrpc.php HTTP/1.1" 200 403 "-" "Jetpack by WordPress.com (Jetpack 12.1; WordPress 6.1)"
106.222.235.157 - - [24/Jul/2026:05:33:33 -0700] "POST /xmlrpc.php HTTP/1.1" 200 403 "-" "Jetpack by WordPress.com (Jetpack 12.0; WordPress 6.2)"
192.145.236.177 - - [24/Jul/2026:05:33:44 -0700] "POST /wp-cron.php?doing_wp_cron=1784896424.4873239994049072265625 HTTP/1.1" 200 - "https://creditcard.ru.com/wp-cron.php?doing_wp_cron=1784896424.4873239994049072265625" "J0M9ewWhjTJJ"
106.222.235.157 - - [24/Jul/2026:05:33:44 -0700] "POST /xmlrpc.php HTTP/1.1" 200 403 "-" "Jetpack by WordPress.com"
106.222.235.157 - - [24/Jul/2026:05:33:54 -0700] "POST /xmlrpc.php HTTP/1.1" 200 403 "-" "Jetpack by WordPress.com (Jetpack 13.0; WordPress 6.4)"
106.222.235.157 - - [24/Jul/2026:05:34:04 -0700] "POST /xmlrpc.php HTTP/1.1" 200 403 "-" "Jetpack by WordPress.com"
106.222.235.157 - - [24/Jul/2026:05:34:15 -0700] "POST /xmlrpc.php HTTP/1.1" 200 403 "-" "Jetpack/13.0; WordPress/6.4; http://site42299614.com"
106.222.235.157 - - [24/Jul/2026:05:34:25 -0700] "POST /xmlrpc.php HTTP/1.1" 406 300 "-" "WordPress.com; https://wordpress.com"
192.145.236.177 - - [24/Jul/2026:05:34:36 -0700] "POST /wp-cron.php?doing_wp_cron=1784896476.6616230010986328125000 HTTP/1.1" 200 - "https://creditcard.ru.com/wp-cron.php?doing_wp_cron=1784896476.6616230010986328125000" "tG4uGCGA7vI6"
106.222.235.157 - - [24/Jul/2026:05:34:36 -0700] "POST /xmlrpc.php HTTP/1.1" 200 403 "-" "Jetpack by WordPress.com"
106.222.235.157 - - [24/Jul/2026:05:34:46 -0700] "POST /xmlrpc.php HTTP/1.1" 200 403 "-" "WordPress.com; https://wordpress.com"
106.222.235.157 - - [24/Jul/2026:05:34:57 -0700] "POST /xmlrpc.php HTTP/1.1" 406 300 "-" "WordPress.com; https://wordpress.com"
170.205.28.162 - - [24/Jul/2026:05:35:02 -0700] "POST /wp-admin/admin-ajax.php HTTP/1.1" 400 1 "-" "Mozilla/5.0 (Windows NT 10.0; Win64; x64) AppleWebKit/537.36 KHTML, like Gecko) Chrome/114.0.0.0 Safari/537.36"
170.205.28.162 - - [24/Jul/2026:05:35:03 -0700] "POST / HTTP/1.1" 500 427 "-" "Mozilla/5.0 (Windows NT 10.0; Win64; x64) AppleWebKit/537.36 KHTML, like Gecko) Chrome/114.0.0.0 Safari/537.36"
170.205.28.162 - - [24/Jul/2026:05:35:03 -0700] "POST /wp-admin/admin-ajax.php HTTP/1.1" 400 1 "-" "Mozilla/5.0 (Windows NT 10.0; Win64; x64) AppleWebKit/537.36 KHTML, like Gecko) Chrome/114.0.0.0 Safari/537.36"
170.205.28.162 - - [24/Jul/2026:05:35:04 -0700] "POST / HTTP/1.1" 500 427 "-" "Mozilla/5.0 (Windows NT 10.0; Win64; x64) AppleWebKit/537.36 KHTML, like Gecko) Chrome/114.0.0.0 Safari/537.36"
106.222.235.157 - - [24/Jul/2026:05:35:08 -0700] "POST /xmlrpc.php HTTP/1.1" 200 403 "-" "Jetpack by WordPress.com"
106.222.235.157 - - [24/Jul/2026:05:35:18 -0700] "POST /xmlrpc.php HTTP/1.1" 200 403 "-" "Jetpack by WordPress.com (Jetpack 12.1; WordPress 6.3)"
106.222.235.157 - - [24/Jul/2026:05:35:28 -0700] "POST /xmlrpc.php HTTP/1.1" 200 403 "-" "Jetpack by WordPress.com"
192.145.236.177 - - [24/Jul/2026:05:35:39 -0700] "POST /wp-cron.php?doing_wp_cron=1784896539.4897220134735107421875 HTTP/1.1" 200 - "https://creditcard.ru.com/wp-cron.php?doing_wp_cron=1784896539.4897220134735107421875" "KII6qvxlSokN"
106.222.235.157 - - [24/Jul/2026:05:35:39 -0700] "POST /xmlrpc.php HTTP/1.1" 200 403 "-" "Jetpack by WordPress.com"
106.222.235.157 - - [24/Jul/2026:05:35:49 -0700] "POST /xmlrpc.php HTTP/1.1" 406 300 "-" "WordPress.com; https://wordpress.com"
106.222.235.157 - - [24/Jul/2026:05:36:00 -0700] "POST /xmlrpc.php HTTP/1.1" 200 403 "-" "Jetpack/12.5; WordPress/6.3; http://site25836011.com"
106.222.235.157 - - [24/Jul/2026:05:36:10 -0700] "POST /xmlrpc.php HTTP/1.1" 406 300 "-" "WordPress.com; https://wordpress.com"
106.222.235.157 - - [24/Jul/2026:05:36:21 -0700] "POST /xmlrpc.php HTTP/1.1" 200 403 "-" "Jetpack by WordPress.com"
106.222.235.157 - - [24/Jul/2026:05:36:31 -0700] "POST /xmlrpc.php HTTP/1.1" 200 403 "-" "Jetpack by WordPress.com (Jetpack 12.0; WordPress 6.1)"
106.222.235.157 - - [24/Jul/2026:05:36:42 -0700] "POST /xmlrpc.php HTTP/1.1" 406 300 "-" "WordPress.com; https://wordpress.com"
106.222.235.157 - - [24/Jul/2026:05:36:52 -0700] "POST /xmlrpc.php HTTP/1.1" 406 300 "-" "WordPress.com; https://wordpress.com"
192.145.236.177 - - [24/Jul/2026:05:37:03 -0700] "POST /wp-cron.php?doing_wp_cron=1784896623.7933530807495117187500 HTTP/1.1" 200 - "https://creditcard.ru.com/wp-cron.php?doing_wp_cron=1784896623.7933530807495117187500" "gR9Z2WqaJR4o"
106.222.235.157 - - [24/Jul/2026:05:37:03 -0700] "POST /xmlrpc.php HTTP/1.1" 200 403 "-" "Jetpack by WordPress.com"
106.222.235.157 - - [24/Jul/2026:05:37:13 -0700] "POST /xmlrpc.php HTTP/1.1" 200 403 "-" "Jetpack by WordPress.com (Jetpack 12.1; WordPress 6.2)"
106.222.235.157 - - [24/Jul/2026:05:37:24 -0700] "POST /xmlrpc.php HTTP/1.1" 200 403 "-" "Jetpack by WordPress.com (Jetpack 12.0; WordPress 6.4)"
106.222.235.157 - - [24/Jul/2026:05:37:34 -0700] "POST /xmlrpc.php HTTP/1.1" 200 403 "-" "Jetpack/12.5; WordPress/6.1; http://site41572005.com"
192.145.236.177 - - [24/Jul/2026:05:37:45 -0700] "POST /wp-cron.php?doing_wp_cron=1784896665.3830170631408691406250 HTTP/1.1" 200 - "https://creditcard.ru.com/wp-cron.php?doing_wp_cron=1784896665.3830170631408691406250" "V3lFPSdcY7T7"
106.222.235.157 - - [24/Jul/2026:05:37:45 -0700] "POST /xmlrpc.php HTTP/1.1" 200 403 "-" "Jetpack by WordPress.com"
106.222.235.157 - - [24/Jul/2026:05:37:55 -0700] "POST /xmlrpc.php HTTP/1.1" 200 403 "-" "Jetpack/12.5; WordPress/6.2; http://site76599945.com"
106.222.235.157 - - [24/Jul/2026:05:38:05 -0700] "POST /xmlrpc.php HTTP/1.1" 200 403 "-" "Jetpack by WordPress.com (Jetpack 12.5; WordPress 6.2)"
106.222.235.157 - - [24/Jul/2026:05:38:16 -0700] "POST /xmlrpc.php HTTP/1.1" 200 403 "-" "Jetpack by WordPress.com (Jetpack 12.0; WordPress 6.1)"
106.222.235.157 - - [24/Jul/2026:05:38:26 -0700] "POST /xmlrpc.php HTTP/1.1" 200 403 "-" "Jetpack by WordPress.com"
106.222.235.157 - - [24/Jul/2026:05:38:37 -0700] "POST /xmlrpc.php HTTP/1.1" 406 300 "-" "WordPress.com; https://wordpress.com"
192.145.236.177 - - [24/Jul/2026:05:38:48 -0700] "POST /wp-cron.php?doing_wp_cron=1784896728.1972670555114746093750 HTTP/1.1" 200 - "https://creditcard.ru.com/wp-cron.php?doing_wp_cron=1784896728.1972670555114746093750" "ekTl1OSWOpsW"
106.222.235.157 - - [24/Jul/2026:05:38:47 -0700] "POST /xmlrpc.php HTTP/1.1" 200 403 "-" "Jetpack by WordPress.com (Jetpack 12.5; WordPress 6.1)"
106.222.235.157 - - [24/Jul/2026:05:38:58 -0700] "POST /xmlrpc.php HTTP/1.1" 200 403 "-" "Jetpack/12.5; WordPress/6.2; http://site55216531.com"
106.222.235.157 - - [24/Jul/2026:05:39:09 -0700] "POST /xmlrpc.php HTTP/1.1" 200 403 "-" "Jetpack by WordPress.com"
106.222.235.157 - - [24/Jul/2026:05:39:19 -0700] "POST /xmlrpc.php HTTP/1.1" 200 403 "-" "Jetpack by WordPress.com"
106.222.235.157 - - [24/Jul/2026:05:39:29 -0700] "POST /xmlrpc.php HTTP/1.1" 200 403 "-" "Jetpack by WordPress.com"
106.222.235.157 - - [24/Jul/2026:05:39:40 -0700] "POST /xmlrpc.php HTTP/1.1" 406 300 "-" "WordPress.com; https://wordpress.com"
192.145.236.177 - - [24/Jul/2026:05:39:51 -0700] "POST /wp-cron.php?doing_wp_cron=1784896791.2713890075683593750000 HTTP/1.1" 200 - "https://creditcard.ru.com/wp-cron.php?doing_wp_cron=1784896791.2713890075683593750000" "ivJ4iZqbdUej"
106.222.235.157 - - [24/Jul/2026:05:39:50 -0700] "POST /xmlrpc.php HTTP/1.1" 200 403 "-" "Jetpack by WordPress.com"
49.43.216.9 - - [24/Jul/2026:05:40:00 -0700] "POST /xmlrpc.php HTTP/1.1" 200 403 "-" "Jetpack by WordPress.com"
106.222.235.157 - - [24/Jul/2026:05:40:01 -0700] "POST /xmlrpc.php HTTP/1.1" 406 300 "-" "WordPress.com; https://wordpress.com"
49.43.216.9 - - [24/Jul/2026:05:40:10 -0700] "POST /xmlrpc.php HTTP/1.1" 200 403 "-" "Jetpack by WordPress.com (Jetpack 12.0; WordPress 6.2)"
106.222.235.157 - - [24/Jul/2026:05:40:11 -0700] "POST /xmlrpc.php HTTP/1.1" 406 300 "-" "WordPress.com; https://wordpress.com"
49.43.216.9 - - [24/Jul/2026:05:40:21 -0700] "POST /xmlrpc.php HTTP/1.1" 200 403 "-" "Jetpack/12.0; WordPress/6.3; http://site48853345.com"
106.222.235.157 - - [24/Jul/2026:05:40:22 -0700] "POST /xmlrpc.php HTTP/1.1" 200 403 "-" "Jetpack/12.5; WordPress/6.2; http://site60301947.com"
49.43.216.9 - - [24/Jul/2026:05:40:31 -0700] "POST /xmlrpc.php HTTP/1.1" 200 403 "-" "WordPress.com; https://wordpress.com"
106.222.235.157 - - [24/Jul/2026:05:40:32 -0700] "POST /xmlrpc.php HTTP/1.1" 200 403 "-" "Jetpack/12.1; WordPress/6.2; http://site35717968.com"
192.145.236.177 - - [24/Jul/2026:05:40:42 -0700] "POST /wp-cron.php?doing_wp_cron=1784896842.1868159770965576171875 HTTP/1.1" 200 - "https://creditcard.ru.com/wp-cron.php?doing_wp_cron=1784896842.1868159770965576171875" "aVFQbJjEBwOl"
49.43.216.9 - - [24/Jul/2026:05:40:41 -0700] "POST /xmlrpc.php HTTP/1.1" 200 403 "-" "Jetpack/12.5; WordPress/6.4; http://site96749444.com"
106.222.235.157 - - [24/Jul/2026:05:40:43 -0700] "POST /xmlrpc.php HTTP/1.1" 200 403 "-" "Jetpack by WordPress.com"
49.43.216.9 - - [24/Jul/2026:05:40:52 -0700] "POST /xmlrpc.php HTTP/1.1" 200 403 "-" "Jetpack by WordPress.com"
106.222.235.157 - - [24/Jul/2026:05:40:53 -0700] "POST /xmlrpc.php HTTP/1.1" 200 403 "-" "Jetpack by WordPress.com (Jetpack 12.1; WordPress 6.3)"
49.43.216.9 - - [24/Jul/2026:05:41:02 -0700] "POST /xmlrpc.php HTTP/1.1" 406 300 "-" "WordPress.com; https://wordpress.com"
106.222.235.157 - - [24/Jul/2026:05:41:04 -0700] "POST /xmlrpc.php HTTP/1.1" 200 403 "-" "Jetpack by WordPress.com"
49.43.216.9 - - [24/Jul/2026:05:41:13 -0700] "POST /xmlrpc.php HTTP/1.1" 200 403 "-" "Jetpack/12.0; WordPress/6.2; http://site12319584.com"
106.222.235.157 - - [24/Jul/2026:05:41:14 -0700] "POST /xmlrpc.php HTTP/1.1" 406 300 "-" "WordPress.com; https://wordpress.com"
49.43.216.9 - - [24/Jul/2026:05:41:23 -0700] "POST /xmlrpc.php HTTP/1.1" 200 403 "-" "Jetpack by WordPress.com (Jetpack 12.5; WordPress 6.3)"
106.222.235.157 - - [24/Jul/2026:05:41:25 -0700] "POST /xmlrpc.php HTTP/1.1" 200 403 "-" "Jetpack by WordPress.com"
49.43.216.9 - - [24/Jul/2026:05:41:34 -0700] "POST /xmlrpc.php HTTP/1.1" 200 403 "-" "Jetpack/12.0; WordPress/6.4; http://site42287428.com"
192.145.236.177 - - [24/Jul/2026:05:41:36 -0700] "POST /wp-cron.php?doing_wp_cron=1784896895.9945960044860839843750 HTTP/1.1" 200 - "https://creditcard.ru.com/wp-cron.php?doing_wp_cron=1784896895.9945960044860839843750" "MkA0vJnmaXoe"
106.222.235.157 - - [24/Jul/2026:05:41:35 -0700] "POST /xmlrpc.php HTTP/1.1" 200 403 "-" "Jetpack by WordPress.com"
49.43.216.9 - - [24/Jul/2026:05:41:44 -0700] "POST /xmlrpc.php HTTP/1.1" 406 300 "-" "WordPress.com; https://wordpress.com"
106.222.235.157 - - [24/Jul/2026:05:41:46 -0700] "POST /xmlrpc.php HTTP/1.1" 200 403 "-" "Jetpack/12.5; WordPress/6.4; http://site99839599.com"
49.43.216.9 - - [24/Jul/2026:05:41:55 -0700] "POST /xmlrpc.php HTTP/1.1" 200 403 "-" "Jetpack/12.1; WordPress/6.1; http://site34760303.com"
106.222.235.157 - - [24/Jul/2026:05:41:56 -0700] "POST /xmlrpc.php HTTP/1.1" 406 300 "-" "WordPress.com; https://wordpress.com"
49.43.216.9 - - [24/Jul/2026:05:42:05 -0700] "POST /xmlrpc.php HTTP/1.1" 200 403 "-" "Jetpack by WordPress.com (Jetpack 13.0; WordPress 6.4)"
106.222.235.157 - - [24/Jul/2026:05:42:07 -0700] "POST /xmlrpc.php HTTP/1.1" 200 403 "-" "Jetpack/12.0; WordPress/6.3; http://site53555613.com"
49.43.216.9 - - [24/Jul/2026:05:42:16 -0700] "POST /xmlrpc.php HTTP/1.1" 200 403 "-" "Jetpack/12.0; WordPress/6.2; http://site62420209.com"
106.222.235.157 - - [24/Jul/2026:05:42:17 -0700] "POST /xmlrpc.php HTTP/1.1" 200 403 "-" "Jetpack by WordPress.com (Jetpack 12.0; WordPress 6.2)"
49.43.216.9 - - [24/Jul/2026:05:42:26 -0700] "POST /xmlrpc.php HTTP/1.1" 200 403 "-" "Jetpack by WordPress.com"
106.222.235.157 - - [24/Jul/2026:05:42:28 -0700] "POST /xmlrpc.php HTTP/1.1" 200 403 "-" "Jetpack by WordPress.com"
49.43.216.9 - - [24/Jul/2026:05:42:37 -0700] "POST /xmlrpc.php HTTP/1.1" 406 300 "-" "WordPress.com; https://wordpress.com"
192.145.236.177 - - [24/Jul/2026:05:42:39 -0700] "POST /wp-cron.php?doing_wp_cron=1784896959.1487491130828857421875 HTTP/1.1" 200 - "https://creditcard.ru.com/wp-cron.php?doing_wp_cron=1784896959.1487491130828857421875" "oF0M9mDN9tGd"
106.222.235.157 - - [24/Jul/2026:05:42:38 -0700] "POST /xmlrpc.php HTTP/1.1" 200 403 "-" "Jetpack/13.0; WordPress/6.2; http://site22907331.com"
49.43.216.9 - - [24/Jul/2026:05:42:47 -0700] "POST /xmlrpc.php HTTP/1.1" 200 403 "-" "Jetpack by WordPress.com (Jetpack 13.0; WordPress 6.3)"
106.222.235.157 - - [24/Jul/2026:05:42:49 -0700] "POST /xmlrpc.php HTTP/1.1" 200 403 "-" "Jetpack by WordPress.com"
49.43.216.9 - - [24/Jul/2026:05:42:58 -0700] "POST /xmlrpc.php HTTP/1.1" 200 403 "-" "Jetpack by WordPress.com"
106.222.235.157 - - [24/Jul/2026:05:42:59 -0700] "POST /xmlrpc.php HTTP/1.1" 406 300 "-" "WordPress.com; https://wordpress.com"
49.43.216.9 - - [24/Jul/2026:05:43:09 -0700] "POST /xmlrpc.php HTTP/1.1" 200 403 "-" "Jetpack by WordPress.com"
106.222.235.157 - - [24/Jul/2026:05:43:10 -0700] "POST /xmlrpc.php HTTP/1.1" 200 403 "-" "Jetpack by WordPress.com (Jetpack 12.5; WordPress 6.3)"
49.43.216.9 - - [24/Jul/2026:05:43:19 -0700] "POST /xmlrpc.php HTTP/1.1" 200 403 "-" "Jetpack by WordPress.com (Jetpack 12.0; WordPress 6.4)"
106.222.235.157 - - [24/Jul/2026:05:43:20 -0700] "POST /xmlrpc.php HTTP/1.1" 406 300 "-" "WordPress.com; https://wordpress.com"
49.43.216.9 - - [24/Jul/2026:05:43:29 -0700] "POST /xmlrpc.php HTTP/1.1" 200 403 "-" "Jetpack by WordPress.com (Jetpack 13.0; WordPress 6.1)"
106.222.235.157 - - [24/Jul/2026:05:43:31 -0700] "POST /xmlrpc.php HTTP/1.1" 200 403 "-" "Jetpack/12.1; WordPress/6.2; http://site41154418.com"
192.145.236.177 - - [24/Jul/2026:05:43:40 -0700] "POST /wp-cron.php?doing_wp_cron=1784897020.6385459899902343750000 HTTP/1.1" 200 - "https://creditcard.ru.com/wp-cron.php?doing_wp_cron=1784897020.6385459899902343750000" "yKntxNI7GTCU"
49.43.216.9 - - [24/Jul/2026:05:43:40 -0700] "POST /xmlrpc.php HTTP/1.1" 200 403 "-" "Jetpack by WordPress.com (Jetpack 12.0; WordPress 6.3)"
106.222.235.157 - - [24/Jul/2026:05:43:41 -0700] "POST /xmlrpc.php HTTP/1.1" 406 300 "-" "WordPress.com; https://wordpress.com"
49.43.216.9 - - [24/Jul/2026:05:43:50 -0700] "POST /xmlrpc.php HTTP/1.1" 200 403 "-" "Jetpack by WordPress.com"
106.222.235.157 - - [24/Jul/2026:05:43:52 -0700] "POST /xmlrpc.php HTTP/1.1" 200 403 "-" "Jetpack by WordPress.com (Jetpack 12.1; WordPress 6.1)"
49.43.216.9 - - [24/Jul/2026:05:44:01 -0700] "POST /xmlrpc.php HTTP/1.1" 200 403 "-" "Jetpack/13.0; WordPress/6.2; http://site37960045.com"
106.222.235.157 - - [24/Jul/2026:05:44:02 -0700] "POST /xmlrpc.php HTTP/1.1" 200 403 "-" "Jetpack by WordPress.com (Jetpack 13.0; WordPress 6.3)"
49.43.216.9 - - [24/Jul/2026:05:44:11 -0700] "POST /xmlrpc.php HTTP/1.1" 200 403 "-" "Jetpack by WordPress.com (Jetpack 12.0; WordPress 6.4)"
106.222.235.157 - - [24/Jul/2026:05:44:13 -0700] "POST /xmlrpc.php HTTP/1.1" 200 403 "-" "Jetpack by WordPress.com"
49.43.216.9 - - [24/Jul/2026:05:44:22 -0700] "POST /xmlrpc.php HTTP/1.1" 200 403 "-" "Jetpack by WordPress.com (Jetpack 12.5; WordPress 6.1)"
106.222.235.157 - - [24/Jul/2026:05:44:23 -0700] "POST /xmlrpc.php HTTP/1.1" 200 403 "-" "Jetpack/12.0; WordPress/6.1; http://site37789489.com"
49.43.216.9 - - [24/Jul/2026:05:44:33 -0700] "POST /xmlrpc.php HTTP/1.1" 406 300 "-" "WordPress.com; https://wordpress.com"
106.222.235.157 - - [24/Jul/2026:05:44:34 -0700] "POST /xmlrpc.php HTTP/1.1" 406 300 "-" "WordPress.com; https://wordpress.com"
192.145.236.177 - - [24/Jul/2026:05:44:44 -0700] "POST /wp-cron.php?doing_wp_cron=1784897084.0130081176757812500000 HTTP/1.1" 200 - "https://creditcard.ru.com/wp-cron.php?doing_wp_cron=1784897084.0130081176757812500000" "quD0fh67ruJq"
49.43.216.9 - - [24/Jul/2026:05:44:43 -0700] "POST /xmlrpc.php HTTP/1.1" 200 403 "-" "Jetpack by WordPress.com (Jetpack 13.0; WordPress 6.4)"
106.222.235.157 - - [24/Jul/2026:05:44:44 -0700] "POST /xmlrpc.php HTTP/1.1" 200 403 "-" "Jetpack by WordPress.com"
49.43.216.9 - - [24/Jul/2026:05:44:54 -0700] "POST /xmlrpc.php HTTP/1.1" 406 300 "-" "WordPress.com; https://wordpress.com"
106.222.235.157 - - [24/Jul/2026:05:44:55 -0700] "POST /xmlrpc.php HTTP/1.1" 200 403 "-" "Jetpack by WordPress.com (Jetpack 12.5; WordPress 6.3)"
49.43.216.9 - - [24/Jul/2026:05:45:05 -0700] "POST /xmlrpc.php HTTP/1.1" 200 403 "-" "Jetpack by WordPress.com"
106.222.235.157 - - [24/Jul/2026:05:45:05 -0700] "POST /xmlrpc.php HTTP/1.1" 200 403 "-" "Jetpack by WordPress.com"
49.43.216.9 - - [24/Jul/2026:05:45:15 -0700] "POST /xmlrpc.php HTTP/1.1" 200 403 "-" "Jetpack by WordPress.com"
106.222.235.157 - - [24/Jul/2026:05:45:16 -0700] "POST /xmlrpc.php HTTP/1.1" 406 300 "-" "WordPress.com; https://wordpress.com"
49.43.216.9 - - [24/Jul/2026:05:45:26 -0700] "POST /xmlrpc.php HTTP/1.1" 200 403 "-" "Jetpack/12.5; WordPress/6.1; http://site15871554.com"
106.222.235.157 - - [24/Jul/2026:05:45:26 -0700] "POST /xmlrpc.php HTTP/1.1" 200 403 "-" "Jetpack/12.0; WordPress/6.1; http://site94202726.com"
192.145.236.177 - - [24/Jul/2026:05:45:37 -0700] "POST /wp-cron.php?doing_wp_cron=1784897137.3143970966339111328125 HTTP/1.1" 200 - "https://creditcard.ru.com/wp-cron.php?doing_wp_cron=1784897137.3143970966339111328125" "k6acr4TivdcP"
49.43.216.9 - - [24/Jul/2026:05:45:37 -0700] "POST /xmlrpc.php HTTP/1.1" 200 403 "-" "Jetpack/12.0; WordPress/6.3; http://site50360512.com"
106.222.235.157 - - [24/Jul/2026:05:45:37 -0700] "POST /xmlrpc.php HTTP/1.1" 200 403 "-" "Jetpack by WordPress.com (Jetpack 13.0; WordPress 6.4)"
49.43.216.9 - - [24/Jul/2026:05:45:47 -0700] "POST /xmlrpc.php HTTP/1.1" 406 300 "-" "WordPress.com; https://wordpress.com"
106.222.235.157 - - [24/Jul/2026:05:45:47 -0700] "POST /xmlrpc.php HTTP/1.1" 406 300 "-" "WordPress.com; https://wordpress.com"
49.43.216.9 - - [24/Jul/2026:05:45:58 -0700] "POST /xmlrpc.php HTTP/1.1" 406 300 "-" "WordPress.com; https://wordpress.com"
106.222.235.157 - - [24/Jul/2026:05:45:58 -0700] "POST /xmlrpc.php HTTP/1.1" 200 403 "-" "Jetpack by WordPress.com (Jetpack 13.0; WordPress 6.3)"
49.43.216.9 - - [24/Jul/2026:05:46:08 -0700] "POST /xmlrpc.php HTTP/1.1" 200 403 "-" "Jetpack by WordPress.com (Jetpack 13.0; WordPress 6.4)"
49.43.216.9 - - [24/Jul/2026:05:46:19 -0700] "POST /xmlrpc.php HTTP/1.1" 406 300 "-" "WordPress.com; https://wordpress.com"
49.43.216.9 - - [24/Jul/2026:05:46:29 -0700] "POST /xmlrpc.php HTTP/1.1" 200 403 "-" "Jetpack by WordPress.com (Jetpack 12.5; WordPress 6.3)"
192.145.236.177 - - [24/Jul/2026:05:46:40 -0700] "POST /wp-cron.php?doing_wp_cron=1784897200.6755080223083496093750 HTTP/1.1" 200 - "https://creditcard.ru.com/wp-cron.php?doing_wp_cron=1784897200.6755080223083496093750" "BUcrTfQLSb6k"
49.43.216.9 - - [24/Jul/2026:05:46:40 -0700] "POST /xmlrpc.php HTTP/1.1" 200 403 "-" "Jetpack/13.0; WordPress/6.4; http://site14741629.com"
49.43.216.9 - - [24/Jul/2026:05:46:50 -0700] "POST /xmlrpc.php HTTP/1.1" 200 403 "-" "Jetpack/12.1; WordPress/6.4; http://site55988756.com"
49.43.216.9 - - [24/Jul/2026:05:47:01 -0700] "POST /xmlrpc.php HTTP/1.1" 200 403 "-" "Jetpack/12.1; WordPress/6.2; http://site67146268.com"
49.43.216.9 - - [24/Jul/2026:05:47:12 -0700] "POST /xmlrpc.php HTTP/1.1" 406 300 "-" "WordPress.com; https://wordpress.com"
49.43.216.9 - - [24/Jul/2026:05:47:22 -0700] "POST /xmlrpc.php HTTP/1.1" 200 403 "-" "Jetpack by WordPress.com (Jetpack 12.0; WordPress 6.4)"
49.43.216.9 - - [24/Jul/2026:05:47:33 -0700] "POST /xmlrpc.php HTTP/1.1" 406 300 "-" "WordPress.com; https://wordpress.com"
192.145.236.177 - - [24/Jul/2026:05:47:44 -0700] "POST /wp-cron.php?doing_wp_cron=1784897264.3459579944610595703125 HTTP/1.1" 200 - "https://creditcard.ru.com/wp-cron.php?doing_wp_cron=1784897264.3459579944610595703125" "6IpEN2Xd7vO3"
49.43.216.9 - - [24/Jul/2026:05:47:44 -0700] "POST /xmlrpc.php HTTP/1.1" 200 403 "-" "Jetpack/12.5; WordPress/6.3; http://site27822962.com"
49.43.216.9 - - [24/Jul/2026:05:47:55 -0700] "POST /xmlrpc.php HTTP/1.1" 200 403 "-" "Jetpack by WordPress.com (Jetpack 13.0; WordPress 6.3)"
49.43.216.9 - - [24/Jul/2026:05:48:05 -0700] "POST /xmlrpc.php HTTP/1.1" 200 403 "-" "Jetpack by WordPress.com (Jetpack 12.1; WordPress 6.4)"
49.43.216.9 - - [24/Jul/2026:05:48:16 -0700] "POST /xmlrpc.php HTTP/1.1" 406 300 "-" "WordPress.com; https://wordpress.com"
49.43.216.9 - - [24/Jul/2026:05:48:27 -0700] "POST /xmlrpc.php HTTP/1.1" 200 403 "-" "Jetpack by WordPress.com (Jetpack 12.0; WordPress 6.2)"
192.145.236.177 - - [24/Jul/2026:05:48:37 -0700] "POST /wp-cron.php?doing_wp_cron=1784897317.9245400428771972656250 HTTP/1.1" 200 - "https://creditcard.ru.com/wp-cron.php?doing_wp_cron=1784897317.9245400428771972656250" "aZjriOwuvfjf"
49.43.216.9 - - [24/Jul/2026:05:48:37 -0700] "POST /xmlrpc.php HTTP/1.1" 200 403 "-" "Jetpack by WordPress.com (Jetpack 12.0; WordPress 6.1)"
49.43.216.9 - - [24/Jul/2026:05:48:48 -0700] "POST /xmlrpc.php HTTP/1.1" 200 403 "-" "Jetpack by WordPress.com"
49.43.216.9 - - [24/Jul/2026:05:48:58 -0700] "POST /xmlrpc.php HTTP/1.1" 200 403 "-" "Jetpack by WordPress.com"
49.43.216.9 - - [24/Jul/2026:05:49:09 -0700] "POST /xmlrpc.php HTTP/1.1" 200 403 "-" "Jetpack/12.0; WordPress/6.1; http://site61771540.com"
49.43.216.9 - - [24/Jul/2026:05:49:19 -0700] "POST /xmlrpc.php HTTP/1.1" 200 403 "-" "Jetpack by WordPress.com (Jetpack 12.0; WordPress 6.4)"
49.43.216.9 - - [24/Jul/2026:05:49:30 -0700] "POST /xmlrpc.php HTTP/1.1" 406 300 "-" "WordPress.com; https://wordpress.com"
49.43.216.9 - - [24/Jul/2026:05:49:40 -0700] "POST /xmlrpc.php HTTP/1.1" 406 300 "-" "WordPress.com; https://wordpress.com"
49.43.216.9 - - [24/Jul/2026:05:49:51 -0700] "POST /xmlrpc.php HTTP/1.1" 406 300 "-" "WordPress.com; https://wordpress.com"
192.145.236.177 - - [24/Jul/2026:05:50:01 -0700] "POST /wp-cron.php?doing_wp_cron=1784897401.9525520801544189453125 HTTP/1.1" 200 - "https://creditcard.ru.com/wp-cron.php?doing_wp_cron=1784897401.9525520801544189453125" "ZcMiYlyXJqKq"
49.43.216.9 - - [24/Jul/2026:05:50:01 -0700] "POST /xmlrpc.php HTTP/1.1" 200 403 "-" "Jetpack by WordPress.com"
49.43.216.9 - - [24/Jul/2026:05:50:12 -0700] "POST /xmlrpc.php HTTP/1.1" 200 403 "-" "Jetpack by WordPress.com (Jetpack 12.0; WordPress 6.3)"
49.43.216.9 - - [24/Jul/2026:05:50:23 -0700] "POST /xmlrpc.php HTTP/1.1" 200 403 "-" "Jetpack by WordPress.com"
49.43.216.9 - - [24/Jul/2026:05:50:34 -0700] "POST /xmlrpc.php HTTP/1.1" 200 403 "-" "Jetpack by WordPress.com"
192.145.236.177 - - [24/Jul/2026:05:50:44 -0700] "POST /wp-cron.php?doing_wp_cron=1784897444.8076710700988769531250 HTTP/1.1" 200 - "https://creditcard.ru.com/wp-cron.php?doing_wp_cron=1784897444.8076710700988769531250" "RutSLI1xJtjh"
49.43.216.9 - - [24/Jul/2026:05:50:44 -0700] "POST /xmlrpc.php HTTP/1.1" 200 403 "-" "Jetpack/12.1; WordPress/6.1; http://site43024199.com"
49.43.216.9 - - [24/Jul/2026:05:50:55 -0700] "POST /xmlrpc.php HTTP/1.1" 200 403 "-" "Jetpack by WordPress.com (Jetpack 12.0; WordPress 6.3)"
49.43.216.9 - - [24/Jul/2026:05:51:05 -0700] "POST /xmlrpc.php HTTP/1.1" 200 403 "-" "Jetpack by WordPress.com (Jetpack 13.0; WordPress 6.2)"
49.43.216.9 - - [24/Jul/2026:05:51:16 -0700] "POST /xmlrpc.php HTTP/1.1" 200 403 "-" "Jetpack/12.0; WordPress/6.3; http://site13575593.com"
49.43.216.9 - - [24/Jul/2026:05:51:26 -0700] "POST /xmlrpc.php HTTP/1.1" 200 403 "-" "Jetpack/12.5; WordPress/6.3; http://site38701804.com"
49.43.216.9 - - [24/Jul/2026:05:51:37 -0700] "POST /xmlrpc.php HTTP/1.1" 406 300 "-" "WordPress.com; https://wordpress.com"
192.145.236.177 - - [24/Jul/2026:05:51:47 -0700] "POST /wp-cron.php?doing_wp_cron=1784897507.9791219234466552734375 HTTP/1.1" 200 - "https://creditcard.ru.com/wp-cron.php?doing_wp_cron=1784897507.9791219234466552734375" "WH9ubq3LPEYm"
49.43.216.9 - - [24/Jul/2026:05:51:47 -0700] "POST /xmlrpc.php HTTP/1.1" 200 403 "-" "Jetpack by WordPress.com"
49.43.216.9 - - [24/Jul/2026:05:51:58 -0700] "POST /xmlrpc.php HTTP/1.1" 406 300 "-" "WordPress.com; https://wordpress.com"
49.43.216.9 - - [24/Jul/2026:05:52:08 -0700] "POST /xmlrpc.php HTTP/1.1" 406 300 "-" "WordPress.com; https://wordpress.com"
49.43.216.9 - - [24/Jul/2026:05:52:19 -0700] "POST /xmlrpc.php HTTP/1.1" 406 300 "-" "WordPress.com; https://wordpress.com"
49.43.216.9 - - [24/Jul/2026:05:52:29 -0700] "POST /xmlrpc.php HTTP/1.1" 406 300 "-" "WordPress.com; https://wordpress.com"
192.145.236.177 - - [24/Jul/2026:05:52:40 -0700] "POST /wp-cron.php?doing_wp_cron=1784897560.6385109424591064453125 HTTP/1.1" 200 - "https://creditcard.ru.com/wp-cron.php?doing_wp_cron=1784897560.6385109424591064453125" "iFhOZbZGHnt8"
49.43.216.9 - - [24/Jul/2026:05:52:40 -0700] "POST /xmlrpc.php HTTP/1.1" 200 403 "-" "Jetpack by WordPress.com"
49.43.216.9 - - [24/Jul/2026:05:52:50 -0700] "POST /xmlrpc.php HTTP/1.1" 200 403 "-" "Jetpack by WordPress.com"
49.43.216.9 - - [24/Jul/2026:05:53:01 -0700] "POST /xmlrpc.php HTTP/1.1" 406 300 "-" "WordPress.com; https://wordpress.com"
49.43.216.9 - - [24/Jul/2026:05:53:12 -0700] "POST /xmlrpc.php HTTP/1.1" 406 300 "-" "WordPress.com; https://wordpress.com"
49.43.216.9 - - [24/Jul/2026:05:53:22 -0700] "POST /xmlrpc.php HTTP/1.1" 200 403 "-" "Jetpack by WordPress.com (Jetpack 12.5; WordPress 6.4)"
49.43.216.9 - - [24/Jul/2026:05:53:33 -0700] "POST /xmlrpc.php HTTP/1.1" 200 403 "-" "Jetpack by WordPress.com (Jetpack 12.0; WordPress 6.1)"
192.145.236.177 - - [24/Jul/2026:05:53:44 -0700] "POST /wp-cron.php?doing_wp_cron=1784897624.2325139045715332031250 HTTP/1.1" 200 - "https://creditcard.ru.com/wp-cron.php?doing_wp_cron=1784897624.2325139045715332031250" "WSGEiPLsn4o1"
49.43.216.9 - - [24/Jul/2026:05:53:43 -0700] "POST /xmlrpc.php HTTP/1.1" 200 403 "-" "Jetpack/13.0; WordPress/6.2; http://site60241199.com"
49.43.216.9 - - [24/Jul/2026:05:53:54 -0700] "POST /xmlrpc.php HTTP/1.1" 200 403 "-" "Jetpack/13.0; WordPress/6.4; http://site30394147.com"
49.43.216.9 - - [24/Jul/2026:05:54:05 -0700] "POST /xmlrpc.php HTTP/1.1" 200 403 "-" "Jetpack by WordPress.com"
49.43.216.9 - - [24/Jul/2026:05:54:16 -0700] "POST /xmlrpc.php HTTP/1.1" 200 403 "-" "Jetpack by WordPress.com"
49.43.216.9 - - [24/Jul/2026:05:54:26 -0700] "POST /xmlrpc.php HTTP/1.1" 200 403 "-" "Jetpack by WordPress.com (Jetpack 12.1; WordPress 6.1)"
49.43.216.9 - - [24/Jul/2026:05:54:37 -0700] "POST /xmlrpc.php HTTP/1.1" 406 300 "-" "WordPress.com; https://wordpress.com"
192.145.236.177 - - [24/Jul/2026:05:54:48 -0700] "POST /wp-cron.php?doing_wp_cron=1784897688.8015079498291015625000 HTTP/1.1" 200 - "https://creditcard.ru.com/wp-cron.php?doing_wp_cron=1784897688.8015079498291015625000" "QoVgvYEeq6Kv"
49.43.216.9 - - [24/Jul/2026:05:54:48 -0700] "POST /xmlrpc.php HTTP/1.1" 200 403 "-" "Jetpack by WordPress.com"
49.43.216.9 - - [24/Jul/2026:05:54:59 -0700] "POST /xmlrpc.php HTTP/1.1" 200 403 "-" "Jetpack by WordPress.com"
49.43.216.9 - - [24/Jul/2026:05:55:11 -0700] "POST /xmlrpc.php HTTP/1.1" 406 300 "-" "WordPress.com; https://wordpress.com"
49.43.216.9 - - [24/Jul/2026:05:55:21 -0700] "POST /xmlrpc.php HTTP/1.1" 200 403 "-" "Jetpack/12.1; WordPress/6.4; http://site93944182.com"
49.43.216.9 - - [24/Jul/2026:05:55:32 -0700] "POST /xmlrpc.php HTTP/1.1" 406 300 "-" "WordPress.com; https://wordpress.com"
192.145.236.177 - - [24/Jul/2026:05:55:43 -0700] "POST /wp-cron.php?doing_wp_cron=1784897742.9958300590515136718750 HTTP/1.1" 200 - "https://creditcard.ru.com/wp-cron.php?doing_wp_cron=1784897742.9958300590515136718750" "twxxL9JADsIa"
49.43.216.9 - - [24/Jul/2026:05:55:42 -0700] "POST /xmlrpc.php HTTP/1.1" 200 403 "-" "Jetpack by WordPress.com"
49.43.216.9 - - [24/Jul/2026:05:55:53 -0700] "POST /xmlrpc.php HTTP/1.1" 406 300 "-" "WordPress.com; https://wordpress.com"
49.43.216.9 - - [24/Jul/2026:05:56:03 -0700] "POST /xmlrpc.php HTTP/1.1" 200 403 "-" "Jetpack by WordPress.com (Jetpack 12.1; WordPress 6.2)"
49.43.216.9 - - [24/Jul/2026:05:56:14 -0700] "POST /xmlrpc.php HTTP/1.1" 406 300 "-" "WordPress.com; https://wordpress.com"
49.43.216.9 - - [24/Jul/2026:05:56:24 -0700] "POST /xmlrpc.php HTTP/1.1" 406 300 "-" "WordPress.com; https://wordpress.com"
49.43.216.9 - - [24/Jul/2026:05:56:35 -0700] "POST /xmlrpc.php HTTP/1.1" 406 300 "-" "WordPress.com; https://wordpress.com"
192.145.236.177 - - [24/Jul/2026:05:56:46 -0700] "POST /wp-cron.php?doing_wp_cron=1784897806.8027040958404541015625 HTTP/1.1" 200 - "https://creditcard.ru.com/wp-cron.php?doing_wp_cron=1784897806.8027040958404541015625" "eAPHbnqMQZVv"
49.43.216.9 - - [24/Jul/2026:05:56:46 -0700] "POST /xmlrpc.php HTTP/1.1" 200 403 "-" "Jetpack by WordPress.com"
49.43.216.9 - - [24/Jul/2026:05:56:57 -0700] "POST /xmlrpc.php HTTP/1.1" 200 403 "-" "Jetpack/13.0; WordPress/6.3; http://site88099415.com"
49.43.216.9 - - [24/Jul/2026:05:57:08 -0700] "POST /xmlrpc.php HTTP/1.1" 200 403 "-" "Jetpack/12.0; WordPress/6.3; http://site55729927.com"
49.43.216.9 - - [24/Jul/2026:05:57:18 -0700] "POST /xmlrpc.php HTTP/1.1" 200 403 "-" "Jetpack by WordPress.com (Jetpack 12.1; WordPress 6.4)"
49.43.216.9 - - [24/Jul/2026:05:57:28 -0700] "POST /xmlrpc.php HTTP/1.1" 200 403 "-" "Jetpack/13.0; WordPress/6.4; http://site16010463.com"
192.145.236.177 - - [24/Jul/2026:05:57:39 -0700] "POST /wp-cron.php?doing_wp_cron=1784897859.8928520679473876953125 HTTP/1.1" 200 - "https://creditcard.ru.com/wp-cron.php?doing_wp_cron=1784897859.8928520679473876953125" "uDseq9zTLhHx"
49.43.216.9 - - [24/Jul/2026:05:57:39 -0700] "POST /xmlrpc.php HTTP/1.1" 200 403 "-" "Jetpack/13.0; WordPress/6.3; http://site74148587.com"
49.43.216.9 - - [24/Jul/2026:05:57:49 -0700] "POST /xmlrpc.php HTTP/1.1" 200 403 "-" "Jetpack by WordPress.com"
49.43.216.9 - - [24/Jul/2026:05:58:00 -0700] "POST /xmlrpc.php HTTP/1.1" 200 403 "-" "Jetpack by WordPress.com (Jetpack 12.0; WordPress 6.3)"
49.43.216.9 - - [24/Jul/2026:05:58:11 -0700] "POST /xmlrpc.php HTTP/1.1" 200 403 "-" "Jetpack by WordPress.com (Jetpack 12.1; WordPress 6.2)"
49.43.216.9 - - [24/Jul/2026:05:58:21 -0700] "POST /xmlrpc.php HTTP/1.1" 200 403 "-" "Jetpack by WordPress.com"
49.43.216.9 - - [24/Jul/2026:05:58:32 -0700] "POST /xmlrpc.php HTTP/1.1" 200 403 "-" "Jetpack/12.1; WordPress/6.2; http://site23084647.com"
49.43.216.9 - - [24/Jul/2026:05:58:42 -0700] "POST /xmlrpc.php HTTP/1.1" 406 300 "-" "WordPress.com; https://wordpress.com"
192.145.236.177 - - [24/Jul/2026:05:58:53 -0700] "POST /wp-cron.php?doing_wp_cron=1784897933.5796630382537841796875 HTTP/1.1" 200 - "https://creditcard.ru.com/wp-cron.php?doing_wp_cron=1784897933.5796630382537841796875" "upbjOvQZF3yU"
49.43.216.9 - - [24/Jul/2026:05:58:53 -0700] "POST /xmlrpc.php HTTP/1.1" 200 403 "-" "Jetpack by WordPress.com"
49.43.216.9 - - [24/Jul/2026:05:59:04 -0700] "POST /xmlrpc.php HTTP/1.1" 200 403 "-" "Jetpack by WordPress.com"
49.43.216.9 - - [24/Jul/2026:05:59:14 -0700] "POST /xmlrpc.php HTTP/1.1" 200 403 "-" "Jetpack by WordPress.com"
49.43.216.9 - - [24/Jul/2026:05:59:25 -0700] "POST /xmlrpc.php HTTP/1.1" 200 403 "-" "Jetpack by WordPress.com"
192.145.236.177 - - [24/Jul/2026:05:59:36 -0700] "POST /wp-cron.php?doing_wp_cron=1784897976.3139810562133789062500 HTTP/1.1" 200 - "https://creditcard.ru.com/wp-cron.php?doing_wp_cron=1784897976.3139810562133789062500" "qHfWLTzB2YVI"
49.43.216.9 - - [24/Jul/2026:05:59:36 -0700] "POST /xmlrpc.php HTTP/1.1" 200 403 "-" "Jetpack by WordPress.com (Jetpack 12.1; WordPress 6.3)"
49.43.216.9 - - [24/Jul/2026:05:59:46 -0700] "POST /xmlrpc.php HTTP/1.1" 200 403 "-" "Jetpack by WordPress.com (Jetpack 12.0; WordPress 6.2)"
49.43.216.9 - - [24/Jul/2026:05:59:56 -0700] "POST /xmlrpc.php HTTP/1.1" 406 300 "-" "WordPress.com; https://wordpress.com"
49.43.216.9 - - [24/Jul/2026:06:00:07 -0700] "POST /xmlrpc.php HTTP/1.1" 200 403 "-" "Jetpack by WordPress.com (Jetpack 13.0; WordPress 6.4)"
49.43.216.9 - - [24/Jul/2026:06:00:18 -0700] "POST /xmlrpc.php HTTP/1.1" 200 403 "-" "Jetpack/12.0; WordPress/6.1; http://site52826553.com"
49.43.216.9 - - [24/Jul/2026:06:00:28 -0700] "POST /xmlrpc.php HTTP/1.1" 200 403 "-" "Jetpack by WordPress.com"
192.145.236.177 - - [24/Jul/2026:06:00:39 -0700] "POST /wp-cron.php?doing_wp_cron=1784898039.1695139408111572265625 HTTP/1.1" 200 - "https://creditcard.ru.com/wp-cron.php?doing_wp_cron=1784898039.1695139408111572265625" "ZSMxmRuEXDLq"
49.43.216.9 - - [24/Jul/2026:06:00:38 -0700] "POST /xmlrpc.php HTTP/1.1" 200 403 "-" "Jetpack by WordPress.com"
49.43.216.9 - - [24/Jul/2026:06:00:50 -0700] "POST /xmlrpc.php HTTP/1.1" 200 403 "-" "Jetpack by WordPress.com"
49.43.216.9 - - [24/Jul/2026:06:00:59 -0700] "POST /xmlrpc.php HTTP/1.1" 406 300 "-" "WordPress.com; https://wordpress.com"
49.43.216.9 - - [24/Jul/2026:06:01:10 -0700] "POST /xmlrpc.php HTTP/1.1" 200 403 "-" "Jetpack by WordPress.com"
49.43.216.9 - - [24/Jul/2026:06:01:20 -0700] "POST /xmlrpc.php HTTP/1.1" 406 300 "-" "WordPress.com; https://wordpress.com"
49.43.216.9 - - [24/Jul/2026:06:01:31 -0700] "POST /xmlrpc.php HTTP/1.1" 200 403 "-" "Jetpack by WordPress.com"
49.43.216.9 - - [24/Jul/2026:06:01:42 -0700] "POST /xmlrpc.php HTTP/1.1" 406 300 "-" "WordPress.com; https://wordpress.com"
49.43.216.9 - - [24/Jul/2026:06:01:52 -0700] "POST /xmlrpc.php HTTP/1.1" 406 300 "-" "WordPress.com; https://wordpress.com"
192.145.236.177 - - [24/Jul/2026:06:02:03 -0700] "POST /wp-cron.php?doing_wp_cron=1784898123.8127610683441162109375 HTTP/1.1" 200 - "https://creditcard.ru.com/wp-cron.php?doing_wp_cron=1784898123.8127610683441162109375" "lqXrMopZlj3o"
49.43.216.9 - - [24/Jul/2026:06:02:03 -0700] "POST /xmlrpc.php HTTP/1.1" 200 403 "-" "Jetpack by WordPress.com (Jetpack 13.0; WordPress 6.4)"
49.43.216.9 - - [24/Jul/2026:06:02:14 -0700] "POST /xmlrpc.php HTTP/1.1" 200 403 "-" "Jetpack by WordPress.com"
49.43.216.9 - - [24/Jul/2026:06:02:24 -0700] "POST /xmlrpc.php HTTP/1.1" 200 403 "-" "Jetpack by WordPress.com"
49.43.216.9 - - [24/Jul/2026:06:02:35 -0700] "POST /xmlrpc.php HTTP/1.1" 406 300 "-" "WordPress.com; https://wordpress.com"
192.145.236.177 - - [24/Jul/2026:06:02:46 -0700] "POST /wp-cron.php?doing_wp_cron=1784898166.9008049964904785156250 HTTP/1.1" 200 - "https://creditcard.ru.com/wp-cron.php?doing_wp_cron=1784898166.9008049964904785156250" "tDQDYkRWyoKu"
49.43.216.9 - - [24/Jul/2026:06:02:46 -0700] "POST /xmlrpc.php HTTP/1.1" 200 403 "-" "Jetpack by WordPress.com (Jetpack 12.1; WordPress 6.2)"
49.43.216.9 - - [24/Jul/2026:06:02:56 -0700] "POST /xmlrpc.php HTTP/1.1" 200 403 "-" "Jetpack by WordPress.com (Jetpack 13.0; WordPress 6.4)"
49.43.216.9 - - [24/Jul/2026:06:03:07 -0700] "POST /xmlrpc.php HTTP/1.1" 200 403 "-" "Jetpack by WordPress.com"
49.43.216.9 - - [24/Jul/2026:06:03:17 -0700] "POST /xmlrpc.php HTTP/1.1" 200 403 "-" "Jetpack by WordPress.com (Jetpack 12.5; WordPress 6.3)"
49.43.216.9 - - [24/Jul/2026:06:03:28 -0700] "POST /xmlrpc.php HTTP/1.1" 200 403 "-" "Jetpack by WordPress.com (Jetpack 12.0; WordPress 6.3)"
49.43.216.9 - - [24/Jul/2026:06:03:38 -0700] "POST /xmlrpc.php HTTP/1.1" 406 300 "-" "WordPress.com; https://wordpress.com"
192.145.236.177 - - [24/Jul/2026:06:03:49 -0700] "POST /wp-cron.php?doing_wp_cron=1784898229.5460710525512695312500 HTTP/1.1" 200 - "https://creditcard.ru.com/wp-cron.php?doing_wp_cron=1784898229.5460710525512695312500" "TdAhLNAZZmus"
49.43.216.9 - - [24/Jul/2026:06:03:49 -0700] "POST /xmlrpc.php HTTP/1.1" 200 403 "-" "Jetpack/12.5; WordPress/6.3; http://site56555735.com"
49.43.216.9 - - [24/Jul/2026:06:03:59 -0700] "POST /xmlrpc.php HTTP/1.1" 200 403 "-" "Jetpack by WordPress.com"
49.43.216.9 - - [24/Jul/2026:06:04:10 -0700] "POST /xmlrpc.php HTTP/1.1" 406 300 "-" "WordPress.com; https://wordpress.com"
49.43.216.9 - - [24/Jul/2026:06:04:21 -0700] "POST /xmlrpc.php HTTP/1.1" 200 403 "-" "Jetpack by WordPress.com (Jetpack 12.0; WordPress 6.1)"
49.43.216.9 - - [24/Jul/2026:06:04:32 -0700] "POST /xmlrpc.php HTTP/1.1" 406 300 "-" "WordPress.com; https://wordpress.com"
49.43.216.9 - - [24/Jul/2026:06:04:43 -0700] "POST /xmlrpc.php HTTP/1.1" 406 300 "-" "WordPress.com; https://wordpress.com"
192.145.236.177 - - [24/Jul/2026:06:04:55 -0700] "POST /wp-cron.php?doing_wp_cron=1784898295.0428760051727294921875 HTTP/1.1" 200 - "https://creditcard.ru.com/wp-cron.php?doing_wp_cron=1784898295.0428760051727294921875" "0DPIQDUGAx43"
49.43.216.9 - - [24/Jul/2026:06:04:53 -0700] "POST /xmlrpc.php HTTP/1.1" 200 403 "-" "Jetpack/12.0; WordPress/6.4; http://site44723219.com"
49.43.216.9 - - [24/Jul/2026:06:05:04 -0700] "POST /xmlrpc.php HTTP/1.1" 200 403 "-" "Jetpack by WordPress.com"
49.43.216.9 - - [24/Jul/2026:06:05:15 -0700] "POST /xmlrpc.php HTTP/1.1" 200 403 "-" "Jetpack/13.0; WordPress/6.1; http://site97307717.com"
49.43.216.9 - - [24/Jul/2026:06:05:25 -0700] "POST /xmlrpc.php HTTP/1.1" 406 300 "-" "WordPress.com; https://wordpress.com"
49.43.216.9 - - [24/Jul/2026:06:05:36 -0700] "POST /xmlrpc.php HTTP/1.1" 406 300 "-" "WordPress.com; https://wordpress.com"
49.43.216.9 - - [24/Jul/2026:06:05:47 -0700] "POST /xmlrpc.php HTTP/1.1" 406 300 "-" "WordPress.com; https://wordpress.com"
49.43.216.9 - - [24/Jul/2026:06:05:59 -0700] "POST /xmlrpc.php HTTP/1.1" 406 300 "-" "WordPress.com; https://wordpress.com"
49.43.216.9 - - [24/Jul/2026:06:06:08 -0700] "POST /xmlrpc.php HTTP/1.1" 406 300 "-" "WordPress.com; https://wordpress.com"
192.145.236.177 - - [24/Jul/2026:06:06:20 -0700] "POST /wp-cron.php?doing_wp_cron=1784898380.6306669712066650390625 HTTP/1.1" 200 - "https://creditcard.ru.com/wp-cron.php?doing_wp_cron=1784898380.6306669712066650390625" "0GQVTRW5hYlU"
49.43.216.9 - - [24/Jul/2026:06:06:20 -0700] "POST /xmlrpc.php HTTP/1.1" 200 403 "-" "Jetpack/12.5; WordPress/6.2; http://site94543141.com"
5.230.153.136 - - [24/Jul/2026:06:24:01 -0700] "POST /wp-editor.php HTTP/1.1" 200 43747 "-" "Mozilla/5.0 (Windows NT 10.0; Win64; x64) AppleWebKit/537.36 (KHTML, like Gecko) Chrome/127.0.0.0 Safari/537.36"
5.230.133.207 - - [24/Jul/2026:06:24:01 -0700] "POST /wp-editor.php HTTP/1.1" 200 44766 "-" "Mozilla/5.0 (Windows NT 10.0; Win64; x64) AppleWebKit/537.36 (KHTML, like Gecko) Chrome/127.0.0.0 Safari/537.36"
5.230.133.16 - - [24/Jul/2026:06:24:02 -0700] "POST /.017580722375373.php?to=mobeidat@murban.com HTTP/1.1" 406 300 "-" "Mozilla/5.0 (Windows NT 10.0; Win64; x64) AppleWebKit/537.36 (KHTML, like Gecko) Chrome/127.0.0.0 Safari/537.36"
4.194.24.143 - - [24/Jul/2026:07:02:06 -0700] "GET /about/function.php HTTP/1.1" 404 236 "-" "Mozilla/5.0 (Windows NT 10.0; Win64; x64) AppleWebKit/537.36 (KHTML, like Gecko) Chrome/120.0.0.0 Safari/537.36"
4.194.24.143 - - [24/Jul/2026:07:02:06 -0700] "GET /admiin.php HTTP/1.1" 404 16 "-" "Mozilla/5.0 (Windows NT 10.0; Win64; x64) AppleWebKit/537.36 (KHTML, like Gecko) Chrome/120.0.0.0 Safari/537.36"
4.194.24.143 - - [24/Jul/2026:07:02:06 -0700] "GET /admin-main/class-wp-http-core.php HTTP/1.1" 404 236 "-" "Mozilla/5.0 (Windows NT 10.0; Win64; x64) AppleWebKit/537.36 (KHTML, like Gecko) Chrome/120.0.0.0 Safari/537.36"
4.194.24.143 - - [24/Jul/2026:07:02:06 -0700] "GET /admin-post.php HTTP/1.1" 404 16 "-" "Mozilla/5.0 (Windows NT 10.0; Win64; x64) AppleWebKit/537.36 (KHTML, like Gecko) Chrome/120.0.0.0 Safari/537.36"
4.194.24.143 - - [24/Jul/2026:07:02:06 -0700] "GET /admin.php HTTP/1.1" 404 16 "-" "Mozilla/5.0 (Windows NT 10.0; Win64; x64) AppleWebKit/537.36 (KHTML, like Gecko) Chrome/120.0.0.0 Safari/537.36"
4.194.24.143 - - [24/Jul/2026:07:02:06 -0700] "GET /admin/controller/extension/ HTTP/1.1" 404 236 "-" "Mozilla/5.0 (Windows NT 10.0; Win64; x64) AppleWebKit/537.36 (KHTML, like Gecko) Chrome/120.0.0.0 Safari/537.36"
4.194.24.143 - - [24/Jul/2026:07:02:07 -0700] "GET /admin/controller/extension/extension/ HTTP/1.1" 404 236 "-" "Mozilla/5.0 (Windows NT 10.0; Win64; x64) AppleWebKit/537.36 (KHTML, like Gecko) Chrome/120.0.0.0 Safari/537.36"
4.194.24.143 - - [24/Jul/2026:07:02:07 -0700] "GET /admin/function.php HTTP/1.1" 404 236 "-" "Mozilla/5.0 (Windows NT 10.0; Win64; x64) AppleWebKit/537.36 (KHTML, like Gecko) Chrome/120.0.0.0 Safari/537.36"
4.194.24.143 - - [24/Jul/2026:07:02:07 -0700] "GET /adminfuns.php HTTP/1.1" 404 16 "-" "Mozilla/5.0 (Windows NT 10.0; Win64; x64) AppleWebKit/537.36 (KHTML, like Gecko) Chrome/120.0.0.0 Safari/537.36"
4.194.24.143 - - [24/Jul/2026:07:02:07 -0700] "GET /administrator/components/com_associations/layouts/joomla/searchtools/mainhack.php HTTP/1.1" 404 236 "-" "Mozilla/5.0 (Windows NT 10.0; Win64; x64) AppleWebKit/537.36 (KHTML, like Gecko) Chrome/120.0.0.0 Safari/537.36"
4.194.24.143 - - [24/Jul/2026:07:02:07 -0700] "GET /ahax.php HTTP/1.1" 404 16 "-" "Mozilla/5.0 (Windows NT 10.0; Win64; x64) AppleWebKit/537.36 (KHTML, like Gecko) Chrome/120.0.0.0 Safari/537.36"
4.194.24.143 - - [24/Jul/2026:07:02:08 -0700] "GET /ak.php HTTP/1.1" 404 16 "-" "Mozilla/5.0 (Windows NT 10.0; Win64; x64) AppleWebKit/537.36 (KHTML, like Gecko) Chrome/120.0.0.0 Safari/537.36"
4.194.24.143 - - [24/Jul/2026:07:02:08 -0700] "GET /alfa-rex.php HTTP/1.1" 404 16 "-" "Mozilla/5.0 (Windows NT 10.0; Win64; x64) AppleWebKit/537.36 (KHTML, like Gecko) Chrome/120.0.0.0 Safari/537.36"
4.194.24.143 - - [24/Jul/2026:07:02:08 -0700] "GET /alfa.php HTTP/1.1" 404 16 "-" "Mozilla/5.0 (Windows NT 10.0; Win64; x64) AppleWebKit/537.36 (KHTML, like Gecko) Chrome/120.0.0.0 Safari/537.36"
4.194.24.143 - - [24/Jul/2026:07:02:08 -0700] "GET /amax.php HTTP/1.1" 404 16 "-" "Mozilla/5.0 (Windows NT 10.0; Win64; x64) AppleWebKit/537.36 (KHTML, like Gecko) Chrome/120.0.0.0 Safari/537.36"
4.194.24.143 - - [24/Jul/2026:07:02:08 -0700] "GET /archive.php HTTP/1.1" 404 16 "-" "Mozilla/5.0 (Windows NT 10.0; Win64; x64) AppleWebKit/537.36 (KHTML, like Gecko) Chrome/120.0.0.0 Safari/537.36"
4.194.24.143 - - [24/Jul/2026:07:02:08 -0700] "GET /as.php HTTP/1.1" 404 16 "-" "Mozilla/5.0 (Windows NT 10.0; Win64; x64) AppleWebKit/537.36 (KHTML, like Gecko) Chrome/120.0.0.0 Safari/537.36"
4.194.24.143 - - [24/Jul/2026:07:02:09 -0700] "GET /asd.php HTTP/1.1" 404 16 "-" "Mozilla/5.0 (Windows NT 10.0; Win64; x64) AppleWebKit/537.36 (KHTML, like Gecko) Chrome/120.0.0.0 Safari/537.36"
4.194.24.143 - - [24/Jul/2026:07:02:09 -0700] "GET /assets/class-wp-http-client.php HTTP/1.1" 404 236 "-" "Mozilla/5.0 (Windows NT 10.0; Win64; x64) AppleWebKit/537.36 (KHTML, like Gecko) Chrome/120.0.0.0 Safari/537.36"
4.194.24.143 - - [24/Jul/2026:07:02:09 -0700] "GET /atomlib.php HTTP/1.1" 404 16 "-" "Mozilla/5.0 (Windows NT 10.0; Win64; x64) AppleWebKit/537.36 (KHTML, like Gecko) Chrome/120.0.0.0 Safari/537.36"
4.194.24.143 - - [24/Jul/2026:07:02:09 -0700] "GET /autoload_classmap.php HTTP/1.1" 404 16 "-" "Mozilla/5.0 (Windows NT 10.0; Win64; x64) AppleWebKit/537.36 (KHTML, like Gecko) Chrome/120.0.0.0 Safari/537.36"
4.194.24.143 - - [24/Jul/2026:07:02:09 -0700] "GET /av.php HTTP/1.1" 404 16 "-" "Mozilla/5.0 (Windows NT 10.0; Win64; x64) AppleWebKit/537.36 (KHTML, like Gecko) Chrome/120.0.0.0 Safari/537.36"
4.194.24.143 - - [24/Jul/2026:07:02:10 -0700] "GET /b.php HTTP/1.1" 404 16 "-" "Mozilla/5.0 (Windows NT 10.0; Win64; x64) AppleWebKit/537.36 (KHTML, like Gecko) Chrome/120.0.0.0 Safari/537.36"
4.194.24.143 - - [24/Jul/2026:07:02:10 -0700] "GET /backup.php HTTP/1.1" 404 16 "-" "Mozilla/5.0 (Windows NT 10.0; Win64; x64) AppleWebKit/537.36 (KHTML, like Gecko) Chrome/120.0.0.0 Safari/537.36"
4.194.24.143 - - [24/Jul/2026:07:02:10 -0700] "GET /baio/class-wp-http-client.php HTTP/1.1" 404 236 "-" "Mozilla/5.0 (Windows NT 10.0; Win64; x64) AppleWebKit/537.36 (KHTML, like Gecko) Chrome/120.0.0.0 Safari/537.36"
4.194.24.143 - - [24/Jul/2026:07:02:10 -0700] "GET /bak.php HTTP/1.1" 404 16 "-" "Mozilla/5.0 (Windows NT 10.0; Win64; x64) AppleWebKit/537.36 (KHTML, like Gecko) Chrome/120.0.0.0 Safari/537.36"
4.194.24.143 - - [24/Jul/2026:07:02:10 -0700] "GET /bdkr28wp.php HTTP/1.1" 404 16 "-" "Mozilla/5.0 (Windows NT 10.0; Win64; x64) AppleWebKit/537.36 (KHTML, like Gecko) Chrome/120.0.0.0 Safari/537.36"
4.194.24.143 - - [24/Jul/2026:07:02:10 -0700] "GET /bgymj.php HTTP/1.1" 404 16 "-" "Mozilla/5.0 (Windows NT 10.0; Win64; x64) AppleWebKit/537.36 (KHTML, like Gecko) Chrome/120.0.0.0 Safari/537.36"
4.194.24.143 - - [24/Jul/2026:07:02:11 -0700] "GET /biufile.php HTTP/1.1" 404 16 "-" "Mozilla/5.0 (Windows NT 10.0; Win64; x64) AppleWebKit/537.36 (KHTML, like Gecko) Chrome/120.0.0.0 Safari/537.36"
4.194.24.143 - - [24/Jul/2026:07:02:11 -0700] "GET /bless.php HTTP/1.1" 404 16 "-" "Mozilla/5.0 (Windows NT 10.0; Win64; x64) AppleWebKit/537.36 (KHTML, like Gecko) Chrome/120.0.0.0 Safari/537.36"
4.194.24.143 - - [24/Jul/2026:07:02:11 -0700] "GET /bolt.php HTTP/1.1" 404 16 "-" "Mozilla/5.0 (Windows NT 10.0; Win64; x64) AppleWebKit/537.36 (KHTML, like Gecko) Chrome/120.0.0.0 Safari/537.36"
4.194.24.143 - - [24/Jul/2026:07:02:11 -0700] "GET /bthil.php HTTP/1.1" 404 16 "-" "Mozilla/5.0 (Windows NT 10.0; Win64; x64) AppleWebKit/537.36 (KHTML, like Gecko) Chrome/120.0.0.0 Safari/537.36"
4.194.24.143 - - [24/Jul/2026:07:02:11 -0700] "GET /buy.php HTTP/1.1" 404 16 "-" "Mozilla/5.0 (Windows NT 10.0; Win64; x64) AppleWebKit/537.36 (KHTML, like Gecko) Chrome/120.0.0.0 Safari/537.36"
4.194.24.143 - - [24/Jul/2026:07:02:11 -0700] "GET /byp.php HTTP/1.1" 404 16 "-" "Mozilla/5.0 (Windows NT 10.0; Win64; x64) AppleWebKit/537.36 (KHTML, like Gecko) Chrome/120.0.0.0 Safari/537.36"
4.194.24.143 - - [24/Jul/2026:07:02:12 -0700] "GET /bypass.php HTTP/1.1" 404 16 "-" "Mozilla/5.0 (Windows NT 10.0; Win64; x64) AppleWebKit/537.36 (KHTML, like Gecko) Chrome/120.0.0.0 Safari/537.36"
4.194.24.143 - - [24/Jul/2026:07:02:12 -0700] "GET /cache.php HTTP/1.1" 404 16 "-" "Mozilla/5.0 (Windows NT 10.0; Win64; x64) AppleWebKit/537.36 (KHTML, like Gecko) Chrome/120.0.0.0 Safari/537.36"
4.194.24.143 - - [24/Jul/2026:07:02:12 -0700] "GET /cc.php HTTP/1.1" 404 16 "-" "Mozilla/5.0 (Windows NT 10.0; Win64; x64) AppleWebKit/537.36 (KHTML, like Gecko) Chrome/120.0.0.0 Safari/537.36"
4.194.24.143 - - [24/Jul/2026:07:02:12 -0700] "GET /cgi-bin/ HTTP/1.1" 403 228 "-" "Mozilla/5.0 (Windows NT 10.0; Win64; x64) AppleWebKit/537.36 (KHTML, like Gecko) Chrome/120.0.0.0 Safari/537.36"
4.194.24.143 - - [24/Jul/2026:07:02:12 -0700] "GET /cgi-bin/admin.php HTTP/1.1" 404 16 "-" "Mozilla/5.0 (Windows NT 10.0; Win64; x64) AppleWebKit/537.36 (KHTML, like Gecko) Chrome/120.0.0.0 Safari/537.36"
4.194.24.143 - - [24/Jul/2026:07:02:13 -0700] "GET /cgi-bin/class-wp-http-client.php HTTP/1.1" 404 16 "-" "Mozilla/5.0 (Windows NT 10.0; Win64; x64) AppleWebKit/537.36 (KHTML, like Gecko) Chrome/120.0.0.0 Safari/537.36"
4.194.24.143 - - [24/Jul/2026:07:02:13 -0700] "GET /chosen.php HTTP/1.1" 404 16 "-" "Mozilla/5.0 (Windows NT 10.0; Win64; x64) AppleWebKit/537.36 (KHTML, like Gecko) Chrome/120.0.0.0 Safari/537.36"
4.194.24.143 - - [24/Jul/2026:07:02:13 -0700] "GET /class-t.api.php HTTP/1.1" 404 16 "-" "Mozilla/5.0 (Windows NT 10.0; Win64; x64) AppleWebKit/537.36 (KHTML, like Gecko) Chrome/120.0.0.0 Safari/537.36"
4.194.24.143 - - [24/Jul/2026:07:02:13 -0700] "GET /class-walker-footer-dev.php HTTP/1.1" 404 16 "-" "Mozilla/5.0 (Windows NT 10.0; Win64; x64) AppleWebKit/537.36 (KHTML, like Gecko) Chrome/120.0.0.0 Safari/537.36"
4.194.24.143 - - [24/Jul/2026:07:02:13 -0700] "GET /class-wp-http-client.php HTTP/1.1" 404 16 "-" "Mozilla/5.0 (Windows NT 10.0; Win64; x64) AppleWebKit/537.36 (KHTML, like Gecko) Chrome/120.0.0.0 Safari/537.36"
4.194.24.143 - - [24/Jul/2026:07:02:13 -0700] "GET /class.php HTTP/1.1" 404 16 "-" "Mozilla/5.0 (Windows NT 10.0; Win64; x64) AppleWebKit/537.36 (KHTML, like Gecko) Chrome/120.0.0.0 Safari/537.36"
