173.239.240.229 - - [24/Jul/2026:11:23:17 -0700] "POST /wp-login.php HTTP/1.1" 302 259 "https://casino.tires/wp-login.php" "Mozilla/5.0 (Macintosh; Intel Mac OS X 10_15_7) AppleWebKit/605.1.15 (KHTML, like Gecko) Version/16.6 Safari/605.1.15"
192.145.236.177 - - [24/Jul/2026:11:23:26 -0700] "POST /wp-cron.php?doing_wp_cron=1784917406.3680469989776611328125 HTTP/1.1" 200 - "-" "NJ581muJ9WB9"
173.239.240.229 - - [24/Jul/2026:11:23:18 -0700] "GET /wp-admin/index.php HTTP/1.1" 200 457 "https://casino.tires/wp-login.php" "Mozilla/5.0 (Macintosh; Intel Mac OS X 10_15_7) AppleWebKit/537.36 (KHTML, like Gecko) Chrome/119.0.0.0 Safari/537.36"
189.28.187.211 - - [24/Jul/2026:11:23:21 -0700] "POST /xmlrpc.php HTTP/1.1" 200 851 "-" "Jetpack by WordPress.com"
173.239.240.229 - - [24/Jul/2026:11:23:27 -0700] "GET /wp-admin/profile.php HTTP/1.1" 200 457 "https://casino.tires/wp-login.php" "Mozilla/5.0 (Macintosh; Intel Mac OS X 10_15_7) AppleWebKit/537.36 (KHTML, like Gecko) Chrome/119.0.0.0 Safari/537.36"
189.28.187.211 - - [24/Jul/2026:11:23:31 -0700] "POST /xmlrpc.php HTTP/1.1" 200 851 "-" "Jetpack/12.0; WordPress/6.3; http://site93975468.com"
189.28.187.211 - - [24/Jul/2026:11:23:42 -0700] "POST /xmlrpc.php HTTP/1.1" 406 300 "-" "WordPress.com; https://wordpress.com"
192.145.236.177 - - [24/Jul/2026:11:23:44 -0700] "POST /wp-cron.php?doing_wp_cron=1784917424.4562869071960449218750 HTTP/1.1" 200 - "-" "IlQFCGnaZixs"
173.239.240.228 - - [24/Jul/2026:11:23:40 -0700] "GET /wp-admin/edit.php HTTP/1.1" 200 457 "https://casino.tires/wp-login.php" "Mozilla/5.0 (Macintosh; Intel Mac OS X 10_15_7) AppleWebKit/537.36 (KHTML, like Gecko) Chrome/119.0.0.0 Safari/537.36"
173.239.240.227 - - [24/Jul/2026:11:23:56 -0700] "POST /wp-login.php HTTP/1.1" 302 259 "https://casino.tires/wp-login.php" "Mozilla/5.0 (Macintosh; Intel Mac OS X 13_6_1) AppleWebKit/537.36 (KHTML, like Gecko) Chrome/118.0.0.0 Safari/537.36"
173.239.240.228 - - [24/Jul/2026:11:23:46 -0700] "GET /wp-admin/plugins.php HTTP/1.1" 200 457 "https://casino.tires/wp-login.php" "Mozilla/5.0 (Macintosh; Intel Mac OS X 10_15_7) AppleWebKit/537.36 (KHTML, like Gecko) Chrome/119.0.0.0 Safari/537.36"
189.28.187.211 - - [24/Jul/2026:11:24:03 -0700] "POST /xmlrpc.php HTTP/1.1" 406 300 "-" "WordPress.com; https://wordpress.com"
189.28.187.211 - - [24/Jul/2026:11:23:52 -0700] "POST /xmlrpc.php HTTP/1.1" 200 851 "-" "Jetpack by WordPress.com (Jetpack 12.1; WordPress 6.1)"
173.239.240.227 - - [24/Jul/2026:11:23:56 -0700] "GET /wp-admin/index.php HTTP/1.1" 200 457 "https://casino.tires/wp-login.php" "Mozilla/5.0 (Macintosh; Intel Mac OS X 13_6_1) AppleWebKit/537.36 (KHTML, like Gecko) Chrome/118.0.0.0 Safari/537.36"
192.145.236.177 - - [24/Jul/2026:11:24:24 -0700] "POST /wp-cron.php?doing_wp_cron=1784917464.1132009029388427734375 HTTP/1.1" 200 - "-" "FrC4IGHnbMRu"
189.28.187.211 - - [24/Jul/2026:11:24:13 -0700] "POST /xmlrpc.php HTTP/1.1" 200 851 "-" "Jetpack/12.5; WordPress/6.2; http://site36023027.com"
173.239.240.229 - - [24/Jul/2026:11:24:14 -0700] "GET /wp-admin/profile.php HTTP/1.1" 200 457 "https://casino.tires/wp-login.php" "Mozilla/5.0 (Macintosh; Intel Mac OS X 13_6_1) AppleWebKit/537.36 (KHTML, like Gecko) Chrome/118.0.0.0 Safari/537.36"
189.28.187.211 - - [24/Jul/2026:11:24:34 -0700] "POST /xmlrpc.php HTTP/1.1" 406 300 "-" "WordPress.com; https://wordpress.com"
173.239.240.215 - - [24/Jul/2026:11:24:24 -0700] "GET /wp-admin/edit.php HTTP/1.1" 200 457 "https://casino.tires/wp-login.php" "Mozilla/5.0 (Macintosh; Intel Mac OS X 13_6_1) AppleWebKit/537.36 (KHTML, like Gecko) Chrome/118.0.0.0 Safari/537.36"
189.28.187.211 - - [24/Jul/2026:11:24:24 -0700] "POST /xmlrpc.php HTTP/1.1" 200 851 "-" "Jetpack by WordPress.com"
189.28.187.211 - - [24/Jul/2026:11:24:45 -0700] "POST /xmlrpc.php HTTP/1.1" 406 300 "-" "WordPress.com; https://wordpress.com"
192.145.236.177 - - [24/Jul/2026:11:24:45 -0700] "POST /wp-cron.php?doing_wp_cron=1784917485.1504280567169189453125 HTTP/1.1" 200 - "-" "6tnsU483vM8Z"
173.239.240.213 - - [24/Jul/2026:11:24:38 -0700] "GET /wp-admin/plugins.php HTTP/1.1" 200 457 "https://casino.tires/wp-login.php" "Mozilla/5.0 (Macintosh; Intel Mac OS X 13_6_1) AppleWebKit/537.36 (KHTML, like Gecko) Chrome/118.0.0.0 Safari/537.36"
173.239.240.213 - - [24/Jul/2026:11:24:48 -0700] "POST /wp-login.php HTTP/1.1" 302 259 "https://casino.tires/wp-login.php" "Mozilla/5.0 (X11; Linux x86_64) AppleWebKit/537.36 (KHTML, like Gecko) Chrome/121.0.0.0 Safari/537.36"
173.239.240.213 - - [24/Jul/2026:11:24:50 -0700] "GET /wp-admin/index.php HTTP/1.1" 200 457 "https://casino.tires/wp-login.php" "Mozilla/5.0 (Macintosh; Intel Mac OS X 10_15_7) AppleWebKit/537.36 (KHTML, like Gecko) Chrome/121.0.0.0 Safari/537.36"
189.28.187.211 - - [24/Jul/2026:11:24:55 -0700] "POST /xmlrpc.php HTTP/1.1" 200 851 "-" "Jetpack by WordPress.com"
192.145.236.177 - - [24/Jul/2026:11:25:20 -0700] "POST /wp-cron.php?doing_wp_cron=1784917520.1121530532836914062500 HTTP/1.1" 200 - "-" "njPR8rOai1Fw"
189.28.187.211 - - [24/Jul/2026:11:25:06 -0700] "POST /xmlrpc.php HTTP/1.1" 200 851 "-" "Jetpack by WordPress.com (Jetpack 12.0; WordPress 6.2)"
173.239.240.226 - - [24/Jul/2026:11:25:08 -0700] "GET /wp-admin/profile.php HTTP/1.1" 200 457 "https://casino.tires/wp-login.php" "Mozilla/5.0 (Macintosh; Intel Mac OS X 10_15_7) AppleWebKit/537.36 (KHTML, like Gecko) Chrome/121.0.0.0 Safari/537.36"
189.28.187.211 - - [24/Jul/2026:11:25:27 -0700] "POST /xmlrpc.php HTTP/1.1" 406 300 "-" "WordPress.com; https://wordpress.com"
189.28.187.211 - - [24/Jul/2026:11:25:16 -0700] "POST /xmlrpc.php HTTP/1.1" 200 851 "-" "Jetpack by WordPress.com (Jetpack 12.0; WordPress 6.2)"
189.28.187.211 - - [24/Jul/2026:11:25:38 -0700] "POST /xmlrpc.php HTTP/1.1" 406 300 "-" "WordPress.com; https://wordpress.com"
173.239.240.219 - - [24/Jul/2026:11:25:23 -0700] "GET /wp-admin/edit.php HTTP/1.1" 200 457 "https://casino.tires/wp-login.php" "Mozilla/5.0 (Macintosh; Intel Mac OS X 10_15_7) AppleWebKit/537.36 (KHTML, like Gecko) Chrome/121.0.0.0 Safari/537.36"
192.145.236.177 - - [24/Jul/2026:11:25:53 -0700] "POST /wp-cron.php?doing_wp_cron=1784917553.5495979785919189453125 HTTP/1.1" 200 - "-" "2qy20W7KgzAy"
173.239.240.209 - - [24/Jul/2026:11:25:36 -0700] "GET /wp-admin/plugins.php HTTP/1.1" 200 457 "https://casino.tires/wp-login.php" "Mozilla/5.0 (Macintosh; Intel Mac OS X 10_15_7) AppleWebKit/537.36 (KHTML, like Gecko) Chrome/121.0.0.0 Safari/537.36"
173.239.240.210 - - [24/Jul/2026:11:25:56 -0700] "POST /wp-login.php HTTP/1.1" 302 259 "https://casino.tires/wp-login.php" "Mozilla/5.0 (Macintosh; Intel Mac OS X 10_15_7; rv:119.0) Gecko/20100101 Firefox/119.0"
192.145.236.177 - - [24/Jul/2026:11:26:04 -0700] "POST /wp-cron.php?doing_wp_cron=1784917564.0776500701904296875000 HTTP/1.1" 200 - "-" "3ACLcJoMqGfi"
189.28.187.211 - - [24/Jul/2026:11:25:48 -0700] "POST /xmlrpc.php HTTP/1.1" 200 851 "-" "Jetpack/12.1; WordPress/6.2; http://site49019798.com"
189.28.187.211 - - [24/Jul/2026:11:26:09 -0700] "POST /xmlrpc.php HTTP/1.1" 406 300 "-" "WordPress.com; https://wordpress.com"
189.28.187.211 - - [24/Jul/2026:11:25:59 -0700] "POST /xmlrpc.php HTTP/1.1" 200 851 "-" "Jetpack by WordPress.com"
173.239.240.210 - - [24/Jul/2026:11:25:57 -0700] "GET /wp-admin/index.php HTTP/1.1" 200 457 "https://casino.tires/wp-login.php" "Mozilla/5.0 (X11; Ubuntu; Linux x86_64) AppleWebKit/537.36 (KHTML, like Gecko) Chrome/119.0.0.0 Safari/537.36"
173.239.240.217 - - [24/Jul/2026:11:26:10 -0700] "GET /wp-admin/profile.php HTTP/1.1" 200 457 "https://casino.tires/wp-login.php" "Mozilla/5.0 (X11; Ubuntu; Linux x86_64) AppleWebKit/537.36 (KHTML, like Gecko) Chrome/119.0.0.0 Safari/537.36"
192.145.236.177 - - [24/Jul/2026:11:26:28 -0700] "POST /wp-cron.php?doing_wp_cron=1784917588.0804851055145263671875 HTTP/1.1" 200 - "-" "FqarvnJWZOdX"
189.28.187.211 - - [24/Jul/2026:11:26:20 -0700] "POST /xmlrpc.php HTTP/1.1" 200 851 "-" "Jetpack/12.1; WordPress/6.1; http://site39309835.com"
173.239.240.225 - - [24/Jul/2026:11:26:23 -0700] "GET /wp-admin/edit.php HTTP/1.1" 200 457 "https://casino.tires/wp-login.php" "Mozilla/5.0 (X11; Ubuntu; Linux x86_64) AppleWebKit/537.36 (KHTML, like Gecko) Chrome/119.0.0.0 Safari/537.36"
189.28.187.211 - - [24/Jul/2026:11:26:41 -0700] "POST /xmlrpc.php HTTP/1.1" 406 300 "-" "WordPress.com; https://wordpress.com"
189.28.187.211 - - [24/Jul/2026:11:26:30 -0700] "POST /xmlrpc.php HTTP/1.1" 200 851 "-" "Jetpack by WordPress.com"
173.239.240.210 - - [24/Jul/2026:11:26:33 -0700] "GET /wp-admin/plugins.php HTTP/1.1" 200 457 "https://casino.tires/wp-login.php" "Mozilla/5.0 (X11; Ubuntu; Linux x86_64) AppleWebKit/537.36 (KHTML, like Gecko) Chrome/119.0.0.0 Safari/537.36"
173.239.240.226 - - [24/Jul/2026:11:26:46 -0700] "POST /wp-login.php HTTP/1.1" 302 259 "https://casino.tires/wp-login.php" "Mozilla/5.0 (Macintosh; Intel Mac OS X 13_6_1) AppleWebKit/605.1.15 (KHTML, like Gecko) Version/17.0 Safari/605.1.15"
192.145.236.177 - - [24/Jul/2026:11:26:57 -0700] "POST /wp-cron.php?doing_wp_cron=1784917617.3780009746551513671875 HTTP/1.1" 200 - "-" "KuSAeBInSGs1"
173.239.240.226 - - [24/Jul/2026:11:26:48 -0700] "GET /wp-admin/index.php HTTP/1.1" 200 457 "https://casino.tires/wp-login.php" "Mozilla/5.0 (Windows NT 11.0; Win64; x64) AppleWebKit/537.36 (KHTML, like Gecko) Chrome/121.0.0.0 Safari/537.36"
189.28.187.211 - - [24/Jul/2026:11:26:51 -0700] "POST /xmlrpc.php HTTP/1.1" 200 851 "-" "Jetpack by WordPress.com"
189.28.187.211 - - [24/Jul/2026:11:27:01 -0700] "POST /xmlrpc.php HTTP/1.1" 406 300 "-" "WordPress.com; https://wordpress.com"
173.239.240.226 - - [24/Jul/2026:11:26:57 -0700] "GET /wp-admin/profile.php HTTP/1.1" 200 457 "https://casino.tires/wp-login.php" "Mozilla/5.0 (Windows NT 11.0; Win64; x64) AppleWebKit/537.36 (KHTML, like Gecko) Chrome/121.0.0.0 Safari/537.36"
173.239.240.226 - - [24/Jul/2026:11:27:05 -0700] "GET /wp-admin/edit.php HTTP/1.1" 200 457 "https://casino.tires/wp-login.php" "Mozilla/5.0 (Windows NT 11.0; Win64; x64) AppleWebKit/537.36 (KHTML, like Gecko) Chrome/121.0.0.0 Safari/537.36"
192.145.236.177 - - [24/Jul/2026:11:27:20 -0700] "POST /wp-cron.php?doing_wp_cron=1784917640.0126450061798095703125 HTTP/1.1" 200 - "-" "gYFb04X4Y1pm"
189.28.187.211 - - [24/Jul/2026:11:27:13 -0700] "POST /xmlrpc.php HTTP/1.1" 200 851 "-" "Jetpack/12.5; WordPress/6.3; http://site58831962.com"
173.239.240.226 - - [24/Jul/2026:11:27:13 -0700] "GET /wp-admin/plugins.php HTTP/1.1" 200 457 "https://casino.tires/wp-login.php" "Mozilla/5.0 (Windows NT 11.0; Win64; x64) AppleWebKit/537.36 (KHTML, like Gecko) Chrome/121.0.0.0 Safari/537.36"
173.239.240.226 - - [24/Jul/2026:11:27:22 -0700] "POST /wp-login.php HTTP/1.1" 302 259 "https://casino.tires/wp-login.php" "Mozilla/5.0 (Macintosh; Intel Mac OS X 13_6_1) AppleWebKit/537.36 (KHTML, like Gecko) Chrome/121.0.0.0 Safari/537.36"
189.28.187.211 - - [24/Jul/2026:11:27:23 -0700] "POST /xmlrpc.php HTTP/1.1" 200 851 "-" "Jetpack by WordPress.com (Jetpack 12.0; WordPress 6.2)"
173.239.240.226 - - [24/Jul/2026:11:27:25 -0700] "GET /wp-admin/index.php HTTP/1.1" 200 457 "https://casino.tires/wp-login.php" "Mozilla/5.0 (Windows NT 11.0; Win64; x64; rv:121.0) Gecko/20100101 Firefox/121.0"
192.145.236.177 - - [24/Jul/2026:11:27:45 -0700] "POST /wp-cron.php?doing_wp_cron=1784917665.7701880931854248046875 HTTP/1.1" 200 - "-" "VikDtQX9WjH8"
189.28.187.211 - - [24/Jul/2026:11:27:34 -0700] "POST /xmlrpc.php HTTP/1.1" 200 851 "-" "Jetpack by WordPress.com"
173.239.240.218 - - [24/Jul/2026:11:27:39 -0700] "GET /wp-admin/profile.php HTTP/1.1" 200 457 "https://casino.tires/wp-login.php" "Mozilla/5.0 (Windows NT 11.0; Win64; x64; rv:121.0) Gecko/20100101 Firefox/121.0"
189.28.187.211 - - [24/Jul/2026:11:27:55 -0700] "POST /xmlrpc.php HTTP/1.1" 406 300 "-" "WordPress.com; https://wordpress.com"
192.145.236.177 - - [24/Jul/2026:11:28:07 -0700] "POST /wp-cron.php?doing_wp_cron=1784917687.4724040031433105468750 HTTP/1.1" 200 - "-" "Pd3fmIZG0hYP"
189.28.187.211 - - [24/Jul/2026:11:27:44 -0700] "POST /xmlrpc.php HTTP/1.1" 200 851 "-" "Jetpack by WordPress.com (Jetpack 12.5; WordPress 6.3)"
173.239.240.214 - - [24/Jul/2026:11:28:00 -0700] "GET /wp-admin/edit.php HTTP/1.1" 200 457 "https://casino.tires/wp-login.php" "Mozilla/5.0 (Windows NT 11.0; Win64; x64; rv:121.0) Gecko/20100101 Firefox/121.0"
192.145.236.177 - - [24/Jul/2026:11:28:18 -0700] "POST /wp-cron.php?doing_wp_cron=1784917698.0524840354919433593750 HTTP/1.1" 200 - "-" "IVJiWjfpXR78"
189.28.187.211 - - [24/Jul/2026:11:28:05 -0700] "POST /xmlrpc.php HTTP/1.1" 200 851 "-" "Jetpack/12.1; WordPress/6.4; http://site61072758.com"
189.28.187.211 - - [24/Jul/2026:11:28:16 -0700] "POST /xmlrpc.php HTTP/1.1" 200 851 "-" "Jetpack by WordPress.com"
173.239.240.227 - - [24/Jul/2026:11:28:13 -0700] "GET /wp-admin/plugins.php HTTP/1.1" 200 457 "https://casino.tires/wp-login.php" "Mozilla/5.0 (Windows NT 11.0; Win64; x64; rv:121.0) Gecko/20100101 Firefox/121.0"
173.239.240.227 - - [24/Jul/2026:11:28:23 -0700] "POST /wp-login.php HTTP/1.1" 302 259 "https://casino.tires/wp-login.php" "Mozilla/5.0 (Windows NT 10.0; Win64; x64; rv:118.0) Gecko/20100101 Firefox/118.0"
173.239.240.227 - - [24/Jul/2026:11:28:23 -0700] "GET /wp-admin/index.php HTTP/1.1" 200 457 "https://casino.tires/wp-login.php" "Mozilla/5.0 (X11; Linux x86_64) AppleWebKit/537.36 (KHTML, like Gecko) Chrome/118.0.0.0 Safari/537.36"
189.28.187.211 - - [24/Jul/2026:11:28:26 -0700] "POST /xmlrpc.php HTTP/1.1" 200 851 "-" "Jetpack by WordPress.com (Jetpack 12.5; WordPress 6.1)"
173.239.240.227 - - [24/Jul/2026:11:28:30 -0700] "GET /wp-admin/profile.php HTTP/1.1" 200 457 "https://casino.tires/wp-login.php" "Mozilla/5.0 (X11; Linux x86_64) AppleWebKit/537.36 (KHTML, like Gecko) Chrome/118.0.0.0 Safari/537.36"
192.145.236.177 - - [24/Jul/2026:11:28:44 -0700] "POST /wp-cron.php?doing_wp_cron=1784917724.6685409545898437500000 HTTP/1.1" 200 - "-" "zaUzjZUipUF1"
173.239.240.227 - - [24/Jul/2026:11:28:38 -0700] "GET /wp-admin/edit.php HTTP/1.1" 200 457 "https://casino.tires/wp-login.php" "Mozilla/5.0 (X11; Linux x86_64) AppleWebKit/537.36 (KHTML, like Gecko) Chrome/118.0.0.0 Safari/537.36"
189.28.187.211 - - [24/Jul/2026:11:28:37 -0700] "POST /xmlrpc.php HTTP/1.1" 200 851 "-" "Jetpack by WordPress.com"
189.28.187.211 - - [24/Jul/2026:11:28:47 -0700] "POST /xmlrpc.php HTTP/1.1" 200 851 "-" "Jetpack/12.5; WordPress/6.1; http://site62474101.com"
173.239.240.227 - - [24/Jul/2026:11:28:46 -0700] "GET /wp-admin/plugins.php HTTP/1.1" 200 457 "https://casino.tires/wp-login.php" "Mozilla/5.0 (X11; Linux x86_64) AppleWebKit/537.36 (KHTML, like Gecko) Chrome/118.0.0.0 Safari/537.36"
173.239.240.227 - - [24/Jul/2026:11:28:57 -0700] "POST /wp-login.php HTTP/1.1" 302 259 "https://casino.tires/wp-login.php" "Mozilla/5.0 (X11; Linux x86_64) AppleWebKit/537.36 (KHTML, like Gecko) Chrome/120.0.0.0 Safari/537.36"
189.28.187.211 - - [24/Jul/2026:11:28:57 -0700] "POST /xmlrpc.php HTTP/1.1" 200 851 "-" "Jetpack by WordPress.com (Jetpack 13.0; WordPress 6.3)"
173.239.240.227 - - [24/Jul/2026:11:28:57 -0700] "GET /wp-admin/index.php HTTP/1.1" 200 457 "https://casino.tires/wp-login.php" "Mozilla/5.0 (X11; Linux x86_64) AppleWebKit/537.36 (KHTML, like Gecko) Chrome/118.0.0.0 Safari/537.36"
192.145.236.177 - - [24/Jul/2026:11:29:15 -0700] "POST /wp-cron.php?doing_wp_cron=1784917754.9247159957885742187500 HTTP/1.1" 200 - "-" "BSK859JXfaNj"
189.28.187.211 - - [24/Jul/2026:11:29:08 -0700] "POST /xmlrpc.php HTTP/1.1" 200 851 "-" "Jetpack/12.5; WordPress/6.1; http://site43363355.com"
189.28.187.211 - - [24/Jul/2026:11:29:18 -0700] "POST /xmlrpc.php HTTP/1.1" 406 300 "-" "WordPress.com; https://wordpress.com"
173.239.240.221 - - [24/Jul/2026:11:29:16 -0700] "GET /wp-admin/edit.php HTTP/1.1" 200 457 "https://casino.tires/wp-login.php" "Mozilla/5.0 (X11; Linux x86_64) AppleWebKit/537.36 (KHTML, like Gecko) Chrome/118.0.0.0 Safari/537.36"
189.28.187.211 - - [24/Jul/2026:11:29:30 -0700] "POST /xmlrpc.php HTTP/1.1" 200 851 "-" "Jetpack by WordPress.com (Jetpack 13.0; WordPress 6.3)"
173.239.240.219 - - [24/Jul/2026:11:29:34 -0700] "GET /wp-admin/plugins.php HTTP/1.1" 200 457 "https://casino.tires/wp-login.php" "Mozilla/5.0 (X11; Linux x86_64) AppleWebKit/537.36 (KHTML, like Gecko) Chrome/118.0.0.0 Safari/537.36"
192.145.236.177 - - [24/Jul/2026:11:29:45 -0700] "POST /wp-cron.php?doing_wp_cron=1784917785.7893400192260742187500 HTTP/1.1" 200 - "-" "J8DOCOE0WFEg"
189.28.187.211 - - [24/Jul/2026:11:29:40 -0700] "POST /xmlrpc.php HTTP/1.1" 200 851 "-" "Jetpack/12.5; WordPress/6.3; http://site49854472.com"
189.28.187.211 - - [24/Jul/2026:11:29:50 -0700] "POST /xmlrpc.php HTTP/1.1" 406 300 "-" "WordPress.com; https://wordpress.com"
189.28.187.211 - - [24/Jul/2026:11:30:01 -0700] "POST /xmlrpc.php HTTP/1.1" 200 851 "-" "Jetpack by WordPress.com (Jetpack 12.0; WordPress 6.2)"
192.145.236.177 - - [24/Jul/2026:11:30:21 -0700] "POST /wp-cron.php?doing_wp_cron=1784917820.7153151035308837890625 HTTP/1.1" 200 - "-" "O31ibL7H16M0"
189.28.187.211 - - [24/Jul/2026:11:30:12 -0700] "POST /xmlrpc.php HTTP/1.1" 200 851 "-" "Jetpack/12.0; WordPress/6.4; http://site28939870.com"
189.28.187.211 - - [24/Jul/2026:11:30:22 -0700] "POST /xmlrpc.php HTTP/1.1" 200 851 "-" "Jetpack by WordPress.com"
173.239.240.210 - - [24/Jul/2026:11:30:33 -0700] "POST /wp-login.php HTTP/1.1" 302 259 "https://casino.tires/wp-login.php" "Mozilla/5.0 (Windows NT 10.0; Win64; x64; rv:120.0) Gecko/20100101 Firefox/120.0"
192.145.236.177 - - [24/Jul/2026:11:30:44 -0700] "POST /wp-cron.php?doing_wp_cron=1784917844.5039329528808593750000 HTTP/1.1" 200 - "-" "fhjigl4VLq3G"
173.239.240.210 - - [24/Jul/2026:11:30:33 -0700] "GET /wp-admin/index.php HTTP/1.1" 200 457 "https://casino.tires/wp-login.php" "Mozilla/5.0 (Macintosh; Intel Mac OS X 13_6_1) AppleWebKit/537.36 (KHTML, like Gecko) Chrome/121.0.0.0 Safari/537.36"
189.28.187.211 - - [24/Jul/2026:11:30:33 -0700] "POST /xmlrpc.php HTTP/1.1" 200 851 "-" "Jetpack by WordPress.com"
189.28.187.211 - - [24/Jul/2026:11:30:54 -0700] "POST /xmlrpc.php HTTP/1.1" 406 300 "-" "WordPress.com; https://wordpress.com"
189.28.187.211 - - [24/Jul/2026:11:30:43 -0700] "POST /xmlrpc.php HTTP/1.1" 200 851 "-" "Jetpack by WordPress.com"
173.239.240.207 - - [24/Jul/2026:11:30:47 -0700] "GET /wp-admin/profile.php HTTP/1.1" 200 457 "https://casino.tires/wp-login.php" "Mozilla/5.0 (Macintosh; Intel Mac OS X 13_6_1) AppleWebKit/537.36 (KHTML, like Gecko) Chrome/121.0.0.0 Safari/537.36"
68.67.112.208 - - [24/Jul/2026:11:31:05 -0700] "GET /robots.txt HTTP/1.1" 200 123 "-" "Mozilla/5.0 AppleWebKit/537.36 (KHTML, like Gecko; compatible; YouBot/1.0; +https://docs.you.com/youbot; env:prod) Chrome/142.0.0.0 Safari/537.36"
173.239.240.202 - - [24/Jul/2026:11:30:59 -0700] "GET /wp-admin/edit.php HTTP/1.1" 200 457 "https://casino.tires/wp-login.php" "Mozilla/5.0 (Macintosh; Intel Mac OS X 13_6_1) AppleWebKit/537.36 (KHTML, like Gecko) Chrome/121.0.0.0 Safari/537.36"
68.67.112.208 - - [24/Jul/2026:11:31:06 -0700] "GET /category/betting/ HTTP/1.1" 200 190548 "-" "Mozilla/5.0 AppleWebKit/537.36 (KHTML, like Gecko; compatible; YouBot/1.0; +https://docs.you.com/youbot; env:prod) Chrome/142.0.0.0 Safari/537.36"
192.145.236.177 - - [24/Jul/2026:11:31:13 -0700] "POST /wp-cron.php?doing_wp_cron=1784917873.4823560714721679687500 HTTP/1.1" 200 - "-" "5nzEdmGauyil"
189.28.187.211 - - [24/Jul/2026:11:31:04 -0700] "POST /xmlrpc.php HTTP/1.1" 200 851 "-" "Jetpack by WordPress.com (Jetpack 12.5; WordPress 6.4)"
173.239.240.202 - - [24/Jul/2026:11:31:06 -0700] "GET /wp-admin/plugins.php HTTP/1.1" 200 457 "https://casino.tires/wp-login.php" "Mozilla/5.0 (Macintosh; Intel Mac OS X 13_6_1) AppleWebKit/537.36 (KHTML, like Gecko) Chrome/121.0.0.0 Safari/537.36"
173.239.240.202 - - [24/Jul/2026:11:31:14 -0700] "POST /wp-login.php HTTP/1.1" 302 259 "https://casino.tires/wp-login.php" "Mozilla/5.0 (Windows NT 10.0; Win64; x64) AppleWebKit/537.36 (KHTML, like Gecko) Chrome/119.0.0.0 Safari/537.36"
189.28.187.211 - - [24/Jul/2026:11:31:15 -0700] "POST /xmlrpc.php HTTP/1.1" 200 851 "-" "Jetpack by WordPress.com"
173.239.240.202 - - [24/Jul/2026:11:31:17 -0700] "GET /wp-admin/index.php HTTP/1.1" 200 457 "https://casino.tires/wp-login.php" "Mozilla/5.0 (Windows NT 10.0; Win64; x64) AppleWebKit/537.36 (KHTML, like Gecko) Chrome/119.0.0.0 Safari/537.36"
121.200.221.244 - - [24/Jul/2026:11:31:27 -0700] "POST /wp-includes/css/c7hdgrey.php?BDKR28=fz42 HTTP/1.1" 200 457 "https://casino.tires/wp-includes/css/c7hdgrey.php?BDKR28=fz42" "Mozilla/5.0 (Windows NT 10.0; Win64; x64) AppleWebKit/537.36 (KHTML, like Gecko) Chrome/150.0.0.0 Safari/537.36"
121.200.221.244 - - [24/Jul/2026:11:31:30 -0700] "GET /wp-includes/css/hp2.php HTTP/1.1" 200 38818 "https://casino.tires/wp-includes/css/c7hdgrey.php?BDKR28=fz42" "Mozilla/5.0 (Windows NT 10.0; Win64; x64) AppleWebKit/537.36 (KHTML, like Gecko) Chrome/150.0.0.0 Safari/537.36"
189.28.187.211 - - [24/Jul/2026:11:31:25 -0700] "POST /xmlrpc.php HTTP/1.1" 200 851 "-" "Jetpack/12.1; WordPress/6.1; http://site89286205.com"
189.28.187.211 - - [24/Jul/2026:11:31:36 -0700] "POST /xmlrpc.php HTTP/1.1" 406 300 "-" "WordPress.com; https://wordpress.com"
103.196.232.132 - - [24/Jul/2026:11:31:38 -0700] "GET /wp-includes/css/hp2.php HTTP/1.1" 200 38818 "https://casino.tires/" "Mozilla/5.0 (Windows NT 10.0; Win64; x64) AppleWebKit/537.36 (KHTML, like Gecko) Chrome/148.0.0.0 Safari/537.36"
121.200.221.244 - - [24/Jul/2026:11:31:28 -0700] "GET /favicon.ico HTTP/1.1" 200 448 "https://casino.tires/wp-includes/css/c7hdgrey.php?BDKR28=fz42" "Mozilla/5.0 (Windows NT 10.0; Win64; x64) AppleWebKit/537.36 (KHTML, like Gecko) Chrome/150.0.0.0 Safari/537.36"
121.200.221.244 - - [24/Jul/2026:11:31:31 -0700] "GET /favicon.ico HTTP/1.1" 200 448 "https://casino.tires/wp-includes/css/hp2.php" "Mozilla/5.0 (Windows NT 10.0; Win64; x64) AppleWebKit/537.36 (KHTML, like Gecko) Chrome/150.0.0.0 Safari/537.36"
121.200.221.244 - - [24/Jul/2026:11:31:43 -0700] "POST /wp-includes/css/hp2.php HTTP/1.1" 200 39412 "https://casino.tires/wp-includes/css/hp2.php" "Mozilla/5.0 (Windows NT 10.0; Win64; x64) AppleWebKit/537.36 (KHTML, like Gecko) Chrome/150.0.0.0 Safari/537.36"
192.145.236.177 - - [24/Jul/2026:11:31:43 -0700] "POST /wp-cron.php?doing_wp_cron=1784917903.3735849857330322265625 HTTP/1.1" 200 - "-" "FCSce50DZGM0"
173.239.240.223 - - [24/Jul/2026:11:31:34 -0700] "GET /wp-admin/profile.php HTTP/1.1" 200 457 "https://casino.tires/wp-login.php" "Mozilla/5.0 (Windows NT 10.0; Win64; x64) AppleWebKit/537.36 (KHTML, like Gecko) Chrome/119.0.0.0 Safari/537.36"
103.196.232.132 - - [24/Jul/2026:11:31:39 -0700] "GET /favicon.ico HTTP/1.1" 200 448 "https://casino.tires/wp-includes/css/hp2.php" "Mozilla/5.0 (Windows NT 10.0; Win64; x64) AppleWebKit/537.36 (KHTML, like Gecko) Chrome/148.0.0.0 Safari/537.36"
121.200.221.244 - - [24/Jul/2026:11:31:50 -0700] "POST /wp-includes/css/hp2.php HTTP/1.1" 200 38814 "https://casino.tires/wp-includes/css/hp2.php" "Mozilla/5.0 (Windows NT 10.0; Win64; x64) AppleWebKit/537.36 (KHTML, like Gecko) Chrome/150.0.0.0 Safari/537.36"
121.200.221.244 - - [24/Jul/2026:11:31:44 -0700] "GET /favicon.ico HTTP/1.1" 200 448 "https://casino.tires/wp-includes/css/hp2.php" "Mozilla/5.0 (Windows NT 10.0; Win64; x64) AppleWebKit/537.36 (KHTML, like Gecko) Chrome/150.0.0.0 Safari/537.36"
121.200.221.244 - - [24/Jul/2026:11:31:51 -0700] "GET /favicon.ico HTTP/1.1" 200 448 "https://casino.tires/wp-includes/css/hp2.php" "Mozilla/5.0 (Windows NT 10.0; Win64; x64) AppleWebKit/537.36 (KHTML, like Gecko) Chrome/150.0.0.0 Safari/537.36"
173.239.240.210 - - [24/Jul/2026:11:31:44 -0700] "GET /wp-admin/edit.php HTTP/1.1" 200 457 "https://casino.tires/wp-login.php" "Mozilla/5.0 (Windows NT 10.0; Win64; x64) AppleWebKit/537.36 (KHTML, like Gecko) Chrome/119.0.0.0 Safari/537.36"
189.28.187.211 - - [24/Jul/2026:11:31:57 -0700] "POST /xmlrpc.php HTTP/1.1" 406 300 "-" "WordPress.com; https://wordpress.com"
189.28.187.211 - - [24/Jul/2026:11:31:46 -0700] "POST /xmlrpc.php HTTP/1.1" 200 851 "-" "Jetpack by WordPress.com (Jetpack 12.0; WordPress 6.4)"
121.200.221.244 - - [24/Jul/2026:11:31:56 -0700] "GET / HTTP/1.1" 200 448 "-" "Mozilla/5.0 (Windows NT 10.0; Win64; x64) AppleWebKit/537.36 (KHTML, like Gecko) Chrome/150.0.0.0 Safari/537.36"
173.239.240.227 - - [24/Jul/2026:11:31:55 -0700] "GET /wp-admin/plugins.php HTTP/1.1" 200 457 "https://casino.tires/wp-login.php" "Mozilla/5.0 (Windows NT 10.0; Win64; x64) AppleWebKit/537.36 (KHTML, like Gecko) Chrome/119.0.0.0 Safari/537.36"
121.200.221.244 - - [24/Jul/2026:11:32:01 -0700] "GET /favicon.ico HTTP/1.1" 200 448 "https://casino.tires/" "Mozilla/5.0 (Windows NT 10.0; Win64; x64) AppleWebKit/537.36 (KHTML, like Gecko) Chrome/150.0.0.0 Safari/537.36"
121.200.221.244 - - [24/Jul/2026:11:32:06 -0700] "POST /wp-includes/css/hp2.php HTTP/1.1" 200 32676 "https://casino.tires/wp-includes/css/hp2.php" "Mozilla/5.0 (Windows NT 10.0; Win64; x64) AppleWebKit/537.36 (KHTML, like Gecko) Chrome/150.0.0.0 Safari/537.36"
121.200.221.244 - - [24/Jul/2026:11:32:03 -0700] "GET /favicon.ico HTTP/1.1" 200 448 "https://casino.tires/wp-includes/css/hp2.php" "Mozilla/5.0 (Windows NT 10.0; Win64; x64) AppleWebKit/537.36 (KHTML, like Gecko) Chrome/150.0.0.0 Safari/537.36"
173.239.240.229 - - [24/Jul/2026:11:32:12 -0700] "POST /wp-login.php HTTP/1.1" 302 259 "https://casino.tires/wp-login.php" "Mozilla/5.0 (Macintosh; Intel Mac OS X 10_15_7) AppleWebKit/537.36 (KHTML, like Gecko) Chrome/121.0.0.0 Safari/537.36"
121.200.221.244 - - [24/Jul/2026:11:32:14 -0700] "POST /wp-includes/css/hp2.php HTTP/1.1" 200 37583 "https://casino.tires/wp-includes/css/hp2.php" "Mozilla/5.0 (Windows NT 10.0; Win64; x64) AppleWebKit/537.36 (KHTML, like Gecko) Chrome/150.0.0.0 Safari/537.36"
192.145.236.177 - - [24/Jul/2026:11:32:17 -0700] "POST /wp-cron.php?doing_wp_cron=1784917937.2697830200195312500000 HTTP/1.1" 200 - "-" "SSNNE7Dzvxw9"
121.200.221.244 - - [24/Jul/2026:11:32:06 -0700] "GET /favicon.ico HTTP/1.1" 200 448 "https://casino.tires/wp-includes/css/hp2.php" "Mozilla/5.0 (Windows NT 10.0; Win64; x64) AppleWebKit/537.36 (KHTML, like Gecko) Chrome/150.0.0.0 Safari/537.36"
121.200.221.244 - - [24/Jul/2026:11:32:17 -0700] "POST /wp-includes/css/hp2.php HTTP/1.1" 200 32676 "https://casino.tires/wp-includes/css/hp2.php" "Mozilla/5.0 (Windows NT 10.0; Win64; x64) AppleWebKit/537.36 (KHTML, like Gecko) Chrome/150.0.0.0 Safari/537.36"
189.28.187.211 - - [24/Jul/2026:11:32:08 -0700] "POST /xmlrpc.php HTTP/1.1" 200 851 "-" "Jetpack by WordPress.com"
121.200.221.244 - - [24/Jul/2026:11:32:09 -0700] "GET /favicon.ico HTTP/1.1" 200 448 "https://casino.tires/wp-includes/css/hp2.php" "Mozilla/5.0 (Windows NT 10.0; Win64; x64) AppleWebKit/537.36 (KHTML, like Gecko) Chrome/150.0.0.0 Safari/537.36"
192.145.236.177 - - [24/Jul/2026:11:32:21 -0700] "POST /wp-cron.php?doing_wp_cron=1784917941.6018950939178466796875 HTTP/1.1" 200 - "-" "k0kDR3pKeDP6"
173.239.240.229 - - [24/Jul/2026:11:32:13 -0700] "GET /wp-admin/index.php HTTP/1.1" 200 457 "https://casino.tires/wp-login.php" "Mozilla/5.0 (Windows NT 11.0; Win64; x64) AppleWebKit/537.36 (KHTML, like Gecko) Chrome/119.0.0.0 Safari/537.36"
121.200.221.244 - - [24/Jul/2026:11:32:15 -0700] "GET /favicon.ico HTTP/1.1" 200 448 "https://casino.tires/wp-includes/css/hp2.php" "Mozilla/5.0 (Windows NT 10.0; Win64; x64) AppleWebKit/537.36 (KHTML, like Gecko) Chrome/150.0.0.0 Safari/537.36"
121.200.221.244 - - [24/Jul/2026:11:32:18 -0700] "GET /favicon.ico HTTP/1.1" 200 448 "https://casino.tires/wp-includes/css/hp2.php" "Mozilla/5.0 (Windows NT 10.0; Win64; x64) AppleWebKit/537.36 (KHTML, like Gecko) Chrome/150.0.0.0 Safari/537.36"
189.28.187.211 - - [24/Jul/2026:11:32:18 -0700] "POST /xmlrpc.php HTTP/1.1" 200 851 "-" "Jetpack by WordPress.com"
173.239.240.229 - - [24/Jul/2026:11:32:22 -0700] "GET /wp-admin/profile.php HTTP/1.1" 200 457 "https://casino.tires/wp-login.php" "Mozilla/5.0 (Windows NT 11.0; Win64; x64) AppleWebKit/537.36 (KHTML, like Gecko) Chrome/119.0.0.0 Safari/537.36"
189.28.187.211 - - [24/Jul/2026:11:32:29 -0700] "POST /xmlrpc.php HTTP/1.1" 200 851 "-" "Jetpack by WordPress.com (Jetpack 12.5; WordPress 6.3)"
173.239.240.229 - - [24/Jul/2026:11:32:29 -0700] "GET /wp-admin/edit.php HTTP/1.1" 200 457 "https://casino.tires/wp-login.php" "Mozilla/5.0 (Windows NT 11.0; Win64; x64) AppleWebKit/537.36 (KHTML, like Gecko) Chrome/119.0.0.0 Safari/537.36"
173.239.240.229 - - [24/Jul/2026:11:32:38 -0700] "GET /wp-admin/plugins.php HTTP/1.1" 200 457 "https://casino.tires/wp-login.php" "Mozilla/5.0 (Windows NT 11.0; Win64; x64) AppleWebKit/537.36 (KHTML, like Gecko) Chrome/119.0.0.0 Safari/537.36"
121.200.221.244 - - [24/Jul/2026:11:32:46 -0700] "POST /wp-includes/css/hp2.php HTTP/1.1" 200 22376 "https://casino.tires/wp-includes/css/hp2.php" "Mozilla/5.0 (Windows NT 10.0; Win64; x64) AppleWebKit/537.36 (KHTML, like Gecko) Chrome/150.0.0.0 Safari/537.36"
173.239.240.229 - - [24/Jul/2026:11:32:46 -0700] "POST /wp-login.php HTTP/1.1" 302 259 "https://casino.tires/wp-login.php" "Mozilla/5.0 (Windows NT 11.0; Win64; x64) AppleWebKit/537.36 (KHTML, like Gecko) Chrome/118.0.0.0 Safari/537.36"
121.200.221.244 - - [24/Jul/2026:11:32:46 -0700] "GET /favicon.ico HTTP/1.1" 404 236 "https://casino.tires/wp-includes/css/hp2.php" "Mozilla/5.0 (Windows NT 10.0; Win64; x64) AppleWebKit/537.36 (KHTML, like Gecko) Chrome/150.0.0.0 Safari/537.36"
189.28.187.211 - - [24/Jul/2026:11:32:39 -0700] "POST /xmlrpc.php HTTP/1.1" 200 851 "-" "Jetpack by WordPress.com (Jetpack 12.1; WordPress 6.1)"
189.28.187.211 - - [24/Jul/2026:11:32:50 -0700] "POST /xmlrpc.php HTTP/1.1" 406 300 "-" "WordPress.com; https://wordpress.com"
173.239.240.229 - - [24/Jul/2026:11:32:47 -0700] "GET /wp-admin/index.php HTTP/1.1" 200 457 "https://casino.tires/wp-login.php" "Mozilla/5.0 (Windows NT 11.0; Win64; x64) AppleWebKit/537.36 (KHTML, like Gecko) Chrome/121.0.0.0 Safari/537.36"
173.239.240.229 - - [24/Jul/2026:11:32:53 -0700] "GET /wp-admin/profile.php HTTP/1.1" 200 457 "https://casino.tires/wp-login.php" "Mozilla/5.0 (Windows NT 11.0; Win64; x64) AppleWebKit/537.36 (KHTML, like Gecko) Chrome/121.0.0.0 Safari/537.36"
173.239.240.229 - - [24/Jul/2026:11:32:57 -0700] "GET /wp-admin/edit.php HTTP/1.1" 200 457 "https://casino.tires/wp-login.php" "Mozilla/5.0 (Windows NT 11.0; Win64; x64) AppleWebKit/537.36 (KHTML, like Gecko) Chrome/121.0.0.0 Safari/537.36"
189.28.187.211 - - [24/Jul/2026:11:33:00 -0700] "POST /xmlrpc.php HTTP/1.1" 200 851 "-" "Jetpack by WordPress.com"
173.239.240.229 - - [24/Jul/2026:11:33:03 -0700] "GET /wp-admin/plugins.php HTTP/1.1" 200 457 "https://casino.tires/wp-login.php" "Mozilla/5.0 (Windows NT 11.0; Win64; x64) AppleWebKit/537.36 (KHTML, like Gecko) Chrome/121.0.0.0 Safari/537.36"
173.239.240.229 - - [24/Jul/2026:11:33:10 -0700] "POST /wp-login.php HTTP/1.1" 302 259 "https://casino.tires/wp-login.php" "Mozilla/5.0 (Windows NT 10.0; Win64; x64; rv:121.0) Gecko/20100101 Firefox/121.0"
173.239.240.229 - - [24/Jul/2026:11:33:10 -0700] "GET /wp-admin/index.php HTTP/1.1" 200 457 "https://casino.tires/wp-login.php" "Mozilla/5.0 (Macintosh; Intel Mac OS X 10_15_7) AppleWebKit/537.36 (KHTML, like Gecko) Chrome/119.0.0.0 Safari/537.36"
189.28.187.211 - - [24/Jul/2026:11:33:10 -0700] "POST /xmlrpc.php HTTP/1.1" 200 851 "-" "Jetpack by WordPress.com (Jetpack 12.5; WordPress 6.2)"
192.145.236.177 - - [24/Jul/2026:11:33:23 -0700] "POST /wp-cron.php?doing_wp_cron=1784918002.8021728992462158203125 HTTP/1.1" 200 - "-" "gx02sQ5UEdvp"
173.239.240.229 - - [24/Jul/2026:11:33:17 -0700] "GET /wp-admin/profile.php HTTP/1.1" 200 457 "https://casino.tires/wp-login.php" "Mozilla/5.0 (Macintosh; Intel Mac OS X 10_15_7) AppleWebKit/537.36 (KHTML, like Gecko) Chrome/119.0.0.0 Safari/537.36"
173.239.240.229 - - [24/Jul/2026:11:33:24 -0700] "GET /wp-admin/edit.php HTTP/1.1" 200 457 "https://casino.tires/wp-login.php" "Mozilla/5.0 (Macintosh; Intel Mac OS X 10_15_7) AppleWebKit/537.36 (KHTML, like Gecko) Chrome/119.0.0.0 Safari/537.36"
192.145.236.177 - - [24/Jul/2026:11:33:29 -0700] "POST /wp-cron.php?doing_wp_cron=1784918009.7976779937744140625000 HTTP/1.1" 200 - "-" "2lOYuCYdTXwi"
189.28.187.211 - - [24/Jul/2026:11:33:21 -0700] "POST /xmlrpc.php HTTP/1.1" 200 851 "-" "Jetpack by WordPress.com (Jetpack 12.0; WordPress 6.4)"
121.200.221.244 - - [24/Jul/2026:11:33:33 -0700] "POST /wp-includes/css/hp2.php HTTP/1.1" 200 22967 "https://casino.tires/wp-includes/css/hp2.php" "Mozilla/5.0 (Windows NT 10.0; Win64; x64) AppleWebKit/537.36 (KHTML, like Gecko) Chrome/150.0.0.0 Safari/537.36"
173.239.240.229 - - [24/Jul/2026:11:33:28 -0700] "GET /wp-admin/plugins.php HTTP/1.1" 200 457 "https://casino.tires/wp-login.php" "Mozilla/5.0 (Macintosh; Intel Mac OS X 10_15_7) AppleWebKit/537.36 (KHTML, like Gecko) Chrome/119.0.0.0 Safari/537.36"
173.239.240.229 - - [24/Jul/2026:11:33:38 -0700] "POST /wp-login.php HTTP/1.1" 403 228 "https://casino.tires/wp-login.php" "Mozilla/5.0 (Macintosh; Intel Mac OS X 10_15_7) AppleWebKit/605.1.15 (KHTML, like Gecko) Version/17.2 Safari/605.1.15"
192.145.236.177 - - [24/Jul/2026:11:33:38 -0700] "POST /wp-cron.php?doing_wp_cron=1784918018.4666519165039062500000 HTTP/1.1" 403 228 "-" "szdZiOEDPhJx"
189.28.187.211 - - [24/Jul/2026:11:33:32 -0700] "POST /xmlrpc.php HTTP/1.1" 200 851 "-" "Jetpack by WordPress.com (Jetpack 12.1; WordPress 6.1)"
189.28.187.211 - - [24/Jul/2026:11:33:42 -0700] "POST /xmlrpc.php HTTP/1.1" 403 228 "-" "WordPress.com; https://wordpress.com"
173.239.240.229 - - [24/Jul/2026:11:33:38 -0700] "GET /wp-admin/index.php HTTP/1.1" 200 457 "https://casino.tires/wp-login.php" "Mozilla/5.0 (Macintosh; Intel Mac OS X 13_6_1; rv:120.0) Gecko/20100101 Firefox/120.0"
173.239.240.229 - - [24/Jul/2026:11:33:46 -0700] "GET /wp-admin/profile.php HTTP/1.1" 403 228 "https://casino.tires/wp-login.php" "Mozilla/5.0 (Macintosh; Intel Mac OS X 13_6_1; rv:120.0) Gecko/20100101 Firefox/120.0"
173.239.240.229 - - [24/Jul/2026:11:33:46 -0700] "GET /wp-admin/edit.php HTTP/1.1" 403 228 "https://casino.tires/wp-login.php" "Mozilla/5.0 (Macintosh; Intel Mac OS X 13_6_1; rv:120.0) Gecko/20100101 Firefox/120.0"
173.239.240.229 - - [24/Jul/2026:11:33:48 -0700] "GET /wp-admin/plugins.php HTTP/1.1" 403 228 "https://casino.tires/wp-login.php" "Mozilla/5.0 (Macintosh; Intel Mac OS X 13_6_1; rv:120.0) Gecko/20100101 Firefox/120.0"
173.239.240.229 - - [24/Jul/2026:11:33:48 -0700] "POST /wp-login.php HTTP/1.1" 403 228 "https://casino.tires/wp-login.php" "Mozilla/5.0 (Windows NT 10.0; Win64; x64) AppleWebKit/537.36 (KHTML, like Gecko) Chrome/120.0.0.0 Safari/537.36"
189.28.187.211 - - [24/Jul/2026:11:33:53 -0700] "POST /xmlrpc.php HTTP/1.1" 403 228 "-" "Jetpack/12.1; WordPress/6.2; http://site51332174.com"
173.239.240.229 - - [24/Jul/2026:11:33:52 -0700] "GET /wp-admin/index.php HTTP/1.1" 200 457 "https://casino.tires/wp-login.php" "Mozilla/5.0 (Macintosh; Intel Mac OS X 13_6_1) AppleWebKit/605.1.15 (KHTML, like Gecko) Version/17.2 Safari/605.1.15"
173.239.240.229 - - [24/Jul/2026:11:33:56 -0700] "GET /wp-admin/profile.php HTTP/1.1" 403 228 "https://casino.tires/wp-login.php" "Mozilla/5.0 (Macintosh; Intel Mac OS X 13_6_1) AppleWebKit/605.1.15 (KHTML, like Gecko) Version/17.2 Safari/605.1.15"
173.239.240.229 - - [24/Jul/2026:11:33:58 -0700] "GET /wp-admin/edit.php HTTP/1.1" 403 228 "https://casino.tires/wp-login.php" "Mozilla/5.0 (Macintosh; Intel Mac OS X 13_6_1) AppleWebKit/605.1.15 (KHTML, like Gecko) Version/17.2 Safari/605.1.15"
173.239.240.229 - - [24/Jul/2026:11:33:59 -0700] "GET /wp-admin/plugins.php HTTP/1.1" 403 228 "https://casino.tires/wp-login.php" "Mozilla/5.0 (Macintosh; Intel Mac OS X 13_6_1) AppleWebKit/605.1.15 (KHTML, like Gecko) Version/17.2 Safari/605.1.15"
121.200.221.244 - - [24/Jul/2026:11:34:02 -0700] "POST /wp-includes/css/hp2.php HTTP/1.1" 200 23601 "https://casino.tires/wp-includes/css/hp2.php" "Mozilla/5.0 (Windows NT 10.0; Win64; x64) AppleWebKit/537.36 (KHTML, like Gecko) Chrome/150.0.0.0 Safari/537.36"
189.28.187.211 - - [24/Jul/2026:11:34:03 -0700] "POST /xmlrpc.php HTTP/1.1" 403 228 "-" "WordPress.com; https://wordpress.com"
173.239.240.222 - - [24/Jul/2026:11:34:11 -0700] "POST /wp-login.php HTTP/1.1" 403 228 "https://casino.tires/wp-login.php" "Mozilla/5.0 (Macintosh; Intel Mac OS X 10_15_7) AppleWebKit/605.1.15 (KHTML, like Gecko) Version/17.1 Safari/605.1.15"
121.200.221.244 - - [24/Jul/2026:11:34:11 -0700] "POST /wp-includes/css/hp2.php HTTP/1.1" 200 24242 "https://casino.tires/wp-includes/css/hp2.php" "Mozilla/5.0 (Windows NT 10.0; Win64; x64) AppleWebKit/537.36 (KHTML, like Gecko) Chrome/150.0.0.0 Safari/537.36"
189.28.187.211 - - [24/Jul/2026:11:34:14 -0700] "POST /xmlrpc.php HTTP/1.1" 403 228 "-" "WordPress.com; https://wordpress.com"
121.200.221.244 - - [24/Jul/2026:11:34:19 -0700] "POST /wp-includes/css/hp2.php HTTP/1.1" 200 24892 "https://casino.tires/wp-includes/css/hp2.php" "Mozilla/5.0 (Windows NT 10.0; Win64; x64) AppleWebKit/537.36 (KHTML, like Gecko) Chrome/150.0.0.0 Safari/537.36"
173.239.240.222 - - [24/Jul/2026:11:34:12 -0700] "GET /wp-admin/index.php HTTP/1.1" 200 457 "https://casino.tires/wp-login.php" "Mozilla/5.0 (Macintosh; Intel Mac OS X 13_6_1) AppleWebKit/605.1.15 (KHTML, like Gecko) Version/17.2 Safari/605.1.15"
189.28.187.211 - - [24/Jul/2026:11:34:25 -0700] "POST /xmlrpc.php HTTP/1.1" 403 228 "-" "WordPress.com; https://wordpress.com"
173.239.240.221 - - [24/Jul/2026:11:34:25 -0700] "GET /wp-admin/profile.php HTTP/1.1" 403 228 "https://casino.tires/wp-login.php" "Mozilla/5.0 (Macintosh; Intel Mac OS X 13_6_1) AppleWebKit/605.1.15 (KHTML, like Gecko) Version/17.2 Safari/605.1.15"
173.239.240.221 - - [24/Jul/2026:11:34:26 -0700] "GET /wp-admin/edit.php HTTP/1.1" 403 228 "https://casino.tires/wp-login.php" "Mozilla/5.0 (Macintosh; Intel Mac OS X 13_6_1) AppleWebKit/605.1.15 (KHTML, like Gecko) Version/17.2 Safari/605.1.15"
173.239.240.221 - - [24/Jul/2026:11:34:26 -0700] "GET /wp-admin/plugins.php HTTP/1.1" 403 228 "https://casino.tires/wp-login.php" "Mozilla/5.0 (Macintosh; Intel Mac OS X 13_6_1) AppleWebKit/605.1.15 (KHTML, like Gecko) Version/17.2 Safari/605.1.15"
121.200.221.244 - - [24/Jul/2026:11:34:28 -0700] "POST /wp-includes/css/hp2.php HTTP/1.1" 200 70667 "https://casino.tires/wp-includes/css/hp2.php" "Mozilla/5.0 (Windows NT 10.0; Win64; x64) AppleWebKit/537.36 (KHTML, like Gecko) Chrome/150.0.0.0 Safari/537.36"
189.28.187.211 - - [24/Jul/2026:11:34:35 -0700] "POST /xmlrpc.php HTTP/1.1" 403 228 "-" "WordPress.com; https://wordpress.com"
121.200.221.244 - - [24/Jul/2026:11:34:36 -0700] "POST /wp-includes/css/hp2.php HTTP/1.1" 200 71268 "https://casino.tires/wp-includes/css/hp2.php" "Mozilla/5.0 (Windows NT 10.0; Win64; x64) AppleWebKit/537.36 (KHTML, like Gecko) Chrome/150.0.0.0 Safari/537.36"
121.200.221.244 - - [24/Jul/2026:11:34:43 -0700] "POST /wp-includes/css/hp2.php HTTP/1.1" 200 70661 "https://casino.tires/wp-includes/css/hp2.php" "Mozilla/5.0 (Windows NT 10.0; Win64; x64) AppleWebKit/537.36 (KHTML, like Gecko) Chrome/150.0.0.0 Safari/537.36"
189.28.187.211 - - [24/Jul/2026:11:34:46 -0700] "POST /xmlrpc.php HTTP/1.1" 403 228 "-" "WordPress.com; https://wordpress.com"
121.200.221.244 - - [24/Jul/2026:11:34:47 -0700] "POST /wp-includes/css/hp2.php HTTP/1.1" 200 24874 "https://casino.tires/wp-includes/css/hp2.php" "Mozilla/5.0 (Windows NT 10.0; Win64; x64) AppleWebKit/537.36 (KHTML, like Gecko) Chrome/150.0.0.0 Safari/537.36"
121.200.221.244 - - [24/Jul/2026:11:34:49 -0700] "POST /wp-includes/css/hp2.php HTTP/1.1" 200 184632 "https://casino.tires/wp-includes/css/hp2.php" "Mozilla/5.0 (Windows NT 10.0; Win64; x64) AppleWebKit/537.36 (KHTML, like Gecko) Chrome/150.0.0.0 Safari/537.36"
189.28.187.211 - - [24/Jul/2026:11:34:56 -0700] "POST /xmlrpc.php HTTP/1.1" 403 228 "-" "Jetpack by WordPress.com"
121.200.221.244 - - [24/Jul/2026:11:35:01 -0700] "POST /wp-includes/css/hp2.php HTTP/1.1" 200 185233 "https://casino.tires/wp-includes/css/hp2.php" "Mozilla/5.0 (Windows NT 10.0; Win64; x64) AppleWebKit/537.36 (KHTML, like Gecko) Chrome/150.0.0.0 Safari/537.36"
189.28.187.211 - - [24/Jul/2026:11:35:07 -0700] "POST /xmlrpc.php HTTP/1.1" 403 228 "-" "WordPress.com; https://wordpress.com"
121.200.221.244 - - [24/Jul/2026:11:35:09 -0700] "POST /wp-includes/css/hp2.php HTTP/1.1" 200 9264 "https://casino.tires/wp-includes/css/hp2.php" "Mozilla/5.0 (Windows NT 10.0; Win64; x64) AppleWebKit/537.36 (KHTML, like Gecko) Chrome/150.0.0.0 Safari/537.36"
189.28.187.211 - - [24/Jul/2026:11:35:17 -0700] "POST /xmlrpc.php HTTP/1.1" 403 228 "-" "Jetpack/12.0; WordPress/6.2; http://site93956361.com"
189.28.187.211 - - [24/Jul/2026:11:35:28 -0700] "POST /xmlrpc.php HTTP/1.1" 403 228 "-" "Jetpack/13.0; WordPress/6.3; http://site41362280.com"
121.200.221.244 - - [24/Jul/2026:11:35:36 -0700] "POST /wp-includes/css/hp2.php HTTP/1.1" 200 185215 "https://casino.tires/wp-includes/css/hp2.php" "Mozilla/5.0 (Windows NT 10.0; Win64; x64) AppleWebKit/537.36 (KHTML, like Gecko) Chrome/150.0.0.0 Safari/537.36"
189.28.187.211 - - [24/Jul/2026:11:35:38 -0700] "POST /xmlrpc.php HTTP/1.1" 403 228 "-" "Jetpack by WordPress.com (Jetpack 12.0; WordPress 6.1)"
121.200.221.244 - - [24/Jul/2026:11:35:43 -0700] "POST /wp-includes/css/hp2.php HTTP/1.1" 200 184624 "https://casino.tires/wp-includes/css/hp2.php" "Mozilla/5.0 (Windows NT 10.0; Win64; x64) AppleWebKit/537.36 (KHTML, like Gecko) Chrome/150.0.0.0 Safari/537.36"
121.200.221.244 - - [24/Jul/2026:11:35:45 -0700] "POST /wp-includes/css/hp2.php HTTP/1.1" 200 24874 "https://casino.tires/wp-includes/css/hp2.php" "Mozilla/5.0 (Windows NT 10.0; Win64; x64) AppleWebKit/537.36 (KHTML, like Gecko) Chrome/150.0.0.0 Safari/537.36"
121.200.221.244 - - [24/Jul/2026:11:35:47 -0700] "POST /wp-includes/css/hp2.php HTTP/1.1" 200 16754 "https://casino.tires/wp-includes/css/hp2.php" "Mozilla/5.0 (Windows NT 10.0; Win64; x64) AppleWebKit/537.36 (KHTML, like Gecko) Chrome/150.0.0.0 Safari/537.36"
189.28.187.211 - - [24/Jul/2026:11:35:49 -0700] "POST /xmlrpc.php HTTP/1.1" 403 228 "-" "Jetpack by WordPress.com (Jetpack 12.0; WordPress 6.3)"
121.200.221.244 - - [24/Jul/2026:11:35:53 -0700] "POST /wp-includes/css/hp2.php HTTP/1.1" 200 14178 "https://casino.tires/wp-includes/css/hp2.php" "Mozilla/5.0 (Windows NT 10.0; Win64; x64) AppleWebKit/537.36 (KHTML, like Gecko) Chrome/150.0.0.0 Safari/537.36"
189.28.187.211 - - [24/Jul/2026:11:35:59 -0700] "POST /xmlrpc.php HTTP/1.1" 403 228 "-" "WordPress.com; https://wordpress.com"
121.200.221.244 - - [24/Jul/2026:11:36:00 -0700] "POST /wp-includes/css/hp2.php HTTP/1.1" 200 14769 "https://casino.tires/wp-includes/css/hp2.php" "Mozilla/5.0 (Windows NT 10.0; Win64; x64) AppleWebKit/537.36 (KHTML, like Gecko) Chrome/150.0.0.0 Safari/537.36"
121.200.221.244 - - [24/Jul/2026:11:36:05 -0700] "POST /wp-includes/css/hp2.php HTTP/1.1" 200 14773 "https://casino.tires/wp-includes/css/hp2.php" "Mozilla/5.0 (Windows NT 10.0; Win64; x64) AppleWebKit/537.36 (KHTML, like Gecko) Chrome/150.0.0.0 Safari/537.36"
121.200.221.244 - - [24/Jul/2026:11:36:08 -0700] "POST /wp-includes/css/hp2.php HTTP/1.1" 200 15626 "https://casino.tires/wp-includes/css/hp2.php" "Mozilla/5.0 (Windows NT 10.0; Win64; x64) AppleWebKit/537.36 (KHTML, like Gecko) Chrome/150.0.0.0 Safari/537.36"
189.28.187.211 - - [24/Jul/2026:11:36:10 -0700] "POST /xmlrpc.php HTTP/1.1" 403 228 "-" "WordPress.com; https://wordpress.com"
121.200.221.244 - - [24/Jul/2026:11:36:13 -0700] "POST /wp-includes/css/hp2.php HTTP/1.1" 200 15035 "https://casino.tires/wp-includes/css/hp2.php" "Mozilla/5.0 (Windows NT 10.0; Win64; x64) AppleWebKit/537.36 (KHTML, like Gecko) Chrome/150.0.0.0 Safari/537.36"
121.200.221.244 - - [24/Jul/2026:11:36:16 -0700] "POST /wp-includes/css/hp2.php HTTP/1.1" 200 14755 "https://casino.tires/wp-includes/css/hp2.php" "Mozilla/5.0 (Windows NT 10.0; Win64; x64) AppleWebKit/537.36 (KHTML, like Gecko) Chrome/150.0.0.0 Safari/537.36"
121.200.221.244 - - [24/Jul/2026:11:36:18 -0700] "POST /wp-includes/css/hp2.php HTTP/1.1" 200 10970 "https://casino.tires/wp-includes/css/hp2.php" "Mozilla/5.0 (Windows NT 10.0; Win64; x64) AppleWebKit/537.36 (KHTML, like Gecko) Chrome/150.0.0.0 Safari/537.36"
189.28.187.211 - - [24/Jul/2026:11:36:20 -0700] "POST /xmlrpc.php HTTP/1.1" 403 228 "-" "Jetpack by WordPress.com"
121.200.221.244 - - [24/Jul/2026:11:36:21 -0700] "POST /wp-includes/css/hp2.php HTTP/1.1" 200 10379 "https://casino.tires/wp-includes/css/hp2.php" "Mozilla/5.0 (Windows NT 10.0; Win64; x64) AppleWebKit/537.36 (KHTML, like Gecko) Chrome/150.0.0.0 Safari/537.36"
121.200.221.244 - - [24/Jul/2026:11:36:26 -0700] "POST /wp-includes/css/hp2.php HTTP/1.1" 200 10970 "https://casino.tires/wp-includes/css/hp2.php" "Mozilla/5.0 (Windows NT 10.0; Win64; x64) AppleWebKit/537.36 (KHTML, like Gecko) Chrome/150.0.0.0 Safari/537.36"
189.28.187.211 - - [24/Jul/2026:11:36:31 -0700] "POST /xmlrpc.php HTTP/1.1" 403 228 "-" "Jetpack by WordPress.com (Jetpack 13.0; WordPress 6.4)"
121.200.221.244 - - [24/Jul/2026:11:36:33 -0700] "POST /wp-includes/css/hp2.php HTTP/1.1" 200 10974 "https://casino.tires/wp-includes/css/hp2.php" "Mozilla/5.0 (Windows NT 10.0; Win64; x64) AppleWebKit/537.36 (KHTML, like Gecko) Chrome/150.0.0.0 Safari/537.36"
121.200.221.244 - - [24/Jul/2026:11:36:36 -0700] "POST /wp-includes/css/hp2.php HTTP/1.1" 200 14524 "https://casino.tires/wp-includes/css/hp2.php" "Mozilla/5.0 (Windows NT 10.0; Win64; x64) AppleWebKit/537.36 (KHTML, like Gecko) Chrome/150.0.0.0 Safari/537.36"
189.28.187.211 - - [24/Jul/2026:11:36:42 -0700] "POST /xmlrpc.php HTTP/1.1" 403 228 "-" "Jetpack by WordPress.com"
121.200.221.244 - - [24/Jul/2026:11:36:44 -0700] "POST /wp-includes/css/hp2.php HTTP/1.1" 200 14755 "https://casino.tires/wp-includes/css/hp2.php" "Mozilla/5.0 (Windows NT 10.0; Win64; x64) AppleWebKit/537.36 (KHTML, like Gecko) Chrome/150.0.0.0 Safari/537.36"
121.200.221.244 - - [24/Jul/2026:11:36:47 -0700] "POST /wp-includes/css/hp2.php HTTP/1.1" 200 23483 "https://casino.tires/wp-includes/css/hp2.php" "Mozilla/5.0 (Windows NT 10.0; Win64; x64) AppleWebKit/537.36 (KHTML, like Gecko) Chrome/150.0.0.0 Safari/537.36"
121.200.221.244 - - [24/Jul/2026:11:36:52 -0700] "POST /wp-includes/css/hp2.php HTTP/1.1" 200 22901 "https://casino.tires/wp-includes/css/hp2.php" "Mozilla/5.0 (Windows NT 10.0; Win64; x64) AppleWebKit/537.36 (KHTML, like Gecko) Chrome/150.0.0.0 Safari/537.36"
189.28.187.211 - - [24/Jul/2026:11:36:52 -0700] "POST /xmlrpc.php HTTP/1.1" 403 228 "-" "WordPress.com; https://wordpress.com"
121.200.221.244 - - [24/Jul/2026:11:36:58 -0700] "POST /wp-includes/css/hp2.php HTTP/1.1" 200 23483 "https://casino.tires/wp-includes/css/hp2.php" "Mozilla/5.0 (Windows NT 10.0; Win64; x64) AppleWebKit/537.36 (KHTML, like Gecko) Chrome/150.0.0.0 Safari/537.36"
189.28.187.211 - - [24/Jul/2026:11:37:03 -0700] "POST /xmlrpc.php HTTP/1.1" 403 228 "-" "Jetpack/12.1; WordPress/6.2; http://site41368660.com"
121.200.221.244 - - [24/Jul/2026:11:37:04 -0700] "POST /wp-includes/css/hp2.php HTTP/1.1" 200 23487 "https://casino.tires/wp-includes/css/hp2.php" "Mozilla/5.0 (Windows NT 10.0; Win64; x64) AppleWebKit/537.36 (KHTML, like Gecko) Chrome/150.0.0.0 Safari/537.36"
189.28.187.211 - - [24/Jul/2026:11:37:13 -0700] "POST /xmlrpc.php HTTP/1.1" 403 228 "-" "WordPress.com; https://wordpress.com"
121.200.221.244 - - [24/Jul/2026:11:37:15 -0700] "POST /wp-includes/css/hp2.php HTTP/1.1" 200 23986 "https://casino.tires/wp-includes/css/hp2.php" "Mozilla/5.0 (Windows NT 10.0; Win64; x64) AppleWebKit/537.36 (KHTML, like Gecko) Chrome/150.0.0.0 Safari/537.36"
121.200.221.244 - - [24/Jul/2026:11:37:19 -0700] "POST /wp-includes/css/hp2.php HTTP/1.1" 200 8986 "https://casino.tires/wp-includes/css/hp2.php" "Mozilla/5.0 (Windows NT 10.0; Win64; x64) AppleWebKit/537.36 (KHTML, like Gecko) Chrome/150.0.0.0 Safari/537.36"
189.28.187.211 - - [24/Jul/2026:11:37:24 -0700] "POST /xmlrpc.php HTTP/1.1" 403 228 "-" "Jetpack/12.1; WordPress/6.4; http://site77331474.com"
121.200.221.244 - - [24/Jul/2026:11:37:24 -0700] "POST /wp-includes/css/hp2.php HTTP/1.1" 200 9578 "https://casino.tires/wp-includes/css/hp2.php" "Mozilla/5.0 (Windows NT 10.0; Win64; x64) AppleWebKit/537.36 (KHTML, like Gecko) Chrome/150.0.0.0 Safari/537.36"
121.200.221.244 - - [24/Jul/2026:11:37:31 -0700] "POST /wp-includes/css/hp2.php HTTP/1.1" 200 10172 "https://casino.tires/wp-includes/css/hp2.php" "Mozilla/5.0 (Windows NT 10.0; Win64; x64) AppleWebKit/537.36 (KHTML, like Gecko) Chrome/150.0.0.0 Safari/537.36"
189.28.187.211 - - [24/Jul/2026:11:37:34 -0700] "POST /xmlrpc.php HTTP/1.1" 403 228 "-" "Jetpack by WordPress.com"
121.200.221.244 - - [24/Jul/2026:11:37:37 -0700] "POST /wp-includes/css/hp2.php HTTP/1.1" 200 10757 "https://casino.tires/wp-includes/css/hp2.php" "Mozilla/5.0 (Windows NT 10.0; Win64; x64) AppleWebKit/537.36 (KHTML, like Gecko) Chrome/150.0.0.0 Safari/537.36"
189.28.187.211 - - [24/Jul/2026:11:37:45 -0700] "POST /xmlrpc.php HTTP/1.1" 403 228 "-" "Jetpack by WordPress.com (Jetpack 12.5; WordPress 6.1)"
121.200.221.244 - - [24/Jul/2026:11:37:47 -0700] "POST /wp-includes/css/hp2.php HTTP/1.1" 200 11327 "https://casino.tires/wp-includes/css/hp2.php" "Mozilla/5.0 (Windows NT 10.0; Win64; x64) AppleWebKit/537.36 (KHTML, like Gecko) Chrome/150.0.0.0 Safari/537.36"
121.200.221.244 - - [24/Jul/2026:11:37:53 -0700] "POST /wp-includes/css/hp2.php HTTP/1.1" 200 11904 "https://casino.tires/wp-includes/css/hp2.php" "Mozilla/5.0 (Windows NT 10.0; Win64; x64) AppleWebKit/537.36 (KHTML, like Gecko) Chrome/150.0.0.0 Safari/537.36"
189.28.187.211 - - [24/Jul/2026:11:37:55 -0700] "POST /xmlrpc.php HTTP/1.1" 403 228 "-" "Jetpack by WordPress.com"
173.239.240.213 - - [24/Jul/2026:11:37:58 -0700] "POST /wp-login.php HTTP/1.1" 403 228 "https://casino.tires/wp-login.php" "Mozilla/5.0 (Windows NT 10.0; Win64; x64; rv:119.0) Gecko/20100101 Firefox/119.0"
192.145.236.177 - - [24/Jul/2026:11:37:59 -0700] "POST /wp-cron.php?doing_wp_cron=1784918279.3264639377593994140625 HTTP/1.1" 403 228 "-" "Dq9D75n32U2J"
