173.239.240.209 - - [24/Jul/2026:10:14:28 -0700] "POST /wp-login.php HTTP/1.1" 302 259 "https://casino.tires/wp-login.php" "Mozilla/5.0 (Macintosh; Intel Mac OS X 10_15_7) AppleWebKit/605.1.15 (KHTML, like Gecko) Version/17.1 Safari/605.1.15"
192.145.236.177 - - [24/Jul/2026:10:14:28 -0700] "POST /wp-cron.php?doing_wp_cron=1784913268.6903181076049804687500 HTTP/1.1" 200 - "-" "zT22eMm1A2CQ"
193.32.248.244 - - [24/Jul/2026:10:14:26 -0700] "POST /xmlrpc.php HTTP/1.1" 200 851 "-" "Jetpack/12.0; WordPress/6.1; http://site74726064.com"
173.239.240.209 - - [24/Jul/2026:10:14:28 -0700] "GET /wp-admin/index.php HTTP/1.1" 200 457 "https://casino.tires/wp-login.php" "Mozilla/5.0 (X11; Linux x86_64) AppleWebKit/537.36 (KHTML, like Gecko) Chrome/119.0.0.0 Safari/537.36"
173.239.240.209 - - [24/Jul/2026:10:14:31 -0700] "GET /wp-admin/profile.php HTTP/1.1" 200 457 "https://casino.tires/wp-login.php" "Mozilla/5.0 (X11; Linux x86_64) AppleWebKit/537.36 (KHTML, like Gecko) Chrome/119.0.0.0 Safari/537.36"
173.239.240.209 - - [24/Jul/2026:10:14:32 -0700] "GET /wp-admin/edit.php HTTP/1.1" 200 457 "https://casino.tires/wp-login.php" "Mozilla/5.0 (X11; Linux x86_64) AppleWebKit/537.36 (KHTML, like Gecko) Chrome/119.0.0.0 Safari/537.36"
173.239.240.209 - - [24/Jul/2026:10:14:33 -0700] "GET /wp-admin/plugins.php HTTP/1.1" 200 457 "https://casino.tires/wp-login.php" "Mozilla/5.0 (X11; Linux x86_64) AppleWebKit/537.36 (KHTML, like Gecko) Chrome/119.0.0.0 Safari/537.36"
173.239.240.209 - - [24/Jul/2026:10:14:35 -0700] "POST /wp-login.php HTTP/1.1" 302 259 "https://casino.tires/wp-login.php" "Mozilla/5.0 (Macintosh; Intel Mac OS X 13_6_1; rv:119.0) Gecko/20100101 Firefox/119.0"
193.32.248.244 - - [24/Jul/2026:10:14:37 -0700] "POST /xmlrpc.php HTTP/1.1" 406 300 "-" "WordPress.com; https://wordpress.com"
173.239.240.209 - - [24/Jul/2026:10:14:37 -0700] "GET /wp-admin/index.php HTTP/1.1" 200 457 "https://casino.tires/wp-login.php" "Mozilla/5.0 (X11; Linux x86_64) AppleWebKit/537.36 (KHTML, like Gecko) Chrome/118.0.0.0 Safari/537.36"
173.239.240.209 - - [24/Jul/2026:10:14:39 -0700] "GET /wp-admin/profile.php HTTP/1.1" 200 457 "https://casino.tires/wp-login.php" "Mozilla/5.0 (X11; Linux x86_64) AppleWebKit/537.36 (KHTML, like Gecko) Chrome/118.0.0.0 Safari/537.36"
192.145.236.177 - - [24/Jul/2026:10:14:43 -0700] "POST /wp-cron.php?doing_wp_cron=1784913283.5799849033355712890625 HTTP/1.1" 200 - "-" "ZBJ5VGIyZMNn"
173.239.240.209 - - [24/Jul/2026:10:14:42 -0700] "GET /wp-admin/edit.php HTTP/1.1" 200 457 "https://casino.tires/wp-login.php" "Mozilla/5.0 (X11; Linux x86_64) AppleWebKit/537.36 (KHTML, like Gecko) Chrome/118.0.0.0 Safari/537.36"
173.239.240.209 - - [24/Jul/2026:10:14:45 -0700] "GET /wp-admin/plugins.php HTTP/1.1" 200 457 "https://casino.tires/wp-login.php" "Mozilla/5.0 (X11; Linux x86_64) AppleWebKit/537.36 (KHTML, like Gecko) Chrome/118.0.0.0 Safari/537.36"
173.239.240.209 - - [24/Jul/2026:10:14:48 -0700] "POST /wp-login.php HTTP/1.1" 302 259 "https://casino.tires/wp-login.php" "Mozilla/5.0 (Windows NT 11.0; Win64; x64) AppleWebKit/537.36 (KHTML, like Gecko) Chrome/119.0.0.0 Safari/537.36"
193.32.248.244 - - [24/Jul/2026:10:14:48 -0700] "POST /xmlrpc.php HTTP/1.1" 200 851 "-" "Jetpack/12.5; WordPress/6.1; http://site25627416.com"
173.239.240.209 - - [24/Jul/2026:10:14:48 -0700] "GET /wp-admin/index.php HTTP/1.1" 200 457 "https://casino.tires/wp-login.php" "Mozilla/5.0 (X11; Ubuntu; Linux x86_64) AppleWebKit/537.36 (KHTML, like Gecko) Chrome/119.0.0.0 Safari/537.36"
173.239.240.209 - - [24/Jul/2026:10:14:49 -0700] "GET /wp-admin/profile.php HTTP/1.1" 200 457 "https://casino.tires/wp-login.php" "Mozilla/5.0 (X11; Ubuntu; Linux x86_64) AppleWebKit/537.36 (KHTML, like Gecko) Chrome/119.0.0.0 Safari/537.36"
173.239.240.209 - - [24/Jul/2026:10:14:50 -0700] "GET /wp-admin/edit.php HTTP/1.1" 200 457 "https://casino.tires/wp-login.php" "Mozilla/5.0 (X11; Ubuntu; Linux x86_64) AppleWebKit/537.36 (KHTML, like Gecko) Chrome/119.0.0.0 Safari/537.36"
173.239.240.209 - - [24/Jul/2026:10:14:51 -0700] "GET /wp-admin/plugins.php HTTP/1.1" 200 457 "https://casino.tires/wp-login.php" "Mozilla/5.0 (X11; Ubuntu; Linux x86_64) AppleWebKit/537.36 (KHTML, like Gecko) Chrome/119.0.0.0 Safari/537.36"
173.239.240.209 - - [24/Jul/2026:10:14:52 -0700] "POST /wp-login.php HTTP/1.1" 302 259 "https://casino.tires/wp-login.php" "Mozilla/5.0 (Macintosh; Intel Mac OS X 13_6_1) AppleWebKit/605.1.15 (KHTML, like Gecko) Version/17.0 Safari/605.1.15"
173.239.240.209 - - [24/Jul/2026:10:14:53 -0700] "GET /wp-admin/index.php HTTP/1.1" 200 457 "https://casino.tires/wp-login.php" "Mozilla/5.0 (Macintosh; Intel Mac OS X 13_6_1) AppleWebKit/605.1.15 (KHTML, like Gecko) Version/17.0 Safari/605.1.15"
173.239.240.209 - - [24/Jul/2026:10:14:55 -0700] "GET /wp-admin/profile.php HTTP/1.1" 200 457 "https://casino.tires/wp-login.php" "Mozilla/5.0 (Macintosh; Intel Mac OS X 13_6_1) AppleWebKit/605.1.15 (KHTML, like Gecko) Version/17.0 Safari/605.1.15"
193.32.248.244 - - [24/Jul/2026:10:14:58 -0700] "POST /xmlrpc.php HTTP/1.1" 406 300 "-" "WordPress.com; https://wordpress.com"
173.239.240.209 - - [24/Jul/2026:10:14:59 -0700] "GET /wp-admin/edit.php HTTP/1.1" 200 457 "https://casino.tires/wp-login.php" "Mozilla/5.0 (Macintosh; Intel Mac OS X 13_6_1) AppleWebKit/605.1.15 (KHTML, like Gecko) Version/17.0 Safari/605.1.15"
173.239.240.209 - - [24/Jul/2026:10:15:01 -0700] "GET /wp-admin/plugins.php HTTP/1.1" 200 457 "https://casino.tires/wp-login.php" "Mozilla/5.0 (Macintosh; Intel Mac OS X 13_6_1) AppleWebKit/605.1.15 (KHTML, like Gecko) Version/17.0 Safari/605.1.15"
173.239.240.209 - - [24/Jul/2026:10:15:03 -0700] "POST /wp-login.php HTTP/1.1" 302 259 "https://casino.tires/wp-login.php" "Mozilla/5.0 (Macintosh; Intel Mac OS X 10_15_7) AppleWebKit/605.1.15 (KHTML, like Gecko) Version/17.1 Safari/605.1.15"
173.239.240.209 - - [24/Jul/2026:10:15:04 -0700] "GET /wp-admin/index.php HTTP/1.1" 200 457 "https://casino.tires/wp-login.php" "Mozilla/5.0 (Macintosh; Intel Mac OS X 10_15_7) AppleWebKit/605.1.15 (KHTML, like Gecko) Version/17.0 Safari/605.1.15"
193.32.248.244 - - [24/Jul/2026:10:15:09 -0700] "POST /xmlrpc.php HTTP/1.1" 406 300 "-" "WordPress.com; https://wordpress.com"
173.239.240.209 - - [24/Jul/2026:10:15:08 -0700] "GET /wp-admin/profile.php HTTP/1.1" 200 457 "https://casino.tires/wp-login.php" "Mozilla/5.0 (Macintosh; Intel Mac OS X 10_15_7) AppleWebKit/605.1.15 (KHTML, like Gecko) Version/17.0 Safari/605.1.15"
192.145.236.177 - - [24/Jul/2026:10:15:21 -0700] "POST /wp-cron.php?doing_wp_cron=1784913321.4241440296173095703125 HTTP/1.1" 200 - "-" "iAmxnG0R0Bf1"
193.32.248.244 - - [24/Jul/2026:10:15:20 -0700] "POST /xmlrpc.php HTTP/1.1" 200 851 "-" "Jetpack/12.1; WordPress/6.1; http://site55397721.com"
173.239.240.206 - - [24/Jul/2026:10:15:27 -0700] "GET /wp-admin/plugins.php HTTP/1.1" 200 457 "https://casino.tires/wp-login.php" "Mozilla/5.0 (Macintosh; Intel Mac OS X 10_15_7) AppleWebKit/605.1.15 (KHTML, like Gecko) Version/17.0 Safari/605.1.15"
173.239.240.206 - - [24/Jul/2026:10:15:29 -0700] "POST /wp-login.php HTTP/1.1" 302 259 "https://casino.tires/wp-login.php" "Mozilla/5.0 (Macintosh; Intel Mac OS X 13_6_1) AppleWebKit/605.1.15 (KHTML, like Gecko) Version/17.0 Safari/605.1.15"
193.32.248.244 - - [24/Jul/2026:10:15:31 -0700] "POST /xmlrpc.php HTTP/1.1" 200 851 "-" "Jetpack by WordPress.com (Jetpack 12.0; WordPress 6.4)"
173.239.240.206 - - [24/Jul/2026:10:15:32 -0700] "GET /wp-admin/index.php HTTP/1.1" 200 457 "https://casino.tires/wp-login.php" "Mozilla/5.0 (X11; Linux x86_64) AppleWebKit/537.36 (KHTML, like Gecko) Chrome/118.0.0.0 Safari/537.36"
173.239.240.206 - - [24/Jul/2026:10:15:34 -0700] "GET /wp-admin/profile.php HTTP/1.1" 200 457 "https://casino.tires/wp-login.php" "Mozilla/5.0 (X11; Linux x86_64) AppleWebKit/537.36 (KHTML, like Gecko) Chrome/118.0.0.0 Safari/537.36"
173.239.240.206 - - [24/Jul/2026:10:15:37 -0700] "GET /wp-admin/edit.php HTTP/1.1" 200 457 "https://casino.tires/wp-login.php" "Mozilla/5.0 (X11; Linux x86_64) AppleWebKit/537.36 (KHTML, like Gecko) Chrome/118.0.0.0 Safari/537.36"
173.239.240.206 - - [24/Jul/2026:10:15:40 -0700] "GET /wp-admin/plugins.php HTTP/1.1" 200 457 "https://casino.tires/wp-login.php" "Mozilla/5.0 (X11; Linux x86_64) AppleWebKit/537.36 (KHTML, like Gecko) Chrome/118.0.0.0 Safari/537.36"
192.145.236.177 - - [24/Jul/2026:10:15:43 -0700] "POST /wp-cron.php?doing_wp_cron=1784913343.3305580615997314453125 HTTP/1.1" 200 - "-" "0R4GtOKzIVDb"
193.32.248.244 - - [24/Jul/2026:10:15:41 -0700] "POST /xmlrpc.php HTTP/1.1" 200 851 "-" "Jetpack by WordPress.com (Jetpack 12.0; WordPress 6.4)"
173.239.240.206 - - [24/Jul/2026:10:15:45 -0700] "POST /wp-login.php HTTP/1.1" 302 259 "https://casino.tires/wp-login.php" "Mozilla/5.0 (X11; Linux x86_64) AppleWebKit/537.36 (KHTML, like Gecko) Chrome/121.0.0.0 Safari/537.36"
173.239.240.206 - - [24/Jul/2026:10:15:47 -0700] "GET /wp-admin/index.php HTTP/1.1" 200 457 "https://casino.tires/wp-login.php" "Mozilla/5.0 (Windows NT 10.0; Win64; x64) AppleWebKit/537.36 (KHTML, like Gecko) Chrome/119.0.0.0 Safari/537.36"
173.239.240.206 - - [24/Jul/2026:10:15:49 -0700] "GET /wp-admin/profile.php HTTP/1.1" 200 457 "https://casino.tires/wp-login.php" "Mozilla/5.0 (Windows NT 10.0; Win64; x64) AppleWebKit/537.36 (KHTML, like Gecko) Chrome/119.0.0.0 Safari/537.36"
173.239.240.206 - - [24/Jul/2026:10:15:51 -0700] "GET /wp-admin/edit.php HTTP/1.1" 200 457 "https://casino.tires/wp-login.php" "Mozilla/5.0 (Windows NT 10.0; Win64; x64) AppleWebKit/537.36 (KHTML, like Gecko) Chrome/119.0.0.0 Safari/537.36"
193.32.248.244 - - [24/Jul/2026:10:15:52 -0700] "POST /xmlrpc.php HTTP/1.1" 406 300 "-" "WordPress.com; https://wordpress.com"
173.239.240.206 - - [24/Jul/2026:10:15:52 -0700] "GET /wp-admin/plugins.php HTTP/1.1" 200 457 "https://casino.tires/wp-login.php" "Mozilla/5.0 (Windows NT 10.0; Win64; x64) AppleWebKit/537.36 (KHTML, like Gecko) Chrome/119.0.0.0 Safari/537.36"
173.239.240.206 - - [24/Jul/2026:10:15:57 -0700] "POST /wp-login.php HTTP/1.1" 302 259 "https://casino.tires/wp-login.php" "Mozilla/5.0 (Macintosh; Intel Mac OS X 10_15_7) AppleWebKit/605.1.15 (KHTML, like Gecko) Version/17.1 Safari/605.1.15"
193.32.248.244 - - [24/Jul/2026:10:16:03 -0700] "POST /xmlrpc.php HTTP/1.1" 406 300 "-" "WordPress.com; https://wordpress.com"
192.145.236.177 - - [24/Jul/2026:10:16:13 -0700] "POST /wp-cron.php?doing_wp_cron=1784913373.2721369266510009765625 HTTP/1.1" 200 - "-" "2UWXiIfUJVdt"
173.239.240.210 - - [24/Jul/2026:10:16:12 -0700] "GET /wp-admin/index.php HTTP/1.1" 200 457 "https://casino.tires/wp-login.php" "Mozilla/5.0 (Windows NT 10.0; Win64; x64) AppleWebKit/537.36 (KHTML, like Gecko) Chrome/119.0.0.0 Safari/537.36"
193.32.248.244 - - [24/Jul/2026:10:16:13 -0700] "POST /xmlrpc.php HTTP/1.1" 200 851 "-" "Jetpack by WordPress.com"
173.239.240.210 - - [24/Jul/2026:10:16:14 -0700] "GET /wp-admin/profile.php HTTP/1.1" 200 457 "https://casino.tires/wp-login.php" "Mozilla/5.0 (Windows NT 10.0; Win64; x64) AppleWebKit/537.36 (KHTML, like Gecko) Chrome/119.0.0.0 Safari/537.36"
173.239.240.210 - - [24/Jul/2026:10:16:16 -0700] "GET /wp-admin/edit.php HTTP/1.1" 200 457 "https://casino.tires/wp-login.php" "Mozilla/5.0 (Windows NT 10.0; Win64; x64) AppleWebKit/537.36 (KHTML, like Gecko) Chrome/119.0.0.0 Safari/537.36"
173.239.240.210 - - [24/Jul/2026:10:16:19 -0700] "GET /wp-admin/plugins.php HTTP/1.1" 200 457 "https://casino.tires/wp-login.php" "Mozilla/5.0 (Windows NT 10.0; Win64; x64) AppleWebKit/537.36 (KHTML, like Gecko) Chrome/119.0.0.0 Safari/537.36"
173.239.240.210 - - [24/Jul/2026:10:16:20 -0700] "POST /wp-login.php HTTP/1.1" 302 259 "https://casino.tires/wp-login.php" "Mozilla/5.0 (Macintosh; Intel Mac OS X 13_6_1) AppleWebKit/537.36 (KHTML, like Gecko) Chrome/121.0.0.0 Safari/537.36"
192.145.236.177 - - [24/Jul/2026:10:16:21 -0700] "POST /wp-cron.php?doing_wp_cron=1784913381.3538389205932617187500 HTTP/1.1" 200 - "-" "VwHJuDDM0y1d"
173.239.240.210 - - [24/Jul/2026:10:16:20 -0700] "GET /wp-admin/index.php HTTP/1.1" 200 457 "https://casino.tires/wp-login.php" "Mozilla/5.0 (Windows NT 10.0; Win64; x64) AppleWebKit/537.36 (KHTML, like Gecko) Chrome/118.0.0.0 Safari/537.36"
173.239.240.210 - - [24/Jul/2026:10:16:22 -0700] "GET /wp-admin/profile.php HTTP/1.1" 200 457 "https://casino.tires/wp-login.php" "Mozilla/5.0 (Windows NT 10.0; Win64; x64) AppleWebKit/537.36 (KHTML, like Gecko) Chrome/118.0.0.0 Safari/537.36"
193.32.248.244 - - [24/Jul/2026:10:16:24 -0700] "POST /xmlrpc.php HTTP/1.1" 406 300 "-" "WordPress.com; https://wordpress.com"
173.239.240.210 - - [24/Jul/2026:10:16:23 -0700] "GET /wp-admin/edit.php HTTP/1.1" 200 457 "https://casino.tires/wp-login.php" "Mozilla/5.0 (Windows NT 10.0; Win64; x64) AppleWebKit/537.36 (KHTML, like Gecko) Chrome/118.0.0.0 Safari/537.36"
173.239.240.210 - - [24/Jul/2026:10:16:27 -0700] "GET /wp-admin/plugins.php HTTP/1.1" 200 457 "https://casino.tires/wp-login.php" "Mozilla/5.0 (Windows NT 10.0; Win64; x64) AppleWebKit/537.36 (KHTML, like Gecko) Chrome/118.0.0.0 Safari/537.36"
193.32.248.244 - - [24/Jul/2026:10:16:35 -0700] "POST /xmlrpc.php HTTP/1.1" 200 851 "-" "Jetpack by WordPress.com"
173.239.240.212 - - [24/Jul/2026:10:16:37 -0700] "POST /wp-login.php HTTP/1.1" 302 259 "https://casino.tires/wp-login.php" "Mozilla/5.0 (Windows NT 11.0; Win64; x64; rv:119.0) Gecko/20100101 Firefox/119.0"
173.239.240.212 - - [24/Jul/2026:10:16:37 -0700] "GET /wp-admin/index.php HTTP/1.1" 200 457 "https://casino.tires/wp-login.php" "Mozilla/5.0 (Windows NT 11.0; Win64; x64) AppleWebKit/537.36 (KHTML, like Gecko) Chrome/119.0.0.0 Safari/537.36"
173.239.240.212 - - [24/Jul/2026:10:16:39 -0700] "GET /wp-admin/profile.php HTTP/1.1" 200 457 "https://casino.tires/wp-login.php" "Mozilla/5.0 (Windows NT 11.0; Win64; x64) AppleWebKit/537.36 (KHTML, like Gecko) Chrome/119.0.0.0 Safari/537.36"
173.239.240.212 - - [24/Jul/2026:10:16:39 -0700] "GET /wp-admin/edit.php HTTP/1.1" 200 457 "https://casino.tires/wp-login.php" "Mozilla/5.0 (Windows NT 11.0; Win64; x64) AppleWebKit/537.36 (KHTML, like Gecko) Chrome/119.0.0.0 Safari/537.36"
173.239.240.212 - - [24/Jul/2026:10:16:40 -0700] "GET /wp-admin/plugins.php HTTP/1.1" 200 457 "https://casino.tires/wp-login.php" "Mozilla/5.0 (Windows NT 11.0; Win64; x64) AppleWebKit/537.36 (KHTML, like Gecko) Chrome/119.0.0.0 Safari/537.36"
192.145.236.177 - - [24/Jul/2026:10:16:47 -0700] "POST /wp-cron.php?doing_wp_cron=1784913407.1515550613403320312500 HTTP/1.1" 200 - "-" "V1PRoEOrOSCu"
193.32.248.244 - - [24/Jul/2026:10:16:45 -0700] "POST /xmlrpc.php HTTP/1.1" 200 851 "-" "Jetpack by WordPress.com"
142.44.228.57 - - [24/Jul/2026:10:16:49 -0700] "GET /sitemap_index.xml HTTP/1.1" 200 980 "-" "Mozilla/5.0 (compatible; AhrefsBot/7.0; +http://ahrefs.com/robot/)"
193.32.248.244 - - [24/Jul/2026:10:16:56 -0700] "POST /xmlrpc.php HTTP/1.1" 200 851 "-" "Jetpack/12.0; WordPress/6.2; http://site97629974.com"
193.32.248.244 - - [24/Jul/2026:10:17:07 -0700] "POST /xmlrpc.php HTTP/1.1" 200 851 "-" "Jetpack/13.0; WordPress/6.3; http://site72409394.com"
192.145.236.177 - - [24/Jul/2026:10:17:18 -0700] "POST /wp-cron.php?doing_wp_cron=1784913438.7257709503173828125000 HTTP/1.1" 200 - "-" "vEqa2VR47CfL"
193.32.248.244 - - [24/Jul/2026:10:17:17 -0700] "POST /xmlrpc.php HTTP/1.1" 200 851 "-" "Jetpack by WordPress.com"
192.145.236.177 - - [24/Jul/2026:10:17:29 -0700] "POST /wp-cron.php?doing_wp_cron=1784913449.4362969398498535156250 HTTP/1.1" 200 - "-" "IzlPlp59SDEA"
193.32.248.244 - - [24/Jul/2026:10:17:28 -0700] "POST /xmlrpc.php HTTP/1.1" 200 851 "-" "Jetpack/12.5; WordPress/6.1; http://site53329535.com"
193.32.248.244 - - [24/Jul/2026:10:17:39 -0700] "POST /xmlrpc.php HTTP/1.1" 406 300 "-" "WordPress.com; https://wordpress.com"
192.145.236.177 - - [24/Jul/2026:10:17:51 -0700] "POST /wp-cron.php?doing_wp_cron=1784913471.0552380084991455078125 HTTP/1.1" 200 - "-" "Vrw3IBiTqnDt"
193.32.248.244 - - [24/Jul/2026:10:17:50 -0700] "POST /xmlrpc.php HTTP/1.1" 200 851 "-" "Jetpack by WordPress.com (Jetpack 13.0; WordPress 6.3)"
193.32.248.244 - - [24/Jul/2026:10:18:00 -0700] "POST /xmlrpc.php HTTP/1.1" 406 300 "-" "WordPress.com; https://wordpress.com"
173.239.240.219 - - [24/Jul/2026:10:18:04 -0700] "POST /wp-login.php HTTP/1.1" 302 259 "https://casino.tires/wp-login.php" "Mozilla/5.0 (Windows NT 10.0; Win64; x64) AppleWebKit/537.36 (KHTML, like Gecko) Chrome/119.0.0.0 Safari/537.36"
192.145.236.177 - - [24/Jul/2026:10:18:07 -0700] "POST /wp-cron.php?doing_wp_cron=1784913487.5293920040130615234375 HTTP/1.1" 200 - "-" "fQ0TmY9PKdO1"
187.21.187.178 - - [24/Jul/2026:10:18:07 -0700] "GET /victorian-government-to-establish-new-gaming-regulator/ HTTP/1.1" 200 217520 "-" "Mozilla/5.0 (Macintosh; Intel Mac OS X 10_14_6) AppleWebKit/537.36 (KHTML, like Gecko) Chrome/88.0.4324.96 Safari/537.36"
173.239.240.219 - - [24/Jul/2026:10:18:06 -0700] "GET /wp-admin/index.php HTTP/1.1" 200 457 "https://casino.tires/wp-login.php" "Mozilla/5.0 (X11; Ubuntu; Linux x86_64) AppleWebKit/537.36 (KHTML, like Gecko) Chrome/120.0.0.0 Safari/537.36"
193.32.248.244 - - [24/Jul/2026:10:18:11 -0700] "POST /xmlrpc.php HTTP/1.1" 406 300 "-" "WordPress.com; https://wordpress.com"
173.239.240.219 - - [24/Jul/2026:10:18:10 -0700] "GET /wp-admin/profile.php HTTP/1.1" 200 457 "https://casino.tires/wp-login.php" "Mozilla/5.0 (X11; Ubuntu; Linux x86_64) AppleWebKit/537.36 (KHTML, like Gecko) Chrome/120.0.0.0 Safari/537.36"
192.145.236.177 - - [24/Jul/2026:10:18:13 -0700] "POST /wp-cron.php?doing_wp_cron=1784913493.0827469825744628906250 HTTP/1.1" 200 - "-" "Y3IhzIgzUahP"
173.239.240.219 - - [24/Jul/2026:10:18:11 -0700] "GET /wp-admin/edit.php HTTP/1.1" 200 457 "https://casino.tires/wp-login.php" "Mozilla/5.0 (X11; Ubuntu; Linux x86_64) AppleWebKit/537.36 (KHTML, like Gecko) Chrome/120.0.0.0 Safari/537.36"
173.239.240.219 - - [24/Jul/2026:10:18:13 -0700] "GET /wp-admin/plugins.php HTTP/1.1" 200 457 "https://casino.tires/wp-login.php" "Mozilla/5.0 (X11; Ubuntu; Linux x86_64) AppleWebKit/537.36 (KHTML, like Gecko) Chrome/120.0.0.0 Safari/537.36"
173.239.240.219 - - [24/Jul/2026:10:18:15 -0700] "POST /wp-login.php HTTP/1.1" 302 259 "https://casino.tires/wp-login.php" "Mozilla/5.0 (Macintosh; Intel Mac OS X 13_6_1) AppleWebKit/537.36 (KHTML, like Gecko) Chrome/118.0.0.0 Safari/537.36"
173.239.240.219 - - [24/Jul/2026:10:18:15 -0700] "GET /wp-admin/index.php HTTP/1.1" 200 457 "https://casino.tires/wp-login.php" "Mozilla/5.0 (Macintosh; Intel Mac OS X 10_15_7) AppleWebKit/537.36 (KHTML, like Gecko) Chrome/121.0.0.0 Safari/537.36"
173.239.240.219 - - [24/Jul/2026:10:18:17 -0700] "GET /wp-admin/profile.php HTTP/1.1" 200 457 "https://casino.tires/wp-login.php" "Mozilla/5.0 (Macintosh; Intel Mac OS X 10_15_7) AppleWebKit/537.36 (KHTML, like Gecko) Chrome/121.0.0.0 Safari/537.36"
192.145.236.177 - - [24/Jul/2026:10:18:24 -0700] "POST /wp-cron.php?doing_wp_cron=1784913504.1638500690460205078125 HTTP/1.1" 200 - "-" "0QUQhqqZTA2Q"
193.32.248.244 - - [24/Jul/2026:10:18:22 -0700] "POST /xmlrpc.php HTTP/1.1" 200 851 "-" "Jetpack/12.5; WordPress/6.4; http://site96196693.com"
173.239.240.219 - - [24/Jul/2026:10:18:22 -0700] "GET /wp-admin/edit.php HTTP/1.1" 200 457 "https://casino.tires/wp-login.php" "Mozilla/5.0 (Macintosh; Intel Mac OS X 10_15_7) AppleWebKit/537.36 (KHTML, like Gecko) Chrome/121.0.0.0 Safari/537.36"
173.239.240.219 - - [24/Jul/2026:10:18:25 -0700] "GET /wp-admin/plugins.php HTTP/1.1" 200 457 "https://casino.tires/wp-login.php" "Mozilla/5.0 (Macintosh; Intel Mac OS X 10_15_7) AppleWebKit/537.36 (KHTML, like Gecko) Chrome/121.0.0.0 Safari/537.36"
173.239.240.219 - - [24/Jul/2026:10:18:28 -0700] "POST /wp-login.php HTTP/1.1" 302 259 "https://casino.tires/wp-login.php" "Mozilla/5.0 (Macintosh; Intel Mac OS X 13_6_1) AppleWebKit/537.36 (KHTML, like Gecko) Chrome/118.0.0.0 Safari/537.36"
173.239.240.219 - - [24/Jul/2026:10:18:29 -0700] "GET /wp-admin/index.php HTTP/1.1" 200 457 "https://casino.tires/wp-login.php" "Mozilla/5.0 (Macintosh; Intel Mac OS X 13_6_1; rv:121.0) Gecko/20100101 Firefox/121.0"
193.32.248.244 - - [24/Jul/2026:10:18:32 -0700] "POST /xmlrpc.php HTTP/1.1" 406 300 "-" "WordPress.com; https://wordpress.com"
173.239.240.219 - - [24/Jul/2026:10:18:31 -0700] "GET /wp-admin/profile.php HTTP/1.1" 200 457 "https://casino.tires/wp-login.php" "Mozilla/5.0 (Macintosh; Intel Mac OS X 13_6_1; rv:121.0) Gecko/20100101 Firefox/121.0"
173.239.240.219 - - [24/Jul/2026:10:18:37 -0700] "GET /wp-admin/edit.php HTTP/1.1" 200 457 "https://casino.tires/wp-login.php" "Mozilla/5.0 (Macintosh; Intel Mac OS X 13_6_1; rv:121.0) Gecko/20100101 Firefox/121.0"
173.239.240.219 - - [24/Jul/2026:10:18:39 -0700] "GET /wp-admin/plugins.php HTTP/1.1" 200 457 "https://casino.tires/wp-login.php" "Mozilla/5.0 (Macintosh; Intel Mac OS X 13_6_1; rv:121.0) Gecko/20100101 Firefox/121.0"
173.239.240.219 - - [24/Jul/2026:10:18:41 -0700] "POST /wp-login.php HTTP/1.1" 302 259 "https://casino.tires/wp-login.php" "Mozilla/5.0 (X11; Linux x86_64) AppleWebKit/537.36 (KHTML, like Gecko) Chrome/120.0.0.0 Safari/537.36"
192.145.236.177 - - [24/Jul/2026:10:18:45 -0700] "POST /wp-cron.php?doing_wp_cron=1784913525.1425540447235107421875 HTTP/1.1" 200 - "-" "45Y5AVOYYVsh"
193.32.248.244 - - [24/Jul/2026:10:18:43 -0700] "POST /xmlrpc.php HTTP/1.1" 200 851 "-" "Jetpack by WordPress.com"
173.239.240.219 - - [24/Jul/2026:10:18:44 -0700] "GET /wp-admin/index.php HTTP/1.1" 200 457 "https://casino.tires/wp-login.php" "Mozilla/5.0 (Windows NT 10.0; Win64; x64) AppleWebKit/537.36 (KHTML, like Gecko) Chrome/118.0.0.0 Safari/537.36"
173.239.240.219 - - [24/Jul/2026:10:18:47 -0700] "GET /wp-admin/profile.php HTTP/1.1" 200 457 "https://casino.tires/wp-login.php" "Mozilla/5.0 (Windows NT 10.0; Win64; x64) AppleWebKit/537.36 (KHTML, like Gecko) Chrome/118.0.0.0 Safari/537.36"
173.239.240.219 - - [24/Jul/2026:10:18:48 -0700] "GET /wp-admin/edit.php HTTP/1.1" 200 457 "https://casino.tires/wp-login.php" "Mozilla/5.0 (Windows NT 10.0; Win64; x64) AppleWebKit/537.36 (KHTML, like Gecko) Chrome/118.0.0.0 Safari/537.36"
173.239.240.219 - - [24/Jul/2026:10:18:51 -0700] "GET /wp-admin/plugins.php HTTP/1.1" 200 457 "https://casino.tires/wp-login.php" "Mozilla/5.0 (Windows NT 10.0; Win64; x64) AppleWebKit/537.36 (KHTML, like Gecko) Chrome/118.0.0.0 Safari/537.36"
193.32.248.244 - - [24/Jul/2026:10:18:54 -0700] "POST /xmlrpc.php HTTP/1.1" 200 851 "-" "Jetpack by WordPress.com (Jetpack 12.5; WordPress 6.2)"
173.239.240.219 - - [24/Jul/2026:10:18:56 -0700] "POST /wp-login.php HTTP/1.1" 302 259 "https://casino.tires/wp-login.php" "Mozilla/5.0 (Windows NT 10.0; Win64; x64; rv:120.0) Gecko/20100101 Firefox/120.0"
173.239.240.219 - - [24/Jul/2026:10:18:56 -0700] "GET /wp-admin/index.php HTTP/1.1" 200 457 "https://casino.tires/wp-login.php" "Mozilla/5.0 (Windows NT 11.0; Win64; x64) AppleWebKit/537.36 (KHTML, like Gecko) Chrome/121.0.0.0 Safari/537.36"
173.239.240.219 - - [24/Jul/2026:10:18:58 -0700] "GET /wp-admin/profile.php HTTP/1.1" 200 457 "https://casino.tires/wp-login.php" "Mozilla/5.0 (Windows NT 11.0; Win64; x64) AppleWebKit/537.36 (KHTML, like Gecko) Chrome/121.0.0.0 Safari/537.36"
173.239.240.219 - - [24/Jul/2026:10:19:00 -0700] "GET /wp-admin/edit.php HTTP/1.1" 200 457 "https://casino.tires/wp-login.php" "Mozilla/5.0 (Windows NT 11.0; Win64; x64) AppleWebKit/537.36 (KHTML, like Gecko) Chrome/121.0.0.0 Safari/537.36"
173.239.240.219 - - [24/Jul/2026:10:19:01 -0700] "GET /wp-admin/plugins.php HTTP/1.1" 200 457 "https://casino.tires/wp-login.php" "Mozilla/5.0 (Windows NT 11.0; Win64; x64) AppleWebKit/537.36 (KHTML, like Gecko) Chrome/121.0.0.0 Safari/537.36"
173.239.240.219 - - [24/Jul/2026:10:19:02 -0700] "POST /wp-login.php HTTP/1.1" 302 259 "https://casino.tires/wp-login.php" "Mozilla/5.0 (Macintosh; Intel Mac OS X 13_6_1) AppleWebKit/605.1.15 (KHTML, like Gecko) Version/17.2 Safari/605.1.15"
193.32.248.244 - - [24/Jul/2026:10:19:04 -0700] "POST /xmlrpc.php HTTP/1.1" 200 851 "-" "Jetpack/12.0; WordPress/6.3; http://site44406040.com"
173.239.240.219 - - [24/Jul/2026:10:19:06 -0700] "GET /wp-admin/index.php HTTP/1.1" 200 457 "https://casino.tires/wp-login.php" "Mozilla/5.0 (Windows NT 10.0; Win64; x64) AppleWebKit/537.36 (KHTML, like Gecko) Chrome/118.0.0.0 Safari/537.36"
173.239.240.219 - - [24/Jul/2026:10:19:07 -0700] "GET /wp-admin/profile.php HTTP/1.1" 200 457 "https://casino.tires/wp-login.php" "Mozilla/5.0 (Windows NT 10.0; Win64; x64) AppleWebKit/537.36 (KHTML, like Gecko) Chrome/118.0.0.0 Safari/537.36"
196.238.121.249 - - [24/Jul/2026:10:19:08 -0700] "GET /pokerstars-earn-full-value-from-half-price-sunday-in-the-us/ HTTP/1.1" 200 208089 "-" "Mozilla/5.0 (Windows NT 6.1; Win64; x64) AppleWebKit/537.36 (KHTML, like Gecko) Chrome/68.0.3440.75 Safari/537.36"
200.201.137.10 - - [24/Jul/2026:10:19:12 -0700] "GET /gaming-business-deals-halved-resulting-in-sponsorships-shakeups/ HTTP/1.1" 200 213987 "-" "Mozilla/5.0 (Macintosh; Intel Mac OS X 10_15_2) AppleWebKit/537.36 (KHTML, like Gecko) Chrome/77.0.3865.90 Safari/537.36"
192.145.236.177 - - [24/Jul/2026:10:19:17 -0700] "POST /wp-cron.php?doing_wp_cron=1784913557.0276229381561279296875 HTTP/1.1" 200 - "-" "OqhgXeD3WAQy"
193.32.248.244 - - [24/Jul/2026:10:19:15 -0700] "POST /xmlrpc.php HTTP/1.1" 200 851 "-" "Jetpack/12.1; WordPress/6.3; http://site70642040.com"
192.145.236.177 - - [24/Jul/2026:10:19:27 -0700] "POST /wp-cron.php?doing_wp_cron=1784913567.2186529636383056640625 HTTP/1.1" 200 - "-" "suofhCK0xbWu"
193.32.248.244 - - [24/Jul/2026:10:19:26 -0700] "POST /xmlrpc.php HTTP/1.1" 200 851 "-" "Jetpack by WordPress.com (Jetpack 12.0; WordPress 6.2)"
173.239.240.225 - - [24/Jul/2026:10:19:27 -0700] "GET /wp-admin/edit.php HTTP/1.1" 200 457 "https://casino.tires/wp-login.php" "Mozilla/5.0 (Windows NT 10.0; Win64; x64) AppleWebKit/537.36 (KHTML, like Gecko) Chrome/118.0.0.0 Safari/537.36"
173.239.240.225 - - [24/Jul/2026:10:19:30 -0700] "GET /wp-admin/plugins.php HTTP/1.1" 200 457 "https://casino.tires/wp-login.php" "Mozilla/5.0 (Windows NT 10.0; Win64; x64) AppleWebKit/537.36 (KHTML, like Gecko) Chrome/118.0.0.0 Safari/537.36"
193.32.248.244 - - [24/Jul/2026:10:19:37 -0700] "POST /xmlrpc.php HTTP/1.1" 406 300 "-" "WordPress.com; https://wordpress.com"
45.6.162.239 - - [24/Jul/2026:10:19:36 -0700] "GET /pokerstars-maintains-market-domination-in-pennsylvania/ HTTP/1.1" 200 216682 "-" "Mozilla/5.0 (Macintosh; Intel Mac OS X 10_15_6) AppleWebKit/537.36 (KHTML, like Gecko) Chrome/91.0.4450.0 Safari/537.36"
173.239.240.221 - - [24/Jul/2026:10:19:38 -0700] "POST /wp-login.php HTTP/1.1" 302 259 "https://casino.tires/wp-login.php" "Mozilla/5.0 (X11; Ubuntu; Linux x86_64) AppleWebKit/537.36 (KHTML, like Gecko) Chrome/120.0.0.0 Safari/537.36"
192.145.236.177 - - [24/Jul/2026:10:19:43 -0700] "POST /wp-cron.php?doing_wp_cron=1784913583.0349919795989990234375 HTTP/1.1" 200 - "-" "1hQi0Cw8yWqd"
173.239.240.221 - - [24/Jul/2026:10:19:40 -0700] "GET /wp-admin/index.php HTTP/1.1" 200 457 "https://casino.tires/wp-login.php" "Mozilla/5.0 (Macintosh; Intel Mac OS X 13_6_1) AppleWebKit/537.36 (KHTML, like Gecko) Chrome/121.0.0.0 Safari/537.36"
173.239.240.221 - - [24/Jul/2026:10:19:44 -0700] "GET /wp-admin/profile.php HTTP/1.1" 200 457 "https://casino.tires/wp-login.php" "Mozilla/5.0 (Macintosh; Intel Mac OS X 13_6_1) AppleWebKit/537.36 (KHTML, like Gecko) Chrome/121.0.0.0 Safari/537.36"
173.239.240.221 - - [24/Jul/2026:10:19:47 -0700] "GET /wp-admin/edit.php HTTP/1.1" 200 457 "https://casino.tires/wp-login.php" "Mozilla/5.0 (Macintosh; Intel Mac OS X 13_6_1) AppleWebKit/537.36 (KHTML, like Gecko) Chrome/121.0.0.0 Safari/537.36"
193.32.248.244 - - [24/Jul/2026:10:19:47 -0700] "POST /xmlrpc.php HTTP/1.1" 200 851 "-" "Jetpack by WordPress.com (Jetpack 13.0; WordPress 6.4)"
173.239.240.221 - - [24/Jul/2026:10:19:50 -0700] "GET /wp-admin/plugins.php HTTP/1.1" 200 457 "https://casino.tires/wp-login.php" "Mozilla/5.0 (Macintosh; Intel Mac OS X 13_6_1) AppleWebKit/537.36 (KHTML, like Gecko) Chrome/121.0.0.0 Safari/537.36"
173.239.240.221 - - [24/Jul/2026:10:19:51 -0700] "POST /wp-login.php HTTP/1.1" 302 259 "https://casino.tires/wp-login.php" "Mozilla/5.0 (Macintosh; Intel Mac OS X 10_15_7; rv:118.0) Gecko/20100101 Firefox/118.0"
173.239.240.221 - - [24/Jul/2026:10:19:51 -0700] "GET /wp-admin/index.php HTTP/1.1" 200 457 "https://casino.tires/wp-login.php" "Mozilla/5.0 (Macintosh; Intel Mac OS X 13_6_1; rv:120.0) Gecko/20100101 Firefox/120.0"
173.239.240.221 - - [24/Jul/2026:10:19:53 -0700] "GET /wp-admin/profile.php HTTP/1.1" 200 457 "https://casino.tires/wp-login.php" "Mozilla/5.0 (Macintosh; Intel Mac OS X 13_6_1; rv:120.0) Gecko/20100101 Firefox/120.0"
173.239.240.221 - - [24/Jul/2026:10:19:54 -0700] "GET /wp-admin/edit.php HTTP/1.1" 200 457 "https://casino.tires/wp-login.php" "Mozilla/5.0 (Macintosh; Intel Mac OS X 13_6_1; rv:120.0) Gecko/20100101 Firefox/120.0"
173.239.240.221 - - [24/Jul/2026:10:19:55 -0700] "GET /wp-admin/plugins.php HTTP/1.1" 200 457 "https://casino.tires/wp-login.php" "Mozilla/5.0 (Macintosh; Intel Mac OS X 13_6_1; rv:120.0) Gecko/20100101 Firefox/120.0"
173.239.240.221 - - [24/Jul/2026:10:19:56 -0700] "POST /wp-login.php HTTP/1.1" 302 259 "https://casino.tires/wp-login.php" "Mozilla/5.0 (Macintosh; Intel Mac OS X 10_15_7) AppleWebKit/605.1.15 (KHTML, like Gecko) Version/17.1 Safari/605.1.15"
173.239.240.221 - - [24/Jul/2026:10:19:57 -0700] "GET /wp-admin/index.php HTTP/1.1" 200 457 "https://casino.tires/wp-login.php" "Mozilla/5.0 (Macintosh; Intel Mac OS X 13_6_1) AppleWebKit/605.1.15 (KHTML, like Gecko) Version/17.0 Safari/605.1.15"
193.32.248.244 - - [24/Jul/2026:10:19:58 -0700] "POST /xmlrpc.php HTTP/1.1" 200 851 "-" "Jetpack/12.0; WordPress/6.4; http://site60441549.com"
173.239.240.221 - - [24/Jul/2026:10:19:58 -0700] "GET /wp-admin/profile.php HTTP/1.1" 200 457 "https://casino.tires/wp-login.php" "Mozilla/5.0 (Macintosh; Intel Mac OS X 13_6_1) AppleWebKit/605.1.15 (KHTML, like Gecko) Version/17.0 Safari/605.1.15"
173.239.240.221 - - [24/Jul/2026:10:20:00 -0700] "GET /wp-admin/edit.php HTTP/1.1" 200 457 "https://casino.tires/wp-login.php" "Mozilla/5.0 (Macintosh; Intel Mac OS X 13_6_1) AppleWebKit/605.1.15 (KHTML, like Gecko) Version/17.0 Safari/605.1.15"
173.239.240.221 - - [24/Jul/2026:10:20:01 -0700] "GET /wp-admin/plugins.php HTTP/1.1" 200 457 "https://casino.tires/wp-login.php" "Mozilla/5.0 (Macintosh; Intel Mac OS X 13_6_1) AppleWebKit/605.1.15 (KHTML, like Gecko) Version/17.0 Safari/605.1.15"
173.239.240.221 - - [24/Jul/2026:10:20:03 -0700] "POST /wp-login.php HTTP/1.1" 302 259 "https://casino.tires/wp-login.php" "Mozilla/5.0 (Macintosh; Intel Mac OS X 13_6_1) AppleWebKit/605.1.15 (KHTML, like Gecko) Version/17.1 Safari/605.1.15"
173.239.240.221 - - [24/Jul/2026:10:20:04 -0700] "GET /wp-admin/index.php HTTP/1.1" 200 457 "https://casino.tires/wp-login.php" "Mozilla/5.0 (Macintosh; Intel Mac OS X 13_6_1; rv:118.0) Gecko/20100101 Firefox/118.0"
173.239.240.221 - - [24/Jul/2026:10:20:05 -0700] "GET /wp-admin/profile.php HTTP/1.1" 200 457 "https://casino.tires/wp-login.php" "Mozilla/5.0 (Macintosh; Intel Mac OS X 13_6_1; rv:118.0) Gecko/20100101 Firefox/118.0"
173.239.240.221 - - [24/Jul/2026:10:20:06 -0700] "GET /wp-admin/edit.php HTTP/1.1" 200 457 "https://casino.tires/wp-login.php" "Mozilla/5.0 (Macintosh; Intel Mac OS X 13_6_1; rv:118.0) Gecko/20100101 Firefox/118.0"
193.32.248.244 - - [24/Jul/2026:10:20:09 -0700] "POST /xmlrpc.php HTTP/1.1" 406 300 "-" "WordPress.com; https://wordpress.com"
173.239.240.221 - - [24/Jul/2026:10:20:08 -0700] "GET /wp-admin/plugins.php HTTP/1.1" 200 457 "https://casino.tires/wp-login.php" "Mozilla/5.0 (Macintosh; Intel Mac OS X 13_6_1; rv:118.0) Gecko/20100101 Firefox/118.0"
47.79.233.90 - - [24/Jul/2026:10:20:13 -0700] "GET /wp-content/uploads/2021/07/Pokerstars-Maintains-Market-Domination-In-Pennsylvania-400x400.jpg HTTP/1.1" 200 13385 "https://www.casino.tires/wp-content/uploads/2021/07/Pokerstars-Maintains-Market-Domination-In-Pennsylvania-400x400.jpg" "Mozilla/5.0 (Macintosh; Intel Mac OS X 10_15_7) AppleWebKit/537.36 (KHTML, like Gecko) Chrome/128.0.0.0 Safari/537.36"
193.32.248.244 - - [24/Jul/2026:10:20:19 -0700] "POST /xmlrpc.php HTTP/1.1" 406 300 "-" "WordPress.com; https://wordpress.com"
192.145.236.177 - - [24/Jul/2026:10:20:31 -0700] "POST /wp-cron.php?doing_wp_cron=1784913631.4503660202026367187500 HTTP/1.1" 200 - "-" "BmG2JCD0eTUU"
193.32.248.244 - - [24/Jul/2026:10:20:30 -0700] "POST /xmlrpc.php HTTP/1.1" 200 851 "-" "Jetpack/13.0; WordPress/6.1; http://site85345464.com"
173.239.240.204 - - [24/Jul/2026:10:20:39 -0700] "POST /wp-login.php HTTP/1.1" 302 259 "https://casino.tires/wp-login.php" "Mozilla/5.0 (Macintosh; Intel Mac OS X 13_6_1) AppleWebKit/537.36 (KHTML, like Gecko) Chrome/118.0.0.0 Safari/537.36"
173.239.240.204 - - [24/Jul/2026:10:20:40 -0700] "GET /wp-admin/index.php HTTP/1.1" 200 457 "https://casino.tires/wp-login.php" "Mozilla/5.0 (Macintosh; Intel Mac OS X 13_6_1; rv:118.0) Gecko/20100101 Firefox/118.0"
192.145.236.177 - - [24/Jul/2026:10:20:43 -0700] "POST /wp-cron.php?doing_wp_cron=1784913643.0622470378875732421875 HTTP/1.1" 200 - "-" "eUumPh8YbJGH"
193.32.248.244 - - [24/Jul/2026:10:20:41 -0700] "POST /xmlrpc.php HTTP/1.1" 200 851 "-" "Jetpack/12.0; WordPress/6.4; http://site29623161.com"
173.239.240.204 - - [24/Jul/2026:10:20:41 -0700] "GET /wp-admin/profile.php HTTP/1.1" 200 457 "https://casino.tires/wp-login.php" "Mozilla/5.0 (Macintosh; Intel Mac OS X 13_6_1; rv:118.0) Gecko/20100101 Firefox/118.0"
186.192.70.134 - - [24/Jul/2026:10:20:43 -0700] "GET /christian-rudolph-wins-wpt-online-series-main-event/ HTTP/1.1" 200 206817 "-" "Mozilla/5.0 (Macintosh; Intel Mac OS X 10_11_6) AppleWebKit/537.36 (KHTML, like Gecko) Chrome/100.0.4896.79 Safari/537.36"
173.239.240.204 - - [24/Jul/2026:10:20:44 -0700] "GET /wp-admin/edit.php HTTP/1.1" 200 457 "https://casino.tires/wp-login.php" "Mozilla/5.0 (Macintosh; Intel Mac OS X 13_6_1; rv:118.0) Gecko/20100101 Firefox/118.0"
173.239.240.204 - - [24/Jul/2026:10:20:46 -0700] "GET /wp-admin/plugins.php HTTP/1.1" 200 457 "https://casino.tires/wp-login.php" "Mozilla/5.0 (Macintosh; Intel Mac OS X 13_6_1; rv:118.0) Gecko/20100101 Firefox/118.0"
173.239.240.204 - - [24/Jul/2026:10:20:47 -0700] "POST /wp-login.php HTTP/1.1" 302 259 "https://casino.tires/wp-login.php" "Mozilla/5.0 (Macintosh; Intel Mac OS X 10_15_7) AppleWebKit/537.36 (KHTML, like Gecko) Chrome/118.0.0.0 Safari/537.36"
173.239.240.204 - - [24/Jul/2026:10:20:47 -0700] "GET /wp-admin/index.php HTTP/1.1" 200 457 "https://casino.tires/wp-login.php" "Mozilla/5.0 (Macintosh; Intel Mac OS X 10_15_7) AppleWebKit/605.1.15 (KHTML, like Gecko) Version/17.2 Safari/605.1.15"
173.239.240.204 - - [24/Jul/2026:10:20:49 -0700] "GET /wp-admin/profile.php HTTP/1.1" 200 457 "https://casino.tires/wp-login.php" "Mozilla/5.0 (Macintosh; Intel Mac OS X 10_15_7) AppleWebKit/605.1.15 (KHTML, like Gecko) Version/17.2 Safari/605.1.15"
193.32.248.244 - - [24/Jul/2026:10:20:52 -0700] "POST /xmlrpc.php HTTP/1.1" 406 300 "-" "WordPress.com; https://wordpress.com"
173.239.240.204 - - [24/Jul/2026:10:20:51 -0700] "GET /wp-admin/edit.php HTTP/1.1" 200 457 "https://casino.tires/wp-login.php" "Mozilla/5.0 (Macintosh; Intel Mac OS X 10_15_7) AppleWebKit/605.1.15 (KHTML, like Gecko) Version/17.2 Safari/605.1.15"
173.239.240.204 - - [24/Jul/2026:10:20:53 -0700] "GET /wp-admin/plugins.php HTTP/1.1" 200 457 "https://casino.tires/wp-login.php" "Mozilla/5.0 (Macintosh; Intel Mac OS X 10_15_7) AppleWebKit/605.1.15 (KHTML, like Gecko) Version/17.2 Safari/605.1.15"
193.32.248.244 - - [24/Jul/2026:10:21:02 -0700] "POST /xmlrpc.php HTTP/1.1" 200 851 "-" "Jetpack by WordPress.com (Jetpack 12.0; WordPress 6.1)"
173.239.240.205 - - [24/Jul/2026:10:21:12 -0700] "POST /wp-login.php HTTP/1.1" 302 259 "https://casino.tires/wp-login.php" "Mozilla/5.0 (Windows NT 10.0; Win64; x64) AppleWebKit/537.36 (KHTML, like Gecko) Chrome/119.0.0.0 Safari/537.36"
192.145.236.177 - - [24/Jul/2026:10:21:13 -0700] "POST /wp-cron.php?doing_wp_cron=1784913673.4748411178588867187500 HTTP/1.1" 200 - "-" "uYuq3dIEupKL"
173.239.240.205 - - [24/Jul/2026:10:21:12 -0700] "GET /wp-admin/index.php HTTP/1.1" 200 457 "https://casino.tires/wp-login.php" "Mozilla/5.0 (Macintosh; Intel Mac OS X 10_15_7; rv:120.0) Gecko/20100101 Firefox/120.0"
193.32.248.244 - - [24/Jul/2026:10:21:13 -0700] "POST /xmlrpc.php HTTP/1.1" 200 851 "-" "Jetpack by WordPress.com"
173.239.240.205 - - [24/Jul/2026:10:21:17 -0700] "GET /wp-admin/profile.php HTTP/1.1" 200 457 "https://casino.tires/wp-login.php" "Mozilla/5.0 (Macintosh; Intel Mac OS X 10_15_7; rv:120.0) Gecko/20100101 Firefox/120.0"
103.138.144.174 - - [24/Jul/2026:10:21:21 -0700] "GET /experts-highlight-online-sports-betting-in-sbc-digital-north-america-conference/ HTTP/1.1" 200 218880 "-" "Mozilla/5.0 (Windows NT 6.2; Win64; x64) AppleWebKit/537.36 (KHTML, like Gecko) Chrome/101.0.4951.64 Safari/537.36"
192.145.236.177 - - [24/Jul/2026:10:21:24 -0700] "POST /wp-cron.php?doing_wp_cron=1784913684.9635159969329833984375 HTTP/1.1" 200 - "-" "LARFrfT6jWb4"
193.32.248.244 - - [24/Jul/2026:10:21:24 -0700] "POST /xmlrpc.php HTTP/1.1" 200 851 "-" "Jetpack/13.0; WordPress/6.1; http://site17193026.com"
173.239.240.214 - - [24/Jul/2026:10:21:29 -0700] "GET /wp-admin/edit.php HTTP/1.1" 200 457 "https://casino.tires/wp-login.php" "Mozilla/5.0 (Macintosh; Intel Mac OS X 10_15_7; rv:120.0) Gecko/20100101 Firefox/120.0"
173.239.240.214 - - [24/Jul/2026:10:21:30 -0700] "GET /wp-admin/plugins.php HTTP/1.1" 200 457 "https://casino.tires/wp-login.php" "Mozilla/5.0 (Macintosh; Intel Mac OS X 10_15_7; rv:120.0) Gecko/20100101 Firefox/120.0"
173.239.240.214 - - [24/Jul/2026:10:21:33 -0700] "POST /wp-login.php HTTP/1.1" 302 259 "https://casino.tires/wp-login.php" "Mozilla/5.0 (Macintosh; Intel Mac OS X 10_15_7) AppleWebKit/605.1.15 (KHTML, like Gecko) Version/17.1 Safari/605.1.15"
193.32.248.244 - - [24/Jul/2026:10:21:34 -0700] "POST /xmlrpc.php HTTP/1.1" 200 851 "-" "Jetpack/13.0; WordPress/6.4; http://site85405073.com"
173.239.240.214 - - [24/Jul/2026:10:21:37 -0700] "GET /wp-admin/index.php HTTP/1.1" 200 457 "https://casino.tires/wp-login.php" "Mozilla/5.0 (Windows NT 10.0; Win64; x64) AppleWebKit/537.36 (KHTML, like Gecko) Chrome/120.0.0.0 Safari/537.36"
173.239.240.214 - - [24/Jul/2026:10:21:38 -0700] "GET /wp-admin/profile.php HTTP/1.1" 200 457 "https://casino.tires/wp-login.php" "Mozilla/5.0 (Windows NT 10.0; Win64; x64) AppleWebKit/537.36 (KHTML, like Gecko) Chrome/120.0.0.0 Safari/537.36"
173.239.240.214 - - [24/Jul/2026:10:21:41 -0700] "GET /wp-admin/edit.php HTTP/1.1" 200 457 "https://casino.tires/wp-login.php" "Mozilla/5.0 (Windows NT 10.0; Win64; x64) AppleWebKit/537.36 (KHTML, like Gecko) Chrome/120.0.0.0 Safari/537.36"
192.145.236.177 - - [24/Jul/2026:10:21:43 -0700] "POST /wp-cron.php?doing_wp_cron=1784913703.0036699771881103515625 HTTP/1.1" 200 - "-" "d5s7XAcZzzxe"
173.239.240.214 - - [24/Jul/2026:10:21:42 -0700] "GET /wp-admin/plugins.php HTTP/1.1" 200 457 "https://casino.tires/wp-login.php" "Mozilla/5.0 (Windows NT 10.0; Win64; x64) AppleWebKit/537.36 (KHTML, like Gecko) Chrome/120.0.0.0 Safari/537.36"
173.239.240.214 - - [24/Jul/2026:10:21:43 -0700] "POST /wp-login.php HTTP/1.1" 302 259 "https://casino.tires/wp-login.php" "Mozilla/5.0 (Macintosh; Intel Mac OS X 13_6_1; rv:120.0) Gecko/20100101 Firefox/120.0"
173.239.240.214 - - [24/Jul/2026:10:21:43 -0700] "GET /wp-admin/index.php HTTP/1.1" 200 457 "https://casino.tires/wp-login.php" "Mozilla/5.0 (Macintosh; Intel Mac OS X 13_6_1; rv:121.0) Gecko/20100101 Firefox/121.0"
192.145.236.177 - - [24/Jul/2026:10:21:45 -0700] "POST /wp-cron.php?doing_wp_cron=1784913705.0762081146240234375000 HTTP/1.1" 200 - "-" "F7msUF3lrozz"
173.239.240.214 - - [24/Jul/2026:10:21:44 -0700] "GET /wp-admin/profile.php HTTP/1.1" 200 457 "https://casino.tires/wp-login.php" "Mozilla/5.0 (Macintosh; Intel Mac OS X 13_6_1; rv:121.0) Gecko/20100101 Firefox/121.0"
193.32.248.244 - - [24/Jul/2026:10:21:45 -0700] "POST /xmlrpc.php HTTP/1.1" 200 851 "-" "Jetpack/12.1; WordPress/6.2; http://site36426284.com"
173.239.240.214 - - [24/Jul/2026:10:21:49 -0700] "GET /wp-admin/edit.php HTTP/1.1" 200 457 "https://casino.tires/wp-login.php" "Mozilla/5.0 (Macintosh; Intel Mac OS X 13_6_1; rv:121.0) Gecko/20100101 Firefox/121.0"
173.239.240.214 - - [24/Jul/2026:10:21:50 -0700] "GET /wp-admin/plugins.php HTTP/1.1" 200 457 "https://casino.tires/wp-login.php" "Mozilla/5.0 (Macintosh; Intel Mac OS X 13_6_1; rv:121.0) Gecko/20100101 Firefox/121.0"
193.32.248.244 - - [24/Jul/2026:10:21:56 -0700] "POST /xmlrpc.php HTTP/1.1" 406 300 "-" "WordPress.com; https://wordpress.com"
173.239.240.212 - - [24/Jul/2026:10:21:59 -0700] "POST /wp-login.php HTTP/1.1" 302 259 "https://casino.tires/wp-login.php" "Mozilla/5.0 (Macintosh; Intel Mac OS X 10_15_7) AppleWebKit/605.1.15 (KHTML, like Gecko) Version/17.1 Safari/605.1.15"
173.239.240.212 - - [24/Jul/2026:10:22:00 -0700] "GET /wp-admin/index.php HTTP/1.1" 200 457 "https://casino.tires/wp-login.php" "Mozilla/5.0 (Macintosh; Intel Mac OS X 13_6_1) AppleWebKit/605.1.15 (KHTML, like Gecko) Version/17.2 Safari/605.1.15"
173.239.240.212 - - [24/Jul/2026:10:22:01 -0700] "GET /wp-admin/profile.php HTTP/1.1" 200 457 "https://casino.tires/wp-login.php" "Mozilla/5.0 (Macintosh; Intel Mac OS X 13_6_1) AppleWebKit/605.1.15 (KHTML, like Gecko) Version/17.2 Safari/605.1.15"
173.239.240.212 - - [24/Jul/2026:10:22:03 -0700] "GET /wp-admin/edit.php HTTP/1.1" 200 457 "https://casino.tires/wp-login.php" "Mozilla/5.0 (Macintosh; Intel Mac OS X 13_6_1) AppleWebKit/605.1.15 (KHTML, like Gecko) Version/17.2 Safari/605.1.15"
173.239.240.212 - - [24/Jul/2026:10:22:04 -0700] "GET /wp-admin/plugins.php HTTP/1.1" 200 457 "https://casino.tires/wp-login.php" "Mozilla/5.0 (Macintosh; Intel Mac OS X 13_6_1) AppleWebKit/605.1.15 (KHTML, like Gecko) Version/17.2 Safari/605.1.15"
193.32.248.244 - - [24/Jul/2026:10:22:06 -0700] "POST /xmlrpc.php HTTP/1.1" 200 851 "-" "Jetpack by WordPress.com"
173.239.240.212 - - [24/Jul/2026:10:22:08 -0700] "POST /wp-login.php HTTP/1.1" 302 259 "https://casino.tires/wp-login.php" "Mozilla/5.0 (Macintosh; Intel Mac OS X 10_15_7) AppleWebKit/537.36 (KHTML, like Gecko) Chrome/120.0.0.0 Safari/537.36"
173.239.240.212 - - [24/Jul/2026:10:22:08 -0700] "GET /wp-admin/index.php HTTP/1.1" 200 457 "https://casino.tires/wp-login.php" "Mozilla/5.0 (Macintosh; Intel Mac OS X 10_15_7) AppleWebKit/537.36 (KHTML, like Gecko) Chrome/120.0.0.0 Safari/537.36"
46.213.245.88 - - [24/Jul/2026:10:22:09 -0700] "GET /a-new-provision-gives-permission-for-a-casino-at-trump-doral/ HTTP/1.1" 200 217423 "-" "Mozilla/5.0 (Macintosh; Intel Mac OS X 10_14) AppleWebKit/537.36 (KHTML, like Gecko) Chrome/95.0.4582.189 Safari/537.36"
192.145.236.177 - - [24/Jul/2026:10:22:18 -0700] "POST /wp-cron.php?doing_wp_cron=1784913738.3773229122161865234375 HTTP/1.1" 200 - "-" "WIZth4ERRhtB"
193.32.248.244 - - [24/Jul/2026:10:22:17 -0700] "POST /xmlrpc.php HTTP/1.1" 200 851 "-" "Jetpack by WordPress.com"
192.145.236.177 - - [24/Jul/2026:10:22:21 -0700] "POST /wp-cron.php?doing_wp_cron=1784913741.1038210391998291015625 HTTP/1.1" 200 - "-" "q857jdT23KVh"
173.239.240.211 - - [24/Jul/2026:10:22:19 -0700] "GET /wp-admin/edit.php HTTP/1.1" 200 457 "https://casino.tires/wp-login.php" "Mozilla/5.0 (Macintosh; Intel Mac OS X 10_15_7) AppleWebKit/537.36 (KHTML, like Gecko) Chrome/120.0.0.0 Safari/537.36"
173.239.240.211 - - [24/Jul/2026:10:22:22 -0700] "GET /wp-admin/plugins.php HTTP/1.1" 200 457 "https://casino.tires/wp-login.php" "Mozilla/5.0 (Macintosh; Intel Mac OS X 10_15_7) AppleWebKit/537.36 (KHTML, like Gecko) Chrome/120.0.0.0 Safari/537.36"
173.239.240.211 - - [24/Jul/2026:10:22:24 -0700] "POST /wp-login.php HTTP/1.1" 302 259 "https://casino.tires/wp-login.php" "Mozilla/5.0 (Macintosh; Intel Mac OS X 13_6_1) AppleWebKit/537.36 (KHTML, like Gecko) Chrome/118.0.0.0 Safari/537.36"
193.32.248.244 - - [24/Jul/2026:10:22:28 -0700] "POST /xmlrpc.php HTTP/1.1" 200 851 "-" "Jetpack by WordPress.com"
173.239.240.215 - - [24/Jul/2026:10:22:35 -0700] "GET /wp-admin/index.php HTTP/1.1" 200 457 "https://casino.tires/wp-login.php" "Mozilla/5.0 (Macintosh; Intel Mac OS X 13_6_1) AppleWebKit/605.1.15 (KHTML, like Gecko) Version/17.0 Safari/605.1.15"
173.239.240.215 - - [24/Jul/2026:10:22:36 -0700] "GET /wp-admin/profile.php HTTP/1.1" 200 457 "https://casino.tires/wp-login.php" "Mozilla/5.0 (Macintosh; Intel Mac OS X 13_6_1) AppleWebKit/605.1.15 (KHTML, like Gecko) Version/17.0 Safari/605.1.15"
173.239.240.215 - - [24/Jul/2026:10:22:37 -0700] "GET /wp-admin/edit.php HTTP/1.1" 200 457 "https://casino.tires/wp-login.php" "Mozilla/5.0 (Macintosh; Intel Mac OS X 13_6_1) AppleWebKit/605.1.15 (KHTML, like Gecko) Version/17.0 Safari/605.1.15"
193.32.248.244 - - [24/Jul/2026:10:22:38 -0700] "POST /xmlrpc.php HTTP/1.1" 406 300 "-" "WordPress.com; https://wordpress.com"
173.239.240.215 - - [24/Jul/2026:10:22:38 -0700] "GET /wp-admin/plugins.php HTTP/1.1" 200 457 "https://casino.tires/wp-login.php" "Mozilla/5.0 (Macintosh; Intel Mac OS X 13_6_1) AppleWebKit/605.1.15 (KHTML, like Gecko) Version/17.0 Safari/605.1.15"
192.145.236.177 - - [24/Jul/2026:10:22:50 -0700] "POST /wp-cron.php?doing_wp_cron=1784913770.5737469196319580078125 HTTP/1.1" 200 - "-" "mNtlU2PsPssy"
193.32.248.244 - - [24/Jul/2026:10:22:49 -0700] "POST /xmlrpc.php HTTP/1.1" 200 851 "-" "Jetpack by WordPress.com (Jetpack 12.5; WordPress 6.4)"
192.145.236.177 - - [24/Jul/2026:10:23:01 -0700] "POST /wp-cron.php?doing_wp_cron=1784913781.2528018951416015625000 HTTP/1.1" 200 - "-" "kIdWAAy0KMn3"
193.32.248.244 - - [24/Jul/2026:10:23:00 -0700] "POST /xmlrpc.php HTTP/1.1" 200 851 "-" "Jetpack by WordPress.com"
193.32.248.244 - - [24/Jul/2026:10:23:10 -0700] "POST /xmlrpc.php HTTP/1.1" 200 851 "-" "Jetpack/12.0; WordPress/6.2; http://site66613398.com"
193.32.248.244 - - [24/Jul/2026:10:23:21 -0700] "POST /xmlrpc.php HTTP/1.1" 406 300 "-" "WordPress.com; https://wordpress.com"
192.145.236.177 - - [24/Jul/2026:10:23:33 -0700] "POST /wp-cron.php?doing_wp_cron=1784913813.3409659862518310546875 HTTP/1.1" 200 - "-" "qUnZ7egCye3A"
193.32.248.244 - - [24/Jul/2026:10:23:32 -0700] "POST /xmlrpc.php HTTP/1.1" 200 851 "-" "Jetpack by WordPress.com (Jetpack 13.0; WordPress 6.1)"
103.85.156.58 - - [24/Jul/2026:10:23:33 -0700] "GET /pro-gambling-and-anti-gambling-fight-against-floridas-new-compact/ HTTP/1.1" 200 218667 "-" "Mozilla/5.0 (Macintosh; Intel Mac OS X 10_14_5) AppleWebKit/537.36 (KHTML, like Gecko) Chrome/88.0.4324.192 Safari/537.36"
192.145.236.177 - - [24/Jul/2026:10:23:47 -0700] "POST /wp-cron.php?doing_wp_cron=1784913826.9823958873748779296875 HTTP/1.1" 200 - "-" "vbyVH59ZRSKQ"
193.32.248.244 - - [24/Jul/2026:10:23:43 -0700] "POST /xmlrpc.php HTTP/1.1" 200 851 "-" "Jetpack by WordPress.com (Jetpack 12.5; WordPress 6.2)"
193.32.248.244 - - [24/Jul/2026:10:23:53 -0700] "POST /xmlrpc.php HTTP/1.1" 406 300 "-" "WordPress.com; https://wordpress.com"
193.32.248.244 - - [24/Jul/2026:10:24:04 -0700] "POST /xmlrpc.php HTTP/1.1" 200 851 "-" "Jetpack by WordPress.com"
192.145.236.177 - - [24/Jul/2026:10:24:16 -0700] "POST /wp-cron.php?doing_wp_cron=1784913856.3395130634307861328125 HTTP/1.1" 200 - "-" "pJijrNnPAgQz"
193.32.248.244 - - [24/Jul/2026:10:24:15 -0700] "POST /xmlrpc.php HTTP/1.1" 200 851 "-" "Jetpack/13.0; WordPress/6.1; http://site27783140.com"
193.32.248.244 - - [24/Jul/2026:10:24:25 -0700] "POST /xmlrpc.php HTTP/1.1" 406 300 "-" "WordPress.com; https://wordpress.com"
192.145.236.177 - - [24/Jul/2026:10:24:42 -0700] "POST /wp-cron.php?doing_wp_cron=1784913882.1656920909881591796875 HTTP/1.1" 200 - "-" "d6SjOhHIaCoB"
193.32.248.244 - - [24/Jul/2026:10:24:37 -0700] "POST /xmlrpc.php HTTP/1.1" 200 851 "-" "Jetpack/12.1; WordPress/6.2; http://site33553189.com"
193.32.248.244 - - [24/Jul/2026:10:24:46 -0700] "POST /xmlrpc.php HTTP/1.1" 200 851 "-" "Jetpack by WordPress.com"
173.239.240.205 - - [24/Jul/2026:10:24:53 -0700] "POST /wp-login.php HTTP/1.1" 302 259 "https://casino.tires/wp-login.php" "Mozilla/5.0 (Macintosh; Intel Mac OS X 13_6_1) AppleWebKit/605.1.15 (KHTML, like Gecko) Version/17.0 Safari/605.1.15"
173.239.240.211 - - [24/Jul/2026:10:24:59 -0700] "GET /wp-admin/index.php HTTP/1.1" 200 457 "https://casino.tires/wp-login.php" "Mozilla/5.0 (Macintosh; Intel Mac OS X 13_6_1) AppleWebKit/537.36 (KHTML, like Gecko) Chrome/119.0.0.0 Safari/537.36"
173.239.240.211 - - [24/Jul/2026:10:25:01 -0700] "GET /wp-admin/profile.php HTTP/1.1" 200 457 "https://casino.tires/wp-login.php" "Mozilla/5.0 (Macintosh; Intel Mac OS X 13_6_1) AppleWebKit/537.36 (KHTML, like Gecko) Chrome/119.0.0.0 Safari/537.36"
173.239.240.211 - - [24/Jul/2026:10:25:07 -0700] "GET /wp-admin/edit.php HTTP/1.1" 200 457 "https://casino.tires/wp-login.php" "Mozilla/5.0 (Macintosh; Intel Mac OS X 13_6_1) AppleWebKit/537.36 (KHTML, like Gecko) Chrome/119.0.0.0 Safari/537.36"
192.145.236.177 - - [24/Jul/2026:10:25:15 -0700] "POST /wp-cron.php?doing_wp_cron=1784913915.8243310451507568359375 HTTP/1.1" 200 - "-" "Ck5hKcSDxFXc"
173.239.240.211 - - [24/Jul/2026:10:25:13 -0700] "GET /wp-admin/plugins.php HTTP/1.1" 200 457 "https://casino.tires/wp-login.php" "Mozilla/5.0 (Macintosh; Intel Mac OS X 13_6_1) AppleWebKit/537.36 (KHTML, like Gecko) Chrome/119.0.0.0 Safari/537.36"
173.239.240.211 - - [24/Jul/2026:10:25:16 -0700] "POST /wp-login.php HTTP/1.1" 302 259 "https://casino.tires/wp-login.php" "Mozilla/5.0 (Macintosh; Intel Mac OS X 10_15_7) AppleWebKit/605.1.15 (KHTML, like Gecko) Version/17.0 Safari/605.1.15"
192.145.236.177 - - [24/Jul/2026:10:25:22 -0700] "POST /wp-cron.php?doing_wp_cron=1784913922.6006660461425781250000 HTTP/1.1" 200 - "-" "4qqiBvI3vL6z"
173.239.240.211 - - [24/Jul/2026:10:25:21 -0700] "GET /wp-admin/index.php HTTP/1.1" 200 457 "https://casino.tires/wp-login.php" "Mozilla/5.0 (Macintosh; Intel Mac OS X 13_6_1) AppleWebKit/605.1.15 (KHTML, like Gecko) Version/16.6 Safari/605.1.15"
