173.239.240.214 - - [24/Jul/2026:10:40:55 -0700] "GET /wp-admin/profile.php HTTP/1.1" 200 457 "https://casino.tires/wp-login.php" "Mozilla/5.0 (Macintosh; Intel Mac OS X 13_6_1) AppleWebKit/605.1.15 (KHTML, like Gecko) Version/17.0 Safari/605.1.15"
173.239.240.214 - - [24/Jul/2026:10:40:59 -0700] "GET /wp-admin/edit.php HTTP/1.1" 200 457 "https://casino.tires/wp-login.php" "Mozilla/5.0 (Macintosh; Intel Mac OS X 13_6_1) AppleWebKit/605.1.15 (KHTML, like Gecko) Version/17.0 Safari/605.1.15"
173.239.240.214 - - [24/Jul/2026:10:41:03 -0700] "GET /wp-admin/plugins.php HTTP/1.1" 200 457 "https://casino.tires/wp-login.php" "Mozilla/5.0 (Macintosh; Intel Mac OS X 13_6_1) AppleWebKit/605.1.15 (KHTML, like Gecko) Version/17.0 Safari/605.1.15"
173.239.240.214 - - [24/Jul/2026:10:41:08 -0700] "POST /wp-login.php HTTP/1.1" 302 259 "https://casino.tires/wp-login.php" "Mozilla/5.0 (Macintosh; Intel Mac OS X 10_15_7; rv:121.0) Gecko/20100101 Firefox/121.0"
173.239.240.214 - - [24/Jul/2026:10:41:11 -0700] "GET /wp-admin/index.php HTTP/1.1" 200 457 "https://casino.tires/wp-login.php" "Mozilla/5.0 (Windows NT 10.0; Win64; x64) AppleWebKit/537.36 (KHTML, like Gecko) Chrome/118.0.0.0 Safari/537.36"
192.145.236.177 - - [24/Jul/2026:10:41:13 -0700] "POST /wp-cron.php?doing_wp_cron=1784914873.9111471176147460937500 HTTP/1.1" 200 - "-" "cJhHAN3Pf5HE"
173.239.240.214 - - [24/Jul/2026:10:41:12 -0700] "GET /wp-admin/profile.php HTTP/1.1" 200 457 "https://casino.tires/wp-login.php" "Mozilla/5.0 (Windows NT 10.0; Win64; x64) AppleWebKit/537.36 (KHTML, like Gecko) Chrome/118.0.0.0 Safari/537.36"
173.239.240.214 - - [24/Jul/2026:10:41:14 -0700] "GET /wp-admin/edit.php HTTP/1.1" 200 457 "https://casino.tires/wp-login.php" "Mozilla/5.0 (Windows NT 10.0; Win64; x64) AppleWebKit/537.36 (KHTML, like Gecko) Chrome/118.0.0.0 Safari/537.36"
173.239.240.214 - - [24/Jul/2026:10:41:17 -0700] "GET /wp-admin/plugins.php HTTP/1.1" 200 457 "https://casino.tires/wp-login.php" "Mozilla/5.0 (Windows NT 10.0; Win64; x64) AppleWebKit/537.36 (KHTML, like Gecko) Chrome/118.0.0.0 Safari/537.36"
173.239.240.214 - - [24/Jul/2026:10:41:18 -0700] "POST /wp-login.php HTTP/1.1" 302 259 "https://casino.tires/wp-login.php" "Mozilla/5.0 (Macintosh; Intel Mac OS X 13_6_1) AppleWebKit/537.36 (KHTML, like Gecko) Chrome/121.0.0.0 Safari/537.36"
173.239.240.214 - - [24/Jul/2026:10:41:19 -0700] "GET /wp-admin/index.php HTTP/1.1" 200 457 "https://casino.tires/wp-login.php" "Mozilla/5.0 (Windows NT 11.0; Win64; x64) AppleWebKit/537.36 (KHTML, like Gecko) Chrome/118.0.0.0 Safari/537.36"
192.145.236.177 - - [24/Jul/2026:10:41:21 -0700] "POST /wp-cron.php?doing_wp_cron=1784914881.8313629627227783203125 HTTP/1.1" 200 - "-" "f4QJQP38fX84"
173.239.240.214 - - [24/Jul/2026:10:41:21 -0700] "GET /wp-admin/profile.php HTTP/1.1" 200 457 "https://casino.tires/wp-login.php" "Mozilla/5.0 (Windows NT 11.0; Win64; x64) AppleWebKit/537.36 (KHTML, like Gecko) Chrome/118.0.0.0 Safari/537.36"
173.239.240.214 - - [24/Jul/2026:10:41:22 -0700] "GET /wp-admin/edit.php HTTP/1.1" 200 457 "https://casino.tires/wp-login.php" "Mozilla/5.0 (Windows NT 11.0; Win64; x64) AppleWebKit/537.36 (KHTML, like Gecko) Chrome/118.0.0.0 Safari/537.36"
173.239.240.214 - - [24/Jul/2026:10:41:23 -0700] "GET /wp-admin/plugins.php HTTP/1.1" 200 457 "https://casino.tires/wp-login.php" "Mozilla/5.0 (Windows NT 11.0; Win64; x64) AppleWebKit/537.36 (KHTML, like Gecko) Chrome/118.0.0.0 Safari/537.36"
173.239.240.214 - - [24/Jul/2026:10:41:25 -0700] "POST /wp-login.php HTTP/1.1" 302 259 "https://casino.tires/wp-login.php" "Mozilla/5.0 (Windows NT 10.0; Win64; x64; rv:121.0) Gecko/20100101 Firefox/121.0"
173.239.240.214 - - [24/Jul/2026:10:41:29 -0700] "GET /wp-admin/index.php HTTP/1.1" 200 457 "https://casino.tires/wp-login.php" "Mozilla/5.0 (Macintosh; Intel Mac OS X 10_15_7) AppleWebKit/605.1.15 (KHTML, like Gecko) Version/17.0 Safari/605.1.15"
173.239.240.214 - - [24/Jul/2026:10:41:33 -0700] "GET /wp-admin/profile.php HTTP/1.1" 200 457 "https://casino.tires/wp-login.php" "Mozilla/5.0 (Macintosh; Intel Mac OS X 10_15_7) AppleWebKit/605.1.15 (KHTML, like Gecko) Version/17.0 Safari/605.1.15"
173.239.240.214 - - [24/Jul/2026:10:41:34 -0700] "GET /wp-admin/edit.php HTTP/1.1" 200 457 "https://casino.tires/wp-login.php" "Mozilla/5.0 (Macintosh; Intel Mac OS X 10_15_7) AppleWebKit/605.1.15 (KHTML, like Gecko) Version/17.0 Safari/605.1.15"
173.239.240.214 - - [24/Jul/2026:10:41:36 -0700] "GET /wp-admin/plugins.php HTTP/1.1" 200 457 "https://casino.tires/wp-login.php" "Mozilla/5.0 (Macintosh; Intel Mac OS X 10_15_7) AppleWebKit/605.1.15 (KHTML, like Gecko) Version/17.0 Safari/605.1.15"
173.239.240.214 - - [24/Jul/2026:10:41:38 -0700] "POST /wp-login.php HTTP/1.1" 302 259 "https://casino.tires/wp-login.php" "Mozilla/5.0 (Macintosh; Intel Mac OS X 10_15_7) AppleWebKit/605.1.15 (KHTML, like Gecko) Version/17.1 Safari/605.1.15"
173.239.240.214 - - [24/Jul/2026:10:41:38 -0700] "GET /wp-admin/index.php HTTP/1.1" 200 457 "https://casino.tires/wp-login.php" "Mozilla/5.0 (Macintosh; Intel Mac OS X 13_6_1) AppleWebKit/605.1.15 (KHTML, like Gecko) Version/17.1 Safari/605.1.15"
173.239.240.214 - - [24/Jul/2026:10:41:41 -0700] "GET /wp-admin/profile.php HTTP/1.1" 200 457 "https://casino.tires/wp-login.php" "Mozilla/5.0 (Macintosh; Intel Mac OS X 13_6_1) AppleWebKit/605.1.15 (KHTML, like Gecko) Version/17.1 Safari/605.1.15"
192.145.236.177 - - [24/Jul/2026:10:41:44 -0700] "POST /wp-cron.php?doing_wp_cron=1784914904.3786520957946777343750 HTTP/1.1" 200 - "-" "aDCG3zK1zDi8"
173.239.240.214 - - [24/Jul/2026:10:41:43 -0700] "GET /wp-admin/edit.php HTTP/1.1" 200 457 "https://casino.tires/wp-login.php" "Mozilla/5.0 (Macintosh; Intel Mac OS X 13_6_1) AppleWebKit/605.1.15 (KHTML, like Gecko) Version/17.1 Safari/605.1.15"
173.239.240.214 - - [24/Jul/2026:10:41:44 -0700] "GET /wp-admin/plugins.php HTTP/1.1" 200 457 "https://casino.tires/wp-login.php" "Mozilla/5.0 (Macintosh; Intel Mac OS X 13_6_1) AppleWebKit/605.1.15 (KHTML, like Gecko) Version/17.1 Safari/605.1.15"
173.239.240.214 - - [24/Jul/2026:10:41:48 -0700] "POST /wp-login.php HTTP/1.1" 302 259 "https://casino.tires/wp-login.php" "Mozilla/5.0 (X11; Linux x86_64) AppleWebKit/537.36 (KHTML, like Gecko) Chrome/120.0.0.0 Safari/537.36"
173.239.240.214 - - [24/Jul/2026:10:41:49 -0700] "GET /wp-admin/index.php HTTP/1.1" 200 457 "https://casino.tires/wp-login.php" "Mozilla/5.0 (Windows NT 11.0; Win64; x64) AppleWebKit/537.36 (KHTML, like Gecko) Chrome/120.0.0.0 Safari/537.36"
192.145.236.177 - - [24/Jul/2026:10:42:24 -0700] "POST /wp-cron.php?doing_wp_cron=1784914944.4834289550781250000000 HTTP/1.1" 200 - "-" "vkTQWGH2PVLI"
173.239.240.207 - - [24/Jul/2026:10:42:22 -0700] "GET /wp-admin/plugins.php HTTP/1.1" 200 457 "https://casino.tires/wp-login.php" "Mozilla/5.0 (Windows NT 11.0; Win64; x64) AppleWebKit/537.36 (KHTML, like Gecko) Chrome/120.0.0.0 Safari/537.36"
173.239.240.207 - - [24/Jul/2026:10:42:24 -0700] "POST /wp-login.php HTTP/1.1" 302 259 "https://casino.tires/wp-login.php" "Mozilla/5.0 (Macintosh; Intel Mac OS X 13_6_1; rv:120.0) Gecko/20100101 Firefox/120.0"
173.239.240.207 - - [24/Jul/2026:10:42:25 -0700] "GET /wp-admin/index.php HTTP/1.1" 200 457 "https://casino.tires/wp-login.php" "Mozilla/5.0 (X11; Ubuntu; Linux x86_64) AppleWebKit/537.36 (KHTML, like Gecko) Chrome/120.0.0.0 Safari/537.36"
173.239.240.207 - - [24/Jul/2026:10:42:30 -0700] "GET /wp-admin/profile.php HTTP/1.1" 200 457 "https://casino.tires/wp-login.php" "Mozilla/5.0 (X11; Ubuntu; Linux x86_64) AppleWebKit/537.36 (KHTML, like Gecko) Chrome/120.0.0.0 Safari/537.36"
173.239.240.207 - - [24/Jul/2026:10:42:37 -0700] "GET /wp-admin/edit.php HTTP/1.1" 200 457 "https://casino.tires/wp-login.php" "Mozilla/5.0 (X11; Ubuntu; Linux x86_64) AppleWebKit/537.36 (KHTML, like Gecko) Chrome/120.0.0.0 Safari/537.36"
170.78.81.53 - - [24/Jul/2026:10:42:37 -0700] "POST /xmlrpc.php HTTP/1.1" 200 851 "-" "Jetpack by WordPress.com"
173.239.240.207 - - [24/Jul/2026:10:42:39 -0700] "GET /wp-admin/plugins.php HTTP/1.1" 200 457 "https://casino.tires/wp-login.php" "Mozilla/5.0 (X11; Ubuntu; Linux x86_64) AppleWebKit/537.36 (KHTML, like Gecko) Chrome/120.0.0.0 Safari/537.36"
173.239.240.207 - - [24/Jul/2026:10:42:44 -0700] "POST /wp-login.php HTTP/1.1" 302 259 "https://casino.tires/wp-login.php" "Mozilla/5.0 (X11; Ubuntu; Linux x86_64) AppleWebKit/537.36 (KHTML, like Gecko) Chrome/120.0.0.0 Safari/537.36"
192.145.236.177 - - [24/Jul/2026:10:42:51 -0700] "POST /wp-cron.php?doing_wp_cron=1784914971.8974370956420898437500 HTTP/1.1" 200 - "-" "HsMVU8yAfyxn"
173.239.240.207 - - [24/Jul/2026:10:42:47 -0700] "GET /wp-admin/index.php HTTP/1.1" 200 457 "https://casino.tires/wp-login.php" "Mozilla/5.0 (Macintosh; Intel Mac OS X 13_6_1; rv:120.0) Gecko/20100101 Firefox/120.0"
170.78.81.53 - - [24/Jul/2026:10:42:48 -0700] "POST /xmlrpc.php HTTP/1.1" 200 851 "-" "WordPress.com; https://wordpress.com"
173.239.240.207 - - [24/Jul/2026:10:42:52 -0700] "GET /wp-admin/profile.php HTTP/1.1" 200 457 "https://casino.tires/wp-login.php" "Mozilla/5.0 (Macintosh; Intel Mac OS X 13_6_1; rv:120.0) Gecko/20100101 Firefox/120.0"
173.239.240.207 - - [24/Jul/2026:10:42:56 -0700] "GET /wp-admin/edit.php HTTP/1.1" 200 457 "https://casino.tires/wp-login.php" "Mozilla/5.0 (Macintosh; Intel Mac OS X 13_6_1; rv:120.0) Gecko/20100101 Firefox/120.0"
170.78.81.53 - - [24/Jul/2026:10:42:58 -0700] "POST /xmlrpc.php HTTP/1.1" 200 851 "-" "WordPress.com; https://wordpress.com"
192.145.236.177 - - [24/Jul/2026:10:43:04 -0700] "POST /wp-cron.php?doing_wp_cron=1784914984.2417049407958984375000 HTTP/1.1" 200 - "-" "oG4eN8TOJWFm"
173.239.240.207 - - [24/Jul/2026:10:42:59 -0700] "GET /wp-admin/plugins.php HTTP/1.1" 200 457 "https://casino.tires/wp-login.php" "Mozilla/5.0 (Macintosh; Intel Mac OS X 13_6_1; rv:120.0) Gecko/20100101 Firefox/120.0"
173.239.240.207 - - [24/Jul/2026:10:43:05 -0700] "POST /wp-login.php HTTP/1.1" 302 259 "https://casino.tires/wp-login.php" "Mozilla/5.0 (Windows NT 11.0; Win64; x64; rv:118.0) Gecko/20100101 Firefox/118.0"
173.239.240.207 - - [24/Jul/2026:10:43:05 -0700] "GET /wp-admin/index.php HTTP/1.1" 200 457 "https://casino.tires/wp-login.php" "Mozilla/5.0 (Windows NT 10.0; Win64; x64; rv:120.0) Gecko/20100101 Firefox/120.0"
170.78.81.53 - - [24/Jul/2026:10:43:09 -0700] "POST /xmlrpc.php HTTP/1.1" 200 851 "-" "Jetpack by WordPress.com"
173.239.240.207 - - [24/Jul/2026:10:43:08 -0700] "GET /wp-admin/profile.php HTTP/1.1" 200 457 "https://casino.tires/wp-login.php" "Mozilla/5.0 (Windows NT 10.0; Win64; x64; rv:120.0) Gecko/20100101 Firefox/120.0"
192.145.236.177 - - [24/Jul/2026:10:43:17 -0700] "POST /wp-cron.php?doing_wp_cron=1784914997.5605878829956054687500 HTTP/1.1" 200 - "-" "eG8DqH2MpGla"
173.239.240.207 - - [24/Jul/2026:10:43:13 -0700] "GET /wp-admin/edit.php HTTP/1.1" 200 457 "https://casino.tires/wp-login.php" "Mozilla/5.0 (Windows NT 10.0; Win64; x64; rv:120.0) Gecko/20100101 Firefox/120.0"
173.239.240.207 - - [24/Jul/2026:10:43:18 -0700] "GET /wp-admin/plugins.php HTTP/1.1" 200 457 "https://casino.tires/wp-login.php" "Mozilla/5.0 (Windows NT 10.0; Win64; x64; rv:120.0) Gecko/20100101 Firefox/120.0"
173.239.240.207 - - [24/Jul/2026:10:43:21 -0700] "POST /wp-login.php HTTP/1.1" 302 259 "https://casino.tires/wp-login.php" "Mozilla/5.0 (Macintosh; Intel Mac OS X 13_6_1; rv:121.0) Gecko/20100101 Firefox/121.0"
170.78.81.53 - - [24/Jul/2026:10:43:19 -0700] "POST /xmlrpc.php HTTP/1.1" 200 851 "-" "Jetpack by WordPress.com (Jetpack 12.5; WordPress 6.3)"
173.239.240.207 - - [24/Jul/2026:10:43:21 -0700] "GET /wp-admin/index.php HTTP/1.1" 200 457 "https://casino.tires/wp-login.php" "Mozilla/5.0 (Macintosh; Intel Mac OS X 13_6_1; rv:118.0) Gecko/20100101 Firefox/118.0"
170.78.81.53 - - [24/Jul/2026:10:43:30 -0700] "POST /xmlrpc.php HTTP/1.1" 200 851 "-" "Jetpack by WordPress.com (Jetpack 12.5; WordPress 6.4)"
173.239.240.207 - - [24/Jul/2026:10:43:36 -0700] "GET /wp-admin/profile.php HTTP/1.1" 200 457 "https://casino.tires/wp-login.php" "Mozilla/5.0 (Macintosh; Intel Mac OS X 13_6_1; rv:118.0) Gecko/20100101 Firefox/118.0"
192.145.236.177 - - [24/Jul/2026:10:43:44 -0700] "POST /wp-cron.php?doing_wp_cron=1784915024.1223950386047363281250 HTTP/1.1" 200 - "-" "opR0fsCbZRw7"
173.239.240.207 - - [24/Jul/2026:10:43:41 -0700] "GET /wp-admin/edit.php HTTP/1.1" 200 457 "https://casino.tires/wp-login.php" "Mozilla/5.0 (Macintosh; Intel Mac OS X 13_6_1; rv:118.0) Gecko/20100101 Firefox/118.0"
170.78.81.53 - - [24/Jul/2026:10:43:41 -0700] "POST /xmlrpc.php HTTP/1.1" 200 851 "-" "WordPress.com; https://wordpress.com"
173.239.240.207 - - [24/Jul/2026:10:43:44 -0700] "GET /wp-admin/plugins.php HTTP/1.1" 200 457 "https://casino.tires/wp-login.php" "Mozilla/5.0 (Macintosh; Intel Mac OS X 13_6_1; rv:118.0) Gecko/20100101 Firefox/118.0"
170.78.81.53 - - [24/Jul/2026:10:43:51 -0700] "POST /xmlrpc.php HTTP/1.1" 200 851 "-" "Jetpack/12.0; WordPress/6.2; http://site77865507.com"
170.78.81.53 - - [24/Jul/2026:10:44:02 -0700] "POST /xmlrpc.php HTTP/1.1" 200 851 "-" "Jetpack by WordPress.com (Jetpack 13.0; WordPress 6.3)"
192.145.236.177 - - [24/Jul/2026:10:44:14 -0700] "POST /wp-cron.php?doing_wp_cron=1784915054.5533220767974853515625 HTTP/1.1" 200 - "-" "3WML7zWq9AXH"
170.78.81.53 - - [24/Jul/2026:10:44:12 -0700] "POST /xmlrpc.php HTTP/1.1" 200 851 "-" "Jetpack by WordPress.com (Jetpack 12.0; WordPress 6.4)"
192.145.236.177 - - [24/Jul/2026:10:44:25 -0700] "POST /wp-cron.php?doing_wp_cron=1784915065.1175060272216796875000 HTTP/1.1" 200 - "-" "9QwmzLziWZtc"
170.78.81.53 - - [24/Jul/2026:10:44:23 -0700] "POST /xmlrpc.php HTTP/1.1" 200 851 "-" "Jetpack by WordPress.com"
170.78.81.53 - - [24/Jul/2026:10:44:34 -0700] "POST /xmlrpc.php HTTP/1.1" 200 851 "-" "Jetpack/12.5; WordPress/6.4; http://site27617119.com"
192.145.236.177 - - [24/Jul/2026:10:44:46 -0700] "POST /wp-cron.php?doing_wp_cron=1784915086.3228650093078613281250 HTTP/1.1" 200 - "-" "BbRIbQzGaleT"
170.78.81.53 - - [24/Jul/2026:10:44:44 -0700] "POST /xmlrpc.php HTTP/1.1" 200 851 "-" "WordPress.com; https://wordpress.com"
170.78.81.53 - - [24/Jul/2026:10:44:55 -0700] "POST /xmlrpc.php HTTP/1.1" 200 851 "-" "Jetpack by WordPress.com"
170.78.81.53 - - [24/Jul/2026:10:45:05 -0700] "POST /xmlrpc.php HTTP/1.1" 200 851 "-" "WordPress.com; https://wordpress.com"
192.145.236.177 - - [24/Jul/2026:10:45:18 -0700] "POST /wp-cron.php?doing_wp_cron=1784915117.9133930206298828125000 HTTP/1.1" 200 - "-" "9LSRe1fvv8Gt"
170.78.81.53 - - [24/Jul/2026:10:45:16 -0700] "POST /xmlrpc.php HTTP/1.1" 200 851 "-" "Jetpack/12.1; WordPress/6.4; http://site56971607.com"
192.145.236.177 - - [24/Jul/2026:10:45:30 -0700] "POST /wp-cron.php?doing_wp_cron=1784915129.9695050716400146484375 HTTP/1.1" 200 - "-" "dJVYngtFhwJ9"
170.78.81.53 - - [24/Jul/2026:10:45:27 -0700] "POST /xmlrpc.php HTTP/1.1" 200 851 "-" "Jetpack by WordPress.com"
170.78.81.53 - - [24/Jul/2026:10:45:37 -0700] "POST /xmlrpc.php HTTP/1.1" 200 851 "-" "Jetpack by WordPress.com (Jetpack 12.5; WordPress 6.4)"
192.145.236.177 - - [24/Jul/2026:10:45:49 -0700] "POST /wp-cron.php?doing_wp_cron=1784915149.2106819152832031250000 HTTP/1.1" 200 - "-" "ZQmZlLOfi7P8"
170.78.81.53 - - [24/Jul/2026:10:45:48 -0700] "POST /xmlrpc.php HTTP/1.1" 200 851 "-" "Jetpack by WordPress.com (Jetpack 12.0; WordPress 6.1)"
170.78.81.53 - - [24/Jul/2026:10:45:58 -0700] "POST /xmlrpc.php HTTP/1.1" 200 851 "-" "Jetpack/13.0; WordPress/6.3; http://site25124839.com"
216.73.216.32 - - [24/Jul/2026:10:46:03 -0700] "GET /robots.txt HTTP/1.1" 200 123 "-" "Mozilla/5.0 AppleWebKit/537.36 (KHTML, like Gecko; compatible; ClaudeBot/1.0; +claudebot@anthropic.com)"
216.73.216.32 - - [24/Jul/2026:10:46:03 -0700] "GET /sitemap_index.xml HTTP/1.1" 200 980 "-" "Mozilla/5.0 AppleWebKit/537.36 (KHTML, like Gecko; compatible; ClaudeBot/1.0; +claudebot@anthropic.com)"
170.78.81.53 - - [24/Jul/2026:10:46:09 -0700] "POST /xmlrpc.php HTTP/1.1" 406 300 "-" "WordPress.com; https://wordpress.com"
192.145.236.177 - - [24/Jul/2026:10:46:22 -0700] "POST /wp-cron.php?doing_wp_cron=1784915182.5119600296020507812500 HTTP/1.1" 200 - "-" "Bfpy1bOG3ZlQ"
170.78.81.53 - - [24/Jul/2026:10:46:20 -0700] "POST /xmlrpc.php HTTP/1.1" 200 851 "-" "Jetpack by WordPress.com (Jetpack 12.0; WordPress 6.2)"
170.78.81.53 - - [24/Jul/2026:10:46:30 -0700] "POST /xmlrpc.php HTTP/1.1" 200 851 "-" "Jetpack by WordPress.com"
170.78.81.53 - - [24/Jul/2026:10:46:41 -0700] "POST /xmlrpc.php HTTP/1.1" 406 300 "-" "WordPress.com; https://wordpress.com"
192.145.236.177 - - [24/Jul/2026:10:46:52 -0700] "POST /wp-cron.php?doing_wp_cron=1784915212.7688829898834228515625 HTTP/1.1" 200 - "-" "7mctwp81pRb2"
170.78.81.53 - - [24/Jul/2026:10:46:51 -0700] "POST /xmlrpc.php HTTP/1.1" 200 851 "-" "Jetpack/12.1; WordPress/6.2; http://site36549482.com"
170.78.81.53 - - [24/Jul/2026:10:47:02 -0700] "POST /xmlrpc.php HTTP/1.1" 406 300 "-" "WordPress.com; https://wordpress.com"
192.145.236.177 - - [24/Jul/2026:10:47:13 -0700] "POST /wp-cron.php?doing_wp_cron=1784915233.8954110145568847656250 HTTP/1.1" 200 - "-" "1qMXnvUuyJqv"
170.78.81.53 - - [24/Jul/2026:10:47:13 -0700] "POST /xmlrpc.php HTTP/1.1" 200 851 "-" "Jetpack/12.5; WordPress/6.4; http://site55380917.com"
173.239.240.215 - - [24/Jul/2026:10:47:17 -0700] "POST /wp-login.php HTTP/1.1" 302 259 "https://casino.tires/wp-login.php" "Mozilla/5.0 (Macintosh; Intel Mac OS X 13_6_1) AppleWebKit/605.1.15 (KHTML, like Gecko) Version/17.1 Safari/605.1.15"
173.239.240.215 - - [24/Jul/2026:10:47:18 -0700] "GET /wp-admin/index.php HTTP/1.1" 200 457 "https://casino.tires/wp-login.php" "Mozilla/5.0 (Macintosh; Intel Mac OS X 13_6_1; rv:121.0) Gecko/20100101 Firefox/121.0"
173.239.240.215 - - [24/Jul/2026:10:47:19 -0700] "GET /wp-admin/profile.php HTTP/1.1" 200 457 "https://casino.tires/wp-login.php" "Mozilla/5.0 (Macintosh; Intel Mac OS X 13_6_1; rv:121.0) Gecko/20100101 Firefox/121.0"
192.145.236.177 - - [24/Jul/2026:10:47:21 -0700] "POST /wp-cron.php?doing_wp_cron=1784915241.9571189880371093750000 HTTP/1.1" 200 - "-" "6udDFRokKOOs"
173.239.240.215 - - [24/Jul/2026:10:47:21 -0700] "GET /wp-admin/edit.php HTTP/1.1" 200 457 "https://casino.tires/wp-login.php" "Mozilla/5.0 (Macintosh; Intel Mac OS X 13_6_1; rv:121.0) Gecko/20100101 Firefox/121.0"
170.78.81.53 - - [24/Jul/2026:10:47:23 -0700] "POST /xmlrpc.php HTTP/1.1" 406 300 "-" "WordPress.com; https://wordpress.com"
173.239.240.215 - - [24/Jul/2026:10:47:25 -0700] "GET /wp-admin/plugins.php HTTP/1.1" 200 457 "https://casino.tires/wp-login.php" "Mozilla/5.0 (Macintosh; Intel Mac OS X 13_6_1; rv:121.0) Gecko/20100101 Firefox/121.0"
173.239.240.215 - - [24/Jul/2026:10:47:26 -0700] "POST /wp-login.php HTTP/1.1" 302 259 "https://casino.tires/wp-login.php" "Mozilla/5.0 (Windows NT 11.0; Win64; x64; rv:120.0) Gecko/20100101 Firefox/120.0"
173.239.240.215 - - [24/Jul/2026:10:47:30 -0700] "GET /wp-admin/index.php HTTP/1.1" 200 457 "https://casino.tires/wp-login.php" "Mozilla/5.0 (Macintosh; Intel Mac OS X 13_6_1; rv:120.0) Gecko/20100101 Firefox/120.0"
173.239.240.215 - - [24/Jul/2026:10:47:33 -0700] "GET /wp-admin/profile.php HTTP/1.1" 200 457 "https://casino.tires/wp-login.php" "Mozilla/5.0 (Macintosh; Intel Mac OS X 13_6_1; rv:120.0) Gecko/20100101 Firefox/120.0"
170.78.81.53 - - [24/Jul/2026:10:47:34 -0700] "POST /xmlrpc.php HTTP/1.1" 200 851 "-" "Jetpack by WordPress.com (Jetpack 12.5; WordPress 6.3)"
173.239.240.215 - - [24/Jul/2026:10:47:34 -0700] "GET /wp-admin/edit.php HTTP/1.1" 200 457 "https://casino.tires/wp-login.php" "Mozilla/5.0 (Macintosh; Intel Mac OS X 13_6_1; rv:120.0) Gecko/20100101 Firefox/120.0"
173.239.240.215 - - [24/Jul/2026:10:47:35 -0700] "GET /wp-admin/plugins.php HTTP/1.1" 200 457 "https://casino.tires/wp-login.php" "Mozilla/5.0 (Macintosh; Intel Mac OS X 13_6_1; rv:120.0) Gecko/20100101 Firefox/120.0"
173.239.240.215 - - [24/Jul/2026:10:47:41 -0700] "POST /wp-login.php HTTP/1.1" 302 259 "https://casino.tires/wp-login.php" "Mozilla/5.0 (Macintosh; Intel Mac OS X 10_15_7; rv:119.0) Gecko/20100101 Firefox/119.0"
173.239.240.215 - - [24/Jul/2026:10:47:41 -0700] "GET /wp-admin/index.php HTTP/1.1" 200 457 "https://casino.tires/wp-login.php" "Mozilla/5.0 (Macintosh; Intel Mac OS X 13_6_1; rv:120.0) Gecko/20100101 Firefox/120.0"
192.145.236.177 - - [24/Jul/2026:10:47:43 -0700] "POST /wp-cron.php?doing_wp_cron=1784915263.5235810279846191406250 HTTP/1.1" 200 - "-" "U1XuOhTrGb8B"
173.239.240.215 - - [24/Jul/2026:10:47:42 -0700] "GET /wp-admin/profile.php HTTP/1.1" 200 457 "https://casino.tires/wp-login.php" "Mozilla/5.0 (Macintosh; Intel Mac OS X 13_6_1; rv:120.0) Gecko/20100101 Firefox/120.0"
173.239.240.215 - - [24/Jul/2026:10:47:43 -0700] "GET /wp-admin/edit.php HTTP/1.1" 200 457 "https://casino.tires/wp-login.php" "Mozilla/5.0 (Macintosh; Intel Mac OS X 13_6_1; rv:120.0) Gecko/20100101 Firefox/120.0"
170.78.81.53 - - [24/Jul/2026:10:47:44 -0700] "POST /xmlrpc.php HTTP/1.1" 200 851 "-" "Jetpack by WordPress.com (Jetpack 12.1; WordPress 6.3)"
173.239.240.215 - - [24/Jul/2026:10:47:46 -0700] "GET /wp-admin/plugins.php HTTP/1.1" 200 457 "https://casino.tires/wp-login.php" "Mozilla/5.0 (Macintosh; Intel Mac OS X 13_6_1; rv:120.0) Gecko/20100101 Firefox/120.0"
173.239.240.215 - - [24/Jul/2026:10:47:47 -0700] "POST /wp-login.php HTTP/1.1" 302 259 "https://casino.tires/wp-login.php" "Mozilla/5.0 (Windows NT 11.0; Win64; x64; rv:121.0) Gecko/20100101 Firefox/121.0"
173.239.240.215 - - [24/Jul/2026:10:47:49 -0700] "GET /wp-admin/index.php HTTP/1.1" 200 457 "https://casino.tires/wp-login.php" "Mozilla/5.0 (Windows NT 10.0; Win64; x64) AppleWebKit/537.36 (KHTML, like Gecko) Chrome/120.0.0.0 Safari/537.36"
173.239.240.215 - - [24/Jul/2026:10:47:50 -0700] "GET /wp-admin/profile.php HTTP/1.1" 200 457 "https://casino.tires/wp-login.php" "Mozilla/5.0 (Windows NT 10.0; Win64; x64) AppleWebKit/537.36 (KHTML, like Gecko) Chrome/120.0.0.0 Safari/537.36"
173.239.240.215 - - [24/Jul/2026:10:47:53 -0700] "GET /wp-admin/edit.php HTTP/1.1" 200 457 "https://casino.tires/wp-login.php" "Mozilla/5.0 (Windows NT 10.0; Win64; x64) AppleWebKit/537.36 (KHTML, like Gecko) Chrome/120.0.0.0 Safari/537.36"
170.78.81.53 - - [24/Jul/2026:10:47:55 -0700] "POST /xmlrpc.php HTTP/1.1" 200 851 "-" "Jetpack/12.5; WordPress/6.3; http://site65701197.com"
170.78.81.53 - - [24/Jul/2026:10:48:06 -0700] "POST /xmlrpc.php HTTP/1.1" 406 300 "-" "WordPress.com; https://wordpress.com"
192.145.236.177 - - [24/Jul/2026:10:48:10 -0700] "POST /wp-cron.php?doing_wp_cron=1784915290.7319490909576416015625 HTTP/1.1" 200 - "-" "0koMyxrs7FrC"
173.239.240.222 - - [24/Jul/2026:10:48:09 -0700] "GET /wp-admin/plugins.php HTTP/1.1" 200 457 "https://casino.tires/wp-login.php" "Mozilla/5.0 (Windows NT 10.0; Win64; x64) AppleWebKit/537.36 (KHTML, like Gecko) Chrome/120.0.0.0 Safari/537.36"
170.78.81.53 - - [24/Jul/2026:10:48:16 -0700] "POST /xmlrpc.php HTTP/1.1" 406 300 "-" "WordPress.com; https://wordpress.com"
192.145.236.177 - - [24/Jul/2026:10:48:28 -0700] "POST /wp-cron.php?doing_wp_cron=1784915308.3347699642181396484375 HTTP/1.1" 200 - "-" "Fjbdd81umCQ2"
170.78.81.53 - - [24/Jul/2026:10:48:27 -0700] "POST /xmlrpc.php HTTP/1.1" 200 851 "-" "Jetpack/13.0; WordPress/6.3; http://site34131044.com"
173.239.240.227 - - [24/Jul/2026:10:48:34 -0700] "POST /wp-login.php HTTP/1.1" 302 259 "https://casino.tires/wp-login.php" "Mozilla/5.0 (Macintosh; Intel Mac OS X 10_15_7) AppleWebKit/537.36 (KHTML, like Gecko) Chrome/119.0.0.0 Safari/537.36"
173.239.240.227 - - [24/Jul/2026:10:48:35 -0700] "GET /wp-admin/index.php HTTP/1.1" 200 457 "https://casino.tires/wp-login.php" "Mozilla/5.0 (Windows NT 11.0; Win64; x64; rv:118.0) Gecko/20100101 Firefox/118.0"
173.239.240.227 - - [24/Jul/2026:10:48:36 -0700] "GET /wp-admin/profile.php HTTP/1.1" 200 457 "https://casino.tires/wp-login.php" "Mozilla/5.0 (Windows NT 11.0; Win64; x64; rv:118.0) Gecko/20100101 Firefox/118.0"
170.78.81.53 - - [24/Jul/2026:10:48:38 -0700] "POST /xmlrpc.php HTTP/1.1" 200 851 "-" "Jetpack by WordPress.com"
173.239.240.227 - - [24/Jul/2026:10:48:38 -0700] "GET /wp-admin/edit.php HTTP/1.1" 200 457 "https://casino.tires/wp-login.php" "Mozilla/5.0 (Windows NT 11.0; Win64; x64; rv:118.0) Gecko/20100101 Firefox/118.0"
180.193.173.238 - - [24/Jul/2026:10:48:41 -0700] "GET / HTTP/1.1" 200 448 "-" "Mozilla/5.0 (Linux; Android 13; SM-S918B) AppleWebKit/537.36 (KHTML, like Gecko) Chrome/124.0.0.0 Mobile Safari/537.36"
192.145.236.177 - - [24/Jul/2026:10:48:49 -0700] "POST /wp-cron.php?doing_wp_cron=1784915329.4022719860076904296875 HTTP/1.1" 200 - "-" "L0UOHAdk9s45"
170.78.81.53 - - [24/Jul/2026:10:48:48 -0700] "POST /xmlrpc.php HTTP/1.1" 200 851 "-" "Jetpack by WordPress.com"
173.239.240.213 - - [24/Jul/2026:10:48:54 -0700] "GET /wp-admin/plugins.php HTTP/1.1" 200 457 "https://casino.tires/wp-login.php" "Mozilla/5.0 (Windows NT 11.0; Win64; x64; rv:118.0) Gecko/20100101 Firefox/118.0"
173.239.240.213 - - [24/Jul/2026:10:48:55 -0700] "POST /wp-login.php HTTP/1.1" 302 259 "https://casino.tires/wp-login.php" "Mozilla/5.0 (Macintosh; Intel Mac OS X 10_15_7; rv:120.0) Gecko/20100101 Firefox/120.0"
173.239.240.213 - - [24/Jul/2026:10:48:56 -0700] "GET /wp-admin/index.php HTTP/1.1" 200 457 "https://casino.tires/wp-login.php" "Mozilla/5.0 (Windows NT 11.0; Win64; x64; rv:120.0) Gecko/20100101 Firefox/120.0"
173.239.240.213 - - [24/Jul/2026:10:48:58 -0700] "GET /wp-admin/profile.php HTTP/1.1" 200 457 "https://casino.tires/wp-login.php" "Mozilla/5.0 (Windows NT 11.0; Win64; x64; rv:120.0) Gecko/20100101 Firefox/120.0"
170.78.81.53 - - [24/Jul/2026:10:48:59 -0700] "POST /xmlrpc.php HTTP/1.1" 200 851 "-" "Jetpack by WordPress.com"
173.239.240.213 - - [24/Jul/2026:10:49:02 -0700] "GET /wp-admin/edit.php HTTP/1.1" 200 457 "https://casino.tires/wp-login.php" "Mozilla/5.0 (Windows NT 11.0; Win64; x64; rv:120.0) Gecko/20100101 Firefox/120.0"
173.239.240.213 - - [24/Jul/2026:10:49:07 -0700] "GET /wp-admin/plugins.php HTTP/1.1" 200 457 "https://casino.tires/wp-login.php" "Mozilla/5.0 (Windows NT 11.0; Win64; x64; rv:120.0) Gecko/20100101 Firefox/120.0"
173.239.240.213 - - [24/Jul/2026:10:49:09 -0700] "POST /wp-login.php HTTP/1.1" 302 259 "https://casino.tires/wp-login.php" "Mozilla/5.0 (Macintosh; Intel Mac OS X 13_6_1) AppleWebKit/605.1.15 (KHTML, like Gecko) Version/17.2 Safari/605.1.15"
170.78.81.53 - - [24/Jul/2026:10:49:09 -0700] "POST /xmlrpc.php HTTP/1.1" 200 851 "-" "Jetpack by WordPress.com (Jetpack 13.0; WordPress 6.1)"
173.239.240.213 - - [24/Jul/2026:10:49:11 -0700] "GET /wp-admin/index.php HTTP/1.1" 200 457 "https://casino.tires/wp-login.php" "Mozilla/5.0 (Macintosh; Intel Mac OS X 13_6_1; rv:120.0) Gecko/20100101 Firefox/120.0"
192.145.236.177 - - [24/Jul/2026:10:49:13 -0700] "POST /wp-cron.php?doing_wp_cron=1784915353.6081058979034423828125 HTTP/1.1" 200 - "-" "djQZX0dOpsej"
173.239.240.213 - - [24/Jul/2026:10:49:12 -0700] "GET /wp-admin/profile.php HTTP/1.1" 200 457 "https://casino.tires/wp-login.php" "Mozilla/5.0 (Macintosh; Intel Mac OS X 13_6_1; rv:120.0) Gecko/20100101 Firefox/120.0"
173.239.240.213 - - [24/Jul/2026:10:49:13 -0700] "GET /wp-admin/edit.php HTTP/1.1" 200 457 "https://casino.tires/wp-login.php" "Mozilla/5.0 (Macintosh; Intel Mac OS X 13_6_1; rv:120.0) Gecko/20100101 Firefox/120.0"
173.239.240.213 - - [24/Jul/2026:10:49:16 -0700] "GET /wp-admin/plugins.php HTTP/1.1" 200 457 "https://casino.tires/wp-login.php" "Mozilla/5.0 (Macintosh; Intel Mac OS X 13_6_1; rv:120.0) Gecko/20100101 Firefox/120.0"
173.239.240.213 - - [24/Jul/2026:10:49:19 -0700] "POST /wp-login.php HTTP/1.1" 302 259 "https://casino.tires/wp-login.php" "Mozilla/5.0 (Macintosh; Intel Mac OS X 10_15_7; rv:118.0) Gecko/20100101 Firefox/118.0"
192.145.236.177 - - [24/Jul/2026:10:49:23 -0700] "POST /wp-cron.php?doing_wp_cron=1784915362.9263980388641357421875 HTTP/1.1" 200 - "-" "chNrLWADVr5t"
173.239.240.213 - - [24/Jul/2026:10:49:19 -0700] "GET /wp-admin/index.php HTTP/1.1" 200 457 "https://casino.tires/wp-login.php" "Mozilla/5.0 (X11; Ubuntu; Linux x86_64) AppleWebKit/537.36 (KHTML, like Gecko) Chrome/120.0.0.0 Safari/537.36"
170.78.81.53 - - [24/Jul/2026:10:49:20 -0700] "POST /xmlrpc.php HTTP/1.1" 200 851 "-" "Jetpack by WordPress.com"
173.239.240.213 - - [24/Jul/2026:10:49:23 -0700] "GET /wp-admin/profile.php HTTP/1.1" 200 457 "https://casino.tires/wp-login.php" "Mozilla/5.0 (X11; Ubuntu; Linux x86_64) AppleWebKit/537.36 (KHTML, like Gecko) Chrome/120.0.0.0 Safari/537.36"
173.239.240.213 - - [24/Jul/2026:10:49:30 -0700] "GET /wp-admin/edit.php HTTP/1.1" 200 457 "https://casino.tires/wp-login.php" "Mozilla/5.0 (X11; Ubuntu; Linux x86_64) AppleWebKit/537.36 (KHTML, like Gecko) Chrome/120.0.0.0 Safari/537.36"
170.78.81.53 - - [24/Jul/2026:10:49:31 -0700] "POST /xmlrpc.php HTTP/1.1" 200 851 "-" "Jetpack/12.5; WordPress/6.1; http://site33128706.com"
173.239.240.213 - - [24/Jul/2026:10:49:33 -0700] "GET /wp-admin/plugins.php HTTP/1.1" 200 457 "https://casino.tires/wp-login.php" "Mozilla/5.0 (X11; Ubuntu; Linux x86_64) AppleWebKit/537.36 (KHTML, like Gecko) Chrome/120.0.0.0 Safari/537.36"
173.239.240.213 - - [24/Jul/2026:10:49:36 -0700] "POST /wp-login.php HTTP/1.1" 302 259 "https://casino.tires/wp-login.php" "Mozilla/5.0 (Macintosh; Intel Mac OS X 10_15_7) AppleWebKit/537.36 (KHTML, like Gecko) Chrome/121.0.0.0 Safari/537.36"
173.239.240.213 - - [24/Jul/2026:10:49:36 -0700] "GET /wp-admin/index.php HTTP/1.1" 200 457 "https://casino.tires/wp-login.php" "Mozilla/5.0 (Macintosh; Intel Mac OS X 10_15_7; rv:121.0) Gecko/20100101 Firefox/121.0"
173.239.240.213 - - [24/Jul/2026:10:49:41 -0700] "GET /wp-admin/profile.php HTTP/1.1" 200 457 "https://casino.tires/wp-login.php" "Mozilla/5.0 (Macintosh; Intel Mac OS X 10_15_7; rv:121.0) Gecko/20100101 Firefox/121.0"
192.145.236.177 - - [24/Jul/2026:10:49:43 -0700] "POST /wp-cron.php?doing_wp_cron=1784915383.1330978870391845703125 HTTP/1.1" 200 - "-" "eD1Im59oDvgr"
170.78.81.53 - - [24/Jul/2026:10:49:42 -0700] "POST /xmlrpc.php HTTP/1.1" 200 851 "-" "Jetpack/12.5; WordPress/6.1; http://site75270833.com"
173.239.240.213 - - [24/Jul/2026:10:49:45 -0700] "GET /wp-admin/edit.php HTTP/1.1" 200 457 "https://casino.tires/wp-login.php" "Mozilla/5.0 (Macintosh; Intel Mac OS X 10_15_7; rv:121.0) Gecko/20100101 Firefox/121.0"
173.239.240.213 - - [24/Jul/2026:10:49:47 -0700] "GET /wp-admin/plugins.php HTTP/1.1" 200 457 "https://casino.tires/wp-login.php" "Mozilla/5.0 (Macintosh; Intel Mac OS X 10_15_7; rv:121.0) Gecko/20100101 Firefox/121.0"
173.239.240.213 - - [24/Jul/2026:10:49:48 -0700] "POST /wp-login.php HTTP/1.1" 302 259 "https://casino.tires/wp-login.php" "Mozilla/5.0 (Macintosh; Intel Mac OS X 13_6_1; rv:120.0) Gecko/20100101 Firefox/120.0"
173.239.240.213 - - [24/Jul/2026:10:49:53 -0700] "GET /wp-admin/index.php HTTP/1.1" 200 457 "https://casino.tires/wp-login.php" "Mozilla/5.0 (Macintosh; Intel Mac OS X 13_6_1) AppleWebKit/537.36 (KHTML, like Gecko) Chrome/118.0.0.0 Safari/537.36"
173.239.240.213 - - [24/Jul/2026:10:49:56 -0700] "GET /wp-admin/profile.php HTTP/1.1" 200 457 "https://casino.tires/wp-login.php" "Mozilla/5.0 (Macintosh; Intel Mac OS X 13_6_1) AppleWebKit/537.36 (KHTML, like Gecko) Chrome/118.0.0.0 Safari/537.36"
173.239.240.213 - - [24/Jul/2026:10:49:59 -0700] "GET /wp-admin/edit.php HTTP/1.1" 200 457 "https://casino.tires/wp-login.php" "Mozilla/5.0 (Macintosh; Intel Mac OS X 13_6_1) AppleWebKit/537.36 (KHTML, like Gecko) Chrome/118.0.0.0 Safari/537.36"
170.78.81.53 - - [24/Jul/2026:10:50:03 -0700] "POST /xmlrpc.php HTTP/1.1" 406 300 "-" "WordPress.com; https://wordpress.com"
173.239.240.213 - - [24/Jul/2026:10:50:04 -0700] "GET /wp-admin/plugins.php HTTP/1.1" 200 457 "https://casino.tires/wp-login.php" "Mozilla/5.0 (Macintosh; Intel Mac OS X 13_6_1) AppleWebKit/537.36 (KHTML, like Gecko) Chrome/118.0.0.0 Safari/537.36"
192.145.236.177 - - [24/Jul/2026:10:50:15 -0700] "POST /wp-cron.php?doing_wp_cron=1784915415.4683139324188232421875 HTTP/1.1" 200 - "-" "96shSQMTaqnZ"
170.78.81.53 - - [24/Jul/2026:10:50:13 -0700] "POST /xmlrpc.php HTTP/1.1" 200 851 "-" "Jetpack by WordPress.com (Jetpack 12.1; WordPress 6.2)"
192.145.236.177 - - [24/Jul/2026:10:50:25 -0700] "POST /wp-cron.php?doing_wp_cron=1784915425.4504110813140869140625 HTTP/1.1" 200 - "-" "3NBKLHHqCB1z"
170.78.81.53 - - [24/Jul/2026:10:50:24 -0700] "POST /xmlrpc.php HTTP/1.1" 200 851 "-" "Jetpack by WordPress.com"
170.78.81.53 - - [24/Jul/2026:10:50:34 -0700] "POST /xmlrpc.php HTTP/1.1" 200 851 "-" "Jetpack/12.5; WordPress/6.3; http://site84362124.com"
192.145.236.177 - - [24/Jul/2026:10:50:46 -0700] "POST /wp-cron.php?doing_wp_cron=1784915446.5022950172424316406250 HTTP/1.1" 200 - "-" "onXnW78SG1ni"
170.78.81.53 - - [24/Jul/2026:10:50:45 -0700] "POST /xmlrpc.php HTTP/1.1" 200 851 "-" "Jetpack by WordPress.com"
170.78.81.53 - - [24/Jul/2026:10:50:56 -0700] "POST /xmlrpc.php HTTP/1.1" 200 851 "-" "Jetpack by WordPress.com (Jetpack 12.0; WordPress 6.2)"
170.78.81.53 - - [24/Jul/2026:10:51:06 -0700] "POST /xmlrpc.php HTTP/1.1" 200 851 "-" "Jetpack by WordPress.com"
192.145.236.177 - - [24/Jul/2026:10:51:18 -0700] "POST /wp-cron.php?doing_wp_cron=1784915478.4244809150695800781250 HTTP/1.1" 200 - "-" "BvzjFrvqOQI4"
170.78.81.53 - - [24/Jul/2026:10:51:17 -0700] "POST /xmlrpc.php HTTP/1.1" 200 851 "-" "Jetpack by WordPress.com (Jetpack 13.0; WordPress 6.4)"
192.145.236.177 - - [24/Jul/2026:10:51:28 -0700] "POST /wp-cron.php?doing_wp_cron=1784915488.5194070339202880859375 HTTP/1.1" 200 - "-" "BP5M1Qvkhxe5"
170.78.81.53 - - [24/Jul/2026:10:51:27 -0700] "POST /xmlrpc.php HTTP/1.1" 200 851 "-" "Jetpack by WordPress.com"
170.78.81.53 - - [24/Jul/2026:10:51:38 -0700] "POST /xmlrpc.php HTTP/1.1" 406 300 "-" "WordPress.com; https://wordpress.com"
192.145.236.177 - - [24/Jul/2026:10:51:49 -0700] "POST /wp-cron.php?doing_wp_cron=1784915509.8152410984039306640625 HTTP/1.1" 200 - "-" "WKOlBaC6lnqz"
170.78.81.53 - - [24/Jul/2026:10:51:49 -0700] "POST /xmlrpc.php HTTP/1.1" 200 851 "-" "Jetpack by WordPress.com (Jetpack 12.1; WordPress 6.4)"
170.78.81.53 - - [24/Jul/2026:10:52:00 -0700] "POST /xmlrpc.php HTTP/1.1" 406 300 "-" "WordPress.com; https://wordpress.com"
192.145.236.177 - - [24/Jul/2026:10:52:12 -0700] "POST /wp-cron.php?doing_wp_cron=1784915532.1564319133758544921875 HTTP/1.1" 200 - "-" "sQeKAHjdJVZ4"
170.78.81.53 - - [24/Jul/2026:10:52:10 -0700] "POST /xmlrpc.php HTTP/1.1" 200 851 "-" "Jetpack by WordPress.com"
170.78.81.53 - - [24/Jul/2026:10:52:21 -0700] "POST /xmlrpc.php HTTP/1.1" 406 300 "-" "WordPress.com; https://wordpress.com"
192.145.236.177 - - [24/Jul/2026:10:52:32 -0700] "POST /wp-cron.php?doing_wp_cron=1784915552.8045859336853027343750 HTTP/1.1" 200 - "-" "aiHu6NtKi0SH"
170.78.81.53 - - [24/Jul/2026:10:52:31 -0700] "POST /xmlrpc.php HTTP/1.1" 200 851 "-" "Jetpack/13.0; WordPress/6.2; http://site63888815.com"
173.239.240.217 - - [24/Jul/2026:10:52:41 -0700] "POST /wp-login.php HTTP/1.1" 200 6934 "https://casino.tires/wp-login.php" "Mozilla/5.0 (Macintosh; Intel Mac OS X 10_15_7) AppleWebKit/605.1.15 (KHTML, like Gecko) Version/17.0 Safari/605.1.15"
192.145.236.177 - - [24/Jul/2026:10:52:43 -0700] "POST /wp-cron.php?doing_wp_cron=1784915563.5568959712982177734375 HTTP/1.1" 200 - "-" "n6QmfaEzI4Fj"
170.78.81.53 - - [24/Jul/2026:10:52:42 -0700] "POST /xmlrpc.php HTTP/1.1" 200 851 "-" "Jetpack by WordPress.com (Jetpack 12.5; WordPress 6.4)"
173.239.240.217 - - [24/Jul/2026:10:52:42 -0700] "GET /wp-admin/index.php HTTP/1.1" 200 457 "https://casino.tires/wp-login.php" "Mozilla/5.0 (Macintosh; Intel Mac OS X 13_6_1) AppleWebKit/605.1.15 (KHTML, like Gecko) Version/16.6 Safari/605.1.15"
173.239.240.217 - - [24/Jul/2026:10:52:44 -0700] "GET /wp-admin/profile.php HTTP/1.1" 200 457 "https://casino.tires/wp-login.php" "Mozilla/5.0 (Macintosh; Intel Mac OS X 13_6_1) AppleWebKit/605.1.15 (KHTML, like Gecko) Version/16.6 Safari/605.1.15"
173.239.240.217 - - [24/Jul/2026:10:52:48 -0700] "GET /wp-admin/edit.php HTTP/1.1" 200 457 "https://casino.tires/wp-login.php" "Mozilla/5.0 (Macintosh; Intel Mac OS X 13_6_1) AppleWebKit/605.1.15 (KHTML, like Gecko) Version/16.6 Safari/605.1.15"
173.239.240.217 - - [24/Jul/2026:10:52:49 -0700] "GET /wp-admin/plugins.php HTTP/1.1" 200 457 "https://casino.tires/wp-login.php" "Mozilla/5.0 (Macintosh; Intel Mac OS X 13_6_1) AppleWebKit/605.1.15 (KHTML, like Gecko) Version/16.6 Safari/605.1.15"
170.78.81.53 - - [24/Jul/2026:10:52:53 -0700] "POST /xmlrpc.php HTTP/1.1" 406 300 "-" "WordPress.com; https://wordpress.com"
173.239.240.217 - - [24/Jul/2026:10:52:52 -0700] "POST /wp-login.php HTTP/1.1" 200 6934 "https://casino.tires/wp-login.php" "Mozilla/5.0 (Windows NT 11.0; Win64; x64; rv:120.0) Gecko/20100101 Firefox/120.0"
173.239.240.217 - - [24/Jul/2026:10:52:54 -0700] "GET /wp-admin/index.php HTTP/1.1" 200 457 "https://casino.tires/wp-login.php" "Mozilla/5.0 (Windows NT 10.0; Win64; x64) AppleWebKit/537.36 (KHTML, like Gecko) Chrome/118.0.0.0 Safari/537.36"
173.239.240.217 - - [24/Jul/2026:10:52:56 -0700] "GET /wp-admin/profile.php HTTP/1.1" 200 457 "https://casino.tires/wp-login.php" "Mozilla/5.0 (Windows NT 10.0; Win64; x64) AppleWebKit/537.36 (KHTML, like Gecko) Chrome/118.0.0.0 Safari/537.36"
173.239.240.217 - - [24/Jul/2026:10:52:57 -0700] "GET /wp-admin/edit.php HTTP/1.1" 200 457 "https://casino.tires/wp-login.php" "Mozilla/5.0 (Windows NT 10.0; Win64; x64) AppleWebKit/537.36 (KHTML, like Gecko) Chrome/118.0.0.0 Safari/537.36"
192.145.236.177 - - [24/Jul/2026:10:53:04 -0700] "POST /wp-cron.php?doing_wp_cron=1784915584.6590070724487304687500 HTTP/1.1" 200 - "-" "fAQzuHlDhEXk"
170.78.81.53 - - [24/Jul/2026:10:53:03 -0700] "POST /xmlrpc.php HTTP/1.1" 200 851 "-" "Jetpack/12.1; WordPress/6.2; http://site30146217.com"
121.200.221.244 - - [24/Jul/2026:10:53:10 -0700] "GET /wp-includes/css/c7hdgrey.php?BDKR28=fz42 HTTP/1.1" 200 418 "-" "Mozilla/5.0 (Windows NT 10.0; Win64; x64) AppleWebKit/537.36 (KHTML, like Gecko) Chrome/150.0.0.0 Safari/537.36"
192.145.236.177 - - [24/Jul/2026:10:53:17 -0700] "POST /wp-cron.php?doing_wp_cron=1784915597.6998560428619384765625 HTTP/1.1" 200 - "-" "rfbBWoAtUucL"
121.200.221.244 - - [24/Jul/2026:10:53:13 -0700] "GET /favicon.ico HTTP/1.1" 200 448 "https://casino.tires/wp-includes/css/c7hdgrey.php?BDKR28=fz42" "Mozilla/5.0 (Windows NT 10.0; Win64; x64) AppleWebKit/537.36 (KHTML, like Gecko) Chrome/150.0.0.0 Safari/537.36"
170.78.81.53 - - [24/Jul/2026:10:53:14 -0700] "POST /xmlrpc.php HTTP/1.1" 200 851 "-" "Jetpack by WordPress.com"
173.239.240.222 - - [24/Jul/2026:10:53:17 -0700] "GET /wp-admin/plugins.php HTTP/1.1" 200 457 "https://casino.tires/wp-login.php" "Mozilla/5.0 (Windows NT 10.0; Win64; x64) AppleWebKit/537.36 (KHTML, like Gecko) Chrome/118.0.0.0 Safari/537.36"
170.78.81.53 - - [24/Jul/2026:10:53:24 -0700] "POST /xmlrpc.php HTTP/1.1" 406 300 "-" "WordPress.com; https://wordpress.com"
173.239.240.222 - - [24/Jul/2026:10:53:25 -0700] "POST /wp-login.php HTTP/1.1" 200 6934 "https://casino.tires/wp-login.php" "Mozilla/5.0 (Macintosh; Intel Mac OS X 10_15_7) AppleWebKit/605.1.15 (KHTML, like Gecko) Version/17.0 Safari/605.1.15"
173.239.240.222 - - [24/Jul/2026:10:53:28 -0700] "GET /wp-admin/index.php HTTP/1.1" 200 457 "https://casino.tires/wp-login.php" "Mozilla/5.0 (Windows NT 11.0; Win64; x64; rv:118.0) Gecko/20100101 Firefox/118.0"
173.239.240.222 - - [24/Jul/2026:10:53:29 -0700] "GET /wp-admin/profile.php HTTP/1.1" 200 457 "https://casino.tires/wp-login.php" "Mozilla/5.0 (Windows NT 11.0; Win64; x64; rv:118.0) Gecko/20100101 Firefox/118.0"
173.239.240.222 - - [24/Jul/2026:10:53:32 -0700] "GET /wp-admin/edit.php HTTP/1.1" 200 457 "https://casino.tires/wp-login.php" "Mozilla/5.0 (Windows NT 11.0; Win64; x64; rv:118.0) Gecko/20100101 Firefox/118.0"
170.78.81.53 - - [24/Jul/2026:10:53:35 -0700] "POST /xmlrpc.php HTTP/1.1" 200 851 "-" "Jetpack/12.5; WordPress/6.2; http://site24143718.com"
173.239.240.222 - - [24/Jul/2026:10:53:36 -0700] "GET /wp-admin/plugins.php HTTP/1.1" 200 457 "https://casino.tires/wp-login.php" "Mozilla/5.0 (Windows NT 11.0; Win64; x64; rv:118.0) Gecko/20100101 Firefox/118.0"
173.239.240.222 - - [24/Jul/2026:10:53:40 -0700] "POST /wp-login.php HTTP/1.1" 200 6934 "https://casino.tires/wp-login.php" "Mozilla/5.0 (X11; Linux x86_64) AppleWebKit/537.36 (KHTML, like Gecko) Chrome/120.0.0.0 Safari/537.36"
173.239.240.222 - - [24/Jul/2026:10:53:41 -0700] "GET /wp-admin/index.php HTTP/1.1" 200 457 "https://casino.tires/wp-login.php" "Mozilla/5.0 (X11; Linux x86_64) AppleWebKit/537.36 (KHTML, like Gecko) Chrome/119.0.0.0 Safari/537.36"
192.145.236.177 - - [24/Jul/2026:10:53:45 -0700] "POST /wp-cron.php?doing_wp_cron=1784915625.3191070556640625000000 HTTP/1.1" 200 - "-" "OfOcMRjPv3Op"
173.239.240.222 - - [24/Jul/2026:10:53:44 -0700] "GET /wp-admin/profile.php HTTP/1.1" 200 457 "https://casino.tires/wp-login.php" "Mozilla/5.0 (X11; Linux x86_64) AppleWebKit/537.36 (KHTML, like Gecko) Chrome/119.0.0.0 Safari/537.36"
170.78.81.53 - - [24/Jul/2026:10:53:46 -0700] "POST /xmlrpc.php HTTP/1.1" 200 851 "-" "Jetpack by WordPress.com (Jetpack 12.1; WordPress 6.3)"
173.239.240.222 - - [24/Jul/2026:10:53:47 -0700] "GET /wp-admin/edit.php HTTP/1.1" 200 457 "https://casino.tires/wp-login.php" "Mozilla/5.0 (X11; Linux x86_64) AppleWebKit/537.36 (KHTML, like Gecko) Chrome/119.0.0.0 Safari/537.36"
173.239.240.222 - - [24/Jul/2026:10:53:52 -0700] "GET /wp-admin/plugins.php HTTP/1.1" 200 457 "https://casino.tires/wp-login.php" "Mozilla/5.0 (X11; Linux x86_64) AppleWebKit/537.36 (KHTML, like Gecko) Chrome/119.0.0.0 Safari/537.36"
173.239.240.222 - - [24/Jul/2026:10:53:54 -0700] "POST /wp-login.php HTTP/1.1" 200 6934 "https://casino.tires/wp-login.php" "Mozilla/5.0 (Windows NT 10.0; Win64; x64; rv:120.0) Gecko/20100101 Firefox/120.0"
173.239.240.222 - - [24/Jul/2026:10:53:55 -0700] "GET /wp-admin/index.php HTTP/1.1" 200 457 "https://casino.tires/wp-login.php" "Mozilla/5.0 (Macintosh; Intel Mac OS X 13_6_1) AppleWebKit/605.1.15 (KHTML, like Gecko) Version/17.1 Safari/605.1.15"
170.78.81.53 - - [24/Jul/2026:10:53:56 -0700] "POST /xmlrpc.php HTTP/1.1" 200 851 "-" "Jetpack by WordPress.com (Jetpack 13.0; WordPress 6.3)"
173.239.240.222 - - [24/Jul/2026:10:53:57 -0700] "GET /wp-admin/profile.php HTTP/1.1" 200 457 "https://casino.tires/wp-login.php" "Mozilla/5.0 (Macintosh; Intel Mac OS X 13_6_1) AppleWebKit/605.1.15 (KHTML, like Gecko) Version/17.1 Safari/605.1.15"
173.239.240.222 - - [24/Jul/2026:10:54:00 -0700] "GET /wp-admin/edit.php HTTP/1.1" 200 457 "https://casino.tires/wp-login.php" "Mozilla/5.0 (Macintosh; Intel Mac OS X 13_6_1) AppleWebKit/605.1.15 (KHTML, like Gecko) Version/17.1 Safari/605.1.15"
173.239.240.222 - - [24/Jul/2026:10:54:03 -0700] "GET /wp-admin/plugins.php HTTP/1.1" 200 457 "https://casino.tires/wp-login.php" "Mozilla/5.0 (Macintosh; Intel Mac OS X 13_6_1) AppleWebKit/605.1.15 (KHTML, like Gecko) Version/17.1 Safari/605.1.15"
173.239.240.222 - - [24/Jul/2026:10:54:04 -0700] "POST /wp-login.php HTTP/1.1" 200 6934 "https://casino.tires/wp-login.php" "Mozilla/5.0 (Windows NT 10.0; Win64; x64; rv:118.0) Gecko/20100101 Firefox/118.0"
170.78.81.53 - - [24/Jul/2026:10:54:07 -0700] "POST /xmlrpc.php HTTP/1.1" 200 851 "-" "Jetpack by WordPress.com (Jetpack 12.1; WordPress 6.1)"
173.239.240.222 - - [24/Jul/2026:10:54:08 -0700] "GET /wp-admin/index.php HTTP/1.1" 200 457 "https://casino.tires/wp-login.php" "Mozilla/5.0 (X11; Linux x86_64) AppleWebKit/537.36 (KHTML, like Gecko) Chrome/121.0.0.0 Safari/537.36"
192.145.236.177 - - [24/Jul/2026:10:54:14 -0700] "POST /wp-cron.php?doing_wp_cron=1784915654.8704528808593750000000 HTTP/1.1" 200 - "-" "PnEojoAbjz7q"
173.239.240.222 - - [24/Jul/2026:10:54:13 -0700] "GET /wp-admin/profile.php HTTP/1.1" 200 457 "https://casino.tires/wp-login.php" "Mozilla/5.0 (X11; Linux x86_64) AppleWebKit/537.36 (KHTML, like Gecko) Chrome/121.0.0.0 Safari/537.36"
173.239.240.222 - - [24/Jul/2026:10:54:16 -0700] "GET /wp-admin/edit.php HTTP/1.1" 200 457 "https://casino.tires/wp-login.php" "Mozilla/5.0 (X11; Linux x86_64) AppleWebKit/537.36 (KHTML, like Gecko) Chrome/121.0.0.0 Safari/537.36"
170.78.81.53 - - [24/Jul/2026:10:54:18 -0700] "POST /xmlrpc.php HTTP/1.1" 200 851 "-" "Jetpack by WordPress.com (Jetpack 13.0; WordPress 6.4)"
192.145.236.177 - - [24/Jul/2026:10:54:24 -0700] "POST /wp-cron.php?doing_wp_cron=1784915663.9782149791717529296875 HTTP/1.1" 200 - "-" "SkXLz2Ga8ZOD"
173.239.240.222 - - [24/Jul/2026:10:54:19 -0700] "GET /wp-admin/plugins.php HTTP/1.1" 200 457 "https://casino.tires/wp-login.php" "Mozilla/5.0 (X11; Linux x86_64) AppleWebKit/537.36 (KHTML, like Gecko) Chrome/121.0.0.0 Safari/537.36"
173.239.240.222 - - [24/Jul/2026:10:54:24 -0700] "POST /wp-login.php HTTP/1.1" 200 6934 "https://casino.tires/wp-login.php" "Mozilla/5.0 (Macintosh; Intel Mac OS X 13_6_1) AppleWebKit/605.1.15 (KHTML, like Gecko) Version/16.6 Safari/605.1.15"
170.78.81.53 - - [24/Jul/2026:10:54:28 -0700] "POST /xmlrpc.php HTTP/1.1" 200 851 "-" "Jetpack/12.1; WordPress/6.2; http://site11683763.com"
173.239.240.222 - - [24/Jul/2026:10:54:30 -0700] "GET /wp-admin/index.php HTTP/1.1" 200 457 "https://casino.tires/wp-login.php" "Mozilla/5.0 (Macintosh; Intel Mac OS X 13_6_1) AppleWebKit/605.1.15 (KHTML, like Gecko) Version/17.2 Safari/605.1.15"
173.239.240.222 - - [24/Jul/2026:10:54:38 -0700] "GET /wp-admin/profile.php HTTP/1.1" 200 457 "https://casino.tires/wp-login.php" "Mozilla/5.0 (Macintosh; Intel Mac OS X 13_6_1) AppleWebKit/605.1.15 (KHTML, like Gecko) Version/17.2 Safari/605.1.15"
170.78.81.53 - - [24/Jul/2026:10:54:39 -0700] "POST /xmlrpc.php HTTP/1.1" 200 851 "-" "Jetpack by WordPress.com (Jetpack 12.0; WordPress 6.2)"
170.168.175.227 - - [24/Jul/2026:10:54:43 -0700] "GET /encouraging-results-for-skycitys-online-casino-in-first-year-of-operation/ HTTP/1.0" 200 217971 "https://www.casino.tires/encouraging-results-for-skycitys-online-casino-in-first-year-of-operation/" "Mozilla/5.0 (Windows NT 10.0; Win64; x64) AppleWebKit/537.36 (KHTML, like Gecko) Chrome/130.0.0.0 Safari/537.36 CCleaner/130.0.0.0"
192.145.236.177 - - [24/Jul/2026:10:54:46 -0700] "POST /wp-cron.php?doing_wp_cron=1784915686.0051810741424560546875 HTTP/1.1" 200 - "-" "95f0Z64nC1ql"
173.239.240.222 - - [24/Jul/2026:10:54:43 -0700] "GET /wp-admin/edit.php HTTP/1.1" 200 457 "https://casino.tires/wp-login.php" "Mozilla/5.0 (Macintosh; Intel Mac OS X 13_6_1) AppleWebKit/605.1.15 (KHTML, like Gecko) Version/17.2 Safari/605.1.15"
170.168.175.227 - - [24/Jul/2026:10:54:45 -0700] "POST /wp-comments-post.php HTTP/1.0" 200 448 "https://www.casino.tires/encouraging-results-for-skycitys-online-casino-in-first-year-of-operation/" "Mozilla/5.0 (Windows NT 10.0; Win64; x64) AppleWebKit/537.36 (KHTML, like Gecko) Chrome/130.0.0.0 Safari/537.36 CCleaner/130.0.0.0"
170.168.175.227 - - [24/Jul/2026:10:54:47 -0700] "GET /encouraging-results-for-skycitys-online-casino-in-first-year-of-operation/ HTTP/1.0" 200 217971 "https://www.casino.tires/encouraging-results-for-skycitys-online-casino-in-first-year-of-operation/" "Mozilla/5.0 (Windows NT 10.0; Win64; x64) AppleWebKit/537.36 (KHTML, like Gecko) Chrome/130.0.0.0 Safari/537.36 CCleaner/130.0.0.0"
173.239.240.222 - - [24/Jul/2026:10:54:47 -0700] "GET /wp-admin/plugins.php HTTP/1.1" 200 457 "https://casino.tires/wp-login.php" "Mozilla/5.0 (Macintosh; Intel Mac OS X 13_6_1) AppleWebKit/605.1.15 (KHTML, like Gecko) Version/17.2 Safari/605.1.15"
170.78.81.53 - - [24/Jul/2026:10:54:50 -0700] "POST /xmlrpc.php HTTP/1.1" 200 851 "-" "Jetpack/13.0; WordPress/6.4; http://site32145608.com"
173.239.240.222 - - [24/Jul/2026:10:54:51 -0700] "POST /wp-login.php HTTP/1.1" 200 6934 "https://casino.tires/wp-login.php" "Mozilla/5.0 (Macintosh; Intel Mac OS X 10_15_7; rv:121.0) Gecko/20100101 Firefox/121.0"
173.239.240.222 - - [24/Jul/2026:10:54:55 -0700] "GET /wp-admin/index.php HTTP/1.1" 200 457 "https://casino.tires/wp-login.php" "Mozilla/5.0 (Macintosh; Intel Mac OS X 10_15_7) AppleWebKit/537.36 (KHTML, like Gecko) Chrome/121.0.0.0 Safari/537.36"
173.239.240.222 - - [24/Jul/2026:10:54:59 -0700] "GET /wp-admin/profile.php HTTP/1.1" 200 457 "https://casino.tires/wp-login.php" "Mozilla/5.0 (Macintosh; Intel Mac OS X 10_15_7) AppleWebKit/537.36 (KHTML, like Gecko) Chrome/121.0.0.0 Safari/537.36"
173.239.240.222 - - [24/Jul/2026:10:55:00 -0700] "GET /wp-admin/edit.php HTTP/1.1" 200 457 "https://casino.tires/wp-login.php" "Mozilla/5.0 (Macintosh; Intel Mac OS X 10_15_7) AppleWebKit/537.36 (KHTML, like Gecko) Chrome/121.0.0.0 Safari/537.36"
170.78.81.53 - - [24/Jul/2026:10:55:00 -0700] "POST /xmlrpc.php HTTP/1.1" 200 851 "-" "Jetpack by WordPress.com (Jetpack 12.1; WordPress 6.4)"
173.239.240.222 - - [24/Jul/2026:10:55:02 -0700] "GET /wp-admin/plugins.php HTTP/1.1" 200 457 "https://casino.tires/wp-login.php" "Mozilla/5.0 (Macintosh; Intel Mac OS X 10_15_7) AppleWebKit/537.36 (KHTML, like Gecko) Chrome/121.0.0.0 Safari/537.36"
173.239.240.222 - - [24/Jul/2026:10:55:05 -0700] "POST /wp-login.php HTTP/1.1" 200 6934 "https://casino.tires/wp-login.php" "Mozilla/5.0 (Macintosh; Intel Mac OS X 13_6_1) AppleWebKit/605.1.15 (KHTML, like Gecko) Version/17.2 Safari/605.1.15"
170.78.81.53 - - [24/Jul/2026:10:55:11 -0700] "POST /xmlrpc.php HTTP/1.1" 406 300 "-" "WordPress.com; https://wordpress.com"
192.145.236.177 - - [24/Jul/2026:10:55:24 -0700] "POST /wp-cron.php?doing_wp_cron=1784915724.2566249370574951171875 HTTP/1.1" 200 - "-" "IzO2amVR4v4f"
170.78.81.53 - - [24/Jul/2026:10:55:21 -0700] "POST /xmlrpc.php HTTP/1.1" 200 851 "-" "Jetpack by WordPress.com"
173.239.240.226 - - [24/Jul/2026:10:55:23 -0700] "GET /wp-admin/profile.php HTTP/1.1" 200 457 "https://casino.tires/wp-login.php" "Mozilla/5.0 (Macintosh; Intel Mac OS X 13_6_1; rv:118.0) Gecko/20100101 Firefox/118.0"
173.239.240.222 - - [24/Jul/2026:10:55:31 -0700] "GET /wp-admin/edit.php HTTP/1.1" 200 457 "https://casino.tires/wp-login.php" "Mozilla/5.0 (Macintosh; Intel Mac OS X 13_6_1; rv:118.0) Gecko/20100101 Firefox/118.0"
170.78.81.53 - - [24/Jul/2026:10:55:32 -0700] "POST /xmlrpc.php HTTP/1.1" 200 851 "-" "Jetpack by WordPress.com"
