192.145.236.177 - - [24/Jul/2026:09:28:23 -0700] "POST /wp-cron.php?doing_wp_cron=1784910503.5768959522247314453125 HTTP/1.1" 200 - "-" "0Dx17XYAcgel"
39.47.51.121 - - [24/Jul/2026:09:28:22 -0700] "POST /xmlrpc.php HTTP/1.1" 200 851 "-" "Jetpack/13.0; WordPress/6.1; http://site69020277.com"
39.47.51.121 - - [24/Jul/2026:09:28:30 -0700] "POST /xmlrpc.php HTTP/1.1" 200 851 "-" "Jetpack by WordPress.com (Jetpack 12.0; WordPress 6.4)"
39.47.51.121 - - [24/Jul/2026:09:28:41 -0700] "POST /xmlrpc.php HTTP/1.1" 200 851 "-" "Jetpack/12.1; WordPress/6.2; http://site45181869.com"
39.47.51.121 - - [24/Jul/2026:09:28:51 -0700] "POST /xmlrpc.php HTTP/1.1" 406 300 "-" "WordPress.com; https://wordpress.com"
192.145.236.177 - - [24/Jul/2026:09:29:04 -0700] "POST /wp-cron.php?doing_wp_cron=1784910544.2736198902130126953125 HTTP/1.1" 200 - "-" "k74T2FMMwNiq"
39.47.51.121 - - [24/Jul/2026:09:29:03 -0700] "POST /xmlrpc.php HTTP/1.1" 200 851 "-" "Jetpack/12.1; WordPress/6.1; http://site39280780.com"
192.145.236.177 - - [24/Jul/2026:09:29:24 -0700] "POST /wp-cron.php?doing_wp_cron=1784910564.6276400089263916015625 HTTP/1.1" 200 - "-" "QCowjdBEbYKA"
39.47.51.121 - - [24/Jul/2026:09:29:23 -0700] "POST /xmlrpc.php HTTP/1.1" 200 851 "-" "Jetpack by WordPress.com (Jetpack 12.1; WordPress 6.3)"
39.47.51.121 - - [24/Jul/2026:09:29:35 -0700] "POST /xmlrpc.php HTTP/1.1" 406 300 "-" "WordPress.com; https://wordpress.com"
39.47.51.121 - - [24/Jul/2026:09:29:45 -0700] "POST /xmlrpc.php HTTP/1.1" 406 300 "-" "WordPress.com; https://wordpress.com"
192.145.236.177 - - [24/Jul/2026:09:29:56 -0700] "POST /wp-cron.php?doing_wp_cron=1784910596.0283439159393310546875 HTTP/1.1" 200 - "-" "zo3x7mNlRtSh"
39.47.51.121 - - [24/Jul/2026:09:29:54 -0700] "POST /xmlrpc.php HTTP/1.1" 200 851 "-" "Jetpack by WordPress.com"
39.47.51.121 - - [24/Jul/2026:09:30:06 -0700] "POST /xmlrpc.php HTTP/1.1" 200 851 "-" "Jetpack/12.5; WordPress/6.4; http://site46747068.com"
39.47.51.121 - - [24/Jul/2026:09:30:18 -0700] "POST /xmlrpc.php HTTP/1.1" 406 300 "-" "WordPress.com; https://wordpress.com"
192.145.236.177 - - [24/Jul/2026:09:30:27 -0700] "POST /wp-cron.php?doing_wp_cron=1784910627.6278109550476074218750 HTTP/1.1" 200 - "-" "c0kDyK39rBvf"
39.47.51.121 - - [24/Jul/2026:09:30:26 -0700] "POST /xmlrpc.php HTTP/1.1" 200 851 "-" "Jetpack/13.0; WordPress/6.4; http://site78272608.com"
39.47.51.121 - - [24/Jul/2026:09:30:38 -0700] "POST /xmlrpc.php HTTP/1.1" 200 851 "-" "Jetpack by WordPress.com (Jetpack 13.0; WordPress 6.2)"
192.145.236.177 - - [24/Jul/2026:09:30:59 -0700] "POST /wp-cron.php?doing_wp_cron=1784910659.5619850158691406250000 HTTP/1.1" 200 - "-" "0gVwx7vOZGSw"
39.47.51.121 - - [24/Jul/2026:09:30:58 -0700] "POST /xmlrpc.php HTTP/1.1" 200 851 "-" "Jetpack by WordPress.com"
39.47.51.121 - - [24/Jul/2026:09:31:09 -0700] "POST /xmlrpc.php HTTP/1.1" 200 851 "-" "Jetpack by WordPress.com (Jetpack 13.0; WordPress 6.4)"
51.68.107.148 - - [24/Jul/2026:09:31:18 -0700] "GET /robots.txt HTTP/1.1" 200 123 "-" "Mozilla/5.0 (compatible; MJ12bot/v2.0.5; http://mj12bot.com/)"
51.68.107.148 - - [24/Jul/2026:09:31:18 -0700] "GET / HTTP/1.1" 200 209935 "-" "Mozilla/5.0 (compatible; MJ12bot/v2.0.5; http://mj12bot.com/)"
192.145.236.177 - - [24/Jul/2026:09:31:21 -0700] "POST /wp-cron.php?doing_wp_cron=1784910681.3983349800109863281250 HTTP/1.1" 200 - "-" "SDCFefoaEhNV"
39.47.51.121 - - [24/Jul/2026:09:31:19 -0700] "POST /xmlrpc.php HTTP/1.1" 200 851 "-" "Jetpack/12.1; WordPress/6.2; http://site63216367.com"
39.47.51.121 - - [24/Jul/2026:09:31:32 -0700] "POST /xmlrpc.php HTTP/1.1" 406 300 "-" "WordPress.com; https://wordpress.com"
192.145.236.177 - - [24/Jul/2026:09:31:50 -0700] "POST /wp-cron.php?doing_wp_cron=1784910710.7431170940399169921875 HTTP/1.1" 200 - "-" "mrFuEaMN3R6p"
39.47.51.121 - - [24/Jul/2026:09:31:49 -0700] "POST /xmlrpc.php HTTP/1.1" 200 851 "-" "Jetpack by WordPress.com"
39.47.51.121 - - [24/Jul/2026:09:32:00 -0700] "POST /xmlrpc.php HTTP/1.1" 200 851 "-" "Jetpack by WordPress.com (Jetpack 12.1; WordPress 6.1)"
39.47.51.121 - - [24/Jul/2026:09:32:11 -0700] "POST /xmlrpc.php HTTP/1.1" 406 300 "-" "WordPress.com; https://wordpress.com"
192.145.236.177 - - [24/Jul/2026:09:32:23 -0700] "POST /wp-cron.php?doing_wp_cron=1784910743.9341549873352050781250 HTTP/1.1" 200 - "-" "Xrw9mm0lNa4L"
39.47.51.121 - - [24/Jul/2026:09:32:22 -0700] "POST /xmlrpc.php HTTP/1.1" 200 851 "-" "Jetpack by WordPress.com"
39.47.51.121 - - [24/Jul/2026:09:32:31 -0700] "POST /xmlrpc.php HTTP/1.1" 200 851 "-" "Jetpack by WordPress.com (Jetpack 13.0; WordPress 6.1)"
192.145.236.177 - - [24/Jul/2026:09:32:43 -0700] "POST /wp-cron.php?doing_wp_cron=1784910763.6462979316711425781250 HTTP/1.1" 200 - "-" "AkceFBboENaW"
39.47.51.121 - - [24/Jul/2026:09:32:40 -0700] "POST /xmlrpc.php HTTP/1.1" 200 851 "-" "Jetpack by WordPress.com"
39.47.51.121 - - [24/Jul/2026:09:32:54 -0700] "POST /xmlrpc.php HTTP/1.1" 200 851 "-" "Jetpack by WordPress.com (Jetpack 12.0; WordPress 6.2)"
39.47.51.121 - - [24/Jul/2026:09:33:01 -0700] "POST /xmlrpc.php HTTP/1.1" 406 300 "-" "WordPress.com; https://wordpress.com"
192.145.236.177 - - [24/Jul/2026:09:33:20 -0700] "POST /wp-cron.php?doing_wp_cron=1784910800.4470860958099365234375 HTTP/1.1" 200 - "-" "eOU21zbj6RJV"
39.47.51.121 - - [24/Jul/2026:09:33:18 -0700] "POST /xmlrpc.php HTTP/1.1" 200 851 "-" "Jetpack/12.0; WordPress/6.2; http://site23423742.com"
39.47.51.121 - - [24/Jul/2026:09:33:22 -0700] "POST /xmlrpc.php HTTP/1.1" 200 851 "-" "Jetpack by WordPress.com (Jetpack 12.0; WordPress 6.1)"
39.47.51.121 - - [24/Jul/2026:09:33:35 -0700] "POST /xmlrpc.php HTTP/1.1" 200 851 "-" "Jetpack by WordPress.com (Jetpack 12.1; WordPress 6.2)"
192.145.236.177 - - [24/Jul/2026:09:33:52 -0700] "POST /wp-cron.php?doing_wp_cron=1784910832.9242169857025146484375 HTTP/1.1" 200 - "-" "iyXDzaq9zmKd"
39.47.51.121 - - [24/Jul/2026:09:33:52 -0700] "POST /xmlrpc.php HTTP/1.1" 200 851 "-" "Jetpack by WordPress.com"
39.47.51.121 - - [24/Jul/2026:09:33:58 -0700] "POST /xmlrpc.php HTTP/1.1" 200 851 "-" "Jetpack by WordPress.com (Jetpack 12.0; WordPress 6.2)"
39.47.51.121 - - [24/Jul/2026:09:34:04 -0700] "POST /xmlrpc.php HTTP/1.1" 200 851 "-" "Jetpack by WordPress.com"
39.47.51.121 - - [24/Jul/2026:09:34:16 -0700] "POST /xmlrpc.php HTTP/1.1" 406 300 "-" "WordPress.com; https://wordpress.com"
39.47.51.121 - - [24/Jul/2026:09:34:27 -0700] "POST /xmlrpc.php HTTP/1.1" 406 300 "-" "WordPress.com; https://wordpress.com"
47.82.10.159 - - [24/Jul/2026:09:46:25 -0700] "GET /wp-content/uploads/2021/07/Pro-Gambling-and-Anti-gambling-Fight-Against-Floridas-New-Compact-180x180.jpg HTTP/1.1" 200 7145 "https://www.casino.tires/wp-content/uploads/2021/07/Pro-Gambling-and-Anti-gambling-Fight-Against-Floridas-New-Compact-180x180.jpg" "Mozilla/5.0 (Macintosh; Intel Mac OS X 10_15_7) AppleWebKit/537.36 (KHTML, like Gecko) Chrome/114.0.0.0 Safari/537.36"
192.145.236.177 - - [24/Jul/2026:09:58:18 -0700] "POST /wp-cron.php?doing_wp_cron=1784912298.5470089912414550781250 HTTP/1.1" 200 - "-" "5RluiUGiwvAy"
193.32.248.244 - - [24/Jul/2026:09:58:13 -0700] "POST /xmlrpc.php HTTP/1.1" 200 851 "-" "WordPress.com; https://wordpress.com"
193.32.248.244 - - [24/Jul/2026:09:58:23 -0700] "POST /xmlrpc.php HTTP/1.1" 200 851 "-" "Jetpack by WordPress.com (Jetpack 13.0; WordPress 6.3)"
193.32.248.244 - - [24/Jul/2026:09:58:34 -0700] "POST /xmlrpc.php HTTP/1.1" 200 851 "-" "Jetpack by WordPress.com (Jetpack 13.0; WordPress 6.2)"
193.32.248.244 - - [24/Jul/2026:09:58:44 -0700] "POST /xmlrpc.php HTTP/1.1" 200 851 "-" "Jetpack by WordPress.com"
193.32.248.244 - - [24/Jul/2026:09:58:55 -0700] "POST /xmlrpc.php HTTP/1.1" 200 851 "-" "WordPress.com; https://wordpress.com"
193.32.248.244 - - [24/Jul/2026:09:59:06 -0700] "POST /xmlrpc.php HTTP/1.1" 200 851 "-" "Jetpack by WordPress.com"
193.32.248.244 - - [24/Jul/2026:09:59:17 -0700] "POST /xmlrpc.php HTTP/1.1" 200 851 "-" "Jetpack by WordPress.com (Jetpack 12.0; WordPress 6.1)"
193.32.248.244 - - [24/Jul/2026:09:59:28 -0700] "POST /xmlrpc.php HTTP/1.1" 200 851 "-" "Jetpack by WordPress.com (Jetpack 13.0; WordPress 6.1)"
193.32.248.244 - - [24/Jul/2026:09:59:38 -0700] "POST /xmlrpc.php HTTP/1.1" 200 851 "-" "WordPress.com; https://wordpress.com"
193.32.248.244 - - [24/Jul/2026:09:59:49 -0700] "POST /xmlrpc.php HTTP/1.1" 200 851 "-" "Jetpack/12.5; WordPress/6.1; http://site14996875.com"
193.32.248.244 - - [24/Jul/2026:10:00:00 -0700] "POST /xmlrpc.php HTTP/1.1" 200 851 "-" "Jetpack by WordPress.com"
192.145.236.177 - - [24/Jul/2026:10:00:13 -0700] "POST /wp-cron.php?doing_wp_cron=1784912413.1911079883575439453125 HTTP/1.1" 200 - "-" "b3uok7ks5S32"
193.32.248.244 - - [24/Jul/2026:10:00:10 -0700] "POST /xmlrpc.php HTTP/1.1" 200 851 "-" "Jetpack/12.0; WordPress/6.3; http://site36699124.com"
173.239.240.205 - - [24/Jul/2026:10:00:16 -0700] "GET /wp-admin/ HTTP/1.1" 200 457 "-" "Mozilla/5.0 (Windows NT 10.0; Win64; x64; rv:118.0) Gecko/20100101 Firefox/118.0"
192.145.236.177 - - [24/Jul/2026:10:00:23 -0700] "POST /wp-cron.php?doing_wp_cron=1784912423.6362349987030029296875 HTTP/1.1" 200 - "-" "HIWWSGl8cFzG"
193.32.248.244 - - [24/Jul/2026:10:00:21 -0700] "POST /xmlrpc.php HTTP/1.1" 200 851 "-" "WordPress.com; https://wordpress.com"
193.32.248.244 - - [24/Jul/2026:10:00:32 -0700] "POST /xmlrpc.php HTTP/1.1" 200 851 "-" "Jetpack by WordPress.com"
192.145.236.177 - - [24/Jul/2026:10:00:43 -0700] "POST /wp-cron.php?doing_wp_cron=1784912443.6900870800018310546875 HTTP/1.1" 200 - "-" "dOdjp24slNeK"
193.32.248.244 - - [24/Jul/2026:10:00:43 -0700] "POST /xmlrpc.php HTTP/1.1" 200 851 "-" "WordPress.com; https://wordpress.com"
193.32.248.244 - - [24/Jul/2026:10:00:53 -0700] "POST /xmlrpc.php HTTP/1.1" 200 851 "-" "Jetpack by WordPress.com (Jetpack 12.5; WordPress 6.2)"
193.32.248.244 - - [24/Jul/2026:10:01:04 -0700] "POST /xmlrpc.php HTTP/1.1" 200 851 "-" "Jetpack/13.0; WordPress/6.3; http://site10291978.com"
192.145.236.177 - - [24/Jul/2026:10:01:18 -0700] "POST /wp-cron.php?doing_wp_cron=1784912478.8767910003662109375000 HTTP/1.1" 200 - "-" "m9lvDkCWnA35"
193.32.248.244 - - [24/Jul/2026:10:01:15 -0700] "POST /xmlrpc.php HTTP/1.1" 200 851 "-" "Jetpack by WordPress.com"
71.18.18.150 - - [24/Jul/2026:10:01:27 -0700] "GET /wp-content/uploads/2021/06/Big-Red-Keno-Launches-a-Lawsuit-to-Open-a-New-Casino.jpg HTTP/1.1" 200 68786 "-" "Mozilla/5.0 (compatible; ImageFetcher/1.0)"
71.18.16.170 - - [24/Jul/2026:10:01:27 -0700] "GET /wp-content/uploads/2020/09/Sullivan-County-casino-reopens-Wednesday-with-25-capacity-other-restrictions.jpg HTTP/1.1" 200 44020 "-" "Mozilla/5.0 (compatible; ImageFetcher/1.0)"
193.32.248.244 - - [24/Jul/2026:10:01:25 -0700] "POST /xmlrpc.php HTTP/1.1" 200 851 "-" "Jetpack by WordPress.com (Jetpack 12.1; WordPress 6.4)"
193.32.248.244 - - [24/Jul/2026:10:01:36 -0700] "POST /xmlrpc.php HTTP/1.1" 200 851 "-" "Jetpack/13.0; WordPress/6.2; http://site53353181.com"
138.246.253.24 - - [24/Jul/2026:10:01:38 -0700] "GET /robots.txt HTTP/1.1" 200 123 "-" "Mozilla/5.0 (Windows NT 10.0; Win64; x64) AppleWebKit/537.36 (KHTML, like Gecko) Chrome/103.0.5060.134 Safari/537.36"
71.18.17.193 - - [24/Jul/2026:10:01:45 -0700] "GET /wp-content/uploads/2020/09/Rivers-Casino-not-reopening-from-today.jpg HTTP/1.1" 200 32117 "-" "Mozilla/5.0 (compatible; ImageFetcher/1.0)"
71.18.19.145 - - [24/Jul/2026:10:01:45 -0700] "GET /wp-content/uploads/2020/09/South-Korean-Casinos-to-Remain-Shut-Down-as-New-COVID-19-Cases-Emerge.jpg HTTP/1.1" 200 58717 "-" "Mozilla/5.0 (compatible; ImageFetcher/1.0)"
71.18.16.222 - - [24/Jul/2026:10:01:45 -0700] "GET /wp-content/uploads/2020/09/Elements-Casino-set-to-reopen.jpg HTTP/1.1" 200 59862 "-" "Mozilla/5.0 (compatible; ImageFetcher/1.0)"
71.18.19.165 - - [24/Jul/2026:10:01:46 -0700] "GET /wp-content/uploads/2020/09/SkyCity-online-casino-turns-profit-in-first-year-of-operation.jpg HTTP/1.1" 200 22660 "-" "Mozilla/5.0 (compatible; ImageFetcher/1.0)"
71.18.18.211 - - [24/Jul/2026:10:01:46 -0700] "GET /wp-content/uploads/2020/09/STATE-SUPREME-COURT-GIVES-GREEN-LIGHT-FOR-MADERA-CASINO.jpg HTTP/1.1" 200 62170 "-" "Mozilla/5.0 (compatible; ImageFetcher/1.0)"
192.145.236.177 - - [24/Jul/2026:10:01:47 -0700] "POST /wp-cron.php?doing_wp_cron=1784912507.9085679054260253906250 HTTP/1.1" 200 - "-" "pjTxuBAukXHh"
193.32.248.244 - - [24/Jul/2026:10:01:47 -0700] "POST /xmlrpc.php HTTP/1.1" 200 851 "-" "Jetpack by WordPress.com (Jetpack 12.1; WordPress 6.4)"
193.32.248.244 - - [24/Jul/2026:10:01:57 -0700] "POST /xmlrpc.php HTTP/1.1" 200 851 "-" "Jetpack/13.0; WordPress/6.1; http://site79965422.com"
193.32.248.244 - - [24/Jul/2026:10:02:08 -0700] "POST /xmlrpc.php HTTP/1.1" 200 851 "-" "Jetpack by WordPress.com"
192.145.236.177 - - [24/Jul/2026:10:02:20 -0700] "POST /wp-cron.php?doing_wp_cron=1784912540.6482069492340087890625 HTTP/1.1" 200 - "-" "NqhuXz2vNkOn"
193.32.248.244 - - [24/Jul/2026:10:02:19 -0700] "POST /xmlrpc.php HTTP/1.1" 200 851 "-" "Jetpack/12.5; WordPress/6.4; http://site14022808.com"
193.32.248.244 - - [24/Jul/2026:10:02:30 -0700] "POST /xmlrpc.php HTTP/1.1" 200 851 "-" "Jetpack by WordPress.com (Jetpack 12.1; WordPress 6.3)"
193.32.248.244 - - [24/Jul/2026:10:02:40 -0700] "POST /xmlrpc.php HTTP/1.1" 200 851 "-" "Jetpack/13.0; WordPress/6.1; http://site56527384.com"
193.32.248.244 - - [24/Jul/2026:10:02:51 -0700] "POST /xmlrpc.php HTTP/1.1" 406 300 "-" "WordPress.com; https://wordpress.com"
193.32.248.244 - - [24/Jul/2026:10:03:02 -0700] "POST /xmlrpc.php HTTP/1.1" 406 300 "-" "WordPress.com; https://wordpress.com"
192.145.236.177 - - [24/Jul/2026:10:03:16 -0700] "POST /wp-cron.php?doing_wp_cron=1784912596.1437330245971679687500 HTTP/1.1" 200 - "-" "Qgn6Rglrbvzx"
193.32.248.244 - - [24/Jul/2026:10:03:13 -0700] "POST /xmlrpc.php HTTP/1.1" 200 851 "-" "Jetpack by WordPress.com"
192.145.236.177 - - [24/Jul/2026:10:03:24 -0700] "POST /wp-cron.php?doing_wp_cron=1784912604.4364109039306640625000 HTTP/1.1" 200 - "-" "CorAFGidBpep"
193.32.248.244 - - [24/Jul/2026:10:03:23 -0700] "POST /xmlrpc.php HTTP/1.1" 200 851 "-" "Jetpack by WordPress.com"
193.32.248.244 - - [24/Jul/2026:10:03:34 -0700] "POST /xmlrpc.php HTTP/1.1" 200 851 "-" "Jetpack by WordPress.com"
192.145.236.177 - - [24/Jul/2026:10:03:45 -0700] "POST /wp-cron.php?doing_wp_cron=1784912625.8666911125183105468750 HTTP/1.1" 200 - "-" "IOKl298VAFp7"
193.32.248.244 - - [24/Jul/2026:10:03:45 -0700] "POST /xmlrpc.php HTTP/1.1" 200 851 "-" "Jetpack/12.5; WordPress/6.3; http://site17849382.com"
193.32.248.244 - - [24/Jul/2026:10:03:55 -0700] "POST /xmlrpc.php HTTP/1.1" 200 851 "-" "Jetpack by WordPress.com"
193.32.248.244 - - [24/Jul/2026:10:04:06 -0700] "POST /xmlrpc.php HTTP/1.1" 200 851 "-" "Jetpack by WordPress.com"
192.145.236.177 - - [24/Jul/2026:10:04:19 -0700] "POST /wp-cron.php?doing_wp_cron=1784912659.3178119659423828125000 HTTP/1.1" 200 - "-" "lPuJHqe7bmY0"
193.32.248.244 - - [24/Jul/2026:10:04:17 -0700] "POST /xmlrpc.php HTTP/1.1" 200 851 "-" "Jetpack by WordPress.com"
192.145.236.177 - - [24/Jul/2026:10:04:28 -0700] "POST /wp-cron.php?doing_wp_cron=1784912668.6912229061126708984375 HTTP/1.1" 200 - "-" "yjaoc19HaO1l"
193.32.248.244 - - [24/Jul/2026:10:04:27 -0700] "POST /xmlrpc.php HTTP/1.1" 200 851 "-" "Jetpack by WordPress.com"
193.32.248.244 - - [24/Jul/2026:10:04:38 -0700] "POST /xmlrpc.php HTTP/1.1" 200 851 "-" "Jetpack/13.0; WordPress/6.2; http://site99947604.com"
192.145.236.177 - - [24/Jul/2026:10:04:50 -0700] "POST /wp-cron.php?doing_wp_cron=1784912690.2290840148925781250000 HTTP/1.1" 200 - "-" "vhsuy3PoDWsI"
193.32.248.244 - - [24/Jul/2026:10:04:49 -0700] "POST /xmlrpc.php HTTP/1.1" 200 851 "-" "Jetpack by WordPress.com"
193.32.248.244 - - [24/Jul/2026:10:05:00 -0700] "POST /xmlrpc.php HTTP/1.1" 200 851 "-" "Jetpack by WordPress.com"
193.32.248.244 - - [24/Jul/2026:10:05:10 -0700] "POST /xmlrpc.php HTTP/1.1" 406 300 "-" "WordPress.com; https://wordpress.com"
192.145.236.177 - - [24/Jul/2026:10:05:23 -0700] "POST /wp-cron.php?doing_wp_cron=1784912723.7336759567260742187500 HTTP/1.1" 200 - "-" "vDR3SsPCpcuZ"
193.32.248.244 - - [24/Jul/2026:10:05:21 -0700] "POST /xmlrpc.php HTTP/1.1" 200 851 "-" "Jetpack by WordPress.com (Jetpack 12.0; WordPress 6.4)"
173.239.240.221 - - [24/Jul/2026:10:05:27 -0700] "GET /?author=1 HTTP/1.1" 200 448 "https://wordpress.org/" "Mozilla/5.0 (Macintosh; Intel Mac OS X 10_15_7) AppleWebKit/605.1.15 (KHTML, like Gecko) Version/17.0 Safari/605.1.15"
173.239.240.221 - - [24/Jul/2026:10:05:29 -0700] "GET /?author=2 HTTP/1.1" 200 448 "https://www.google.com/search?q=wordpress" "Mozilla/5.0 (Windows NT 10.0; Win64; x64; rv:119.0) Gecko/20100101 Firefox/119.0"
173.239.240.221 - - [24/Jul/2026:10:05:31 -0700] "GET /?author=3 HTTP/1.1" 200 448 "https://www.facebook.com/" "Mozilla/5.0 (Windows NT 10.0; Win64; x64) AppleWebKit/537.36 (KHTML, like Gecko) Chrome/118.0.0.0 Safari/537.36"
193.32.248.244 - - [24/Jul/2026:10:05:32 -0700] "POST /xmlrpc.php HTTP/1.1" 200 851 "-" "Jetpack by WordPress.com (Jetpack 12.0; WordPress 6.2)"
173.239.240.221 - - [24/Jul/2026:10:05:34 -0700] "GET /?author=4 HTTP/1.1" 200 448 "-" "Mozilla/5.0 (Windows NT 11.0; Win64; x64; rv:119.0) Gecko/20100101 Firefox/119.0"
173.239.240.221 - - [24/Jul/2026:10:05:36 -0700] "GET /?author=5 HTTP/1.1" 200 448 "https://wordpress.org/" "Mozilla/5.0 (Windows NT 10.0; Win64; x64; rv:120.0) Gecko/20100101 Firefox/120.0"
173.239.240.221 - - [24/Jul/2026:10:05:37 -0700] "GET /?author=6 HTTP/1.1" 200 448 "https://wordpress.org/" "Mozilla/5.0 (Macintosh; Intel Mac OS X 10_15_7) AppleWebKit/537.36 (KHTML, like Gecko) Chrome/118.0.0.0 Safari/537.36"
173.239.240.221 - - [24/Jul/2026:10:05:39 -0700] "GET /?author=7 HTTP/1.1" 200 448 "https://t.co/" "Mozilla/5.0 (Windows NT 10.0; Win64; x64; rv:121.0) Gecko/20100101 Firefox/121.0"
192.145.236.177 - - [24/Jul/2026:10:05:44 -0700] "POST /wp-cron.php?doing_wp_cron=1784912744.0098919868469238281250 HTTP/1.1" 200 - "-" "xKwIoctdaYxF"
193.32.248.244 - - [24/Jul/2026:10:05:42 -0700] "POST /xmlrpc.php HTTP/1.1" 200 851 "-" "Jetpack by WordPress.com (Jetpack 12.0; WordPress 6.1)"
173.239.240.221 - - [24/Jul/2026:10:05:43 -0700] "GET /?author=8 HTTP/1.1" 200 448 "https://wordpress.org/" "Mozilla/5.0 (Macintosh; Intel Mac OS X 13_6_1) AppleWebKit/605.1.15 (KHTML, like Gecko) Version/16.6 Safari/605.1.15"
173.239.240.221 - - [24/Jul/2026:10:05:46 -0700] "GET /?author=9 HTTP/1.1" 200 448 "https://www.google.com/" "Mozilla/5.0 (Macintosh; Intel Mac OS X 10_15_7) AppleWebKit/537.36 (KHTML, like Gecko) Chrome/118.0.0.0 Safari/537.36"
173.239.240.221 - - [24/Jul/2026:10:05:48 -0700] "GET /wp-json/wp/v2/users HTTP/1.1" 200 4573 "https://duckduckgo.com/" "Mozilla/5.0 (Macintosh; Intel Mac OS X 13_6_1) AppleWebKit/605.1.15 (KHTML, like Gecko) Version/17.1 Safari/605.1.15"
173.239.240.221 - - [24/Jul/2026:10:05:50 -0700] "GET / HTTP/1.1" 200 448 "https://www.google.com/search?q=wordpress" "Mozilla/5.0 (Windows NT 10.0; Win64; x64; rv:121.0) Gecko/20100101 Firefox/121.0"
193.32.248.244 - - [24/Jul/2026:10:05:53 -0700] "POST /xmlrpc.php HTTP/1.1" 200 851 "-" "Jetpack by WordPress.com"
193.32.248.244 - - [24/Jul/2026:10:06:04 -0700] "POST /xmlrpc.php HTTP/1.1" 200 851 "-" "Jetpack by WordPress.com"
192.145.236.177 - - [24/Jul/2026:10:06:16 -0700] "POST /wp-cron.php?doing_wp_cron=1784912776.7376050949096679687500 HTTP/1.1" 200 - "-" "CYO86ytGj4gV"
193.32.248.244 - - [24/Jul/2026:10:06:14 -0700] "POST /xmlrpc.php HTTP/1.1" 200 851 "-" "Jetpack/13.0; WordPress/6.1; http://site53222582.com"
192.145.236.177 - - [24/Jul/2026:10:06:26 -0700] "POST /wp-cron.php?doing_wp_cron=1784912786.3688280582427978515625 HTTP/1.1" 200 - "-" "ziDqo57a4Dyi"
193.32.248.244 - - [24/Jul/2026:10:06:25 -0700] "POST /xmlrpc.php HTTP/1.1" 200 851 "-" "Jetpack/12.1; WordPress/6.1; http://site79246697.com"
193.32.248.244 - - [24/Jul/2026:10:06:36 -0700] "POST /xmlrpc.php HTTP/1.1" 200 851 "-" "Jetpack by WordPress.com (Jetpack 12.5; WordPress 6.2)"
192.145.236.177 - - [24/Jul/2026:10:06:47 -0700] "POST /wp-cron.php?doing_wp_cron=1784912807.9133300781250000000000 HTTP/1.1" 200 - "-" "tyWsaBvLCQCu"
193.32.248.244 - - [24/Jul/2026:10:06:46 -0700] "POST /xmlrpc.php HTTP/1.1" 200 851 "-" "Jetpack/12.5; WordPress/6.3; http://site27687757.com"
193.32.248.244 - - [24/Jul/2026:10:06:57 -0700] "POST /xmlrpc.php HTTP/1.1" 200 851 "-" "Jetpack/12.1; WordPress/6.3; http://site68120732.com"
193.32.248.244 - - [24/Jul/2026:10:07:08 -0700] "POST /xmlrpc.php HTTP/1.1" 200 851 "-" "Jetpack/12.1; WordPress/6.2; http://site17385286.com"
192.145.236.177 - - [24/Jul/2026:10:07:20 -0700] "POST /wp-cron.php?doing_wp_cron=1784912840.2344570159912109375000 HTTP/1.1" 200 - "-" "5QrO7xWlG6xa"
193.32.248.244 - - [24/Jul/2026:10:07:19 -0700] "POST /xmlrpc.php HTTP/1.1" 200 851 "-" "Jetpack by WordPress.com (Jetpack 13.0; WordPress 6.3)"
193.32.248.244 - - [24/Jul/2026:10:07:29 -0700] "POST /xmlrpc.php HTTP/1.1" 200 851 "-" "Jetpack by WordPress.com (Jetpack 12.1; WordPress 6.4)"
193.32.248.244 - - [24/Jul/2026:10:07:40 -0700] "POST /xmlrpc.php HTTP/1.1" 406 300 "-" "WordPress.com; https://wordpress.com"
193.32.248.244 - - [24/Jul/2026:10:07:51 -0700] "POST /xmlrpc.php HTTP/1.1" 406 300 "-" "WordPress.com; https://wordpress.com"
192.145.236.177 - - [24/Jul/2026:10:08:02 -0700] "POST /wp-cron.php?doing_wp_cron=1784912882.8724310398101806640625 HTTP/1.1" 200 - "-" "CJ7Xwg7s9Hz3"
193.32.248.244 - - [24/Jul/2026:10:08:01 -0700] "POST /xmlrpc.php HTTP/1.1" 200 851 "-" "Jetpack/12.0; WordPress/6.1; http://site10146438.com"
193.32.248.244 - - [24/Jul/2026:10:08:12 -0700] "POST /xmlrpc.php HTTP/1.1" 406 300 "-" "WordPress.com; https://wordpress.com"
193.32.248.244 - - [24/Jul/2026:10:08:23 -0700] "POST /xmlrpc.php HTTP/1.1" 406 300 "-" "WordPress.com; https://wordpress.com"
192.145.236.177 - - [24/Jul/2026:10:08:34 -0700] "POST /wp-cron.php?doing_wp_cron=1784912914.5882649421691894531250 HTTP/1.1" 200 - "-" "iQbigx6um20S"
193.32.248.244 - - [24/Jul/2026:10:08:34 -0700] "POST /xmlrpc.php HTTP/1.1" 200 851 "-" "Jetpack/12.5; WordPress/6.1; http://site56110050.com"
192.145.236.177 - - [24/Jul/2026:10:08:45 -0700] "POST /wp-cron.php?doing_wp_cron=1784912925.5657169818878173828125 HTTP/1.1" 200 - "-" "BbOx2YMbi6u4"
193.32.248.244 - - [24/Jul/2026:10:08:44 -0700] "POST /xmlrpc.php HTTP/1.1" 200 851 "-" "Jetpack/13.0; WordPress/6.4; http://site56999597.com"
193.32.248.244 - - [24/Jul/2026:10:08:55 -0700] "POST /xmlrpc.php HTTP/1.1" 200 851 "-" "Jetpack by WordPress.com"
193.32.248.244 - - [24/Jul/2026:10:09:05 -0700] "POST /xmlrpc.php HTTP/1.1" 200 851 "-" "Jetpack by WordPress.com"
192.145.236.177 - - [24/Jul/2026:10:09:17 -0700] "POST /wp-cron.php?doing_wp_cron=1784912957.3048570156097412109375 HTTP/1.1" 200 - "-" "O5ryXV9Od47N"
193.32.248.244 - - [24/Jul/2026:10:09:16 -0700] "POST /xmlrpc.php HTTP/1.1" 200 851 "-" "Jetpack/12.1; WordPress/6.1; http://site85204488.com"
192.145.236.177 - - [24/Jul/2026:10:09:28 -0700] "POST /wp-cron.php?doing_wp_cron=1784912968.1770880222320556640625 HTTP/1.1" 200 - "-" "nZLE5Ru0I7rU"
193.32.248.244 - - [24/Jul/2026:10:09:27 -0700] "POST /xmlrpc.php HTTP/1.1" 200 851 "-" "Jetpack/12.0; WordPress/6.3; http://site47359740.com"
173.239.240.210 - - [24/Jul/2026:10:09:32 -0700] "POST /wp-login.php HTTP/1.1" 200 6934 "https://casino.tires/wp-login.php" "Mozilla/5.0 (Macintosh; Intel Mac OS X 10_15_7) AppleWebKit/605.1.15 (KHTML, like Gecko) Version/17.2 Safari/605.1.15"
173.239.240.210 - - [24/Jul/2026:10:09:34 -0700] "GET /wp-admin/index.php HTTP/1.1" 200 457 "https://casino.tires/wp-login.php" "Mozilla/5.0 (X11; Linux x86_64) AppleWebKit/537.36 (KHTML, like Gecko) Chrome/119.0.0.0 Safari/537.36"
193.32.248.244 - - [24/Jul/2026:10:09:38 -0700] "POST /xmlrpc.php HTTP/1.1" 406 300 "-" "WordPress.com; https://wordpress.com"
173.239.240.210 - - [24/Jul/2026:10:09:38 -0700] "GET /wp-admin/profile.php HTTP/1.1" 200 457 "https://casino.tires/wp-login.php" "Mozilla/5.0 (X11; Linux x86_64) AppleWebKit/537.36 (KHTML, like Gecko) Chrome/119.0.0.0 Safari/537.36"
173.239.240.210 - - [24/Jul/2026:10:09:40 -0700] "GET /wp-admin/edit.php HTTP/1.1" 200 457 "https://casino.tires/wp-login.php" "Mozilla/5.0 (X11; Linux x86_64) AppleWebKit/537.36 (KHTML, like Gecko) Chrome/119.0.0.0 Safari/537.36"
192.145.236.177 - - [24/Jul/2026:10:09:43 -0700] "POST /wp-cron.php?doing_wp_cron=1784912983.0624821186065673828125 HTTP/1.1" 200 - "-" "4fWnHF4rHxfa"
173.239.240.210 - - [24/Jul/2026:10:09:42 -0700] "GET /wp-admin/plugins.php HTTP/1.1" 200 457 "https://casino.tires/wp-login.php" "Mozilla/5.0 (X11; Linux x86_64) AppleWebKit/537.36 (KHTML, like Gecko) Chrome/119.0.0.0 Safari/537.36"
192.145.236.177 - - [24/Jul/2026:10:09:45 -0700] "POST /wp-cron.php?doing_wp_cron=1784912985.7981379032135009765625 HTTP/1.1" 200 - "-" "9QBVRIFLzdme"
173.239.240.210 - - [24/Jul/2026:10:09:44 -0700] "POST /wp-login.php HTTP/1.1" 200 6934 "https://casino.tires/wp-login.php" "Mozilla/5.0 (Macintosh; Intel Mac OS X 10_15_7) AppleWebKit/537.36 (KHTML, like Gecko) Chrome/121.0.0.0 Safari/537.36"
173.239.240.210 - - [24/Jul/2026:10:09:46 -0700] "GET /wp-admin/index.php HTTP/1.1" 200 457 "https://casino.tires/wp-login.php" "Mozilla/5.0 (Windows NT 11.0; Win64; x64; rv:119.0) Gecko/20100101 Firefox/119.0"
173.239.240.210 - - [24/Jul/2026:10:09:47 -0700] "GET /wp-admin/profile.php HTTP/1.1" 200 457 "https://casino.tires/wp-login.php" "Mozilla/5.0 (Windows NT 11.0; Win64; x64; rv:119.0) Gecko/20100101 Firefox/119.0"
193.32.248.244 - - [24/Jul/2026:10:09:48 -0700] "POST /xmlrpc.php HTTP/1.1" 200 851 "-" "Jetpack/12.1; WordPress/6.2; http://site39214457.com"
173.239.240.210 - - [24/Jul/2026:10:09:48 -0700] "GET /wp-admin/edit.php HTTP/1.1" 200 457 "https://casino.tires/wp-login.php" "Mozilla/5.0 (Windows NT 11.0; Win64; x64; rv:119.0) Gecko/20100101 Firefox/119.0"
173.239.240.210 - - [24/Jul/2026:10:09:50 -0700] "GET /wp-admin/plugins.php HTTP/1.1" 200 457 "https://casino.tires/wp-login.php" "Mozilla/5.0 (Windows NT 11.0; Win64; x64; rv:119.0) Gecko/20100101 Firefox/119.0"
173.239.240.210 - - [24/Jul/2026:10:09:51 -0700] "POST /wp-login.php HTTP/1.1" 200 6934 "https://casino.tires/wp-login.php" "Mozilla/5.0 (Windows NT 10.0; Win64; x64; rv:118.0) Gecko/20100101 Firefox/118.0"
173.239.240.210 - - [24/Jul/2026:10:09:55 -0700] "GET /wp-admin/index.php HTTP/1.1" 200 457 "https://casino.tires/wp-login.php" "Mozilla/5.0 (Windows NT 11.0; Win64; x64) AppleWebKit/537.36 (KHTML, like Gecko) Chrome/119.0.0.0 Safari/537.36"
173.239.240.210 - - [24/Jul/2026:10:09:57 -0700] "GET /wp-admin/profile.php HTTP/1.1" 200 457 "https://casino.tires/wp-login.php" "Mozilla/5.0 (Windows NT 11.0; Win64; x64) AppleWebKit/537.36 (KHTML, like Gecko) Chrome/119.0.0.0 Safari/537.36"
193.32.248.244 - - [24/Jul/2026:10:09:59 -0700] "POST /xmlrpc.php HTTP/1.1" 406 300 "-" "WordPress.com; https://wordpress.com"
173.239.240.210 - - [24/Jul/2026:10:09:59 -0700] "GET /wp-admin/edit.php HTTP/1.1" 200 457 "https://casino.tires/wp-login.php" "Mozilla/5.0 (Windows NT 11.0; Win64; x64) AppleWebKit/537.36 (KHTML, like Gecko) Chrome/119.0.0.0 Safari/537.36"
173.239.240.210 - - [24/Jul/2026:10:10:04 -0700] "GET /wp-admin/plugins.php HTTP/1.1" 200 457 "https://casino.tires/wp-login.php" "Mozilla/5.0 (Windows NT 11.0; Win64; x64) AppleWebKit/537.36 (KHTML, like Gecko) Chrome/119.0.0.0 Safari/537.36"
173.239.240.210 - - [24/Jul/2026:10:10:05 -0700] "POST /wp-login.php HTTP/1.1" 200 6934 "https://casino.tires/wp-login.php" "Mozilla/5.0 (Macintosh; Intel Mac OS X 13_6_1) AppleWebKit/605.1.15 (KHTML, like Gecko) Version/17.2 Safari/605.1.15"
173.239.240.210 - - [24/Jul/2026:10:10:06 -0700] "GET /wp-admin/index.php HTTP/1.1" 200 457 "https://casino.tires/wp-login.php" "Mozilla/5.0 (X11; Linux x86_64) AppleWebKit/537.36 (KHTML, like Gecko) Chrome/119.0.0.0 Safari/537.36"
173.239.240.210 - - [24/Jul/2026:10:10:07 -0700] "GET /wp-admin/profile.php HTTP/1.1" 200 457 "https://casino.tires/wp-login.php" "Mozilla/5.0 (X11; Linux x86_64) AppleWebKit/537.36 (KHTML, like Gecko) Chrome/119.0.0.0 Safari/537.36"
193.32.248.244 - - [24/Jul/2026:10:10:10 -0700] "POST /xmlrpc.php HTTP/1.1" 200 851 "-" "Jetpack/12.5; WordPress/6.3; http://site96657836.com"
173.239.240.210 - - [24/Jul/2026:10:10:11 -0700] "GET /wp-admin/edit.php HTTP/1.1" 200 457 "https://casino.tires/wp-login.php" "Mozilla/5.0 (X11; Linux x86_64) AppleWebKit/537.36 (KHTML, like Gecko) Chrome/119.0.0.0 Safari/537.36"
192.145.236.177 - - [24/Jul/2026:10:10:13 -0700] "POST /wp-cron.php?doing_wp_cron=1784913013.8494238853454589843750 HTTP/1.1" 200 - "-" "940L2PapeCm1"
173.239.240.210 - - [24/Jul/2026:10:10:13 -0700] "GET /wp-admin/plugins.php HTTP/1.1" 200 457 "https://casino.tires/wp-login.php" "Mozilla/5.0 (X11; Linux x86_64) AppleWebKit/537.36 (KHTML, like Gecko) Chrome/119.0.0.0 Safari/537.36"
173.239.240.210 - - [24/Jul/2026:10:10:14 -0700] "POST /wp-login.php HTTP/1.1" 200 6934 "https://casino.tires/wp-login.php" "Mozilla/5.0 (Windows NT 10.0; Win64; x64) AppleWebKit/537.36 (KHTML, like Gecko) Chrome/121.0.0.0 Safari/537.36"
173.239.240.210 - - [24/Jul/2026:10:10:19 -0700] "GET /wp-admin/index.php HTTP/1.1" 200 457 "https://casino.tires/wp-login.php" "Mozilla/5.0 (Macintosh; Intel Mac OS X 13_6_1) AppleWebKit/537.36 (KHTML, like Gecko) Chrome/121.0.0.0 Safari/537.36"
193.32.248.244 - - [24/Jul/2026:10:10:20 -0700] "POST /xmlrpc.php HTTP/1.1" 200 851 "-" "Jetpack by WordPress.com (Jetpack 12.1; WordPress 6.1)"
192.145.236.177 - - [24/Jul/2026:10:10:21 -0700] "POST /wp-cron.php?doing_wp_cron=1784913021.7547149658203125000000 HTTP/1.1" 200 - "-" "NV82mTG5IVTv"
173.239.240.210 - - [24/Jul/2026:10:10:20 -0700] "GET /wp-admin/profile.php HTTP/1.1" 200 457 "https://casino.tires/wp-login.php" "Mozilla/5.0 (Macintosh; Intel Mac OS X 13_6_1) AppleWebKit/537.36 (KHTML, like Gecko) Chrome/121.0.0.0 Safari/537.36"
173.239.240.210 - - [24/Jul/2026:10:10:22 -0700] "GET /wp-admin/edit.php HTTP/1.1" 200 457 "https://casino.tires/wp-login.php" "Mozilla/5.0 (Macintosh; Intel Mac OS X 13_6_1) AppleWebKit/537.36 (KHTML, like Gecko) Chrome/121.0.0.0 Safari/537.36"
173.239.240.210 - - [24/Jul/2026:10:10:25 -0700] "GET /wp-admin/plugins.php HTTP/1.1" 200 457 "https://casino.tires/wp-login.php" "Mozilla/5.0 (Macintosh; Intel Mac OS X 13_6_1) AppleWebKit/537.36 (KHTML, like Gecko) Chrome/121.0.0.0 Safari/537.36"
173.239.240.210 - - [24/Jul/2026:10:10:27 -0700] "POST /wp-login.php HTTP/1.1" 200 6934 "https://casino.tires/wp-login.php" "Mozilla/5.0 (X11; Ubuntu; Linux x86_64) AppleWebKit/537.36 (KHTML, like Gecko) Chrome/121.0.0.0 Safari/537.36"
173.239.240.210 - - [24/Jul/2026:10:10:29 -0700] "GET /wp-admin/index.php HTTP/1.1" 200 457 "https://casino.tires/wp-login.php" "Mozilla/5.0 (Windows NT 11.0; Win64; x64; rv:119.0) Gecko/20100101 Firefox/119.0"
193.32.248.244 - - [24/Jul/2026:10:10:31 -0700] "POST /xmlrpc.php HTTP/1.1" 200 851 "-" "Jetpack by WordPress.com"
173.239.240.210 - - [24/Jul/2026:10:10:32 -0700] "GET /wp-admin/profile.php HTTP/1.1" 200 457 "https://casino.tires/wp-login.php" "Mozilla/5.0 (Windows NT 11.0; Win64; x64; rv:119.0) Gecko/20100101 Firefox/119.0"
173.239.240.210 - - [24/Jul/2026:10:10:33 -0700] "GET /wp-admin/edit.php HTTP/1.1" 200 457 "https://casino.tires/wp-login.php" "Mozilla/5.0 (Windows NT 11.0; Win64; x64; rv:119.0) Gecko/20100101 Firefox/119.0"
173.239.240.210 - - [24/Jul/2026:10:10:35 -0700] "GET /wp-admin/plugins.php HTTP/1.1" 200 457 "https://casino.tires/wp-login.php" "Mozilla/5.0 (Windows NT 11.0; Win64; x64; rv:119.0) Gecko/20100101 Firefox/119.0"
173.239.240.210 - - [24/Jul/2026:10:10:37 -0700] "POST /wp-login.php HTTP/1.1" 200 6934 "https://casino.tires/wp-login.php" "Mozilla/5.0 (Macintosh; Intel Mac OS X 10_15_7) AppleWebKit/537.36 (KHTML, like Gecko) Chrome/118.0.0.0 Safari/537.36"
192.145.236.177 - - [24/Jul/2026:10:10:43 -0700] "POST /wp-cron.php?doing_wp_cron=1784913043.0811870098114013671875 HTTP/1.1" 200 - "-" "g9D1YZQ3tJuL"
193.32.248.244 - - [24/Jul/2026:10:10:42 -0700] "POST /xmlrpc.php HTTP/1.1" 200 851 "-" "Jetpack by WordPress.com"
173.239.240.210 - - [24/Jul/2026:10:10:42 -0700] "GET /wp-admin/index.php HTTP/1.1" 200 457 "https://casino.tires/wp-login.php" "Mozilla/5.0 (X11; Ubuntu; Linux x86_64) AppleWebKit/537.36 (KHTML, like Gecko) Chrome/118.0.0.0 Safari/537.36"
173.239.240.210 - - [24/Jul/2026:10:10:45 -0700] "GET /wp-admin/profile.php HTTP/1.1" 200 457 "https://casino.tires/wp-login.php" "Mozilla/5.0 (X11; Ubuntu; Linux x86_64) AppleWebKit/537.36 (KHTML, like Gecko) Chrome/118.0.0.0 Safari/537.36"
173.239.240.210 - - [24/Jul/2026:10:10:48 -0700] "GET /wp-admin/edit.php HTTP/1.1" 200 457 "https://casino.tires/wp-login.php" "Mozilla/5.0 (X11; Ubuntu; Linux x86_64) AppleWebKit/537.36 (KHTML, like Gecko) Chrome/118.0.0.0 Safari/537.36"
173.239.240.210 - - [24/Jul/2026:10:10:49 -0700] "GET /wp-admin/plugins.php HTTP/1.1" 200 457 "https://casino.tires/wp-login.php" "Mozilla/5.0 (X11; Ubuntu; Linux x86_64) AppleWebKit/537.36 (KHTML, like Gecko) Chrome/118.0.0.0 Safari/537.36"
193.32.248.244 - - [24/Jul/2026:10:10:52 -0700] "POST /xmlrpc.php HTTP/1.1" 406 300 "-" "WordPress.com; https://wordpress.com"
173.239.240.210 - - [24/Jul/2026:10:10:52 -0700] "POST /wp-login.php HTTP/1.1" 200 6934 "https://casino.tires/wp-login.php" "Mozilla/5.0 (Macintosh; Intel Mac OS X 13_6_1) AppleWebKit/537.36 (KHTML, like Gecko) Chrome/119.0.0.0 Safari/537.36"
173.239.240.210 - - [24/Jul/2026:10:10:55 -0700] "GET /wp-admin/index.php HTTP/1.1" 200 457 "https://casino.tires/wp-login.php" "Mozilla/5.0 (Macintosh; Intel Mac OS X 13_6_1) AppleWebKit/537.36 (KHTML, like Gecko) Chrome/118.0.0.0 Safari/537.36"
173.239.240.210 - - [24/Jul/2026:10:10:58 -0700] "GET /wp-admin/profile.php HTTP/1.1" 200 457 "https://casino.tires/wp-login.php" "Mozilla/5.0 (Macintosh; Intel Mac OS X 13_6_1) AppleWebKit/537.36 (KHTML, like Gecko) Chrome/118.0.0.0 Safari/537.36"
173.239.240.210 - - [24/Jul/2026:10:10:59 -0700] "GET /wp-admin/edit.php HTTP/1.1" 200 457 "https://casino.tires/wp-login.php" "Mozilla/5.0 (Macintosh; Intel Mac OS X 13_6_1) AppleWebKit/537.36 (KHTML, like Gecko) Chrome/118.0.0.0 Safari/537.36"
173.239.240.210 - - [24/Jul/2026:10:11:00 -0700] "GET /wp-admin/plugins.php HTTP/1.1" 200 457 "https://casino.tires/wp-login.php" "Mozilla/5.0 (Macintosh; Intel Mac OS X 13_6_1) AppleWebKit/537.36 (KHTML, like Gecko) Chrome/118.0.0.0 Safari/537.36"
193.32.248.244 - - [24/Jul/2026:10:11:03 -0700] "POST /xmlrpc.php HTTP/1.1" 200 851 "-" "Jetpack/12.0; WordPress/6.2; http://site43024738.com"
193.32.248.244 - - [24/Jul/2026:10:11:14 -0700] "POST /xmlrpc.php HTTP/1.1" 406 300 "-" "WordPress.com; https://wordpress.com"
192.145.236.177 - - [24/Jul/2026:10:11:25 -0700] "POST /wp-cron.php?doing_wp_cron=1784913085.7092740535736083984375 HTTP/1.1" 200 - "-" "7nTZW8hOR9o0"
193.32.248.244 - - [24/Jul/2026:10:11:24 -0700] "POST /xmlrpc.php HTTP/1.1" 200 851 "-" "Jetpack by WordPress.com"
193.32.248.244 - - [24/Jul/2026:10:11:35 -0700] "POST /xmlrpc.php HTTP/1.1" 200 851 "-" "Jetpack by WordPress.com (Jetpack 13.0; WordPress 6.4)"
192.145.236.177 - - [24/Jul/2026:10:11:46 -0700] "POST /wp-cron.php?doing_wp_cron=1784913106.9822340011596679687500 HTTP/1.1" 200 - "-" "xsqPf3SZK7PM"
193.32.248.244 - - [24/Jul/2026:10:11:46 -0700] "POST /xmlrpc.php HTTP/1.1" 200 851 "-" "Jetpack by WordPress.com (Jetpack 12.1; WordPress 6.3)"
173.239.240.208 - - [24/Jul/2026:10:11:48 -0700] "POST /wp-login.php HTTP/1.1" 200 6934 "https://casino.tires/wp-login.php" "Mozilla/5.0 (Macintosh; Intel Mac OS X 13_6_1) AppleWebKit/537.36 (KHTML, like Gecko) Chrome/119.0.0.0 Safari/537.36"
173.239.240.208 - - [24/Jul/2026:10:11:49 -0700] "GET /wp-admin/index.php HTTP/1.1" 200 457 "https://casino.tires/wp-login.php" "Mozilla/5.0 (Macintosh; Intel Mac OS X 10_15_7) AppleWebKit/605.1.15 (KHTML, like Gecko) Version/16.6 Safari/605.1.15"
173.239.240.208 - - [24/Jul/2026:10:11:51 -0700] "GET /wp-admin/profile.php HTTP/1.1" 200 457 "https://casino.tires/wp-login.php" "Mozilla/5.0 (Macintosh; Intel Mac OS X 10_15_7) AppleWebKit/605.1.15 (KHTML, like Gecko) Version/16.6 Safari/605.1.15"
173.239.240.208 - - [24/Jul/2026:10:11:52 -0700] "GET /wp-admin/edit.php HTTP/1.1" 200 457 "https://casino.tires/wp-login.php" "Mozilla/5.0 (Macintosh; Intel Mac OS X 10_15_7) AppleWebKit/605.1.15 (KHTML, like Gecko) Version/16.6 Safari/605.1.15"
173.239.240.208 - - [24/Jul/2026:10:11:53 -0700] "GET /wp-admin/plugins.php HTTP/1.1" 200 457 "https://casino.tires/wp-login.php" "Mozilla/5.0 (Macintosh; Intel Mac OS X 10_15_7) AppleWebKit/605.1.15 (KHTML, like Gecko) Version/16.6 Safari/605.1.15"
173.239.240.208 - - [24/Jul/2026:10:11:54 -0700] "POST /wp-login.php HTTP/1.1" 200 6934 "https://casino.tires/wp-login.php" "Mozilla/5.0 (Windows NT 11.0; Win64; x64; rv:120.0) Gecko/20100101 Firefox/120.0"
173.239.240.208 - - [24/Jul/2026:10:11:55 -0700] "GET /wp-admin/index.php HTTP/1.1" 200 457 "https://casino.tires/wp-login.php" "Mozilla/5.0 (Macintosh; Intel Mac OS X 13_6_1; rv:120.0) Gecko/20100101 Firefox/120.0"
173.239.240.208 - - [24/Jul/2026:10:11:57 -0700] "GET /wp-admin/profile.php HTTP/1.1" 200 457 "https://casino.tires/wp-login.php" "Mozilla/5.0 (Macintosh; Intel Mac OS X 13_6_1; rv:120.0) Gecko/20100101 Firefox/120.0"
193.32.248.244 - - [24/Jul/2026:10:11:57 -0700] "POST /xmlrpc.php HTTP/1.1" 200 851 "-" "Jetpack by WordPress.com (Jetpack 12.1; WordPress 6.1)"
173.239.240.208 - - [24/Jul/2026:10:11:58 -0700] "GET /wp-admin/edit.php HTTP/1.1" 200 457 "https://casino.tires/wp-login.php" "Mozilla/5.0 (Macintosh; Intel Mac OS X 13_6_1; rv:120.0) Gecko/20100101 Firefox/120.0"
173.239.240.208 - - [24/Jul/2026:10:11:59 -0700] "GET /wp-admin/plugins.php HTTP/1.1" 200 457 "https://casino.tires/wp-login.php" "Mozilla/5.0 (Macintosh; Intel Mac OS X 13_6_1; rv:120.0) Gecko/20100101 Firefox/120.0"
173.239.240.208 - - [24/Jul/2026:10:12:01 -0700] "POST /wp-login.php HTTP/1.1" 200 6934 "https://casino.tires/wp-login.php" "Mozilla/5.0 (Macintosh; Intel Mac OS X 10_15_7) AppleWebKit/605.1.15 (KHTML, like Gecko) Version/17.2 Safari/605.1.15"
173.239.240.208 - - [24/Jul/2026:10:12:02 -0700] "GET /wp-admin/index.php HTTP/1.1" 200 457 "https://casino.tires/wp-login.php" "Mozilla/5.0 (Macintosh; Intel Mac OS X 10_15_7) AppleWebKit/605.1.15 (KHTML, like Gecko) Version/17.0 Safari/605.1.15"
173.239.240.208 - - [24/Jul/2026:10:12:03 -0700] "GET /wp-admin/profile.php HTTP/1.1" 200 457 "https://casino.tires/wp-login.php" "Mozilla/5.0 (Macintosh; Intel Mac OS X 10_15_7) AppleWebKit/605.1.15 (KHTML, like Gecko) Version/17.0 Safari/605.1.15"
173.239.240.208 - - [24/Jul/2026:10:12:04 -0700] "GET /wp-admin/edit.php HTTP/1.1" 200 457 "https://casino.tires/wp-login.php" "Mozilla/5.0 (Macintosh; Intel Mac OS X 10_15_7) AppleWebKit/605.1.15 (KHTML, like Gecko) Version/17.0 Safari/605.1.15"
193.32.248.244 - - [24/Jul/2026:10:12:07 -0700] "POST /xmlrpc.php HTTP/1.1" 200 851 "-" "Jetpack/12.5; WordPress/6.1; http://site33411513.com"
173.239.240.208 - - [24/Jul/2026:10:12:08 -0700] "GET /wp-admin/plugins.php HTTP/1.1" 200 457 "https://casino.tires/wp-login.php" "Mozilla/5.0 (Macintosh; Intel Mac OS X 10_15_7) AppleWebKit/605.1.15 (KHTML, like Gecko) Version/17.0 Safari/605.1.15"
192.145.236.177 - - [24/Jul/2026:10:12:14 -0700] "POST /wp-cron.php?doing_wp_cron=1784913134.1823549270629882812500 HTTP/1.1" 200 - "-" "k5Oz7HR72V0Z"
173.239.240.208 - - [24/Jul/2026:10:12:10 -0700] "POST /wp-login.php HTTP/1.1" 200 6934 "https://casino.tires/wp-login.php" "Mozilla/5.0 (Windows NT 10.0; Win64; x64) AppleWebKit/537.36 (KHTML, like Gecko) Chrome/121.0.0.0 Safari/537.36"
173.239.240.208 - - [24/Jul/2026:10:12:17 -0700] "GET /wp-admin/index.php HTTP/1.1" 200 457 "https://casino.tires/wp-login.php" "Mozilla/5.0 (Macintosh; Intel Mac OS X 10_15_7) AppleWebKit/605.1.15 (KHTML, like Gecko) Version/16.6 Safari/605.1.15"
193.32.248.244 - - [24/Jul/2026:10:12:18 -0700] "POST /xmlrpc.php HTTP/1.1" 200 851 "-" "Jetpack by WordPress.com"
173.239.240.208 - - [24/Jul/2026:10:12:18 -0700] "GET /wp-admin/profile.php HTTP/1.1" 200 457 "https://casino.tires/wp-login.php" "Mozilla/5.0 (Macintosh; Intel Mac OS X 10_15_7) AppleWebKit/605.1.15 (KHTML, like Gecko) Version/16.6 Safari/605.1.15"
173.239.240.208 - - [24/Jul/2026:10:12:19 -0700] "GET /wp-admin/edit.php HTTP/1.1" 200 457 "https://casino.tires/wp-login.php" "Mozilla/5.0 (Macintosh; Intel Mac OS X 10_15_7) AppleWebKit/605.1.15 (KHTML, like Gecko) Version/16.6 Safari/605.1.15"
192.145.236.177 - - [24/Jul/2026:10:12:23 -0700] "POST /wp-cron.php?doing_wp_cron=1784913143.4096210002899169921875 HTTP/1.1" 200 - "-" "tGEIRMHhBRox"
173.239.240.208 - - [24/Jul/2026:10:12:22 -0700] "GET /wp-admin/plugins.php HTTP/1.1" 200 457 "https://casino.tires/wp-login.php" "Mozilla/5.0 (Macintosh; Intel Mac OS X 10_15_7) AppleWebKit/605.1.15 (KHTML, like Gecko) Version/16.6 Safari/605.1.15"
173.239.240.208 - - [24/Jul/2026:10:12:25 -0700] "POST /wp-login.php HTTP/1.1" 302 259 "https://casino.tires/wp-login.php" "Mozilla/5.0 (X11; Ubuntu; Linux x86_64) AppleWebKit/537.36 (KHTML, like Gecko) Chrome/121.0.0.0 Safari/537.36"
173.239.240.208 - - [24/Jul/2026:10:12:25 -0700] "GET /wp-admin/index.php HTTP/1.1" 200 457 "https://casino.tires/wp-login.php" "Mozilla/5.0 (X11; Linux x86_64) AppleWebKit/537.36 (KHTML, like Gecko) Chrome/119.0.0.0 Safari/537.36"
173.239.240.208 - - [24/Jul/2026:10:12:26 -0700] "GET /wp-admin/profile.php HTTP/1.1" 200 457 "https://casino.tires/wp-login.php" "Mozilla/5.0 (X11; Linux x86_64) AppleWebKit/537.36 (KHTML, like Gecko) Chrome/119.0.0.0 Safari/537.36"
193.32.248.244 - - [24/Jul/2026:10:12:29 -0700] "POST /xmlrpc.php HTTP/1.1" 200 851 "-" "Jetpack/12.1; WordPress/6.3; http://site12435849.com"
173.239.240.208 - - [24/Jul/2026:10:12:30 -0700] "GET /wp-admin/edit.php HTTP/1.1" 200 457 "https://casino.tires/wp-login.php" "Mozilla/5.0 (X11; Linux x86_64) AppleWebKit/537.36 (KHTML, like Gecko) Chrome/119.0.0.0 Safari/537.36"
173.239.240.208 - - [24/Jul/2026:10:12:33 -0700] "GET /wp-admin/plugins.php HTTP/1.1" 200 457 "https://casino.tires/wp-login.php" "Mozilla/5.0 (X11; Linux x86_64) AppleWebKit/537.36 (KHTML, like Gecko) Chrome/119.0.0.0 Safari/537.36"
173.239.240.208 - - [24/Jul/2026:10:12:34 -0700] "POST /wp-login.php HTTP/1.1" 302 259 "https://casino.tires/wp-login.php" "Mozilla/5.0 (X11; Linux x86_64) AppleWebKit/537.36 (KHTML, like Gecko) Chrome/119.0.0.0 Safari/537.36"
173.239.240.208 - - [24/Jul/2026:10:12:34 -0700] "GET /wp-admin/index.php HTTP/1.1" 200 457 "https://casino.tires/wp-login.php" "Mozilla/5.0 (X11; Ubuntu; Linux x86_64) AppleWebKit/537.36 (KHTML, like Gecko) Chrome/121.0.0.0 Safari/537.36"
193.32.248.244 - - [24/Jul/2026:10:12:39 -0700] "POST /xmlrpc.php HTTP/1.1" 406 300 "-" "WordPress.com; https://wordpress.com"
193.32.248.244 - - [24/Jul/2026:10:12:50 -0700] "POST /xmlrpc.php HTTP/1.1" 406 300 "-" "WordPress.com; https://wordpress.com"
192.145.236.177 - - [24/Jul/2026:10:12:51 -0700] "POST /wp-cron.php?doing_wp_cron=1784913171.0201609134674072265625 HTTP/1.1" 200 - "-" "SDjrhCx2SEJj"
173.239.240.208 - - [24/Jul/2026:10:12:45 -0700] "GET /wp-admin/edit.php HTTP/1.1" 200 457 "https://casino.tires/wp-login.php" "Mozilla/5.0 (X11; Ubuntu; Linux x86_64) AppleWebKit/537.36 (KHTML, like Gecko) Chrome/121.0.0.0 Safari/537.36"
173.239.240.208 - - [24/Jul/2026:10:12:51 -0700] "GET /wp-admin/plugins.php HTTP/1.1" 200 457 "https://casino.tires/wp-login.php" "Mozilla/5.0 (X11; Ubuntu; Linux x86_64) AppleWebKit/537.36 (KHTML, like Gecko) Chrome/121.0.0.0 Safari/537.36"
173.239.240.208 - - [24/Jul/2026:10:12:55 -0700] "POST /wp-login.php HTTP/1.1" 302 259 "https://casino.tires/wp-login.php" "Mozilla/5.0 (Windows NT 11.0; Win64; x64) AppleWebKit/537.36 (KHTML, like Gecko) Chrome/121.0.0.0 Safari/537.36"
173.239.240.208 - - [24/Jul/2026:10:12:58 -0700] "GET /wp-admin/index.php HTTP/1.1" 200 457 "https://casino.tires/wp-login.php" "Mozilla/5.0 (Macintosh; Intel Mac OS X 10_15_7) AppleWebKit/537.36 (KHTML, like Gecko) Chrome/120.0.0.0 Safari/537.36"
192.145.236.177 - - [24/Jul/2026:10:13:01 -0700] "POST /wp-cron.php?doing_wp_cron=1784913181.6725358963012695312500 HTTP/1.1" 200 - "-" "jU5fX6LX8FA6"
173.239.240.208 - - [24/Jul/2026:10:12:59 -0700] "GET /wp-admin/profile.php HTTP/1.1" 200 457 "https://casino.tires/wp-login.php" "Mozilla/5.0 (Macintosh; Intel Mac OS X 10_15_7) AppleWebKit/537.36 (KHTML, like Gecko) Chrome/120.0.0.0 Safari/537.36"
193.32.248.244 - - [24/Jul/2026:10:13:01 -0700] "POST /xmlrpc.php HTTP/1.1" 200 851 "-" "Jetpack/13.0; WordPress/6.2; http://site82393140.com"
173.239.240.208 - - [24/Jul/2026:10:13:05 -0700] "GET /wp-admin/edit.php HTTP/1.1" 200 457 "https://casino.tires/wp-login.php" "Mozilla/5.0 (Macintosh; Intel Mac OS X 10_15_7) AppleWebKit/537.36 (KHTML, like Gecko) Chrome/120.0.0.0 Safari/537.36"
173.239.240.208 - - [24/Jul/2026:10:13:06 -0700] "GET /wp-admin/plugins.php HTTP/1.1" 200 457 "https://casino.tires/wp-login.php" "Mozilla/5.0 (Macintosh; Intel Mac OS X 10_15_7) AppleWebKit/537.36 (KHTML, like Gecko) Chrome/120.0.0.0 Safari/537.36"
173.239.240.208 - - [24/Jul/2026:10:13:08 -0700] "POST /wp-login.php HTTP/1.1" 302 259 "https://casino.tires/wp-login.php" "Mozilla/5.0 (Macintosh; Intel Mac OS X 13_6_1) AppleWebKit/537.36 (KHTML, like Gecko) Chrome/120.0.0.0 Safari/537.36"
173.239.240.208 - - [24/Jul/2026:10:13:08 -0700] "GET /wp-admin/index.php HTTP/1.1" 200 457 "https://casino.tires/wp-login.php" "Mozilla/5.0 (Windows NT 11.0; Win64; x64) AppleWebKit/537.36 (KHTML, like Gecko) Chrome/119.0.0.0 Safari/537.36"
173.239.240.208 - - [24/Jul/2026:10:13:10 -0700] "GET /wp-admin/profile.php HTTP/1.1" 200 457 "https://casino.tires/wp-login.php" "Mozilla/5.0 (Windows NT 11.0; Win64; x64) AppleWebKit/537.36 (KHTML, like Gecko) Chrome/119.0.0.0 Safari/537.36"
192.145.236.177 - - [24/Jul/2026:10:13:13 -0700] "POST /wp-cron.php?doing_wp_cron=1784913193.8127069473266601562500 HTTP/1.1" 200 - "-" "MstxmL2hv8YM"
193.32.248.244 - - [24/Jul/2026:10:13:11 -0700] "POST /xmlrpc.php HTTP/1.1" 200 851 "-" "Jetpack/12.0; WordPress/6.1; http://site87624139.com"
173.239.240.208 - - [24/Jul/2026:10:13:12 -0700] "GET /wp-admin/edit.php HTTP/1.1" 200 457 "https://casino.tires/wp-login.php" "Mozilla/5.0 (Windows NT 11.0; Win64; x64) AppleWebKit/537.36 (KHTML, like Gecko) Chrome/119.0.0.0 Safari/537.36"
173.239.240.208 - - [24/Jul/2026:10:13:14 -0700] "GET /wp-admin/plugins.php HTTP/1.1" 200 457 "https://casino.tires/wp-login.php" "Mozilla/5.0 (Windows NT 11.0; Win64; x64) AppleWebKit/537.36 (KHTML, like Gecko) Chrome/119.0.0.0 Safari/537.36"
173.239.240.208 - - [24/Jul/2026:10:13:17 -0700] "POST /wp-login.php HTTP/1.1" 302 259 "https://casino.tires/wp-login.php" "Mozilla/5.0 (Macintosh; Intel Mac OS X 10_15_7) AppleWebKit/537.36 (KHTML, like Gecko) Chrome/119.0.0.0 Safari/537.36"
173.239.240.208 - - [24/Jul/2026:10:13:17 -0700] "GET /wp-admin/index.php HTTP/1.1" 200 457 "https://casino.tires/wp-login.php" "Mozilla/5.0 (X11; Ubuntu; Linux x86_64) AppleWebKit/537.36 (KHTML, like Gecko) Chrome/121.0.0.0 Safari/537.36"
192.145.236.177 - - [24/Jul/2026:10:13:21 -0700] "POST /wp-cron.php?doing_wp_cron=1784913201.6037540435791015625000 HTTP/1.1" 200 - "-" "k3ePedWQ0s69"
173.239.240.208 - - [24/Jul/2026:10:13:19 -0700] "GET /wp-admin/profile.php HTTP/1.1" 200 457 "https://casino.tires/wp-login.php" "Mozilla/5.0 (X11; Ubuntu; Linux x86_64) AppleWebKit/537.36 (KHTML, like Gecko) Chrome/121.0.0.0 Safari/537.36"
193.32.248.244 - - [24/Jul/2026:10:13:23 -0700] "POST /xmlrpc.php HTTP/1.1" 200 851 "-" "Jetpack by WordPress.com"
173.239.240.208 - - [24/Jul/2026:10:13:25 -0700] "GET /wp-admin/edit.php HTTP/1.1" 200 457 "https://casino.tires/wp-login.php" "Mozilla/5.0 (X11; Ubuntu; Linux x86_64) AppleWebKit/537.36 (KHTML, like Gecko) Chrome/121.0.0.0 Safari/537.36"
193.32.248.244 - - [24/Jul/2026:10:13:33 -0700] "POST /xmlrpc.php HTTP/1.1" 200 851 "-" "Jetpack by WordPress.com"
173.239.240.219 - - [24/Jul/2026:10:13:35 -0700] "GET /wp-admin/plugins.php HTTP/1.1" 200 457 "https://casino.tires/wp-login.php" "Mozilla/5.0 (X11; Ubuntu; Linux x86_64) AppleWebKit/537.36 (KHTML, like Gecko) Chrome/121.0.0.0 Safari/537.36"
173.239.240.219 - - [24/Jul/2026:10:13:37 -0700] "POST /wp-login.php HTTP/1.1" 302 259 "https://casino.tires/wp-login.php" "Mozilla/5.0 (Windows NT 10.0; Win64; x64) AppleWebKit/537.36 (KHTML, like Gecko) Chrome/120.0.0.0 Safari/537.36"
173.239.240.219 - - [24/Jul/2026:10:13:38 -0700] "GET /wp-admin/index.php HTTP/1.1" 200 457 "https://casino.tires/wp-login.php" "Mozilla/5.0 (Macintosh; Intel Mac OS X 13_6_1; rv:118.0) Gecko/20100101 Firefox/118.0"
173.239.240.219 - - [24/Jul/2026:10:13:39 -0700] "GET /wp-admin/profile.php HTTP/1.1" 200 457 "https://casino.tires/wp-login.php" "Mozilla/5.0 (Macintosh; Intel Mac OS X 13_6_1; rv:118.0) Gecko/20100101 Firefox/118.0"
192.145.236.177 - - [24/Jul/2026:10:13:45 -0700] "POST /wp-cron.php?doing_wp_cron=1784913225.1678590774536132812500 HTTP/1.1" 200 - "-" "B52Hyh00znab"
193.32.248.244 - - [24/Jul/2026:10:13:44 -0700] "POST /xmlrpc.php HTTP/1.1" 200 851 "-" "Jetpack by WordPress.com"
173.239.240.203 - - [24/Jul/2026:10:13:48 -0700] "GET /wp-admin/edit.php HTTP/1.1" 200 457 "https://casino.tires/wp-login.php" "Mozilla/5.0 (Macintosh; Intel Mac OS X 13_6_1; rv:118.0) Gecko/20100101 Firefox/118.0"
173.239.240.203 - - [24/Jul/2026:10:13:52 -0700] "GET /wp-admin/plugins.php HTTP/1.1" 200 457 "https://casino.tires/wp-login.php" "Mozilla/5.0 (Macintosh; Intel Mac OS X 13_6_1; rv:118.0) Gecko/20100101 Firefox/118.0"
193.32.248.244 - - [24/Jul/2026:10:13:54 -0700] "POST /xmlrpc.php HTTP/1.1" 200 851 "-" "Jetpack by WordPress.com (Jetpack 12.0; WordPress 6.3)"
193.32.248.244 - - [24/Jul/2026:10:14:05 -0700] "POST /xmlrpc.php HTTP/1.1" 200 851 "-" "Jetpack by WordPress.com"
192.145.236.177 - - [24/Jul/2026:10:14:17 -0700] "POST /wp-cron.php?doing_wp_cron=1784913257.7511799335479736328125 HTTP/1.1" 200 - "-" "h0ILU9HFsmG2"
193.32.248.244 - - [24/Jul/2026:10:14:16 -0700] "POST /xmlrpc.php HTTP/1.1" 200 851 "-" "Jetpack/12.0; WordPress/6.4; http://site82816829.com"
