192.145.236.177 - - [24/Jul/2026:10:35:58 -0700] "POST /wp-cron.php?doing_wp_cron=1784914558.5686280727386474609375 HTTP/1.1" 200 - "-" "WordPress/6.8.6; https://bitcoinslots.info"
197.139.1.50 - - [24/Jul/2026:10:35:57 -0700] "POST /xmlrpc.php HTTP/1.1" 200 856 "-" "Jetpack by WordPress.com (Jetpack 12.5; WordPress 6.2)"
197.139.1.50 - - [24/Jul/2026:10:36:08 -0700] "POST /xmlrpc.php HTTP/1.1" 200 856 "-" "Jetpack by WordPress.com (Jetpack 12.5; WordPress 6.3)"
197.139.1.50 - - [24/Jul/2026:10:36:19 -0700] "POST /xmlrpc.php HTTP/1.1" 200 856 "-" "Jetpack/12.1; WordPress/6.2; http://site66563029.com"
197.139.1.50 - - [24/Jul/2026:10:36:30 -0700] "POST /xmlrpc.php HTTP/1.1" 200 856 "-" "Jetpack/13.0; WordPress/6.2; http://site58903403.com"
192.145.236.177 - - [24/Jul/2026:10:36:42 -0700] "POST /wp-cron.php?doing_wp_cron=1784914602.2133679389953613281250 HTTP/1.1" 200 - "-" "WordPress/6.8.6; https://bitcoinslots.info"
197.139.1.50 - - [24/Jul/2026:10:36:41 -0700] "POST /xmlrpc.php HTTP/1.1" 200 856 "-" "Jetpack by WordPress.com (Jetpack 12.0; WordPress 6.4)"
192.145.236.177 - - [24/Jul/2026:10:36:42 -0700] "POST /wp-admin/admin-ajax.php?action=async_litespeed&nonce=PqYfgICO6wAr2b5q5N5FG50pvafG0ka9&litespeed_type=imgoptm HTTP/1.1" 200 463 "-" "WordPress/6.8.6; https://bitcoinslots.info"
192.145.236.177 - - [24/Jul/2026:10:36:53 -0700] "POST /wp-cron.php?doing_wp_cron=1784914613.0871090888977050781250 HTTP/1.1" 200 - "-" "WordPress/6.8.6; https://bitcoinslots.info"
197.139.1.50 - - [24/Jul/2026:10:36:52 -0700] "POST /xmlrpc.php HTTP/1.1" 200 856 "-" "Jetpack/13.0; WordPress/6.1; http://site11753681.com"
197.139.1.50 - - [24/Jul/2026:10:37:03 -0700] "POST /xmlrpc.php HTTP/1.1" 200 856 "-" "Jetpack/12.5; WordPress/6.4; http://site79332491.com"
197.139.1.50 - - [24/Jul/2026:10:37:14 -0700] "POST /xmlrpc.php HTTP/1.1" 200 856 "-" "Jetpack/12.1; WordPress/6.4; http://site58062731.com"
197.139.1.50 - - [24/Jul/2026:10:37:25 -0700] "POST /xmlrpc.php HTTP/1.1" 200 856 "-" "Jetpack by WordPress.com (Jetpack 12.5; WordPress 6.2)"
192.145.236.177 - - [24/Jul/2026:10:37:37 -0700] "POST /wp-cron.php?doing_wp_cron=1784914657.2963171005249023437500 HTTP/1.1" 200 - "-" "WordPress/6.8.6; https://bitcoinslots.info"
197.139.1.50 - - [24/Jul/2026:10:37:36 -0700] "POST /xmlrpc.php HTTP/1.1" 200 856 "-" "Jetpack by WordPress.com (Jetpack 12.1; WordPress 6.1)"
192.145.236.177 - - [24/Jul/2026:10:37:37 -0700] "POST /wp-admin/admin-ajax.php?action=async_litespeed&nonce=TBCGFZhXNk9tJeHtwFNMLe4skHkUGuEr&litespeed_type=imgoptm HTTP/1.1" 200 463 "-" "WordPress/6.8.6; https://bitcoinslots.info"
197.139.1.50 - - [24/Jul/2026:10:37:47 -0700] "POST /xmlrpc.php HTTP/1.1" 406 300 "-" "WordPress.com; https://wordpress.com"
197.139.1.50 - - [24/Jul/2026:10:37:58 -0700] "POST /xmlrpc.php HTTP/1.1" 406 300 "-" "WordPress.com; https://wordpress.com"
192.145.236.177 - - [24/Jul/2026:10:38:10 -0700] "POST /wp-cron.php?doing_wp_cron=1784914690.8125610351562500000000 HTTP/1.1" 200 - "-" "WordPress/6.8.6; https://bitcoinslots.info"
197.139.1.50 - - [24/Jul/2026:10:38:09 -0700] "POST /xmlrpc.php HTTP/1.1" 200 856 "-" "Jetpack/12.1; WordPress/6.4; http://site60315866.com"
197.139.1.50 - - [24/Jul/2026:10:38:20 -0700] "POST /xmlrpc.php HTTP/1.1" 406 300 "-" "WordPress.com; https://wordpress.com"
197.139.1.50 - - [24/Jul/2026:10:38:31 -0700] "POST /xmlrpc.php HTTP/1.1" 406 300 "-" "WordPress.com; https://wordpress.com"
192.145.236.177 - - [24/Jul/2026:10:38:43 -0700] "POST /wp-cron.php?doing_wp_cron=1784914723.4799399375915527343750 HTTP/1.1" 200 - "-" "WordPress/6.8.6; https://bitcoinslots.info"
197.139.1.50 - - [24/Jul/2026:10:38:42 -0700] "POST /xmlrpc.php HTTP/1.1" 200 856 "-" "Jetpack by WordPress.com (Jetpack 13.0; WordPress 6.2)"
192.145.236.177 - - [24/Jul/2026:10:38:44 -0700] "POST /wp-admin/admin-ajax.php?action=async_litespeed&nonce=HBVvnsLVDxDmAsPfGp59ZlDYdCepORMR&litespeed_type=imgoptm HTTP/1.1" 200 463 "-" "WordPress/6.8.6; https://bitcoinslots.info"
197.139.1.50 - - [24/Jul/2026:10:38:53 -0700] "POST /xmlrpc.php HTTP/1.1" 406 300 "-" "WordPress.com; https://wordpress.com"
192.145.236.177 - - [24/Jul/2026:10:39:05 -0700] "POST /wp-cron.php?doing_wp_cron=1784914745.3852341175079345703125 HTTP/1.1" 200 - "-" "WordPress/6.8.6; https://bitcoinslots.info"
197.139.1.50 - - [24/Jul/2026:10:39:04 -0700] "POST /xmlrpc.php HTTP/1.1" 200 856 "-" "Jetpack/12.0; WordPress/6.2; http://site11345738.com"
197.139.1.50 - - [24/Jul/2026:10:39:15 -0700] "POST /xmlrpc.php HTTP/1.1" 406 300 "-" "WordPress.com; https://wordpress.com"
197.139.1.50 - - [24/Jul/2026:10:39:26 -0700] "POST /xmlrpc.php HTTP/1.1" 200 856 "-" "Jetpack by WordPress.com"
192.145.236.177 - - [24/Jul/2026:10:39:38 -0700] "POST /wp-cron.php?doing_wp_cron=1784914778.9610130786895751953125 HTTP/1.1" 200 - "-" "WordPress/6.8.6; https://bitcoinslots.info"
197.139.1.50 - - [24/Jul/2026:10:39:38 -0700] "POST /xmlrpc.php HTTP/1.1" 200 856 "-" "Jetpack by WordPress.com (Jetpack 12.5; WordPress 6.3)"
192.145.236.177 - - [24/Jul/2026:10:39:39 -0700] "POST /wp-admin/admin-ajax.php?action=async_litespeed&nonce=iEktfsScskjWtbnALO61nTKyKs657tl0&litespeed_type=imgoptm HTTP/1.1" 200 463 "-" "WordPress/6.8.6; https://bitcoinslots.info"
197.139.1.50 - - [24/Jul/2026:10:39:49 -0700] "POST /xmlrpc.php HTTP/1.1" 200 856 "-" "Jetpack by WordPress.com"
192.145.236.177 - - [24/Jul/2026:10:40:00 -0700] "POST /wp-cron.php?doing_wp_cron=1784914800.9575190544128417968750 HTTP/1.1" 200 - "-" "WordPress/6.8.6; https://bitcoinslots.info"
197.139.1.50 - - [24/Jul/2026:10:40:00 -0700] "POST /xmlrpc.php HTTP/1.1" 200 856 "-" "Jetpack by WordPress.com"
197.139.1.50 - - [24/Jul/2026:10:40:11 -0700] "POST /xmlrpc.php HTTP/1.1" 200 856 "-" "Jetpack by WordPress.com (Jetpack 12.5; WordPress 6.2)"
197.139.1.50 - - [24/Jul/2026:10:40:22 -0700] "POST /xmlrpc.php HTTP/1.1" 200 856 "-" "Jetpack by WordPress.com"
197.139.1.50 - - [24/Jul/2026:10:40:33 -0700] "POST /xmlrpc.php HTTP/1.1" 406 300 "-" "WordPress.com; https://wordpress.com"
197.139.1.50 - - [24/Jul/2026:10:40:44 -0700] "POST /xmlrpc.php HTTP/1.1" 406 300 "-" "WordPress.com; https://wordpress.com"
197.139.1.50 - - [24/Jul/2026:10:40:55 -0700] "POST /xmlrpc.php HTTP/1.1" 406 300 "-" "WordPress.com; https://wordpress.com"
192.145.236.177 - - [24/Jul/2026:10:41:06 -0700] "POST /wp-cron.php?doing_wp_cron=1784914866.9658350944519042968750 HTTP/1.1" 200 - "-" "WordPress/6.8.6; https://bitcoinslots.info"
197.139.1.50 - - [24/Jul/2026:10:41:06 -0700] "POST /xmlrpc.php HTTP/1.1" 200 856 "-" "Jetpack by WordPress.com"
192.145.236.177 - - [24/Jul/2026:10:41:07 -0700] "POST /wp-admin/admin-ajax.php?action=async_litespeed&nonce=dIYtp5RQxSzxyboO3Nl8tgL6z9bz9rGh&litespeed_type=imgoptm HTTP/1.1" 200 463 "-" "WordPress/6.8.6; https://bitcoinslots.info"
197.139.1.50 - - [24/Jul/2026:10:41:17 -0700] "POST /xmlrpc.php HTTP/1.1" 200 856 "-" "Jetpack by WordPress.com (Jetpack 12.1; WordPress 6.1)"
197.139.1.50 - - [24/Jul/2026:10:41:28 -0700] "POST /xmlrpc.php HTTP/1.1" 200 856 "-" "Jetpack/12.1; WordPress/6.4; http://site82544902.com"
192.145.236.177 - - [24/Jul/2026:10:41:40 -0700] "POST /wp-cron.php?doing_wp_cron=1784914900.0204699039459228515625 HTTP/1.1" 200 - "-" "WordPress/6.8.6; https://bitcoinslots.info"
197.139.1.50 - - [24/Jul/2026:10:41:39 -0700] "POST /xmlrpc.php HTTP/1.1" 200 856 "-" "Jetpack by WordPress.com (Jetpack 12.1; WordPress 6.4)"
192.145.236.177 - - [24/Jul/2026:10:41:40 -0700] "POST /wp-admin/admin-ajax.php?action=async_litespeed&nonce=KVKfOvzRhEhz1haV0r7TftZQw7s9KfJd&litespeed_type=imgoptm HTTP/1.1" 200 463 "-" "WordPress/6.8.6; https://bitcoinslots.info"
197.139.1.50 - - [24/Jul/2026:10:41:50 -0700] "POST /xmlrpc.php HTTP/1.1" 406 300 "-" "WordPress.com; https://wordpress.com"
192.145.236.177 - - [24/Jul/2026:10:42:02 -0700] "POST /wp-cron.php?doing_wp_cron=1784914922.1184010505676269531250 HTTP/1.1" 200 - "-" "WordPress/6.8.6; https://bitcoinslots.info"
197.139.1.50 - - [24/Jul/2026:10:42:01 -0700] "POST /xmlrpc.php HTTP/1.1" 200 856 "-" "Jetpack/12.1; WordPress/6.2; http://site84034388.com"
197.139.1.50 - - [24/Jul/2026:10:42:12 -0700] "POST /xmlrpc.php HTTP/1.1" 406 300 "-" "WordPress.com; https://wordpress.com"
197.139.1.50 - - [24/Jul/2026:10:42:24 -0700] "POST /xmlrpc.php HTTP/1.1" 200 856 "-" "Jetpack by WordPress.com (Jetpack 13.0; WordPress 6.3)"
197.139.1.50 - - [24/Jul/2026:10:42:34 -0700] "POST /xmlrpc.php HTTP/1.1" 406 300 "-" "WordPress.com; https://wordpress.com"
192.145.236.177 - - [24/Jul/2026:10:42:46 -0700] "POST /wp-cron.php?doing_wp_cron=1784914966.7150800228118896484375 HTTP/1.1" 200 - "-" "WordPress/6.8.6; https://bitcoinslots.info"
197.139.1.50 - - [24/Jul/2026:10:42:45 -0700] "POST /xmlrpc.php HTTP/1.1" 200 856 "-" "Jetpack by WordPress.com (Jetpack 12.1; WordPress 6.3)"
192.145.236.177 - - [24/Jul/2026:10:42:47 -0700] "POST /wp-admin/admin-ajax.php?action=async_litespeed&nonce=lS2FtluUPucdKDBtdAKm2EfneJpwvQG6&litespeed_type=imgoptm HTTP/1.1" 200 463 "-" "WordPress/6.8.6; https://bitcoinslots.info"
197.139.1.50 - - [24/Jul/2026:10:42:56 -0700] "POST /xmlrpc.php HTTP/1.1" 406 300 "-" "WordPress.com; https://wordpress.com"
192.145.236.177 - - [24/Jul/2026:10:43:08 -0700] "POST /wp-cron.php?doing_wp_cron=1784914988.4788460731506347656250 HTTP/1.1" 200 - "-" "WordPress/6.8.6; https://bitcoinslots.info"
197.139.1.50 - - [24/Jul/2026:10:43:07 -0700] "POST /xmlrpc.php HTTP/1.1" 200 856 "-" "Jetpack/12.1; WordPress/6.4; http://site95408212.com"
197.139.1.50 - - [24/Jul/2026:10:43:18 -0700] "POST /xmlrpc.php HTTP/1.1" 200 856 "-" "Jetpack by WordPress.com (Jetpack 12.1; WordPress 6.3)"
197.139.1.50 - - [24/Jul/2026:10:43:29 -0700] "POST /xmlrpc.php HTTP/1.1" 200 856 "-" "Jetpack/13.0; WordPress/6.2; http://site22240660.com"
197.139.1.50 - - [24/Jul/2026:10:43:40 -0700] "POST /xmlrpc.php HTTP/1.1" 406 300 "-" "WordPress.com; https://wordpress.com"
197.139.1.50 - - [24/Jul/2026:10:43:51 -0700] "POST /xmlrpc.php HTTP/1.1" 406 300 "-" "WordPress.com; https://wordpress.com"
197.139.1.50 - - [24/Jul/2026:10:44:02 -0700] "POST /xmlrpc.php HTTP/1.1" 406 300 "-" "WordPress.com; https://wordpress.com"
192.145.236.177 - - [24/Jul/2026:10:44:14 -0700] "POST /wp-cron.php?doing_wp_cron=1784915054.1619050502777099609375 HTTP/1.1" 200 - "-" "WordPress/6.8.6; https://bitcoinslots.info"
197.139.1.50 - - [24/Jul/2026:10:44:13 -0700] "POST /xmlrpc.php HTTP/1.1" 200 856 "-" "Jetpack by WordPress.com (Jetpack 12.5; WordPress 6.2)"
192.145.236.177 - - [24/Jul/2026:10:44:14 -0700] "POST /wp-admin/admin-ajax.php?action=async_litespeed&nonce=UQxXFTjlJq7Qi8ziMxazhqGXab6SHIxK&litespeed_type=imgoptm HTTP/1.1" 200 463 "-" "WordPress/6.8.6; https://bitcoinslots.info"
197.139.1.50 - - [24/Jul/2026:10:44:24 -0700] "POST /xmlrpc.php HTTP/1.1" 200 856 "-" "Jetpack by WordPress.com"
192.145.236.177 - - [24/Jul/2026:10:44:36 -0700] "POST /wp-cron.php?doing_wp_cron=1784915076.2139170169830322265625 HTTP/1.1" 200 - "-" "WordPress/6.8.6; https://bitcoinslots.info"
197.139.1.50 - - [24/Jul/2026:10:44:35 -0700] "POST /xmlrpc.php HTTP/1.1" 200 856 "-" "Jetpack by WordPress.com"
192.145.236.177 - - [24/Jul/2026:10:44:36 -0700] "POST /wp-admin/admin-ajax.php?action=async_litespeed&nonce=rVfrjQKq9BthYgVzCGxhOWeUVZ30IRpr&litespeed_type=imgoptm HTTP/1.1" 200 463 "-" "WordPress/6.8.6; https://bitcoinslots.info"
197.139.1.50 - - [24/Jul/2026:10:44:46 -0700] "POST /xmlrpc.php HTTP/1.1" 200 856 "-" "Jetpack/12.5; WordPress/6.3; http://site11137992.com"
192.145.236.177 - - [24/Jul/2026:10:44:58 -0700] "POST /wp-cron.php?doing_wp_cron=1784915098.2614579200744628906250 HTTP/1.1" 200 - "-" "WordPress/6.8.6; https://bitcoinslots.info"
197.139.1.50 - - [24/Jul/2026:10:44:57 -0700] "POST /xmlrpc.php HTTP/1.1" 200 856 "-" "Jetpack by WordPress.com (Jetpack 13.0; WordPress 6.1)"
197.139.1.50 - - [24/Jul/2026:10:45:08 -0700] "POST /xmlrpc.php HTTP/1.1" 200 856 "-" "Jetpack by WordPress.com"
197.139.1.50 - - [24/Jul/2026:10:45:19 -0700] "POST /xmlrpc.php HTTP/1.1" 200 856 "-" "Jetpack by WordPress.com (Jetpack 12.0; WordPress 6.1)"
197.139.1.50 - - [24/Jul/2026:10:45:30 -0700] "POST /xmlrpc.php HTTP/1.1" 200 856 "-" "Jetpack/12.5; WordPress/6.4; http://site10006641.com"
192.145.236.177 - - [24/Jul/2026:10:45:42 -0700] "POST /wp-cron.php?doing_wp_cron=1784915142.3302669525146484375000 HTTP/1.1" 200 - "-" "WordPress/6.8.6; https://bitcoinslots.info"
197.139.1.50 - - [24/Jul/2026:10:45:41 -0700] "POST /xmlrpc.php HTTP/1.1" 200 856 "-" "Jetpack/12.1; WordPress/6.1; http://site34315876.com"
192.145.236.177 - - [24/Jul/2026:10:45:42 -0700] "POST /wp-admin/admin-ajax.php?action=async_litespeed&nonce=CZ9RZQPZ3fyRR5zCWOWsBtdGpTc81Pjf&litespeed_type=imgoptm HTTP/1.1" 200 463 "-" "WordPress/6.8.6; https://bitcoinslots.info"
192.145.236.177 - - [24/Jul/2026:10:45:53 -0700] "POST /wp-cron.php?doing_wp_cron=1784915153.5278420448303222656250 HTTP/1.1" 200 - "-" "WordPress/6.8.6; https://bitcoinslots.info"
197.139.1.50 - - [24/Jul/2026:10:45:53 -0700] "POST /xmlrpc.php HTTP/1.1" 200 856 "-" "Jetpack by WordPress.com"
197.139.1.50 - - [24/Jul/2026:10:46:04 -0700] "POST /xmlrpc.php HTTP/1.1" 200 856 "-" "Jetpack by WordPress.com"
197.139.1.50 - - [24/Jul/2026:10:46:15 -0700] "POST /xmlrpc.php HTTP/1.1" 200 856 "-" "Jetpack/12.1; WordPress/6.3; http://site30333456.com"
197.139.1.50 - - [24/Jul/2026:10:46:26 -0700] "POST /xmlrpc.php HTTP/1.1" 200 856 "-" "Jetpack/12.0; WordPress/6.3; http://site99214991.com"
192.145.236.177 - - [24/Jul/2026:10:46:38 -0700] "POST /wp-cron.php?doing_wp_cron=1784915198.0762519836425781250000 HTTP/1.1" 200 - "-" "WordPress/6.8.6; https://bitcoinslots.info"
197.139.1.50 - - [24/Jul/2026:10:46:37 -0700] "POST /xmlrpc.php HTTP/1.1" 200 856 "-" "Jetpack by WordPress.com"
192.145.236.177 - - [24/Jul/2026:10:46:39 -0700] "POST /wp-admin/admin-ajax.php?action=async_litespeed&nonce=fdLSSewrb81BJG5EAc8aFtRwS1dyXR3Z&litespeed_type=imgoptm HTTP/1.1" 200 463 "-" "WordPress/6.8.6; https://bitcoinslots.info"
197.139.1.50 - - [24/Jul/2026:10:46:48 -0700] "POST /xmlrpc.php HTTP/1.1" 406 300 "-" "WordPress.com; https://wordpress.com"
192.145.236.177 - - [24/Jul/2026:10:47:00 -0700] "POST /wp-cron.php?doing_wp_cron=1784915220.0749509334564208984375 HTTP/1.1" 200 - "-" "WordPress/6.8.6; https://bitcoinslots.info"
197.139.1.50 - - [24/Jul/2026:10:46:59 -0700] "POST /xmlrpc.php HTTP/1.1" 200 856 "-" "Jetpack by WordPress.com"
197.139.1.50 - - [24/Jul/2026:10:47:10 -0700] "POST /xmlrpc.php HTTP/1.1" 406 300 "-" "WordPress.com; https://wordpress.com"
197.139.1.50 - - [24/Jul/2026:10:47:21 -0700] "POST /xmlrpc.php HTTP/1.1" 200 856 "-" "Jetpack by WordPress.com"
197.139.1.50 - - [24/Jul/2026:10:47:32 -0700] "POST /xmlrpc.php HTTP/1.1" 406 300 "-" "WordPress.com; https://wordpress.com"
192.145.236.177 - - [24/Jul/2026:10:47:44 -0700] "POST /wp-cron.php?doing_wp_cron=1784915264.5618479251861572265625 HTTP/1.1" 200 - "-" "WordPress/6.8.6; https://bitcoinslots.info"
197.139.1.50 - - [24/Jul/2026:10:47:44 -0700] "POST /xmlrpc.php HTTP/1.1" 200 856 "-" "Jetpack by WordPress.com"
192.145.236.177 - - [24/Jul/2026:10:47:45 -0700] "POST /wp-admin/admin-ajax.php?action=async_litespeed&nonce=T1uTfmttFY1fbfLD0M2VG7e8mWxLIffo&litespeed_type=imgoptm HTTP/1.1" 200 463 "-" "WordPress/6.8.6; https://bitcoinslots.info"
192.145.236.177 - - [24/Jul/2026:10:47:55 -0700] "POST /wp-cron.php?doing_wp_cron=1784915275.1902060508728027343750 HTTP/1.1" 200 - "-" "WordPress/6.8.6; https://bitcoinslots.info"
197.139.1.50 - - [24/Jul/2026:10:47:54 -0700] "POST /xmlrpc.php HTTP/1.1" 200 856 "-" "Jetpack by WordPress.com (Jetpack 12.0; WordPress 6.2)"
197.139.1.50 - - [24/Jul/2026:10:48:05 -0700] "POST /xmlrpc.php HTTP/1.1" 200 856 "-" "Jetpack by WordPress.com (Jetpack 12.5; WordPress 6.1)"
197.139.1.50 - - [24/Jul/2026:10:48:16 -0700] "POST /xmlrpc.php HTTP/1.1" 200 856 "-" "Jetpack by WordPress.com (Jetpack 12.0; WordPress 6.2)"
197.139.1.50 - - [24/Jul/2026:10:48:27 -0700] "POST /xmlrpc.php HTTP/1.1" 200 856 "-" "Jetpack by WordPress.com (Jetpack 12.1; WordPress 6.2)"
192.145.236.177 - - [24/Jul/2026:10:48:39 -0700] "POST /wp-cron.php?doing_wp_cron=1784915319.5301830768585205078125 HTTP/1.1" 200 - "-" "WordPress/6.8.6; https://bitcoinslots.info"
197.139.1.50 - - [24/Jul/2026:10:48:39 -0700] "POST /xmlrpc.php HTTP/1.1" 200 856 "-" "Jetpack by WordPress.com (Jetpack 12.0; WordPress 6.3)"
192.145.236.177 - - [24/Jul/2026:10:48:40 -0700] "POST /wp-admin/admin-ajax.php?action=async_litespeed&nonce=1Fz8DDZcgG2zBVdvQJ4XgHc4IXX6TRum&litespeed_type=imgoptm HTTP/1.1" 200 463 "-" "WordPress/6.8.6; https://bitcoinslots.info"
197.139.1.50 - - [24/Jul/2026:10:48:50 -0700] "POST /xmlrpc.php HTTP/1.1" 406 300 "-" "WordPress.com; https://wordpress.com"
197.139.1.50 - - [24/Jul/2026:10:49:00 -0700] "POST /xmlrpc.php HTTP/1.1" 406 300 "-" "WordPress.com; https://wordpress.com"
197.139.1.50 - - [24/Jul/2026:10:49:12 -0700] "POST /xmlrpc.php HTTP/1.1" 406 300 "-" "WordPress.com; https://wordpress.com"
192.145.236.177 - - [24/Jul/2026:10:49:24 -0700] "POST /wp-cron.php?doing_wp_cron=1784915364.7490370273590087890625 HTTP/1.1" 200 - "-" "WordPress/6.8.6; https://bitcoinslots.info"
197.139.1.50 - - [24/Jul/2026:10:49:22 -0700] "POST /xmlrpc.php HTTP/1.1" 200 856 "-" "Jetpack by WordPress.com (Jetpack 12.5; WordPress 6.1)"
192.145.236.177 - - [24/Jul/2026:10:49:35 -0700] "POST /wp-cron.php?doing_wp_cron=1784915375.5068819522857666015625 HTTP/1.1" 200 - "-" "WordPress/6.8.6; https://bitcoinslots.info"
197.139.1.50 - - [24/Jul/2026:10:49:33 -0700] "POST /xmlrpc.php HTTP/1.1" 200 856 "-" "Jetpack by WordPress.com (Jetpack 12.1; WordPress 6.1)"
192.145.236.177 - - [24/Jul/2026:10:49:37 -0700] "POST /wp-admin/admin-ajax.php?action=async_litespeed&nonce=FvODcLUCc9Se60r2Yb16OEAhFW4qu6M4&litespeed_type=imgoptm HTTP/1.1" 200 463 "-" "WordPress/6.8.6; https://bitcoinslots.info"
197.139.1.50 - - [24/Jul/2026:10:49:44 -0700] "POST /xmlrpc.php HTTP/1.1" 200 856 "-" "Jetpack by WordPress.com (Jetpack 12.1; WordPress 6.3)"
192.145.236.177 - - [24/Jul/2026:10:49:56 -0700] "POST /wp-cron.php?doing_wp_cron=1784915396.4612369537353515625000 HTTP/1.1" 200 - "-" "WordPress/6.8.6; https://bitcoinslots.info"
197.139.1.50 - - [24/Jul/2026:10:49:55 -0700] "POST /xmlrpc.php HTTP/1.1" 200 856 "-" "Jetpack by WordPress.com (Jetpack 12.1; WordPress 6.2)"
192.145.236.177 - - [24/Jul/2026:10:50:36 -0700] "POST /wp-cron.php?doing_wp_cron=1784915436.8609039783477783203125 HTTP/1.1" 200 - "-" "WordPress/6.8.6; https://bitcoinslots.info"
66.187.5.104 - - [24/Jul/2026:10:50:36 -0700] "GET / HTTP/1.1" 200 453 "-" "Mozilla/5.0 (compatible; DuckDuckBot/1.1; +http://duckduckgo.com/duckduckbot.html)"
192.145.236.177 - - [24/Jul/2026:10:50:37 -0700] "POST /wp-admin/admin-ajax.php?action=async_litespeed&nonce=AMoaRMispDILfutQPbgV8bXyTSaZEnDS&litespeed_type=imgoptm HTTP/1.1" 200 463 "-" "WordPress/6.8.6; https://bitcoinslots.info"
197.139.1.50 - - [24/Jul/2026:10:51:39 -0700] "POST /xmlrpc.php HTTP/1.1" 406 300 "-" "WordPress.com; https://wordpress.com"
192.145.236.177 - - [24/Jul/2026:10:52:01 -0700] "POST /wp-cron.php?doing_wp_cron=1784915521.4952330589294433593750 HTTP/1.1" 200 - "-" "WordPress/6.8.6; https://bitcoinslots.info"
197.139.1.50 - - [24/Jul/2026:10:52:01 -0700] "POST /xmlrpc.php HTTP/1.1" 200 856 "-" "Jetpack by WordPress.com"
192.145.236.177 - - [24/Jul/2026:10:52:02 -0700] "POST /wp-admin/admin-ajax.php?action=async_litespeed&nonce=xTtehXb0wqtftSirSd99rBpHbFuoxLcT&litespeed_type=imgoptm HTTP/1.1" 200 463 "-" "WordPress/6.8.6; https://bitcoinslots.info"
197.139.1.50 - - [24/Jul/2026:10:52:11 -0700] "POST /xmlrpc.php HTTP/1.1" 200 856 "-" "Jetpack by WordPress.com"
197.139.1.50 - - [24/Jul/2026:10:52:22 -0700] "POST /xmlrpc.php HTTP/1.1" 200 856 "-" "Jetpack/12.0; WordPress/6.1; http://site64289687.com"
197.139.1.50 - - [24/Jul/2026:10:52:32 -0700] "POST /xmlrpc.php HTTP/1.1" 200 856 "-" "Jetpack/12.5; WordPress/6.4; http://site54730367.com"
197.139.1.50 - - [24/Jul/2026:10:52:43 -0700] "POST /xmlrpc.php HTTP/1.1" 406 300 "-" "WordPress.com; https://wordpress.com"
192.145.236.177 - - [24/Jul/2026:10:52:54 -0700] "POST /wp-cron.php?doing_wp_cron=1784915574.4706308841705322265625 HTTP/1.1" 200 - "-" "WordPress/6.8.6; https://bitcoinslots.info"
197.139.1.50 - - [24/Jul/2026:10:52:54 -0700] "POST /xmlrpc.php HTTP/1.1" 200 856 "-" "Jetpack by WordPress.com (Jetpack 12.1; WordPress 6.1)"
192.145.236.177 - - [24/Jul/2026:10:52:55 -0700] "POST /wp-admin/admin-ajax.php?action=async_litespeed&nonce=vSsVvvICFTfU6v0l9v6vGx1e6tCDKPt3&litespeed_type=imgoptm HTTP/1.1" 200 463 "-" "WordPress/6.8.6; https://bitcoinslots.info"
197.139.1.50 - - [24/Jul/2026:10:53:04 -0700] "POST /xmlrpc.php HTTP/1.1" 200 856 "-" "Jetpack/13.0; WordPress/6.4; http://site66624364.com"
197.139.1.50 - - [24/Jul/2026:10:53:16 -0700] "POST /xmlrpc.php HTTP/1.1" 406 300 "-" "WordPress.com; https://wordpress.com"
197.139.1.50 - - [24/Jul/2026:10:58:13 -0700] "POST /xmlrpc.php HTTP/1.1" 406 300 "-" "WordPress.com; https://wordpress.com"
192.145.236.177 - - [24/Jul/2026:10:58:23 -0700] "POST /wp-cron.php?doing_wp_cron=1784915903.3024389743804931640625 HTTP/1.1" 200 - "-" "WordPress/6.8.6; https://bitcoinslots.info"
197.139.1.50 - - [24/Jul/2026:10:58:22 -0700] "POST /xmlrpc.php HTTP/1.1" 200 856 "-" "Jetpack/12.1; WordPress/6.1; http://site67388412.com"
192.145.236.177 - - [24/Jul/2026:10:58:23 -0700] "POST /wp-admin/admin-ajax.php?action=async_litespeed&nonce=DcMEXM6FLjHuHKf8m4DPiInn1rYtNe1W&litespeed_type=imgoptm HTTP/1.1" 200 463 "-" "WordPress/6.8.6; https://bitcoinslots.info"
197.139.1.50 - - [24/Jul/2026:10:58:33 -0700] "POST /xmlrpc.php HTTP/1.1" 406 300 "-" "WordPress.com; https://wordpress.com"
197.139.1.50 - - [24/Jul/2026:10:58:44 -0700] "POST /xmlrpc.php HTTP/1.1" 406 300 "-" "WordPress.com; https://wordpress.com"
192.145.236.177 - - [24/Jul/2026:10:58:55 -0700] "POST /wp-cron.php?doing_wp_cron=1784915935.5398950576782226562500 HTTP/1.1" 200 - "-" "WordPress/6.8.6; https://bitcoinslots.info"
197.139.1.50 - - [24/Jul/2026:10:58:54 -0700] "POST /xmlrpc.php HTTP/1.1" 200 856 "-" "Jetpack by WordPress.com (Jetpack 13.0; WordPress 6.4)"
192.145.236.177 - - [24/Jul/2026:10:58:56 -0700] "POST /wp-admin/admin-ajax.php?action=async_litespeed&nonce=Jxv2YNs0bLN7FEmtaBCO4PydgZE9pqaW&litespeed_type=imgoptm HTTP/1.1" 200 463 "-" "WordPress/6.8.6; https://bitcoinslots.info"
197.139.1.50 - - [24/Jul/2026:10:59:05 -0700] "POST /xmlrpc.php HTTP/1.1" 200 856 "-" "Jetpack/12.1; WordPress/6.4; http://site36375924.com"
197.139.1.50 - - [24/Jul/2026:10:59:16 -0700] "POST /xmlrpc.php HTTP/1.1" 200 856 "-" "Jetpack by WordPress.com"
197.139.1.50 - - [24/Jul/2026:10:59:26 -0700] "POST /xmlrpc.php HTTP/1.1" 200 856 "-" "Jetpack by WordPress.com (Jetpack 12.5; WordPress 6.1)"
192.145.236.177 - - [24/Jul/2026:10:59:37 -0700] "POST /wp-cron.php?doing_wp_cron=1784915977.8829240798950195312500 HTTP/1.1" 200 - "-" "WordPress/6.8.6; https://bitcoinslots.info"
197.139.1.50 - - [24/Jul/2026:10:59:37 -0700] "POST /xmlrpc.php HTTP/1.1" 200 856 "-" "Jetpack/13.0; WordPress/6.2; http://site68943130.com"
192.145.236.177 - - [24/Jul/2026:10:59:38 -0700] "POST /wp-admin/admin-ajax.php?action=async_litespeed&nonce=zlQp88Z0Zr6oIEaSbU9zDUAoU8ZoHXZa&litespeed_type=imgoptm HTTP/1.1" 200 463 "-" "WordPress/6.8.6; https://bitcoinslots.info"
197.139.1.50 - - [24/Jul/2026:10:59:48 -0700] "POST /xmlrpc.php HTTP/1.1" 406 300 "-" "WordPress.com; https://wordpress.com"
197.139.1.50 - - [24/Jul/2026:10:59:59 -0700] "POST /xmlrpc.php HTTP/1.1" 406 300 "-" "WordPress.com; https://wordpress.com"
192.145.236.177 - - [24/Jul/2026:11:00:10 -0700] "POST /wp-cron.php?doing_wp_cron=1784916010.8839089870452880859375 HTTP/1.1" 200 - "-" "WordPress/6.8.6; https://bitcoinslots.info"
197.139.1.50 - - [24/Jul/2026:11:00:10 -0700] "POST /xmlrpc.php HTTP/1.1" 200 856 "-" "Jetpack by WordPress.com (Jetpack 12.0; WordPress 6.2)"
197.139.1.50 - - [24/Jul/2026:11:00:21 -0700] "POST /xmlrpc.php HTTP/1.1" 200 856 "-" "Jetpack/12.5; WordPress/6.1; http://site70752687.com"
197.139.1.50 - - [24/Jul/2026:11:00:32 -0700] "POST /xmlrpc.php HTTP/1.1" 200 856 "-" "Jetpack by WordPress.com (Jetpack 13.0; WordPress 6.3)"
197.139.1.50 - - [24/Jul/2026:11:00:43 -0700] "POST /xmlrpc.php HTTP/1.1" 406 300 "-" "WordPress.com; https://wordpress.com"
192.145.236.177 - - [24/Jul/2026:11:14:07 -0700] "POST /wp-admin/admin-ajax.php?action=async_litespeed&nonce=1gmg5fm3QhPQc5oQr50gk4uJRbQcyrym&litespeed_type=imgoptm HTTP/1.1" 200 463 "-" "WordPress/6.8.6; https://bitcoinslots.info"
192.145.236.177 - - [24/Jul/2026:11:21:28 -0700] "POST /wp-cron.php?doing_wp_cron=1784917288.2158401012420654296875 HTTP/1.1" 200 - "-" "WordPress/6.8.6; https://bitcoinslots.info"
35.95.91.181 - - [24/Jul/2026:11:21:27 -0700] "GET /robots.txt HTTP/1.1" 200 729 "-" "Mozilla/5.0 (compatible; wpbot/1.4; +https://forms.gle/ajBaxygz9jSR8p8G9)"
35.95.91.181 - - [24/Jul/2026:11:21:28 -0700] "GET /enhancecp HTTP/1.1" 200 58567 "-" "Mozilla/5.0 (compatible; wpbot/1.4; +https://forms.gle/ajBaxygz9jSR8p8G9)"
192.145.236.177 - - [24/Jul/2026:11:21:29 -0700] "POST /wp-admin/admin-ajax.php?action=async_litespeed&nonce=46qdI100mT3LCueFLWmXSv6BYijLHDyE&litespeed_type=imgoptm HTTP/1.1" 200 463 "-" "WordPress/6.8.6; https://bitcoinslots.info"
192.145.236.177 - - [24/Jul/2026:11:30:24 -0700] "POST /wp-cron.php?doing_wp_cron=1784917824.8813099861145019531250 HTTP/1.1" 200 - "-" "WordPress/6.8.6; https://bitcoinslots.info"
103.82.27.41 - - [24/Jul/2026:11:30:24 -0700] "POST /?rest_route=/batch/v1 HTTP/1.1" 200 469 "-" "Mozilla/5.0"
103.82.27.41 - - [24/Jul/2026:11:30:25 -0700] "POST /?rest_route=/batch/v1 HTTP/1.1" 200 453 "-" "Mozilla/5.0"
192.145.236.177 - - [24/Jul/2026:11:30:25 -0700] "POST /wp-admin/admin-ajax.php?action=async_litespeed&nonce=yh4OrgzOVJ8PHeDDTX2H3tfQBykUZ5Ym&litespeed_type=imgoptm HTTP/1.1" 200 463 "-" "WordPress/6.8.6; https://bitcoinslots.info"
103.82.27.41 - - [24/Jul/2026:11:30:28 -0700] "POST /wp-json/batch/v1 HTTP/1.1" 200 469 "-" "Mozilla/5.0"
103.82.27.41 - - [24/Jul/2026:11:30:29 -0700] "POST /wp-json/batch/v1 HTTP/1.1" 200 453 "-" "Mozilla/5.0"
192.145.236.177 - - [24/Jul/2026:11:30:49 -0700] "POST /wp-cron.php?doing_wp_cron=1784917849.7212929725646972656250 HTTP/1.1" 200 - "-" "WordPress/6.8.6; https://bitcoinslots.info"
69.171.231.9 - - [24/Jul/2026:11:30:48 -0700] "GET /robots.txt HTTP/1.1" 200 729 "-" "facebookexternalhit/1.1 (+http://www.facebook.com/externalhit_uatext.php)"
192.145.236.177 - - [24/Jul/2026:11:30:50 -0700] "POST /wp-admin/admin-ajax.php?action=async_litespeed&nonce=Z4H96IjqeK8nFIsLdNLWXTwspOuw1LMW&litespeed_type=imgoptm HTTP/1.1" 200 463 "-" "WordPress/6.8.6; https://bitcoinslots.info"
192.145.236.177 - - [24/Jul/2026:11:43:19 -0700] "POST /wp-cron.php?doing_wp_cron=1784918599.9373021125793457031250 HTTP/1.1" 200 - "-" "WordPress/6.8.6; https://bitcoinslots.info"
216.73.217.65 - - [24/Jul/2026:11:43:19 -0700] "GET /robots.txt HTTP/1.1" 200 729 "-" "Mozilla/5.0 AppleWebKit/537.36 (KHTML, like Gecko; compatible; ClaudeBot/1.0; +claudebot@anthropic.com)"
216.73.217.65 - - [24/Jul/2026:11:43:20 -0700] "GET /sitemap-news.xml HTTP/1.1" 200 1014 "-" "Mozilla/5.0 AppleWebKit/537.36 (KHTML, like Gecko; compatible; ClaudeBot/1.0; +claudebot@anthropic.com)"
192.145.236.177 - - [24/Jul/2026:11:43:20 -0700] "POST /wp-admin/admin-ajax.php?action=async_litespeed&nonce=14vmvdVeNjerBtBQLhMb6GZAonO1X2NV&litespeed_type=imgoptm HTTP/1.1" 200 463 "-" "WordPress/6.8.6; https://bitcoinslots.info"
192.145.236.177 - - [24/Jul/2026:11:46:52 -0700] "POST /wp-cron.php?doing_wp_cron=1784918812.9255518913269042968750 HTTP/1.1" 200 - "-" "WordPress/6.8.6; https://bitcoinslots.info"
216.73.217.65 - - [24/Jul/2026:11:46:52 -0700] "GET /sitemap_index.xml HTTP/1.1" 200 1376 "-" "Mozilla/5.0 AppleWebKit/537.36 (KHTML, like Gecko; compatible; ClaudeBot/1.0; +claudebot@anthropic.com)"
192.145.236.177 - - [24/Jul/2026:11:46:53 -0700] "POST /wp-admin/admin-ajax.php?action=async_litespeed&nonce=zxRWYI4RKWdcufXQsLXZaJmqlnMDo9nd&litespeed_type=imgoptm HTTP/1.1" 200 463 "-" "WordPress/6.8.6; https://bitcoinslots.info"
64.225.19.52 - - [24/Jul/2026:11:59:23 -0700] "GET /.env HTTP/1.1" 406 300 "-" "Mozilla/5.0 (Windows NT 10.0; Win64; x64) AppleWebKit/537.36 (KHTML, like Gecko) Chrome/101.0.4951.64 Safari/537.36 Edg/101.0.1210.47"
192.145.236.177 - - [24/Jul/2026:12:06:32 -0700] "POST /wp-admin/admin-ajax.php?action=async_litespeed&nonce=NoIgDMgENS129TzAInVuMRl12Jq7uEFZ&litespeed_type=imgoptm HTTP/1.1" 200 463 "-" "WordPress/6.8.6; https://bitcoinslots.info"
192.145.236.177 - - [24/Jul/2026:12:09:58 -0700] "POST /wp-admin/admin-ajax.php?action=async_litespeed&nonce=ODjPUFOAbCfVZ9wg21zo1pxiXsbo6qJx&litespeed_type=imgoptm HTTP/1.1" 200 463 "-" "WordPress/6.8.6; https://bitcoinslots.info"
192.145.236.177 - - [24/Jul/2026:12:10:35 -0700] "POST /wp-admin/admin-ajax.php?action=async_litespeed&nonce=5xKgxwz0RvYk2LsrgrNOH4RTKh4d1M0x&litespeed_type=imgoptm HTTP/1.1" 200 463 "-" "WordPress/6.8.6; https://bitcoinslots.info"
192.145.236.177 - - [24/Jul/2026:12:11:37 -0700] "POST /wp-admin/admin-ajax.php?action=async_litespeed&nonce=cbHAuJxa52ynIExMo94ldlXMgq3rsflx&litespeed_type=imgoptm HTTP/1.1" 200 463 "-" "WordPress/6.8.6; https://bitcoinslots.info"
192.145.236.177 - - [24/Jul/2026:12:14:50 -0700] "POST /wp-admin/admin-ajax.php?action=async_litespeed&nonce=qq34s8OrpESUFEySgwwqLxytjxF1ddsT&litespeed_type=imgoptm HTTP/1.1" 200 463 "-" "WordPress/6.8.6; https://bitcoinslots.info"
192.145.236.177 - - [24/Jul/2026:12:16:02 -0700] "POST /wp-cron.php?doing_wp_cron=1784920562.1862881183624267578125 HTTP/1.1" 200 - "-" "WordPress/6.8.6; https://bitcoinslots.info"
3.139.242.79 - - [24/Jul/2026:12:16:01 -0700] "GET / HTTP/1.1" 200 453 "-" "visionheight.com/scan Mozilla/5.0 (Macintosh; Intel Mac OS X 10_15_7) Chrome/126.0.0.0 Safari/537.36"
192.145.236.177 - - [24/Jul/2026:12:16:02 -0700] "POST /wp-admin/admin-ajax.php?action=async_litespeed&nonce=wuvX0etQGARI1OOhjrdYXAwdL4oSSZse&litespeed_type=imgoptm HTTP/1.1" 200 463 "-" "WordPress/6.8.6; https://bitcoinslots.info"
192.145.236.177 - - [24/Jul/2026:12:29:19 -0700] "POST /wp-cron.php?doing_wp_cron=1784921359.0655589103698730468750 HTTP/1.1" 200 - "-" "WordPress/6.8.6; https://bitcoinslots.info"
216.73.217.65 - - [24/Jul/2026:12:29:18 -0700] "GET / HTTP/1.1" 200 114670 "-" "Mozilla/5.0 AppleWebKit/537.36 (KHTML, like Gecko; compatible; ClaudeBot/1.0; +claudebot@anthropic.com)"
192.145.236.177 - - [24/Jul/2026:12:29:20 -0700] "POST /wp-admin/admin-ajax.php?action=async_litespeed&nonce=oLBEHcYfF2tPYnY26Qc796AiQxaXn591&litespeed_type=imgoptm HTTP/1.1" 200 463 "-" "WordPress/6.8.6; https://bitcoinslots.info"
192.145.236.177 - - [24/Jul/2026:12:30:28 -0700] "POST /wp-admin/admin-ajax.php?action=async_litespeed&nonce=ioFKZBqyV16QTCO9Krt1k0vCvfG9PXCQ&litespeed_type=imgoptm HTTP/1.1" 200 463 "-" "WordPress/6.8.6; https://bitcoinslots.info"
64.225.19.52 - - [24/Jul/2026:12:33:10 -0700] "GET /.env HTTP/1.1" 406 300 "-" "Mozilla/5.0 (Macintosh; Intel Mac OS X 10.15; rv:135.0) Gecko/20100101 Firefox/135.0"
64.225.19.52 - - [24/Jul/2026:12:33:10 -0700] "GET /.env HTTP/1.1" 406 300 "-" "Mozilla/5.0 (Macintosh; Intel Mac OS X 10.15; rv:133.0) Gecko/20100101 Firefox/133.0"
192.145.236.177 - - [24/Jul/2026:12:47:53 -0700] "POST /wp-cron.php?doing_wp_cron=1784922473.1969089508056640625000 HTTP/1.1" 200 - "-" "WordPress/6.8.6; https://bitcoinslots.info"
172.204.17.66 - - [24/Jul/2026:12:47:52 -0700] "GET /admin.php HTTP/1.1" 200 58622 "-" "Mozilla/5.0 (Windows NT 10.0; Win64; x64) AppleWebKit/537.36 (KHTML, like Gecko) Chrome/120.0.0.0 Safari/537.36"
192.145.236.177 - - [24/Jul/2026:12:47:54 -0700] "POST /wp-admin/admin-ajax.php?action=async_litespeed&nonce=7yjxaUnq6ZygbHEjnsceS3V67ELB5je4&litespeed_type=imgoptm HTTP/1.1" 200 463 "-" "WordPress/6.8.6; https://bitcoinslots.info"
149.154.161.232 - - [24/Jul/2026:12:47:59 -0700] "GET /admin.php HTTP/1.1" 200 58622 "-" "TelegramBot (like TwitterBot)"
194.233.65.249 - - [24/Jul/2026:12:49:31 -0700] "POST /wp-admin/admin-ajax.php HTTP/1.1" 406 300 "-" "Mozilla/5.0"
192.145.236.177 - - [24/Jul/2026:12:49:33 -0700] "POST /wp-cron.php?doing_wp_cron=1784922573.2267138957977294921875 HTTP/1.1" 200 - "-" "WordPress/6.8.6; https://bitcoinslots.info"
194.233.65.249 - - [24/Jul/2026:12:49:32 -0700] "POST / HTTP/1.1" 200 114670 "-" "Mozilla/5.0"
192.145.236.177 - - [24/Jul/2026:12:49:33 -0700] "POST /wp-admin/admin-ajax.php?action=async_litespeed&nonce=2NjyehtyGGWE8A5sLYvAS28ipAh1Yeu6&litespeed_type=imgoptm HTTP/1.1" 200 463 "-" "WordPress/6.8.6; https://bitcoinslots.info"
194.233.65.249 - - [24/Jul/2026:12:49:34 -0700] "POST /wp-admin/admin-ajax.php HTTP/1.1" 406 300 "-" "Mozilla/5.0"
192.145.236.177 - - [24/Jul/2026:12:49:35 -0700] "POST /wp-cron.php?doing_wp_cron=1784922575.6859040260314941406250 HTTP/1.1" 200 - "-" "WordPress/6.8.6; https://bitcoinslots.info"
194.233.65.249 - - [24/Jul/2026:12:49:35 -0700] "POST / HTTP/1.1" 200 114670 "-" "Mozilla/5.0"
192.145.236.177 - - [24/Jul/2026:12:49:36 -0700] "POST /wp-admin/admin-ajax.php?action=async_litespeed&nonce=UrIiHbw1qELQH7byfM2sPkMPLlpYJ2Dw&litespeed_type=imgoptm HTTP/1.1" 200 463 "-" "WordPress/6.8.6; https://bitcoinslots.info"
194.233.65.249 - - [24/Jul/2026:12:49:37 -0700] "POST /wp-admin/admin-ajax.php HTTP/1.1" 406 300 "-" "Mozilla/5.0"
194.233.65.249 - - [24/Jul/2026:12:49:37 -0700] "POST / HTTP/1.1" 200 114670 "-" "Mozilla/5.0"
194.233.65.249 - - [24/Jul/2026:12:49:39 -0700] "POST /wp-admin/admin-ajax.php HTTP/1.1" 406 300 "-" "Mozilla/5.0"
194.233.65.249 - - [24/Jul/2026:12:49:39 -0700] "POST / HTTP/1.1" 200 114670 "-" "Mozilla/5.0"
192.145.236.177 - - [24/Jul/2026:12:51:01 -0700] "POST /wp-cron.php?doing_wp_cron=1784922660.9688079357147216796875 HTTP/1.1" 200 - "-" "WordPress/6.8.6; https://bitcoinslots.info"
172.204.17.66 - - [24/Jul/2026:12:50:59 -0700] "GET /admin.php HTTP/1.1" 200 58567 "-" "Mozilla/5.0 (Windows NT 10.0; Win64; x64) AppleWebKit/537.36 (KHTML, like Gecko) Chrome/120.0.0.0 Safari/537.36"
192.145.236.177 - - [24/Jul/2026:12:51:02 -0700] "POST /wp-admin/admin-ajax.php?action=async_litespeed&nonce=VMhoLArZevZ5UVKLhq3b3KgPVU0ExiwH&litespeed_type=imgoptm HTTP/1.1" 200 463 "-" "WordPress/6.8.6; https://bitcoinslots.info"
192.145.236.177 - - [24/Jul/2026:12:51:41 -0700] "POST /wp-cron.php?doing_wp_cron=1784922701.2324941158294677734375 HTTP/1.1" 200 - "-" "WordPress/6.8.6; https://bitcoinslots.info"
149.154.161.198 - - [24/Jul/2026:12:51:40 -0700] "GET /admin.php HTTP/1.1" 200 58567 "-" "TelegramBot (like TwitterBot)"
192.145.236.177 - - [24/Jul/2026:12:51:41 -0700] "POST /wp-admin/admin-ajax.php?action=async_litespeed&nonce=8mSRj2VnRFHR0F6off3eZqYwY6h5cQA2&litespeed_type=imgoptm HTTP/1.1" 200 463 "-" "WordPress/6.8.6; https://bitcoinslots.info"
192.145.236.177 - - [24/Jul/2026:12:54:56 -0700] "POST /wp-cron.php?doing_wp_cron=1784922896.2030570507049560546875 HTTP/1.1" 200 - "-" "WordPress/6.8.6; https://bitcoinslots.info"
114.119.129.36 - - [24/Jul/2026:12:54:55 -0700] "GET /about-us HTTP/1.1" 200 453 "https://bitcoinslots.info/starburst" "Mozilla/5.0 (Linux; Android 7.0;) AppleWebKit/537.36 (HTML, like Gecko) Mobile Safari/537.36 (compatible; PetalBot;+https://webmaster.petalsearch.com/site/petalbot)"
192.145.236.177 - - [24/Jul/2026:12:54:57 -0700] "POST /wp-admin/admin-ajax.php?action=async_litespeed&nonce=eu3WNIBhGNkTr9fqfhmDmVpl3gNL4DhI&litespeed_type=imgoptm HTTP/1.1" 200 463 "-" "WordPress/6.8.6; https://bitcoinslots.info"
192.145.236.177 - - [24/Jul/2026:13:00:01 -0700] "POST /wp-admin/admin-ajax.php?action=async_litespeed&nonce=wQ4LJEzIViR0zYn5IhMRWvbYXhJlCNUA&litespeed_type=imgoptm HTTP/1.1" 200 463 "-" "WordPress/6.8.6; https://bitcoinslots.info"
77.75.77.36 - - [24/Jul/2026:13:03:41 -0700] "GET /wp-content/uploads/2019/12/Final-Img-03.png HTTP/1.1" 304 - "-" "Mozilla/5.0 (compatible; SeznamBot/4.0; +https://o-seznam.cz/napoveda/vyhledavani/en/seznambot-crawler/)"
77.75.77.36 - - [24/Jul/2026:13:17:43 -0700] "GET /wp-content/uploads/2019/11/4198-Converted.png HTTP/1.1" 304 - "-" "Mozilla/5.0 (compatible; SeznamBot/4.0; +https://o-seznam.cz/napoveda/vyhledavani/en/seznambot-crawler/)"
66.249.66.203 - - [24/Jul/2026:13:38:24 -0700] "GET /wp-content/uploads/2019/12/Final-Img-01.png HTTP/1.1" 304 - "-" "Googlebot-Image/1.0"
192.145.236.177 - - [24/Jul/2026:13:42:18 -0700] "POST /wp-cron.php?doing_wp_cron=1784925737.9957261085510253906250 HTTP/1.1" 200 - "-" "WordPress/6.8.6; https://bitcoinslots.info"
216.73.217.65 - - [24/Jul/2026:13:42:17 -0700] "GET /robots.txt HTTP/1.1" 200 729 "-" "Mozilla/5.0 AppleWebKit/537.36 (KHTML, like Gecko; compatible; ClaudeBot/1.0; +claudebot@anthropic.com)"
216.73.217.65 - - [24/Jul/2026:13:42:18 -0700] "GET /sitemap-news.xml HTTP/1.1" 200 1014 "-" "Mozilla/5.0 AppleWebKit/537.36 (KHTML, like Gecko; compatible; ClaudeBot/1.0; +claudebot@anthropic.com)"
192.145.236.177 - - [24/Jul/2026:13:42:18 -0700] "POST /wp-admin/admin-ajax.php?action=async_litespeed&nonce=DldzBz1Ks8vajgGYnYJJxqty1FaeHxlS&litespeed_type=imgoptm HTTP/1.1" 200 463 "-" "WordPress/6.8.6; https://bitcoinslots.info"
192.145.236.177 - - [24/Jul/2026:13:45:06 -0700] "POST /wp-cron.php?doing_wp_cron=1784925906.9576289653778076171875 HTTP/1.1" 200 - "-" "WordPress/6.8.6; https://bitcoinslots.info"
216.73.217.65 - - [24/Jul/2026:13:45:06 -0700] "GET /sitemap_index.xml HTTP/1.1" 200 1376 "-" "Mozilla/5.0 AppleWebKit/537.36 (KHTML, like Gecko; compatible; ClaudeBot/1.0; +claudebot@anthropic.com)"
192.145.236.177 - - [24/Jul/2026:13:45:07 -0700] "POST /wp-admin/admin-ajax.php?action=async_litespeed&nonce=01BPGwiPeXPTAIHy3u6gx6h6xVErRNYw&litespeed_type=imgoptm HTTP/1.1" 200 463 "-" "WordPress/6.8.6; https://bitcoinslots.info"
192.145.236.177 - - [24/Jul/2026:14:04:19 -0700] "POST /wp-cron.php?doing_wp_cron=1784927059.4248349666595458984375 HTTP/1.1" 200 - "-" "WordPress/6.8.6; https://bitcoinslots.info"
160.191.139.115 - - [24/Jul/2026:14:04:18 -0700] "POST /xmlrpc.php HTTP/1.1" 200 854 "-" "Mozilla/5.0 (Windows NT 10.0; Win64; x64) AppleWebKit/537.36 (KHTML, like Gecko) Chrome/120.0.0.0 Safari/537.36"
192.145.236.177 - - [24/Jul/2026:14:04:19 -0700] "POST /wp-admin/admin-ajax.php?action=async_litespeed&nonce=EKROIYyHgpl1FMD4luMG38gqV29fGTJS&litespeed_type=imgoptm HTTP/1.1" 200 463 "-" "WordPress/6.8.6; https://bitcoinslots.info"
192.145.236.177 - - [24/Jul/2026:14:08:45 -0700] "POST /wp-admin/admin-ajax.php?action=async_litespeed&nonce=x6sNLOcu24Tfb3MeH86mrbg6CAEwD70X&litespeed_type=imgoptm HTTP/1.1" 200 463 "-" "WordPress/6.8.6; https://bitcoinslots.info"
192.145.236.177 - - [24/Jul/2026:14:12:19 -0700] "POST /wp-cron.php?doing_wp_cron=1784927539.3511760234832763671875 HTTP/1.1" 200 - "-" "WordPress/6.8.6; https://bitcoinslots.info"
51.68.111.243 - - [24/Jul/2026:14:12:18 -0700] "GET /robots.txt HTTP/1.1" 200 729 "-" "Mozilla/5.0 (compatible; MJ12bot/v2.0.5; http://mj12bot.com/)"
51.68.111.243 - - [24/Jul/2026:14:12:19 -0700] "GET / HTTP/1.1" 200 114670 "-" "Mozilla/5.0 (compatible; MJ12bot/v2.0.5; http://mj12bot.com/)"
192.145.236.177 - - [24/Jul/2026:14:12:19 -0700] "POST /wp-admin/admin-ajax.php?action=async_litespeed&nonce=km3nPESYk6IJC9b2nUZYTnWjeGLgBdtx&litespeed_type=imgoptm HTTP/1.1" 200 463 "-" "WordPress/6.8.6; https://bitcoinslots.info"
34.22.60.163 - - [24/Jul/2026:14:15:56 -0700] "GET /.git/config HTTP/1.1" 406 300 "-" "-"
192.145.236.177 - - [24/Jul/2026:14:22:57 -0700] "POST /wp-cron.php?doing_wp_cron=1784928177.1567070484161376953125 HTTP/1.1" 200 - "-" "WordPress/6.8.6; https://bitcoinslots.info"
135.136.51.35 - - [24/Jul/2026:14:22:56 -0700] "GET / HTTP/1.1" 200 114670 "-" "Mozilla/5.0 (Windows NT 10.0; Win64; x64) AppleWebKit/537.36 (KHTML, like Gecko) Chrome/124.0.0.0 Safari/537.36"
192.145.236.177 - - [24/Jul/2026:14:22:57 -0700] "POST /wp-admin/admin-ajax.php?action=async_litespeed&nonce=OEEjkIYUdNx6fv7M4ryjbOrmVCcdZeCw&litespeed_type=imgoptm HTTP/1.1" 200 463 "-" "WordPress/6.8.6; https://bitcoinslots.info"
192.145.236.177 - - [24/Jul/2026:14:24:12 -0700] "POST /wp-cron.php?doing_wp_cron=1784928252.6686120033264160156250 HTTP/1.1" 200 - "-" "WordPress/6.8.6; https://bitcoinslots.info"
62.60.130.235 - - [24/Jul/2026:14:24:11 -0700] "POST /?rest_route=/batch/v1 HTTP/1.1" 200 469 "-" "Mozilla/5.0"
62.60.130.235 - - [24/Jul/2026:14:24:13 -0700] "POST /?rest_route=/batch/v1 HTTP/1.1" 200 453 "-" "Mozilla/5.0"
192.145.236.177 - - [24/Jul/2026:14:24:13 -0700] "POST /wp-admin/admin-ajax.php?action=async_litespeed&nonce=Mpd6hFkTzqezPRnWb5c2uTHm46PLAHhA&litespeed_type=imgoptm HTTP/1.1" 200 463 "-" "WordPress/6.8.6; https://bitcoinslots.info"
62.60.130.235 - - [24/Jul/2026:14:24:14 -0700] "POST /wp-json/batch/v1 HTTP/1.1" 200 469 "-" "Mozilla/5.0"
62.60.130.235 - - [24/Jul/2026:14:24:15 -0700] "POST /wp-json/batch/v1 HTTP/1.1" 200 453 "-" "Mozilla/5.0"
192.145.236.177 - - [24/Jul/2026:14:34:54 -0700] "POST /wp-admin/admin-ajax.php?action=async_litespeed&nonce=SqFYbR5mTKBMVN20rljfpjoPGKSx7VrW&litespeed_type=imgoptm HTTP/1.1" 200 463 "-" "WordPress/6.8.6; https://bitcoinslots.info"
192.145.236.177 - - [24/Jul/2026:14:38:45 -0700] "POST /wp-cron.php?doing_wp_cron=1784929125.8532879352569580078125 HTTP/1.1" 200 - "-" "WordPress/6.8.6; https://bitcoinslots.info"
91.246.176.9 - - [24/Jul/2026:14:38:45 -0700] "POST /xmlrpc.php HTTP/1.1" 200 856 "-" "WordPress.com; https://wordpress.com"
192.145.236.177 - - [24/Jul/2026:14:38:46 -0700] "POST /wp-admin/admin-ajax.php?action=async_litespeed&nonce=d7rTI4W4zQKx0n47umQ3imUuAy868giA&litespeed_type=imgoptm HTTP/1.1" 200 463 "-" "WordPress/6.8.6; https://bitcoinslots.info"
192.145.236.177 - - [24/Jul/2026:14:38:56 -0700] "POST /wp-cron.php?doing_wp_cron=1784929136.2246229648590087890625 HTTP/1.1" 200 - "-" "WordPress/6.8.6; https://bitcoinslots.info"
91.246.176.4 - - [24/Jul/2026:14:38:55 -0700] "POST /xmlrpc.php HTTP/1.1" 200 856 "-" "Jetpack by WordPress.com"
91.246.176.8 - - [24/Jul/2026:14:39:06 -0700] "POST /xmlrpc.php HTTP/1.1" 200 856 "-" "Jetpack by WordPress.com"
91.246.176.9 - - [24/Jul/2026:14:39:17 -0700] "POST /xmlrpc.php HTTP/1.1" 200 856 "-" "Jetpack/13.0; WordPress/6.4; http://site93821267.com"
91.246.176.7 - - [24/Jul/2026:14:39:28 -0700] "POST /xmlrpc.php HTTP/1.1" 200 856 "-" "Jetpack/12.5; WordPress/6.1; http://site94856504.com"
192.145.236.177 - - [24/Jul/2026:14:39:40 -0700] "POST /wp-cron.php?doing_wp_cron=1784929180.1656200885772705078125 HTTP/1.1" 200 - "-" "WordPress/6.8.6; https://bitcoinslots.info"
91.246.176.10 - - [24/Jul/2026:14:39:39 -0700] "POST /xmlrpc.php HTTP/1.1" 200 856 "-" "Jetpack by WordPress.com (Jetpack 12.1; WordPress 6.2)"
192.145.236.177 - - [24/Jul/2026:14:39:41 -0700] "POST /wp-admin/admin-ajax.php?action=async_litespeed&nonce=NiglpfRZ0nbpk3AuACUsB6niCsyTircR&litespeed_type=imgoptm HTTP/1.1" 200 463 "-" "WordPress/6.8.6; https://bitcoinslots.info"
192.145.236.177 - - [24/Jul/2026:14:39:52 -0700] "POST /wp-cron.php?doing_wp_cron=1784929192.1867380142211914062500 HTTP/1.1" 200 - "-" "WordPress/6.8.6; https://bitcoinslots.info"
91.246.176.8 - - [24/Jul/2026:14:39:50 -0700] "POST /xmlrpc.php HTTP/1.1" 200 856 "-" "Jetpack by WordPress.com (Jetpack 13.0; WordPress 6.3)"
91.246.176.8 - - [24/Jul/2026:14:40:01 -0700] "POST /xmlrpc.php HTTP/1.1" 200 856 "-" "Jetpack/12.1; WordPress/6.4; http://site13605506.com"
91.246.176.8 - - [24/Jul/2026:14:40:13 -0700] "POST /xmlrpc.php HTTP/1.1" 200 856 "-" "WordPress.com; https://wordpress.com"
62.43.121.79 - - [24/Jul/2026:14:40:19 -0700] "POST /xmlrpc.php HTTP/1.1" 200 856 "-" "Mozilla/5.0 (Windows NT 6.2; x64) AppleWebKit/537.36 (KHTML, like Gecko) Edge/94.0.0.0 Safari/537.36"
91.246.176.6 - - [24/Jul/2026:14:40:23 -0700] "POST /xmlrpc.php HTTP/1.1" 200 856 "-" "Jetpack by WordPress.com"
91.246.176.10 - - [24/Jul/2026:14:40:34 -0700] "POST /xmlrpc.php HTTP/1.1" 200 856 "-" "Jetpack by WordPress.com (Jetpack 12.1; WordPress 6.2)"
192.145.236.177 - - [24/Jul/2026:14:40:45 -0700] "POST /wp-cron.php?doing_wp_cron=1784929245.6990718841552734375000 HTTP/1.1" 200 - "-" "WordPress/6.8.6; https://bitcoinslots.info"
91.246.176.5 - - [24/Jul/2026:14:40:44 -0700] "POST /xmlrpc.php HTTP/1.1" 200 856 "-" "WordPress.com; https://wordpress.com"
192.145.236.177 - - [24/Jul/2026:14:40:46 -0700] "POST /wp-admin/admin-ajax.php?action=async_litespeed&nonce=7lLLnzyzvmwBdT6KTxr4qZaZjLuCjFAh&litespeed_type=imgoptm HTTP/1.1" 200 463 "-" "WordPress/6.8.6; https://bitcoinslots.info"
192.145.236.177 - - [24/Jul/2026:14:40:56 -0700] "POST /wp-cron.php?doing_wp_cron=1784929256.2040278911590576171875 HTTP/1.1" 200 - "-" "WordPress/6.8.6; https://bitcoinslots.info"
91.246.176.2 - - [24/Jul/2026:14:40:55 -0700] "POST /xmlrpc.php HTTP/1.1" 200 856 "-" "Jetpack by WordPress.com"
91.246.176.20 - - [24/Jul/2026:14:41:06 -0700] "POST /xmlrpc.php HTTP/1.1" 200 856 "-" "Jetpack by WordPress.com (Jetpack 12.0; WordPress 6.4)"
91.246.176.6 - - [24/Jul/2026:14:41:16 -0700] "POST /xmlrpc.php HTTP/1.1" 200 856 "-" "WordPress.com; https://wordpress.com"
91.246.176.4 - - [24/Jul/2026:14:41:27 -0700] "POST /xmlrpc.php HTTP/1.1" 200 856 "-" "Jetpack by WordPress.com"
192.145.236.177 - - [24/Jul/2026:14:41:38 -0700] "POST /wp-cron.php?doing_wp_cron=1784929298.9502220153808593750000 HTTP/1.1" 200 - "-" "WordPress/6.8.6; https://bitcoinslots.info"
91.246.176.8 - - [24/Jul/2026:14:41:38 -0700] "POST /xmlrpc.php HTTP/1.1" 200 856 "-" "WordPress.com; https://wordpress.com"
192.145.236.177 - - [24/Jul/2026:14:41:39 -0700] "POST /wp-admin/admin-ajax.php?action=async_litespeed&nonce=qYHYe8IHNhwN31K6B9z3AHYk5doR4gKl&litespeed_type=imgoptm HTTP/1.1" 200 463 "-" "WordPress/6.8.6; https://bitcoinslots.info"
192.145.236.177 - - [24/Jul/2026:14:41:49 -0700] "POST /wp-cron.php?doing_wp_cron=1784929309.7059390544891357421875 HTTP/1.1" 200 - "-" "WordPress/6.8.6; https://bitcoinslots.info"
91.246.176.7 - - [24/Jul/2026:14:41:49 -0700] "POST /xmlrpc.php HTTP/1.1" 200 856 "-" "Jetpack/12.0; WordPress/6.3; http://site57577091.com"
192.145.236.177 - - [24/Jul/2026:14:42:00 -0700] "POST /wp-cron.php?doing_wp_cron=1784929320.3421089649200439453125 HTTP/1.1" 200 - "-" "WordPress/6.8.6; https://bitcoinslots.info"
91.246.176.2 - - [24/Jul/2026:14:41:59 -0700] "POST /xmlrpc.php HTTP/1.1" 200 856 "-" "Jetpack by WordPress.com (Jetpack 13.0; WordPress 6.3)"
91.246.176.9 - - [24/Jul/2026:14:42:10 -0700] "POST /xmlrpc.php HTTP/1.1" 200 856 "-" "WordPress.com; https://wordpress.com"
91.246.176.8 - - [24/Jul/2026:14:42:21 -0700] "POST /xmlrpc.php HTTP/1.1" 406 300 "-" "WordPress.com; https://wordpress.com"
91.246.176.4 - - [24/Jul/2026:14:42:31 -0700] "POST /xmlrpc.php HTTP/1.1" 200 856 "-" "WordPress.com; https://wordpress.com"
192.145.236.177 - - [24/Jul/2026:14:42:42 -0700] "POST /wp-cron.php?doing_wp_cron=1784929362.9539809226989746093750 HTTP/1.1" 200 - "-" "WordPress/6.8.6; https://bitcoinslots.info"
91.246.176.9 - - [24/Jul/2026:14:42:42 -0700] "POST /xmlrpc.php HTTP/1.1" 200 856 "-" "WordPress.com; https://wordpress.com"
192.145.236.177 - - [24/Jul/2026:14:42:43 -0700] "POST /wp-admin/admin-ajax.php?action=async_litespeed&nonce=yiUEYwVq01gUik7HDBRcCmtBissvEiZq&litespeed_type=imgoptm HTTP/1.1" 200 463 "-" "WordPress/6.8.6; https://bitcoinslots.info"
192.145.236.177 - - [24/Jul/2026:14:42:53 -0700] "POST /wp-cron.php?doing_wp_cron=1784929373.7145640850067138671875 HTTP/1.1" 200 - "-" "WordPress/6.8.6; https://bitcoinslots.info"
91.246.176.9 - - [24/Jul/2026:14:42:53 -0700] "POST /xmlrpc.php HTTP/1.1" 200 856 "-" "Jetpack by WordPress.com"
91.246.176.7 - - [24/Jul/2026:14:43:04 -0700] "POST /xmlrpc.php HTTP/1.1" 406 300 "-" "WordPress.com; https://wordpress.com"
62.43.121.79 - - [24/Jul/2026:14:43:05 -0700] "GET /wp-json/wp/v2/users HTTP/1.1" 200 6202 "-" "Mozilla/4.0 (compatible; Win32; WinHttp.WinHttpRequest.5)"
91.246.176.7 - - [24/Jul/2026:14:43:15 -0700] "POST /xmlrpc.php HTTP/1.1" 200 856 "-" "Jetpack by WordPress.com (Jetpack 12.5; WordPress 6.1)"
91.246.176.9 - - [24/Jul/2026:14:43:26 -0700] "POST /xmlrpc.php HTTP/1.1" 200 856 "-" "Jetpack/12.1; WordPress/6.1; http://site54332294.com"
62.43.121.79 - - [24/Jul/2026:14:43:32 -0700] "POST /xmlrpc.php HTTP/1.1" 200 856 "-" "Mozilla/5.0 (Windows NT 10.0; arm64) AppleWebKit/537.36 (KHTML, like Gecko) Safari/14.0.0.0 Safari/537.36"
192.145.236.177 - - [24/Jul/2026:14:43:37 -0700] "POST /wp-cron.php?doing_wp_cron=1784929417.6364090442657470703125 HTTP/1.1" 200 - "-" "WordPress/6.8.6; https://bitcoinslots.info"
91.246.176.5 - - [24/Jul/2026:14:43:36 -0700] "POST /xmlrpc.php HTTP/1.1" 200 856 "-" "Jetpack by WordPress.com"
192.145.236.177 - - [24/Jul/2026:14:43:38 -0700] "POST /wp-admin/admin-ajax.php?action=async_litespeed&nonce=YUMtOChzvnIgnsSDpVIP4kEIfcSVskuy&litespeed_type=imgoptm HTTP/1.1" 200 463 "-" "WordPress/6.8.6; https://bitcoinslots.info"
91.246.176.20 - - [24/Jul/2026:14:43:47 -0700] "POST /xmlrpc.php HTTP/1.1" 200 856 "-" "WordPress.com; https://wordpress.com"
192.145.236.177 - - [24/Jul/2026:14:43:58 -0700] "POST /wp-cron.php?doing_wp_cron=1784929438.7336900234222412109375 HTTP/1.1" 200 - "-" "WordPress/6.8.6; https://bitcoinslots.info"
91.246.176.10 - - [24/Jul/2026:14:43:58 -0700] "POST /xmlrpc.php HTTP/1.1" 200 856 "-" "Jetpack by WordPress.com"
62.43.121.79 - - [24/Jul/2026:14:44:01 -0700] "POST /xmlrpc.php HTTP/1.1" 200 856 "-" "Mozilla/5.0 (Windows NT 6.3; arm64) AppleWebKit/537.36 (KHTML, like Gecko) Opera/75.0.0.0 Safari/537.36"
91.246.176.5 - - [24/Jul/2026:14:44:08 -0700] "POST /xmlrpc.php HTTP/1.1" 200 856 "-" "Jetpack by WordPress.com"
91.246.176.3 - - [24/Jul/2026:14:44:19 -0700] "POST /xmlrpc.php HTTP/1.1" 200 856 "-" "Jetpack by WordPress.com (Jetpack 12.0; WordPress 6.4)"
62.43.121.79 - - [24/Jul/2026:14:44:28 -0700] "POST /xmlrpc.php HTTP/1.1" 200 856 "-" "Mozilla/5.0 (Windows NT 6.3; x86) AppleWebKit/537.36 (KHTML, like Gecko) Safari/12.0.0.0 Safari/537.36"
91.246.176.3 - - [24/Jul/2026:14:44:30 -0700] "POST /xmlrpc.php HTTP/1.1" 200 856 "-" "Jetpack by WordPress.com"
