192.145.236.177 - - [24/Jul/2026:08:37:44 -0700] "POST /wp-admin/admin-ajax.php?action=async_litespeed&nonce=Xr6L8GW5ywIxqV3tJoiEOiBRL1bJvD0E&litespeed_type=imgoptm HTTP/1.1" 200 463 "-" "WordPress/6.8.6; https://bitcoinslots.info"
103.186.52.166 - - [24/Jul/2026:08:37:54 -0700] "POST /xmlrpc.php HTTP/1.1" 406 300 "-" "WordPress.com; https://wordpress.com"
103.186.52.166 - - [24/Jul/2026:08:38:04 -0700] "POST /xmlrpc.php HTTP/1.1" 406 300 "-" "WordPress.com; https://wordpress.com"
192.145.236.177 - - [24/Jul/2026:08:38:16 -0700] "POST /wp-cron.php?doing_wp_cron=1784907496.2965540885925292968750 HTTP/1.1" 200 - "-" "WordPress/6.8.6; https://bitcoinslots.info"
103.186.52.166 - - [24/Jul/2026:08:38:15 -0700] "POST /xmlrpc.php HTTP/1.1" 200 856 "-" "Jetpack/12.5; WordPress/6.3; http://site76189947.com"
103.186.52.166 - - [24/Jul/2026:08:38:26 -0700] "POST /xmlrpc.php HTTP/1.1" 406 300 "-" "WordPress.com; https://wordpress.com"
192.145.236.177 - - [24/Jul/2026:08:38:37 -0700] "POST /wp-cron.php?doing_wp_cron=1784907517.5184049606323242187500 HTTP/1.1" 200 - "-" "WordPress/6.8.6; https://bitcoinslots.info"
103.186.52.166 - - [24/Jul/2026:08:38:36 -0700] "POST /xmlrpc.php HTTP/1.1" 200 856 "-" "Jetpack by WordPress.com (Jetpack 13.0; WordPress 6.3)"
192.145.236.177 - - [24/Jul/2026:08:38:38 -0700] "POST /wp-admin/admin-ajax.php?action=async_litespeed&nonce=mjV6H4wgjwLmcObKhJ0ltdsXUDblkkd0&litespeed_type=imgoptm HTTP/1.1" 200 463 "-" "WordPress/6.8.6; https://bitcoinslots.info"
103.186.52.166 - - [24/Jul/2026:08:38:49 -0700] "POST /xmlrpc.php HTTP/1.1" 200 856 "-" "Jetpack/13.0; WordPress/6.4; http://site22207157.com"
192.145.236.177 - - [24/Jul/2026:08:38:58 -0700] "POST /wp-cron.php?doing_wp_cron=1784907538.7757039070129394531250 HTTP/1.1" 200 - "-" "WordPress/6.8.6; https://bitcoinslots.info"
103.186.52.166 - - [24/Jul/2026:08:38:58 -0700] "POST /xmlrpc.php HTTP/1.1" 200 856 "-" "Jetpack by WordPress.com (Jetpack 12.1; WordPress 6.4)"
103.186.52.166 - - [24/Jul/2026:08:39:08 -0700] "POST /xmlrpc.php HTTP/1.1" 406 300 "-" "WordPress.com; https://wordpress.com"
103.186.52.166 - - [24/Jul/2026:08:39:19 -0700] "POST /xmlrpc.php HTTP/1.1" 200 856 "-" "Jetpack/12.5; WordPress/6.2; http://site69820589.com"
103.186.52.166 - - [24/Jul/2026:08:39:30 -0700] "POST /xmlrpc.php HTTP/1.1" 200 856 "-" "Jetpack by WordPress.com (Jetpack 13.0; WordPress 6.4)"
192.145.236.177 - - [24/Jul/2026:08:39:42 -0700] "POST /wp-cron.php?doing_wp_cron=1784907582.0366868972778320312500 HTTP/1.1" 200 - "-" "WordPress/6.8.6; https://bitcoinslots.info"
103.186.52.166 - - [24/Jul/2026:08:39:41 -0700] "POST /xmlrpc.php HTTP/1.1" 200 856 "-" "Jetpack by WordPress.com"
192.145.236.177 - - [24/Jul/2026:08:39:42 -0700] "POST /wp-admin/admin-ajax.php?action=async_litespeed&nonce=vx53DQC9X68Akhp8cfpFxr37UWTEM3z5&litespeed_type=imgoptm HTTP/1.1" 200 463 "-" "WordPress/6.8.6; https://bitcoinslots.info"
103.186.52.166 - - [24/Jul/2026:08:39:52 -0700] "POST /xmlrpc.php HTTP/1.1" 406 300 "-" "WordPress.com; https://wordpress.com"
192.145.236.177 - - [24/Jul/2026:08:40:03 -0700] "POST /wp-cron.php?doing_wp_cron=1784907603.4161190986633300781250 HTTP/1.1" 200 - "-" "WordPress/6.8.6; https://bitcoinslots.info"
103.186.52.166 - - [24/Jul/2026:08:40:03 -0700] "POST /xmlrpc.php HTTP/1.1" 200 856 "-" "Jetpack by WordPress.com (Jetpack 12.0; WordPress 6.4)"
103.186.52.166 - - [24/Jul/2026:08:40:13 -0700] "POST /xmlrpc.php HTTP/1.1" 200 856 "-" "Jetpack/12.1; WordPress/6.3; http://site16455424.com"
103.186.52.166 - - [24/Jul/2026:08:40:24 -0700] "POST /xmlrpc.php HTTP/1.1" 200 856 "-" "Jetpack/12.1; WordPress/6.3; http://site28728868.com"
103.186.52.166 - - [24/Jul/2026:08:40:35 -0700] "POST /xmlrpc.php HTTP/1.1" 406 300 "-" "WordPress.com; https://wordpress.com"
192.145.236.177 - - [24/Jul/2026:08:40:46 -0700] "POST /wp-cron.php?doing_wp_cron=1784907646.4080729484558105468750 HTTP/1.1" 200 - "-" "WordPress/6.8.6; https://bitcoinslots.info"
103.186.52.166 - - [24/Jul/2026:08:40:45 -0700] "POST /xmlrpc.php HTTP/1.1" 200 856 "-" "Jetpack by WordPress.com (Jetpack 12.0; WordPress 6.3)"
192.145.236.177 - - [24/Jul/2026:08:40:47 -0700] "POST /wp-admin/admin-ajax.php?action=async_litespeed&nonce=Z7xxYrtrixpQCaT0X71tm1cTkw2pprHv&litespeed_type=imgoptm HTTP/1.1" 200 463 "-" "WordPress/6.8.6; https://bitcoinslots.info"
192.145.236.177 - - [24/Jul/2026:08:40:57 -0700] "POST /wp-cron.php?doing_wp_cron=1784907657.2288200855255126953125 HTTP/1.1" 200 - "-" "WordPress/6.8.6; https://bitcoinslots.info"
103.186.52.166 - - [24/Jul/2026:08:40:56 -0700] "POST /xmlrpc.php HTTP/1.1" 200 856 "-" "Jetpack/12.5; WordPress/6.3; http://site82091436.com"
103.186.52.166 - - [24/Jul/2026:08:41:07 -0700] "POST /xmlrpc.php HTTP/1.1" 406 300 "-" "WordPress.com; https://wordpress.com"
103.186.52.166 - - [24/Jul/2026:08:41:18 -0700] "POST /xmlrpc.php HTTP/1.1" 200 856 "-" "Jetpack/13.0; WordPress/6.1; http://site40170642.com"
103.186.52.166 - - [24/Jul/2026:08:41:29 -0700] "POST /xmlrpc.php HTTP/1.1" 200 856 "-" "Jetpack/12.1; WordPress/6.2; http://site35807190.com"
103.186.52.166 - - [24/Jul/2026:08:41:39 -0700] "POST /xmlrpc.php HTTP/1.1" 406 300 "-" "WordPress.com; https://wordpress.com"
192.145.236.177 - - [24/Jul/2026:08:41:51 -0700] "POST /wp-cron.php?doing_wp_cron=1784907711.0616478919982910156250 HTTP/1.1" 200 - "-" "WordPress/6.8.6; https://bitcoinslots.info"
103.186.52.166 - - [24/Jul/2026:08:41:50 -0700] "POST /xmlrpc.php HTTP/1.1" 200 856 "-" "Jetpack by WordPress.com (Jetpack 12.5; WordPress 6.3)"
192.145.236.177 - - [24/Jul/2026:08:41:51 -0700] "POST /wp-admin/admin-ajax.php?action=async_litespeed&nonce=9YvG8aqYMtFnQeit4u6WHQDW2EjFgcYF&litespeed_type=imgoptm HTTP/1.1" 200 463 "-" "WordPress/6.8.6; https://bitcoinslots.info"
103.186.52.166 - - [24/Jul/2026:08:42:01 -0700] "POST /xmlrpc.php HTTP/1.1" 200 856 "-" "Jetpack by WordPress.com"
103.186.52.166 - - [24/Jul/2026:08:42:12 -0700] "POST /xmlrpc.php HTTP/1.1" 200 856 "-" "Jetpack/12.5; WordPress/6.2; http://site34915078.com"
103.186.52.166 - - [24/Jul/2026:08:42:22 -0700] "POST /xmlrpc.php HTTP/1.1" 200 856 "-" "Jetpack/12.5; WordPress/6.4; http://site51549384.com"
103.186.52.166 - - [24/Jul/2026:08:42:33 -0700] "POST /xmlrpc.php HTTP/1.1" 200 856 "-" "Jetpack by WordPress.com (Jetpack 13.0; WordPress 6.4)"
192.145.236.177 - - [24/Jul/2026:08:42:44 -0700] "POST /wp-cron.php?doing_wp_cron=1784907764.9273760318756103515625 HTTP/1.1" 200 - "-" "WordPress/6.8.6; https://bitcoinslots.info"
103.186.52.166 - - [24/Jul/2026:08:42:44 -0700] "POST /xmlrpc.php HTTP/1.1" 200 856 "-" "Jetpack/12.5; WordPress/6.3; http://site98845996.com"
192.145.236.177 - - [24/Jul/2026:08:42:45 -0700] "POST /wp-admin/admin-ajax.php?action=async_litespeed&nonce=cw0zgPQlNQTbMmq1h8j5c2dBT4DeuYPT&litespeed_type=imgoptm HTTP/1.1" 200 463 "-" "WordPress/6.8.6; https://bitcoinslots.info"
192.145.236.177 - - [24/Jul/2026:08:42:56 -0700] "POST /wp-cron.php?doing_wp_cron=1784907776.1603178977966308593750 HTTP/1.1" 200 - "-" "WordPress/6.8.6; https://bitcoinslots.info"
103.186.52.166 - - [24/Jul/2026:08:42:55 -0700] "POST /xmlrpc.php HTTP/1.1" 200 856 "-" "Jetpack by WordPress.com (Jetpack 12.5; WordPress 6.1)"
103.186.52.166 - - [24/Jul/2026:08:43:06 -0700] "POST /xmlrpc.php HTTP/1.1" 200 856 "-" "Jetpack by WordPress.com"
103.186.52.166 - - [24/Jul/2026:08:43:17 -0700] "POST /xmlrpc.php HTTP/1.1" 200 856 "-" "Jetpack/13.0; WordPress/6.1; http://site62147374.com"
103.186.52.166 - - [24/Jul/2026:08:43:28 -0700] "POST /xmlrpc.php HTTP/1.1" 200 856 "-" "Jetpack/12.1; WordPress/6.3; http://site98499398.com"
103.186.52.166 - - [24/Jul/2026:08:43:38 -0700] "POST /xmlrpc.php HTTP/1.1" 406 300 "-" "WordPress.com; https://wordpress.com"
192.145.236.177 - - [24/Jul/2026:08:43:50 -0700] "POST /wp-cron.php?doing_wp_cron=1784907830.0583848953247070312500 HTTP/1.1" 200 - "-" "WordPress/6.8.6; https://bitcoinslots.info"
103.186.52.166 - - [24/Jul/2026:08:43:49 -0700] "POST /xmlrpc.php HTTP/1.1" 200 856 "-" "Jetpack/12.1; WordPress/6.3; http://site65863357.com"
192.145.236.177 - - [24/Jul/2026:08:43:50 -0700] "POST /wp-admin/admin-ajax.php?action=async_litespeed&nonce=9eJaFj6LssDZrQmZRRjxHY2Hejkq1voa&litespeed_type=imgoptm HTTP/1.1" 200 463 "-" "WordPress/6.8.6; https://bitcoinslots.info"
192.145.236.177 - - [24/Jul/2026:08:44:00 -0700] "POST /wp-cron.php?doing_wp_cron=1784907840.8979411125183105468750 HTTP/1.1" 200 - "-" "WordPress/6.8.6; https://bitcoinslots.info"
103.186.52.166 - - [24/Jul/2026:08:44:00 -0700] "POST /xmlrpc.php HTTP/1.1" 200 856 "-" "Jetpack/13.0; WordPress/6.4; http://site62317079.com"
103.186.52.166 - - [24/Jul/2026:08:44:11 -0700] "POST /xmlrpc.php HTTP/1.1" 200 856 "-" "Jetpack/12.1; WordPress/6.4; http://site71911223.com"
103.186.52.166 - - [24/Jul/2026:08:44:21 -0700] "POST /xmlrpc.php HTTP/1.1" 200 856 "-" "Jetpack by WordPress.com"
103.186.52.166 - - [24/Jul/2026:08:44:32 -0700] "POST /xmlrpc.php HTTP/1.1" 200 856 "-" "Jetpack by WordPress.com"
20.165.181.42 - - [24/Jul/2026:08:44:34 -0700] "GET /.env HTTP/1.1" 406 300 "-" "Mozilla/5.0 (Macintosh; Intel Mac OS X 10_10_3) AppleWebKit/537.36 (KHTML, like Gecko) Chrome/45.0.2454.85 Safari/537.36"
192.145.236.177 - - [24/Jul/2026:08:44:36 -0700] "POST /wp-cron.php?doing_wp_cron=1784907876.4313459396362304687500 HTTP/1.1" 200 - "-" "WordPress/6.8.6; https://bitcoinslots.info"
20.165.181.42 - - [24/Jul/2026:08:44:35 -0700] "POST / HTTP/1.1" 200 114670 "-" "Mozilla/5.0 (Macintosh; Intel Mac OS X 10_10_3) AppleWebKit/537.36 (KHTML, like Gecko) Chrome/45.0.2454.85 Safari/537.36"
192.145.236.177 - - [24/Jul/2026:08:44:37 -0700] "POST /wp-admin/admin-ajax.php?action=async_litespeed&nonce=XLukTIyfUEwXhIdOYbU2LP9foTDvQKSp&litespeed_type=imgoptm HTTP/1.1" 200 463 "-" "WordPress/6.8.6; https://bitcoinslots.info"
103.186.52.166 - - [24/Jul/2026:08:44:43 -0700] "POST /xmlrpc.php HTTP/1.1" 200 856 "-" "Jetpack by WordPress.com"
192.145.236.177 - - [24/Jul/2026:08:44:54 -0700] "POST /wp-cron.php?doing_wp_cron=1784907894.3386089801788330078125 HTTP/1.1" 200 - "-" "WordPress/6.8.6; https://bitcoinslots.info"
103.186.52.166 - - [24/Jul/2026:08:44:53 -0700] "POST /xmlrpc.php HTTP/1.1" 200 856 "-" "Jetpack by WordPress.com (Jetpack 12.0; WordPress 6.2)"
103.186.52.166 - - [24/Jul/2026:08:45:04 -0700] "POST /xmlrpc.php HTTP/1.1" 200 856 "-" "Jetpack by WordPress.com (Jetpack 12.0; WordPress 6.3)"
103.186.52.166 - - [24/Jul/2026:08:45:15 -0700] "POST /xmlrpc.php HTTP/1.1" 406 300 "-" "WordPress.com; https://wordpress.com"
103.186.52.166 - - [24/Jul/2026:08:45:25 -0700] "POST /xmlrpc.php HTTP/1.1" 200 856 "-" "Jetpack by WordPress.com (Jetpack 12.0; WordPress 6.4)"
103.186.52.166 - - [24/Jul/2026:08:45:36 -0700] "POST /xmlrpc.php HTTP/1.1" 406 300 "-" "WordPress.com; https://wordpress.com"
103.186.52.166 - - [24/Jul/2026:08:45:47 -0700] "POST /xmlrpc.php HTTP/1.1" 406 300 "-" "WordPress.com; https://wordpress.com"
192.145.236.177 - - [24/Jul/2026:08:45:58 -0700] "POST /wp-cron.php?doing_wp_cron=1784907958.4712491035461425781250 HTTP/1.1" 200 - "-" "WordPress/6.8.6; https://bitcoinslots.info"
103.186.52.166 - - [24/Jul/2026:08:45:57 -0700] "POST /xmlrpc.php HTTP/1.1" 200 856 "-" "Jetpack by WordPress.com"
192.145.236.177 - - [24/Jul/2026:08:45:59 -0700] "POST /wp-admin/admin-ajax.php?action=async_litespeed&nonce=r1853WjhIZnaqs9CXj599OPMhvvvJVEk&litespeed_type=imgoptm HTTP/1.1" 200 463 "-" "WordPress/6.8.6; https://bitcoinslots.info"
103.186.52.166 - - [24/Jul/2026:08:46:08 -0700] "POST /xmlrpc.php HTTP/1.1" 200 856 "-" "Jetpack/12.5; WordPress/6.2; http://site22786425.com"
103.186.52.166 - - [24/Jul/2026:08:46:19 -0700] "POST /xmlrpc.php HTTP/1.1" 200 856 "-" "Jetpack by WordPress.com"
103.186.52.166 - - [24/Jul/2026:08:46:30 -0700] "POST /xmlrpc.php HTTP/1.1" 200 856 "-" "Jetpack by WordPress.com"
192.145.236.177 - - [24/Jul/2026:08:46:41 -0700] "POST /wp-cron.php?doing_wp_cron=1784908001.4170489311218261718750 HTTP/1.1" 200 - "-" "WordPress/6.8.6; https://bitcoinslots.info"
103.186.52.166 - - [24/Jul/2026:08:46:40 -0700] "POST /xmlrpc.php HTTP/1.1" 200 856 "-" "Jetpack by WordPress.com (Jetpack 12.0; WordPress 6.1)"
192.145.236.177 - - [24/Jul/2026:08:46:42 -0700] "POST /wp-admin/admin-ajax.php?action=async_litespeed&nonce=aW194QY3PiCSKLnkrpqFv6KFNX0izTBb&litespeed_type=imgoptm HTTP/1.1" 200 463 "-" "WordPress/6.8.6; https://bitcoinslots.info"
192.145.236.177 - - [24/Jul/2026:08:46:52 -0700] "POST /wp-cron.php?doing_wp_cron=1784908012.4875140190124511718750 HTTP/1.1" 200 - "-" "WordPress/6.8.6; https://bitcoinslots.info"
103.186.52.166 - - [24/Jul/2026:08:46:51 -0700] "POST /xmlrpc.php HTTP/1.1" 200 856 "-" "Jetpack/12.5; WordPress/6.3; http://site32121383.com"
103.186.52.166 - - [24/Jul/2026:08:47:03 -0700] "POST /xmlrpc.php HTTP/1.1" 200 856 "-" "Jetpack/13.0; WordPress/6.3; http://site32356754.com"
103.186.52.166 - - [24/Jul/2026:08:47:14 -0700] "POST /xmlrpc.php HTTP/1.1" 200 856 "-" "Jetpack by WordPress.com (Jetpack 13.0; WordPress 6.3)"
103.186.52.166 - - [24/Jul/2026:08:47:25 -0700] "POST /xmlrpc.php HTTP/1.1" 406 300 "-" "WordPress.com; https://wordpress.com"
192.145.236.177 - - [24/Jul/2026:08:47:36 -0700] "POST /wp-cron.php?doing_wp_cron=1784908056.2399029731750488281250 HTTP/1.1" 200 - "-" "WordPress/6.8.6; https://bitcoinslots.info"
103.186.52.166 - - [24/Jul/2026:08:47:35 -0700] "POST /xmlrpc.php HTTP/1.1" 200 856 "-" "Jetpack/13.0; WordPress/6.4; http://site50796265.com"
192.145.236.177 - - [24/Jul/2026:08:47:36 -0700] "POST /wp-admin/admin-ajax.php?action=async_litespeed&nonce=N1CGLUIsHka5zgC66M2oCFMwtGCrDwM5&litespeed_type=imgoptm HTTP/1.1" 200 463 "-" "WordPress/6.8.6; https://bitcoinslots.info"
103.186.52.166 - - [24/Jul/2026:08:47:46 -0700] "POST /xmlrpc.php HTTP/1.1" 200 856 "-" "Jetpack by WordPress.com (Jetpack 12.0; WordPress 6.2)"
192.145.236.177 - - [24/Jul/2026:08:47:57 -0700] "POST /wp-cron.php?doing_wp_cron=1784908077.5523130893707275390625 HTTP/1.1" 200 - "-" "WordPress/6.8.6; https://bitcoinslots.info"
103.186.52.166 - - [24/Jul/2026:08:47:57 -0700] "POST /xmlrpc.php HTTP/1.1" 200 856 "-" "Jetpack/12.5; WordPress/6.4; http://site13288068.com"
103.186.52.166 - - [24/Jul/2026:08:48:07 -0700] "POST /xmlrpc.php HTTP/1.1" 200 856 "-" "Jetpack by WordPress.com"
103.186.52.166 - - [24/Jul/2026:08:48:18 -0700] "POST /xmlrpc.php HTTP/1.1" 200 856 "-" "Jetpack/12.1; WordPress/6.2; http://site31356087.com"
103.186.52.166 - - [24/Jul/2026:08:48:28 -0700] "POST /xmlrpc.php HTTP/1.1" 406 300 "-" "WordPress.com; https://wordpress.com"
192.145.236.177 - - [24/Jul/2026:08:48:40 -0700] "POST /wp-cron.php?doing_wp_cron=1784908120.4552729129791259765625 HTTP/1.1" 200 - "-" "WordPress/6.8.6; https://bitcoinslots.info"
103.186.52.166 - - [24/Jul/2026:08:48:39 -0700] "POST /xmlrpc.php HTTP/1.1" 200 856 "-" "Jetpack by WordPress.com (Jetpack 13.0; WordPress 6.1)"
192.145.236.177 - - [24/Jul/2026:08:48:41 -0700] "POST /wp-admin/admin-ajax.php?action=async_litespeed&nonce=pS2M1f03Q8JbtieoxwKlGvBwDU0vTysf&litespeed_type=imgoptm HTTP/1.1" 200 463 "-" "WordPress/6.8.6; https://bitcoinslots.info"
103.186.52.166 - - [24/Jul/2026:08:48:53 -0700] "POST /xmlrpc.php HTTP/1.1" 406 300 "-" "WordPress.com; https://wordpress.com"
192.145.236.177 - - [24/Jul/2026:08:49:05 -0700] "POST /wp-cron.php?doing_wp_cron=1784908145.6512889862060546875000 HTTP/1.1" 200 - "-" "WordPress/6.8.6; https://bitcoinslots.info"
103.186.52.166 - - [24/Jul/2026:08:49:05 -0700] "POST /xmlrpc.php HTTP/1.1" 200 856 "-" "Jetpack/12.0; WordPress/6.1; http://site32779145.com"
20.52.54.143 - - [24/Jul/2026:08:49:06 -0700] "GET /test1.php HTTP/1.1" 200 58567 "-" "Mozilla/5.0 (Windows NT 10.0; Win64; x64) AppleWebKit/537.36 (KHTML, like Gecko) Chrome/120.0.0.0 Safari/537.36"
103.186.52.166 - - [24/Jul/2026:08:49:16 -0700] "POST /xmlrpc.php HTTP/1.1" 200 856 "-" "Jetpack/12.5; WordPress/6.1; http://site89009662.com"
103.186.52.166 - - [24/Jul/2026:08:49:27 -0700] "POST /xmlrpc.php HTTP/1.1" 200 856 "-" "Jetpack/13.0; WordPress/6.3; http://site22792735.com"
192.145.236.177 - - [24/Jul/2026:08:49:37 -0700] "POST /wp-cron.php?doing_wp_cron=1784908177.2790770530700683593750 HTTP/1.1" 200 - "-" "WordPress/6.8.6; https://bitcoinslots.info"
149.154.161.217 - - [24/Jul/2026:08:49:36 -0700] "GET /test1.php HTTP/1.1" 200 58567 "-" "TelegramBot (like TwitterBot)"
103.186.52.166 - - [24/Jul/2026:08:49:37 -0700] "POST /xmlrpc.php HTTP/1.1" 200 856 "-" "Jetpack/12.1; WordPress/6.4; http://site71370980.com"
192.145.236.177 - - [24/Jul/2026:08:49:38 -0700] "POST /wp-admin/admin-ajax.php?action=async_litespeed&nonce=uLQXcpvByHpOHazVaLw2SvfMMIHkOBvZ&litespeed_type=imgoptm HTTP/1.1" 200 463 "-" "WordPress/6.8.6; https://bitcoinslots.info"
103.186.52.166 - - [24/Jul/2026:08:49:48 -0700] "POST /xmlrpc.php HTTP/1.1" 406 300 "-" "WordPress.com; https://wordpress.com"
103.186.52.166 - - [24/Jul/2026:08:49:58 -0700] "POST /xmlrpc.php HTTP/1.1" 406 300 "-" "WordPress.com; https://wordpress.com"
103.186.52.166 - - [24/Jul/2026:08:50:09 -0700] "POST /xmlrpc.php HTTP/1.1" 406 300 "-" "WordPress.com; https://wordpress.com"
192.145.236.177 - - [24/Jul/2026:08:50:20 -0700] "POST /wp-cron.php?doing_wp_cron=1784908220.9033629894256591796875 HTTP/1.1" 200 - "-" "WordPress/6.8.6; https://bitcoinslots.info"
103.186.52.166 - - [24/Jul/2026:08:50:20 -0700] "POST /xmlrpc.php HTTP/1.1" 200 856 "-" "Jetpack by WordPress.com"
103.186.52.166 - - [24/Jul/2026:08:50:30 -0700] "POST /xmlrpc.php HTTP/1.1" 200 856 "-" "Jetpack by WordPress.com (Jetpack 12.1; WordPress 6.1)"
192.145.236.177 - - [24/Jul/2026:08:50:42 -0700] "POST /wp-cron.php?doing_wp_cron=1784908242.0636210441589355468750 HTTP/1.1" 200 - "-" "WordPress/6.8.6; https://bitcoinslots.info"
103.186.52.166 - - [24/Jul/2026:08:50:41 -0700] "POST /xmlrpc.php HTTP/1.1" 200 856 "-" "Jetpack by WordPress.com"
192.145.236.177 - - [24/Jul/2026:08:50:42 -0700] "POST /wp-admin/admin-ajax.php?action=async_litespeed&nonce=w1ZKVKoShG4CEbPxLfjw7c68yZTXqCz1&litespeed_type=imgoptm HTTP/1.1" 200 463 "-" "WordPress/6.8.6; https://bitcoinslots.info"
192.145.236.177 - - [24/Jul/2026:08:50:53 -0700] "POST /wp-cron.php?doing_wp_cron=1784908253.9057259559631347656250 HTTP/1.1" 200 - "-" "WordPress/6.8.6; https://bitcoinslots.info"
103.186.52.166 - - [24/Jul/2026:08:50:52 -0700] "POST /xmlrpc.php HTTP/1.1" 200 856 "-" "Jetpack by WordPress.com (Jetpack 12.5; WordPress 6.2)"
103.186.52.166 - - [24/Jul/2026:08:51:04 -0700] "POST /xmlrpc.php HTTP/1.1" 200 856 "-" "Jetpack by WordPress.com"
103.186.52.166 - - [24/Jul/2026:08:51:16 -0700] "POST /xmlrpc.php HTTP/1.1" 200 856 "-" "Jetpack by WordPress.com (Jetpack 13.0; WordPress 6.3)"
103.186.52.166 - - [24/Jul/2026:08:51:27 -0700] "POST /xmlrpc.php HTTP/1.1" 406 300 "-" "WordPress.com; https://wordpress.com"
192.145.236.177 - - [24/Jul/2026:08:51:41 -0700] "POST /wp-cron.php?doing_wp_cron=1784908301.7978110313415527343750 HTTP/1.1" 200 - "-" "WordPress/6.8.6; https://bitcoinslots.info"
103.186.52.166 - - [24/Jul/2026:08:51:39 -0700] "POST /xmlrpc.php HTTP/1.1" 200 856 "-" "Jetpack/12.0; WordPress/6.1; http://site20990935.com"
192.145.236.177 - - [24/Jul/2026:08:51:43 -0700] "POST /wp-admin/admin-ajax.php?action=async_litespeed&nonce=g7pTOIBPVK7lmVnAQ8PMb03ELQWf2V8t&litespeed_type=imgoptm HTTP/1.1" 200 463 "-" "WordPress/6.8.6; https://bitcoinslots.info"
192.145.236.177 - - [24/Jul/2026:08:51:54 -0700] "POST /wp-cron.php?doing_wp_cron=1784908314.4900069236755371093750 HTTP/1.1" 200 - "-" "WordPress/6.8.6; https://bitcoinslots.info"
103.186.52.166 - - [24/Jul/2026:08:51:51 -0700] "POST /xmlrpc.php HTTP/1.1" 200 856 "-" "Jetpack/12.1; WordPress/6.4; http://site77812189.com"
103.186.52.166 - - [24/Jul/2026:08:52:03 -0700] "POST /xmlrpc.php HTTP/1.1" 406 300 "-" "WordPress.com; https://wordpress.com"
103.186.52.166 - - [24/Jul/2026:08:52:14 -0700] "POST /xmlrpc.php HTTP/1.1" 200 856 "-" "Jetpack/12.0; WordPress/6.4; http://site55111690.com"
103.186.52.166 - - [24/Jul/2026:08:52:26 -0700] "POST /xmlrpc.php HTTP/1.1" 406 300 "-" "WordPress.com; https://wordpress.com"
192.145.236.177 - - [24/Jul/2026:08:52:39 -0700] "POST /wp-cron.php?doing_wp_cron=1784908359.6507549285888671875000 HTTP/1.1" 200 - "-" "WordPress/6.8.6; https://bitcoinslots.info"
103.186.52.166 - - [24/Jul/2026:08:52:38 -0700] "POST /xmlrpc.php HTTP/1.1" 200 856 "-" "Jetpack by WordPress.com (Jetpack 13.0; WordPress 6.2)"
192.145.236.177 - - [24/Jul/2026:08:52:41 -0700] "POST /wp-admin/admin-ajax.php?action=async_litespeed&nonce=yst5QOzJ3Rk6rOxZXQf5YJl8WTphCMGk&litespeed_type=imgoptm HTTP/1.1" 200 463 "-" "WordPress/6.8.6; https://bitcoinslots.info"
103.186.52.166 - - [24/Jul/2026:08:52:48 -0700] "POST /xmlrpc.php HTTP/1.1" 200 856 "-" "Jetpack/12.5; WordPress/6.1; http://site71871023.com"
192.145.236.177 - - [24/Jul/2026:08:53:01 -0700] "POST /wp-cron.php?doing_wp_cron=1784908381.2701499462127685546875 HTTP/1.1" 200 - "-" "WordPress/6.8.6; https://bitcoinslots.info"
103.186.52.166 - - [24/Jul/2026:08:53:00 -0700] "POST /xmlrpc.php HTTP/1.1" 200 856 "-" "Jetpack by WordPress.com (Jetpack 12.1; WordPress 6.4)"
103.186.52.166 - - [24/Jul/2026:08:53:11 -0700] "POST /xmlrpc.php HTTP/1.1" 200 856 "-" "Jetpack/13.0; WordPress/6.4; http://site17484642.com"
103.186.52.166 - - [24/Jul/2026:08:53:23 -0700] "POST /xmlrpc.php HTTP/1.1" 406 300 "-" "WordPress.com; https://wordpress.com"
192.145.236.177 - - [24/Jul/2026:08:53:35 -0700] "POST /wp-cron.php?doing_wp_cron=1784908415.5991930961608886718750 HTTP/1.1" 200 - "-" "WordPress/6.8.6; https://bitcoinslots.info"
103.186.52.166 - - [24/Jul/2026:08:53:34 -0700] "POST /xmlrpc.php HTTP/1.1" 200 856 "-" "Jetpack by WordPress.com"
192.145.236.177 - - [24/Jul/2026:08:53:37 -0700] "POST /wp-admin/admin-ajax.php?action=async_litespeed&nonce=3Rr7n2V362boe4xTVjFavceLc3kCYpoE&litespeed_type=imgoptm HTTP/1.1" 200 463 "-" "WordPress/6.8.6; https://bitcoinslots.info"
103.186.52.166 - - [24/Jul/2026:08:53:45 -0700] "POST /xmlrpc.php HTTP/1.1" 200 856 "-" "Jetpack by WordPress.com"
103.186.52.166 - - [24/Jul/2026:08:53:57 -0700] "POST /xmlrpc.php HTTP/1.1" 406 300 "-" "WordPress.com; https://wordpress.com"
103.186.52.166 - - [24/Jul/2026:08:54:09 -0700] "POST /xmlrpc.php HTTP/1.1" 406 300 "-" "WordPress.com; https://wordpress.com"
192.145.236.177 - - [24/Jul/2026:08:54:20 -0700] "POST /wp-cron.php?doing_wp_cron=1784908460.8027939796447753906250 HTTP/1.1" 200 - "-" "WordPress/6.8.6; https://bitcoinslots.info"
103.186.52.166 - - [24/Jul/2026:08:54:20 -0700] "POST /xmlrpc.php HTTP/1.1" 200 856 "-" "Jetpack by WordPress.com"
103.186.52.166 - - [24/Jul/2026:08:54:32 -0700] "POST /xmlrpc.php HTTP/1.1" 406 300 "-" "WordPress.com; https://wordpress.com"
192.145.236.177 - - [24/Jul/2026:08:54:44 -0700] "POST /wp-cron.php?doing_wp_cron=1784908484.3975379467010498046875 HTTP/1.1" 200 - "-" "WordPress/6.8.6; https://bitcoinslots.info"
103.186.52.166 - - [24/Jul/2026:08:54:43 -0700] "POST /xmlrpc.php HTTP/1.1" 200 856 "-" "Jetpack/13.0; WordPress/6.2; http://site15581182.com"
192.145.236.177 - - [24/Jul/2026:08:54:45 -0700] "POST /wp-admin/admin-ajax.php?action=async_litespeed&nonce=Uu7en1HmHcQ4QNRSfLH8zomFiiZv0RdH&litespeed_type=imgoptm HTTP/1.1" 200 463 "-" "WordPress/6.8.6; https://bitcoinslots.info"
192.145.236.177 - - [24/Jul/2026:08:54:56 -0700] "POST /wp-cron.php?doing_wp_cron=1784908496.2866261005401611328125 HTTP/1.1" 200 - "-" "WordPress/6.8.6; https://bitcoinslots.info"
103.186.52.166 - - [24/Jul/2026:08:54:55 -0700] "POST /xmlrpc.php HTTP/1.1" 200 856 "-" "Jetpack by WordPress.com"
103.186.52.166 - - [24/Jul/2026:08:55:06 -0700] "POST /xmlrpc.php HTTP/1.1" 406 300 "-" "WordPress.com; https://wordpress.com"
192.145.236.177 - - [24/Jul/2026:09:01:39 -0700] "POST /wp-admin/admin-ajax.php?action=async_litespeed&nonce=y03ldQD7gOM5uyQVE5BJQWYthu7EwzJa&litespeed_type=imgoptm HTTP/1.1" 200 463 "-" "WordPress/6.8.6; https://bitcoinslots.info"
192.145.236.177 - - [24/Jul/2026:09:33:33 -0700] "POST /wp-cron.php?doing_wp_cron=1784910813.8676381111145019531250 HTTP/1.1" 200 - "-" "WordPress/6.8.6; https://bitcoinslots.info"
103.213.113.37 - - [24/Jul/2026:09:33:33 -0700] "POST /xmlrpc.php HTTP/1.1" 200 856 "-" "Jetpack/12.1; WordPress/6.4; http://site31983674.com"
192.145.236.177 - - [24/Jul/2026:09:33:34 -0700] "POST /wp-admin/admin-ajax.php?action=async_litespeed&nonce=ypqQ439tUX25hckBteTHatTXWrwszlW0&litespeed_type=imgoptm HTTP/1.1" 200 463 "-" "WordPress/6.8.6; https://bitcoinslots.info"
192.145.236.177 - - [24/Jul/2026:09:35:41 -0700] "POST /wp-cron.php?doing_wp_cron=1784910941.0510170459747314453125 HTTP/1.1" 200 - "-" "WordPress/6.8.6; https://bitcoinslots.info"
103.213.113.37 - - [24/Jul/2026:09:35:40 -0700] "POST /xmlrpc.php HTTP/1.1" 200 856 "-" "Jetpack/12.0; WordPress/6.1; http://site52969538.com"
192.145.236.177 - - [24/Jul/2026:09:35:41 -0700] "POST /wp-admin/admin-ajax.php?action=async_litespeed&nonce=vUyuVaCaBwLdEThNTVGZF1u7ZgwpDOzK&litespeed_type=imgoptm HTTP/1.1" 200 463 "-" "WordPress/6.8.6; https://bitcoinslots.info"
192.145.236.177 - - [24/Jul/2026:09:36:02 -0700] "POST /wp-cron.php?doing_wp_cron=1784910962.5692930221557617187500 HTTP/1.1" 200 - "-" "WordPress/6.8.6; https://bitcoinslots.info"
103.213.113.37 - - [24/Jul/2026:09:36:02 -0700] "POST /xmlrpc.php HTTP/1.1" 200 856 "-" "Jetpack by WordPress.com (Jetpack 12.1; WordPress 6.3)"
103.213.113.37 - - [24/Jul/2026:09:36:12 -0700] "POST /xmlrpc.php HTTP/1.1" 200 856 "-" "Jetpack by WordPress.com (Jetpack 12.5; WordPress 6.4)"
192.145.236.177 - - [24/Jul/2026:09:38:02 -0700] "POST /wp-cron.php?doing_wp_cron=1784911082.8406319618225097656250 HTTP/1.1" 200 - "-" "WordPress/6.8.6; https://bitcoinslots.info"
103.213.113.37 - - [24/Jul/2026:09:38:02 -0700] "POST /xmlrpc.php HTTP/1.1" 200 856 "-" "WordPress.com; https://wordpress.com"
192.145.236.177 - - [24/Jul/2026:09:38:03 -0700] "POST /wp-admin/admin-ajax.php?action=async_litespeed&nonce=vnOwXHA9vqOQqqO8kL5JVmLQ6gj1a3rM&litespeed_type=imgoptm HTTP/1.1" 200 463 "-" "WordPress/6.8.6; https://bitcoinslots.info"
103.213.113.37 - - [24/Jul/2026:09:38:13 -0700] "POST /xmlrpc.php HTTP/1.1" 200 856 "-" "Jetpack by WordPress.com (Jetpack 12.1; WordPress 6.3)"
192.145.236.177 - - [24/Jul/2026:09:40:24 -0700] "POST /wp-cron.php?doing_wp_cron=1784911224.4679939746856689453125 HTTP/1.1" 200 - "-" "WordPress/6.8.6; https://bitcoinslots.info"
103.213.113.37 - - [24/Jul/2026:09:40:23 -0700] "POST /xmlrpc.php HTTP/1.1" 200 856 "-" "WordPress.com; https://wordpress.com"
192.145.236.177 - - [24/Jul/2026:09:40:25 -0700] "POST /wp-admin/admin-ajax.php?action=async_litespeed&nonce=UUAxD4RPqUj6pDtc71gr74y6WdW927Ed&litespeed_type=imgoptm HTTP/1.1" 200 463 "-" "WordPress/6.8.6; https://bitcoinslots.info"
192.145.236.177 - - [24/Jul/2026:09:42:34 -0700] "POST /wp-cron.php?doing_wp_cron=1784911354.6242458820343017578125 HTTP/1.1" 200 - "-" "WordPress/6.8.6; https://bitcoinslots.info"
103.213.113.37 - - [24/Jul/2026:09:42:33 -0700] "POST /xmlrpc.php HTTP/1.1" 200 856 "-" "WordPress.com; https://wordpress.com"
192.145.236.177 - - [24/Jul/2026:09:42:35 -0700] "POST /wp-admin/admin-ajax.php?action=async_litespeed&nonce=r8cjTgLolRvpsganpwKtdaTnh77tbylu&litespeed_type=imgoptm HTTP/1.1" 200 463 "-" "WordPress/6.8.6; https://bitcoinslots.info"
192.145.236.177 - - [24/Jul/2026:09:44:12 -0700] "POST /wp-cron.php?doing_wp_cron=1784911452.1843280792236328125000 HTTP/1.1" 200 - "-" "WordPress/6.8.6; https://bitcoinslots.info"
103.213.113.37 - - [24/Jul/2026:09:44:11 -0700] "POST /xmlrpc.php HTTP/1.1" 200 856 "-" "Jetpack/12.5; WordPress/6.1; http://site88358742.com"
192.145.236.177 - - [24/Jul/2026:09:44:12 -0700] "POST /wp-admin/admin-ajax.php?action=async_litespeed&nonce=ptKgQ4STDBnkqWAVAIeeCPtZLiAL84GT&litespeed_type=imgoptm HTTP/1.1" 200 463 "-" "WordPress/6.8.6; https://bitcoinslots.info"
107.148.160.228 - - [24/Jul/2026:09:44:38 -0700] "GET /wp-content/uploads/2019/12/15043-Converted-01-scaled.png HTTP/1.1" 200 3007210 "-" "Mozilla/5.0 (Macintosh; Intel Mac OS X 10_15_7) AppleWebKit/537.36 (KHTML, like Gecko) obsidian/1.8.10 Chrome/132.0.6834.196 Electron/34.2.0 Safari/537.36"
192.145.236.177 - - [24/Jul/2026:09:47:19 -0700] "POST /wp-cron.php?doing_wp_cron=1784911639.9219069480895996093750 HTTP/1.1" 200 - "-" "WordPress/6.8.6; https://bitcoinslots.info"
103.213.113.37 - - [24/Jul/2026:09:47:15 -0700] "POST /xmlrpc.php HTTP/1.1" 200 856 "-" "Jetpack by WordPress.com (Jetpack 12.5; WordPress 6.1)"
192.145.236.177 - - [24/Jul/2026:09:47:21 -0700] "POST /wp-admin/admin-ajax.php?action=async_litespeed&nonce=ApHC7UWQds2SBTLKGKJgqBNeS9ExxIjm&litespeed_type=imgoptm HTTP/1.1" 200 463 "-" "WordPress/6.8.6; https://bitcoinslots.info"
103.213.113.37 - - [24/Jul/2026:09:47:26 -0700] "POST /xmlrpc.php HTTP/1.1" 200 856 "-" "Jetpack by WordPress.com (Jetpack 12.5; WordPress 6.3)"
192.145.236.177 - - [24/Jul/2026:09:49:05 -0700] "POST /wp-cron.php?doing_wp_cron=1784911745.3189148902893066406250 HTTP/1.1" 200 - "-" "WordPress/6.8.6; https://bitcoinslots.info"
103.213.113.37 - - [24/Jul/2026:09:49:04 -0700] "POST /xmlrpc.php HTTP/1.1" 200 856 "-" "Jetpack/12.0; WordPress/6.2; http://site33164019.com"
192.145.236.177 - - [24/Jul/2026:09:49:05 -0700] "POST /wp-admin/admin-ajax.php?action=async_litespeed&nonce=MUQ6YOK9w7meDfCxWy41FTHB3nGrVpLj&litespeed_type=imgoptm HTTP/1.1" 200 463 "-" "WordPress/6.8.6; https://bitcoinslots.info"
192.145.236.177 - - [24/Jul/2026:09:49:37 -0700] "POST /wp-cron.php?doing_wp_cron=1784911777.1013240814208984375000 HTTP/1.1" 200 - "-" "WordPress/6.8.6; https://bitcoinslots.info"
103.213.113.37 - - [24/Jul/2026:09:49:36 -0700] "POST /xmlrpc.php HTTP/1.1" 200 856 "-" "Jetpack/13.0; WordPress/6.3; http://site19035836.com"
192.145.236.177 - - [24/Jul/2026:09:49:37 -0700] "POST /wp-admin/admin-ajax.php?action=async_litespeed&nonce=KtbQutuKXm7vsm6XG7tGQgg7bhY1vhQ5&litespeed_type=imgoptm HTTP/1.1" 200 463 "-" "WordPress/6.8.6; https://bitcoinslots.info"
192.145.236.177 - - [24/Jul/2026:09:50:21 -0700] "POST /wp-cron.php?doing_wp_cron=1784911821.2007110118865966796875 HTTP/1.1" 200 - "-" "WordPress/6.8.6; https://bitcoinslots.info"
103.213.113.37 - - [24/Jul/2026:09:50:20 -0700] "POST /xmlrpc.php HTTP/1.1" 200 856 "-" "Jetpack by WordPress.com"
192.145.236.177 - - [24/Jul/2026:09:50:57 -0700] "POST /wp-cron.php?doing_wp_cron=1784911857.5233008861541748046875 HTTP/1.1" 200 - "-" "WordPress/6.8.6; https://bitcoinslots.info"
216.73.217.65 - - [24/Jul/2026:09:50:56 -0700] "GET /robots.txt HTTP/1.1" 200 729 "-" "Mozilla/5.0 AppleWebKit/537.36 (KHTML, like Gecko; compatible; ClaudeBot/1.0; +claudebot@anthropic.com)"
216.73.217.65 - - [24/Jul/2026:09:50:57 -0700] "GET /sitemap_index.xml HTTP/1.1" 200 1376 "-" "Mozilla/5.0 AppleWebKit/537.36 (KHTML, like Gecko; compatible; ClaudeBot/1.0; +claudebot@anthropic.com)"
192.145.236.177 - - [24/Jul/2026:09:50:58 -0700] "POST /wp-admin/admin-ajax.php?action=async_litespeed&nonce=CLhf9wKE2E9c4DgfjMvIXF2OK7ZfvCUM&litespeed_type=imgoptm HTTP/1.1" 200 463 "-" "WordPress/6.8.6; https://bitcoinslots.info"
192.145.236.177 - - [24/Jul/2026:09:51:35 -0700] "POST /wp-cron.php?doing_wp_cron=1784911895.1637370586395263671875 HTTP/1.1" 200 - "-" "WordPress/6.8.6; https://bitcoinslots.info"
216.73.217.65 - - [24/Jul/2026:09:51:34 -0700] "GET /sitemap-news.xml HTTP/1.1" 200 1014 "-" "Mozilla/5.0 AppleWebKit/537.36 (KHTML, like Gecko; compatible; ClaudeBot/1.0; +claudebot@anthropic.com)"
192.145.236.177 - - [24/Jul/2026:09:51:35 -0700] "POST /wp-admin/admin-ajax.php?action=async_litespeed&nonce=wqpoDbKiL0kPheWZCvZGJLvPQ29IPh7C&litespeed_type=imgoptm HTTP/1.1" 200 463 "-" "WordPress/6.8.6; https://bitcoinslots.info"
192.145.236.177 - - [24/Jul/2026:09:52:09 -0700] "POST /wp-cron.php?doing_wp_cron=1784911929.0827000141143798828125 HTTP/1.1" 200 - "-" "WordPress/6.8.6; https://bitcoinslots.info"
103.213.113.37 - - [24/Jul/2026:09:52:08 -0700] "POST /xmlrpc.php HTTP/1.1" 200 856 "-" "Jetpack by WordPress.com (Jetpack 12.1; WordPress 6.1)"
192.145.236.177 - - [24/Jul/2026:09:53:57 -0700] "POST /wp-cron.php?doing_wp_cron=1784912037.5017089843750000000000 HTTP/1.1" 200 - "-" "WordPress/6.8.6; https://bitcoinslots.info"
103.213.113.37 - - [24/Jul/2026:09:53:56 -0700] "POST /xmlrpc.php HTTP/1.1" 200 856 "-" "WordPress.com; https://wordpress.com"
192.145.236.177 - - [24/Jul/2026:09:53:58 -0700] "POST /wp-admin/admin-ajax.php?action=async_litespeed&nonce=3WTJIAnnL0UXjhuw5v4U3TQsHeZe0TUC&litespeed_type=imgoptm HTTP/1.1" 200 463 "-" "WordPress/6.8.6; https://bitcoinslots.info"
192.145.236.177 - - [24/Jul/2026:09:55:13 -0700] "POST /wp-cron.php?doing_wp_cron=1784912113.3743979930877685546875 HTTP/1.1" 200 - "-" "WordPress/6.8.6; https://bitcoinslots.info"
103.213.113.37 - - [24/Jul/2026:09:55:12 -0700] "POST /xmlrpc.php HTTP/1.1" 200 856 "-" "Jetpack by WordPress.com"
192.145.236.177 - - [24/Jul/2026:09:55:17 -0700] "POST /wp-admin/admin-ajax.php?action=async_litespeed&nonce=UZ1sNXbzpbf5Zn5TZMJpe7pjDLFa5SUf&litespeed_type=imgoptm HTTP/1.1" 200 463 "-" "WordPress/6.8.6; https://bitcoinslots.info"
192.145.236.177 - - [24/Jul/2026:10:20:53 -0700] "POST /wp-cron.php?doing_wp_cron=1784913653.7425539493560791015625 HTTP/1.1" 200 - "-" "WordPress/6.8.6; https://bitcoinslots.info"
18.142.181.55 - - [24/Jul/2026:10:20:53 -0700] "GET / HTTP/1.1" 200 453 "-" "Mozilla/5.0 (Windows NT 10.0; Win64; x64) AppleWebKit/537.36 (KHTML, like Gecko) Chrome/131.0.0.0 Safari/537.36"
18.142.181.55 - - [24/Jul/2026:10:20:54 -0700] "POST / HTTP/1.1" 200 114725 "-" "Mozilla/5.0 (Windows NT 10.0; Win64; x64) AppleWebKit/537.36 (KHTML, like Gecko) Chrome/131.0.0.0 Safari/537.36"
192.145.236.177 - - [24/Jul/2026:10:20:54 -0700] "POST /wp-admin/admin-ajax.php?action=async_litespeed&nonce=ULB6tUgYTNZAzUBnTqWkFdvqQucDgKGe&litespeed_type=imgoptm HTTP/1.1" 200 463 "-" "WordPress/6.8.6; https://bitcoinslots.info"
18.142.181.55 - - [24/Jul/2026:10:20:55 -0700] "POST / HTTP/1.1" 200 114725 "-" "Mozilla/5.0 (Windows NT 10.0; Win64; x64) AppleWebKit/537.36 (KHTML, like Gecko) Chrome/131.0.0.0 Safari/537.36"
18.142.181.55 - - [24/Jul/2026:10:20:56 -0700] "POST / HTTP/1.1" 200 114725 "-" "Mozilla/5.0 (Windows NT 10.0; Win64; x64) AppleWebKit/537.36 (KHTML, like Gecko) Chrome/131.0.0.0 Safari/537.36"
18.142.181.55 - - [24/Jul/2026:10:20:57 -0700] "GET /.git/config HTTP/1.1" 406 300 "-" "Mozilla/5.0 (Windows NT 10.0; Win64; x64) AppleWebKit/537.36 (KHTML, like Gecko) Chrome/131.0.0.0 Safari/537.36"
18.142.181.55 - - [24/Jul/2026:10:20:57 -0700] "POST / HTTP/1.1" 200 114725 "-" "Mozilla/5.0 (Windows NT 10.0; Win64; x64) AppleWebKit/537.36 (KHTML, like Gecko) Chrome/131.0.0.0 Safari/537.36"
18.142.181.55 - - [24/Jul/2026:10:20:59 -0700] "GET /.env HTTP/1.1" 406 300 "-" "Mozilla/5.0 (Windows NT 10.0; Win64; x64) AppleWebKit/537.36 (KHTML, like Gecko) Chrome/131.0.0.0 Safari/537.36"
18.142.181.55 - - [24/Jul/2026:10:20:59 -0700] "GET /.env.local HTTP/1.1" 406 300 "-" "Mozilla/5.0 (Windows NT 10.0; Win64; x64) AppleWebKit/537.36 (KHTML, like Gecko) Chrome/131.0.0.0 Safari/537.36"
18.142.181.55 - - [24/Jul/2026:10:21:00 -0700] "GET /.env.production HTTP/1.1" 406 300 "-" "Mozilla/5.0 (Windows NT 10.0; Win64; x64) AppleWebKit/537.36 (KHTML, like Gecko) Chrome/131.0.0.0 Safari/537.36"
18.142.181.55 - - [24/Jul/2026:10:21:00 -0700] "GET /.env.staging HTTP/1.1" 406 300 "-" "Mozilla/5.0 (Windows NT 10.0; Win64; x64) AppleWebKit/537.36 (KHTML, like Gecko) Chrome/131.0.0.0 Safari/537.36"
18.142.181.55 - - [24/Jul/2026:10:21:01 -0700] "GET /.env.development HTTP/1.1" 406 300 "-" "Mozilla/5.0 (Windows NT 10.0; Win64; x64) AppleWebKit/537.36 (KHTML, like Gecko) Chrome/131.0.0.0 Safari/537.36"
18.142.181.55 - - [24/Jul/2026:10:21:01 -0700] "GET /.env.test HTTP/1.1" 406 300 "-" "Mozilla/5.0 (Windows NT 10.0; Win64; x64) AppleWebKit/537.36 (KHTML, like Gecko) Chrome/131.0.0.0 Safari/537.36"
18.142.181.55 - - [24/Jul/2026:10:21:02 -0700] "GET /.env.remote HTTP/1.1" 406 300 "-" "Mozilla/5.0 (Windows NT 10.0; Win64; x64) AppleWebKit/537.36 (KHTML, like Gecko) Chrome/131.0.0.0 Safari/537.36"
18.142.181.55 - - [24/Jul/2026:10:21:02 -0700] "GET /.env.bak HTTP/1.1" 406 300 "-" "Mozilla/5.0 (Windows NT 10.0; Win64; x64) AppleWebKit/537.36 (KHTML, like Gecko) Chrome/131.0.0.0 Safari/537.36"
18.142.181.55 - - [24/Jul/2026:10:21:03 -0700] "GET /.env.backup HTTP/1.1" 406 300 "-" "Mozilla/5.0 (Windows NT 10.0; Win64; x64) AppleWebKit/537.36 (KHTML, like Gecko) Chrome/131.0.0.0 Safari/537.36"
18.142.181.55 - - [24/Jul/2026:10:21:04 -0700] "GET /.env.save HTTP/1.1" 406 300 "-" "Mozilla/5.0 (Windows NT 10.0; Win64; x64) AppleWebKit/537.36 (KHTML, like Gecko) Chrome/131.0.0.0 Safari/537.36"
18.142.181.55 - - [24/Jul/2026:10:21:04 -0700] "GET /.env.old HTTP/1.1" 406 300 "-" "Mozilla/5.0 (Windows NT 10.0; Win64; x64) AppleWebKit/537.36 (KHTML, like Gecko) Chrome/131.0.0.0 Safari/537.36"
18.142.181.55 - - [24/Jul/2026:10:21:05 -0700] "GET /.env.sample HTTP/1.1" 406 300 "-" "Mozilla/5.0 (Windows NT 10.0; Win64; x64) AppleWebKit/537.36 (KHTML, like Gecko) Chrome/131.0.0.0 Safari/537.36"
18.142.181.55 - - [24/Jul/2026:10:21:05 -0700] "GET /.env.example HTTP/1.1" 406 300 "-" "Mozilla/5.0 (Windows NT 10.0; Win64; x64) AppleWebKit/537.36 (KHTML, like Gecko) Chrome/131.0.0.0 Safari/537.36"
18.142.181.55 - - [24/Jul/2026:10:21:06 -0700] "GET /.env.dev HTTP/1.1" 406 300 "-" "Mozilla/5.0 (Windows NT 10.0; Win64; x64) AppleWebKit/537.36 (KHTML, like Gecko) Chrome/131.0.0.0 Safari/537.36"
18.142.181.55 - - [24/Jul/2026:10:21:06 -0700] "GET /.env.prod HTTP/1.1" 406 300 "-" "Mozilla/5.0 (Windows NT 10.0; Win64; x64) AppleWebKit/537.36 (KHTML, like Gecko) Chrome/131.0.0.0 Safari/537.36"
18.142.181.55 - - [24/Jul/2026:10:21:07 -0700] "GET /.env.stage HTTP/1.1" 406 300 "-" "Mozilla/5.0 (Windows NT 10.0; Win64; x64) AppleWebKit/537.36 (KHTML, like Gecko) Chrome/131.0.0.0 Safari/537.36"
18.142.181.55 - - [24/Jul/2026:10:21:07 -0700] "GET /.env.ci HTTP/1.1" 406 300 "-" "Mozilla/5.0 (Windows NT 10.0; Win64; x64) AppleWebKit/537.36 (KHTML, like Gecko) Chrome/131.0.0.0 Safari/537.36"
18.142.181.55 - - [24/Jul/2026:10:21:08 -0700] "GET /.env.docker HTTP/1.1" 406 300 "-" "Mozilla/5.0 (Windows NT 10.0; Win64; x64) AppleWebKit/537.36 (KHTML, like Gecko) Chrome/131.0.0.0 Safari/537.36"
18.142.181.55 - - [24/Jul/2026:10:21:08 -0700] "GET /.env.live HTTP/1.1" 406 300 "-" "Mozilla/5.0 (Windows NT 10.0; Win64; x64) AppleWebKit/537.36 (KHTML, like Gecko) Chrome/131.0.0.0 Safari/537.36"
18.142.181.55 - - [24/Jul/2026:10:21:09 -0700] "GET /.env.preprod HTTP/1.1" 406 300 "-" "Mozilla/5.0 (Windows NT 10.0; Win64; x64) AppleWebKit/537.36 (KHTML, like Gecko) Chrome/131.0.0.0 Safari/537.36"
18.142.181.55 - - [24/Jul/2026:10:21:09 -0700] "GET /.env.uat HTTP/1.1" 406 300 "-" "Mozilla/5.0 (Windows NT 10.0; Win64; x64) AppleWebKit/537.36 (KHTML, like Gecko) Chrome/131.0.0.0 Safari/537.36"
18.142.181.55 - - [24/Jul/2026:10:21:10 -0700] "GET /.env.dist HTTP/1.1" 406 300 "-" "Mozilla/5.0 (Windows NT 10.0; Win64; x64) AppleWebKit/537.36 (KHTML, like Gecko) Chrome/131.0.0.0 Safari/537.36"
18.142.181.55 - - [24/Jul/2026:10:21:10 -0700] "GET /.env.swp HTTP/1.1" 406 300 "-" "Mozilla/5.0 (Windows NT 10.0; Win64; x64) AppleWebKit/537.36 (KHTML, like Gecko) Chrome/131.0.0.0 Safari/537.36"
18.142.181.55 - - [24/Jul/2026:10:21:11 -0700] "GET /.env~ HTTP/1.1" 406 300 "-" "Mozilla/5.0 (Windows NT 10.0; Win64; x64) AppleWebKit/537.36 (KHTML, like Gecko) Chrome/131.0.0.0 Safari/537.36"
18.142.181.55 - - [24/Jul/2026:10:21:12 -0700] "GET /.env1 HTTP/1.1" 406 300 "-" "Mozilla/5.0 (Windows NT 10.0; Win64; x64) AppleWebKit/537.36 (KHTML, like Gecko) Chrome/131.0.0.0 Safari/537.36"
18.142.181.55 - - [24/Jul/2026:10:21:12 -0700] "GET /.env2 HTTP/1.1" 406 300 "-" "Mozilla/5.0 (Windows NT 10.0; Win64; x64) AppleWebKit/537.36 (KHTML, like Gecko) Chrome/131.0.0.0 Safari/537.36"
18.142.181.55 - - [24/Jul/2026:10:21:13 -0700] "GET /.env_copy HTTP/1.1" 406 300 "-" "Mozilla/5.0 (Windows NT 10.0; Win64; x64) AppleWebKit/537.36 (KHTML, like Gecko) Chrome/131.0.0.0 Safari/537.36"
18.142.181.55 - - [24/Jul/2026:10:21:13 -0700] "GET /.env.txt HTTP/1.1" 406 300 "-" "Mozilla/5.0 (Windows NT 10.0; Win64; x64) AppleWebKit/537.36 (KHTML, like Gecko) Chrome/131.0.0.0 Safari/537.36"
18.142.181.55 - - [24/Jul/2026:10:21:14 -0700] "GET /.env.json HTTP/1.1" 406 300 "-" "Mozilla/5.0 (Windows NT 10.0; Win64; x64) AppleWebKit/537.36 (KHTML, like Gecko) Chrome/131.0.0.0 Safari/537.36"
18.142.181.55 - - [24/Jul/2026:10:21:14 -0700] "GET /.env.yaml HTTP/1.1" 406 300 "-" "Mozilla/5.0 (Windows NT 10.0; Win64; x64) AppleWebKit/537.36 (KHTML, like Gecko) Chrome/131.0.0.0 Safari/537.36"
18.142.181.55 - - [24/Jul/2026:10:21:15 -0700] "GET /.env.yml HTTP/1.1" 406 300 "-" "Mozilla/5.0 (Windows NT 10.0; Win64; x64) AppleWebKit/537.36 (KHTML, like Gecko) Chrome/131.0.0.0 Safari/537.36"
18.142.181.55 - - [24/Jul/2026:10:21:15 -0700] "GET /app/.env HTTP/1.1" 406 300 "-" "Mozilla/5.0 (Windows NT 10.0; Win64; x64) AppleWebKit/537.36 (KHTML, like Gecko) Chrome/131.0.0.0 Safari/537.36"
18.142.181.55 - - [24/Jul/2026:10:21:16 -0700] "GET /apps/.env HTTP/1.1" 406 300 "-" "Mozilla/5.0 (Windows NT 10.0; Win64; x64) AppleWebKit/537.36 (KHTML, like Gecko) Chrome/131.0.0.0 Safari/537.36"
18.142.181.55 - - [24/Jul/2026:10:21:16 -0700] "GET /api/.env HTTP/1.1" 406 300 "-" "Mozilla/5.0 (Windows NT 10.0; Win64; x64) AppleWebKit/537.36 (KHTML, like Gecko) Chrome/131.0.0.0 Safari/537.36"
18.142.181.55 - - [24/Jul/2026:10:21:17 -0700] "GET /web/.env HTTP/1.1" 406 300 "-" "Mozilla/5.0 (Windows NT 10.0; Win64; x64) AppleWebKit/537.36 (KHTML, like Gecko) Chrome/131.0.0.0 Safari/537.36"
18.142.181.55 - - [24/Jul/2026:10:21:17 -0700] "GET /site/.env HTTP/1.1" 406 300 "-" "Mozilla/5.0 (Windows NT 10.0; Win64; x64) AppleWebKit/537.36 (KHTML, like Gecko) Chrome/131.0.0.0 Safari/537.36"
18.142.181.55 - - [24/Jul/2026:10:21:18 -0700] "GET /public/.env HTTP/1.1" 406 300 "-" "Mozilla/5.0 (Windows NT 10.0; Win64; x64) AppleWebKit/537.36 (KHTML, like Gecko) Chrome/131.0.0.0 Safari/537.36"
18.142.181.55 - - [24/Jul/2026:10:21:19 -0700] "GET /admin/.env HTTP/1.1" 406 300 "-" "Mozilla/5.0 (Windows NT 10.0; Win64; x64) AppleWebKit/537.36 (KHTML, like Gecko) Chrome/131.0.0.0 Safari/537.36"
18.142.181.55 - - [24/Jul/2026:10:21:19 -0700] "GET /backend/.env HTTP/1.1" 406 300 "-" "Mozilla/5.0 (Windows NT 10.0; Win64; x64) AppleWebKit/537.36 (KHTML, like Gecko) Chrome/131.0.0.0 Safari/537.36"
18.142.181.55 - - [24/Jul/2026:10:21:20 -0700] "GET /server/.env HTTP/1.1" 406 300 "-" "Mozilla/5.0 (Windows NT 10.0; Win64; x64) AppleWebKit/537.36 (KHTML, like Gecko) Chrome/131.0.0.0 Safari/537.36"
18.142.181.55 - - [24/Jul/2026:10:21:20 -0700] "GET /frontend/.env HTTP/1.1" 406 300 "-" "Mozilla/5.0 (Windows NT 10.0; Win64; x64) AppleWebKit/537.36 (KHTML, like Gecko) Chrome/131.0.0.0 Safari/537.36"
18.142.181.55 - - [24/Jul/2026:10:21:21 -0700] "GET /src/.env HTTP/1.1" 406 300 "-" "Mozilla/5.0 (Windows NT 10.0; Win64; x64) AppleWebKit/537.36 (KHTML, like Gecko) Chrome/131.0.0.0 Safari/537.36"
18.142.181.55 - - [24/Jul/2026:10:21:21 -0700] "GET /core/.env HTTP/1.1" 406 300 "-" "Mozilla/5.0 (Windows NT 10.0; Win64; x64) AppleWebKit/537.36 (KHTML, like Gecko) Chrome/131.0.0.0 Safari/537.36"
18.142.181.55 - - [24/Jul/2026:10:21:22 -0700] "GET /core/app/.env HTTP/1.1" 406 300 "-" "Mozilla/5.0 (Windows NT 10.0; Win64; x64) AppleWebKit/537.36 (KHTML, like Gecko) Chrome/131.0.0.0 Safari/537.36"
18.142.181.55 - - [24/Jul/2026:10:21:22 -0700] "GET /config/.env HTTP/1.1" 406 300 "-" "Mozilla/5.0 (Windows NT 10.0; Win64; x64) AppleWebKit/537.36 (KHTML, like Gecko) Chrome/131.0.0.0 Safari/537.36"
18.142.181.55 - - [24/Jul/2026:10:21:23 -0700] "GET /private/.env HTTP/1.1" 406 300 "-" "Mozilla/5.0 (Windows NT 10.0; Win64; x64) AppleWebKit/537.36 (KHTML, like Gecko) Chrome/131.0.0.0 Safari/537.36"
18.142.181.55 - - [24/Jul/2026:10:21:23 -0700] "GET /application/.env HTTP/1.1" 406 300 "-" "Mozilla/5.0 (Windows NT 10.0; Win64; x64) AppleWebKit/537.36 (KHTML, like Gecko) Chrome/131.0.0.0 Safari/537.36"
18.142.181.55 - - [24/Jul/2026:10:21:24 -0700] "GET /bootstrap/.env HTTP/1.1" 406 300 "-" "Mozilla/5.0 (Windows NT 10.0; Win64; x64) AppleWebKit/537.36 (KHTML, like Gecko) Chrome/131.0.0.0 Safari/537.36"
18.142.181.55 - - [24/Jul/2026:10:21:24 -0700] "GET /database/.env HTTP/1.1" 406 300 "-" "Mozilla/5.0 (Windows NT 10.0; Win64; x64) AppleWebKit/537.36 (KHTML, like Gecko) Chrome/131.0.0.0 Safari/537.36"
18.142.181.55 - - [24/Jul/2026:10:21:25 -0700] "GET /storage/.env HTTP/1.1" 406 300 "-" "Mozilla/5.0 (Windows NT 10.0; Win64; x64) AppleWebKit/537.36 (KHTML, like Gecko) Chrome/131.0.0.0 Safari/537.36"
18.142.181.55 - - [24/Jul/2026:10:21:25 -0700] "GET /var/www/.env HTTP/1.1" 406 300 "-" "Mozilla/5.0 (Windows NT 10.0; Win64; x64) AppleWebKit/537.36 (KHTML, like Gecko) Chrome/131.0.0.0 Safari/537.36"
18.142.181.55 - - [24/Jul/2026:10:21:26 -0700] "GET /var/www/html/.env HTTP/1.1" 406 300 "-" "Mozilla/5.0 (Windows NT 10.0; Win64; x64) AppleWebKit/537.36 (KHTML, like Gecko) Chrome/131.0.0.0 Safari/537.36"
18.142.181.55 - - [24/Jul/2026:10:21:26 -0700] "GET /current/.env HTTP/1.1" 406 300 "-" "Mozilla/5.0 (Windows NT 10.0; Win64; x64) AppleWebKit/537.36 (KHTML, like Gecko) Chrome/131.0.0.0 Safari/537.36"
18.142.181.55 - - [24/Jul/2026:10:21:27 -0700] "GET /release/.env HTTP/1.1" 406 300 "-" "Mozilla/5.0 (Windows NT 10.0; Win64; x64) AppleWebKit/537.36 (KHTML, like Gecko) Chrome/131.0.0.0 Safari/537.36"
18.142.181.55 - - [24/Jul/2026:10:21:28 -0700] "GET /releases/.env HTTP/1.1" 406 300 "-" "Mozilla/5.0 (Windows NT 10.0; Win64; x64) AppleWebKit/537.36 (KHTML, like Gecko) Chrome/131.0.0.0 Safari/537.36"
18.142.181.55 - - [24/Jul/2026:10:21:28 -0700] "GET /shared/.env HTTP/1.1" 406 300 "-" "Mozilla/5.0 (Windows NT 10.0; Win64; x64) AppleWebKit/537.36 (KHTML, like Gecko) Chrome/131.0.0.0 Safari/537.36"
18.142.181.55 - - [24/Jul/2026:10:21:29 -0700] "GET /deploy/.env HTTP/1.1" 406 300 "-" "Mozilla/5.0 (Windows NT 10.0; Win64; x64) AppleWebKit/537.36 (KHTML, like Gecko) Chrome/131.0.0.0 Safari/537.36"
18.142.181.55 - - [24/Jul/2026:10:21:29 -0700] "GET /build/.env HTTP/1.1" 406 300 "-" "Mozilla/5.0 (Windows NT 10.0; Win64; x64) AppleWebKit/537.36 (KHTML, like Gecko) Chrome/131.0.0.0 Safari/537.36"
18.142.181.55 - - [24/Jul/2026:10:21:30 -0700] "GET /dist/.env HTTP/1.1" 406 300 "-" "Mozilla/5.0 (Windows NT 10.0; Win64; x64) AppleWebKit/537.36 (KHTML, like Gecko) Chrome/131.0.0.0 Safari/537.36"
18.142.181.55 - - [24/Jul/2026:10:21:30 -0700] "GET /public_html/.env HTTP/1.1" 406 300 "-" "Mozilla/5.0 (Windows NT 10.0; Win64; x64) AppleWebKit/537.36 (KHTML, like Gecko) Chrome/131.0.0.0 Safari/537.36"
18.142.181.55 - - [24/Jul/2026:10:21:31 -0700] "GET /htdocs/.env HTTP/1.1" 406 300 "-" "Mozilla/5.0 (Windows NT 10.0; Win64; x64) AppleWebKit/537.36 (KHTML, like Gecko) Chrome/131.0.0.0 Safari/537.36"
18.142.181.55 - - [24/Jul/2026:10:21:31 -0700] "GET /www/.env HTTP/1.1" 406 300 "-" "Mozilla/5.0 (Windows NT 10.0; Win64; x64) AppleWebKit/537.36 (KHTML, like Gecko) Chrome/131.0.0.0 Safari/537.36"
18.142.181.55 - - [24/Jul/2026:10:21:32 -0700] "GET /html/.env HTTP/1.1" 406 300 "-" "Mozilla/5.0 (Windows NT 10.0; Win64; x64) AppleWebKit/537.36 (KHTML, like Gecko) Chrome/131.0.0.0 Safari/537.36"
18.142.181.55 - - [24/Jul/2026:10:21:32 -0700] "GET /live/.env HTTP/1.1" 406 300 "-" "Mozilla/5.0 (Windows NT 10.0; Win64; x64) AppleWebKit/537.36 (KHTML, like Gecko) Chrome/131.0.0.0 Safari/537.36"
18.142.181.55 - - [24/Jul/2026:10:21:33 -0700] "GET /prod/.env HTTP/1.1" 406 300 "-" "Mozilla/5.0 (Windows NT 10.0; Win64; x64) AppleWebKit/537.36 (KHTML, like Gecko) Chrome/131.0.0.0 Safari/537.36"
18.142.181.55 - - [24/Jul/2026:10:21:33 -0700] "GET /dev/.env HTTP/1.1" 406 300 "-" "Mozilla/5.0 (Windows NT 10.0; Win64; x64) AppleWebKit/537.36 (KHTML, like Gecko) Chrome/131.0.0.0 Safari/537.36"
18.142.181.55 - - [24/Jul/2026:10:21:34 -0700] "GET /staging/.env HTTP/1.1" 406 300 "-" "Mozilla/5.0 (Windows NT 10.0; Win64; x64) AppleWebKit/537.36 (KHTML, like Gecko) Chrome/131.0.0.0 Safari/537.36"
18.142.181.55 - - [24/Jul/2026:10:21:34 -0700] "GET /opt/.env HTTP/1.1" 406 300 "-" "Mozilla/5.0 (Windows NT 10.0; Win64; x64) AppleWebKit/537.36 (KHTML, like Gecko) Chrome/131.0.0.0 Safari/537.36"
18.142.181.55 - - [24/Jul/2026:10:21:35 -0700] "GET /laravel/.env HTTP/1.1" 406 300 "-" "Mozilla/5.0 (Windows NT 10.0; Win64; x64) AppleWebKit/537.36 (KHTML, like Gecko) Chrome/131.0.0.0 Safari/537.36"
18.142.181.55 - - [24/Jul/2026:10:21:36 -0700] "GET /symfony/.env HTTP/1.1" 406 300 "-" "Mozilla/5.0 (Windows NT 10.0; Win64; x64) AppleWebKit/537.36 (KHTML, like Gecko) Chrome/131.0.0.0 Safari/537.36"
18.142.181.55 - - [24/Jul/2026:10:21:36 -0700] "GET /wordpress/.env HTTP/1.1" 406 300 "-" "Mozilla/5.0 (Windows NT 10.0; Win64; x64) AppleWebKit/537.36 (KHTML, like Gecko) Chrome/131.0.0.0 Safari/537.36"
18.142.181.55 - - [24/Jul/2026:10:21:37 -0700] "GET /wp/.env HTTP/1.1" 406 300 "-" "Mozilla/5.0 (Windows NT 10.0; Win64; x64) AppleWebKit/537.36 (KHTML, like Gecko) Chrome/131.0.0.0 Safari/537.36"
18.142.181.55 - - [24/Jul/2026:10:21:37 -0700] "GET /cms/.env HTTP/1.1" 406 300 "-" "Mozilla/5.0 (Windows NT 10.0; Win64; x64) AppleWebKit/537.36 (KHTML, like Gecko) Chrome/131.0.0.0 Safari/537.36"
18.142.181.55 - - [24/Jul/2026:10:21:38 -0700] "GET /drupal/.env HTTP/1.1" 406 300 "-" "Mozilla/5.0 (Windows NT 10.0; Win64; x64) AppleWebKit/537.36 (KHTML, like Gecko) Chrome/131.0.0.0 Safari/537.36"
18.142.181.55 - - [24/Jul/2026:10:21:38 -0700] "GET /joomla/.env HTTP/1.1" 406 300 "-" "Mozilla/5.0 (Windows NT 10.0; Win64; x64) AppleWebKit/537.36 (KHTML, like Gecko) Chrome/131.0.0.0 Safari/537.36"
18.142.181.55 - - [24/Jul/2026:10:21:39 -0700] "GET /magento/.env HTTP/1.1" 406 300 "-" "Mozilla/5.0 (Windows NT 10.0; Win64; x64) AppleWebKit/537.36 (KHTML, like Gecko) Chrome/131.0.0.0 Safari/537.36"
18.142.181.55 - - [24/Jul/2026:10:21:39 -0700] "GET /shopify/.env HTTP/1.1" 406 300 "-" "Mozilla/5.0 (Windows NT 10.0; Win64; x64) AppleWebKit/537.36 (KHTML, like Gecko) Chrome/131.0.0.0 Safari/537.36"
