192.145.236.177 - - [24/Jul/2026:15:15:56 -0700] "POST /wp-admin/admin-ajax.php?action=async_litespeed&nonce=62abvikmJ5eKf6qoRRtz6zd0sheMm6pC&litespeed_type=imgoptm HTTP/1.1" 200 463 "-" "WordPress/6.8.6; https://bitcoinslots.info"
62.43.121.79 - - [24/Jul/2026:15:16:15 -0700] "POST /xmlrpc.php HTTP/1.1" 200 856 "-" "Mozilla/5.0 (Macintosh; Intel Mac OS X 10_15_7; x64) AppleWebKit/537.36 (KHTML, like Gecko) Firefox/96.0.0.0 Safari/537.36"
192.145.236.177 - - [24/Jul/2026:15:16:40 -0700] "POST /wp-cron.php?doing_wp_cron=1784931400.4672369956970214843750 HTTP/1.1" 200 - "-" "WordPress/6.8.6; https://bitcoinslots.info"
62.43.121.79 - - [24/Jul/2026:15:16:38 -0700] "POST /xmlrpc.php HTTP/1.1" 200 856 "-" "Mozilla/5.0 (Windows NT 6.3; x86) AppleWebKit/537.36 (KHTML, like Gecko) Firefox/84.0.0.0 Safari/537.36"
192.145.236.177 - - [24/Jul/2026:15:16:42 -0700] "POST /wp-admin/admin-ajax.php?action=async_litespeed&nonce=vU8aXrz3A6bbYwvQ8QRzEdPZG2ao6Tm3&litespeed_type=imgoptm HTTP/1.1" 200 463 "-" "WordPress/6.8.6; https://bitcoinslots.info"
62.43.121.79 - - [24/Jul/2026:15:17:01 -0700] "POST /xmlrpc.php HTTP/1.1" 406 300 "-" "Mozilla/5.0 (Macintosh; Intel Mac OS X 10_15_7; arm64) AppleWebKit/537.36 (KHTML, like Gecko) Opera/80.0.0.0 Safari/537.36"
62.43.121.79 - - [24/Jul/2026:15:17:24 -0700] "POST /xmlrpc.php HTTP/1.1" 406 300 "-" "Mozilla/5.0 (Linux; Android 10; x86) AppleWebKit/537.36 (KHTML, like Gecko) Chrome/89.0.0.0 Safari/537.36"
62.43.121.79 - - [24/Jul/2026:15:17:45 -0700] "POST /xmlrpc.php HTTP/1.1" 406 300 "-" "Mozilla/5.0 (Linux; Android 10; arm64) AppleWebKit/537.36 (KHTML, like Gecko) Opera/61.0.0.0 Safari/537.36"
62.43.121.79 - - [24/Jul/2026:15:18:08 -0700] "POST /xmlrpc.php HTTP/1.1" 406 300 "-" "Mozilla/5.0 (Linux; Android 10; x64) AppleWebKit/537.36 (KHTML, like Gecko) Edge/100.0.0.0 Safari/537.36"
62.43.121.79 - - [24/Jul/2026:15:18:29 -0700] "POST /xmlrpc.php HTTP/1.1" 406 300 "-" "Mozilla/5.0 (Linux; Android 10; arm64) AppleWebKit/537.36 (KHTML, like Gecko) Chrome/98.0.0.0 Safari/537.36"
62.43.121.79 - - [24/Jul/2026:15:18:50 -0700] "POST /xmlrpc.php HTTP/1.1" 406 300 "-" "Mozilla/5.0 (Linux; Android 10; arm64) AppleWebKit/537.36 (KHTML, like Gecko) Safari/11.0.0.0 Safari/537.36"
62.43.121.79 - - [24/Jul/2026:15:19:10 -0700] "POST /xmlrpc.php HTTP/1.1" 406 300 "-" "Mozilla/5.0 (Linux; Android 10; arm64) AppleWebKit/537.36 (KHTML, like Gecko) Chrome/92.0.0.0 Safari/537.36"
62.43.121.79 - - [24/Jul/2026:15:19:35 -0700] "POST /xmlrpc.php HTTP/1.1" 406 300 "-" "Mozilla/5.0 (Windows NT 6.2; arm64) AppleWebKit/537.36 (KHTML, like Gecko) Firefox/92.0.0.0 Safari/537.36"
62.43.121.79 - - [24/Jul/2026:15:19:59 -0700] "POST /xmlrpc.php HTTP/1.1" 406 300 "-" "Mozilla/5.0 (Windows NT 10.0; arm64) AppleWebKit/537.36 (KHTML, like Gecko) Edge/80.0.0.0 Safari/537.36"
62.43.121.79 - - [24/Jul/2026:15:20:21 -0700] "POST /xmlrpc.php HTTP/1.1" 406 300 "-" "Mozilla/5.0 (Macintosh; Intel Mac OS X 10_15_7; arm64) AppleWebKit/537.36 (KHTML, like Gecko) Firefox/96.0.0.0 Safari/537.36"
192.145.236.177 - - [24/Jul/2026:15:20:45 -0700] "POST /wp-cron.php?doing_wp_cron=1784931645.2720530033111572265625 HTTP/1.1" 200 - "-" "WordPress/6.8.6; https://bitcoinslots.info"
62.43.121.79 - - [24/Jul/2026:15:20:44 -0700] "POST /xmlrpc.php HTTP/1.1" 200 856 "-" "Mozilla/5.0 (Windows NT 10.0; x86) AppleWebKit/537.36 (KHTML, like Gecko) Safari/15.0.0.0 Safari/537.36"
192.145.236.177 - - [24/Jul/2026:15:20:45 -0700] "POST /wp-admin/admin-ajax.php?action=async_litespeed&nonce=VRNXvEGYwiIX0OVvSKfjhIblZ1yr4dIg&litespeed_type=imgoptm HTTP/1.1" 200 463 "-" "WordPress/6.8.6; https://bitcoinslots.info"
192.145.236.177 - - [24/Jul/2026:15:21:10 -0700] "POST /wp-cron.php?doing_wp_cron=1784931670.2602779865264892578125 HTTP/1.1" 200 - "-" "WordPress/6.8.6; https://bitcoinslots.info"
62.43.121.79 - - [24/Jul/2026:15:21:09 -0700] "POST /xmlrpc.php HTTP/1.1" 200 856 "-" "Mozilla/5.0 (Windows NT 10.0; x86) AppleWebKit/537.36 (KHTML, like Gecko) Opera/66.0.0.0 Safari/537.36"
62.43.121.79 - - [24/Jul/2026:15:21:33 -0700] "POST /xmlrpc.php HTTP/1.1" 200 856 "-" "Mozilla/5.0 (Windows NT 6.3; x64) AppleWebKit/537.36 (KHTML, like Gecko) Chrome/108.0.0.0 Safari/537.36"
192.145.236.177 - - [24/Jul/2026:15:21:59 -0700] "POST /wp-cron.php?doing_wp_cron=1784931719.1294078826904296875000 HTTP/1.1" 200 - "-" "WordPress/6.8.6; https://bitcoinslots.info"
62.43.121.79 - - [24/Jul/2026:15:21:58 -0700] "POST /xmlrpc.php HTTP/1.1" 200 856 "-" "Mozilla/5.0 (Windows NT 10.0; x86) AppleWebKit/537.36 (KHTML, like Gecko) Opera/64.0.0.0 Safari/537.36"
192.145.236.177 - - [24/Jul/2026:15:21:59 -0700] "POST /wp-admin/admin-ajax.php?action=async_litespeed&nonce=ezDEH5qlnzH9bnAojqyGuyabVrsgHFjY&litespeed_type=imgoptm HTTP/1.1" 200 463 "-" "WordPress/6.8.6; https://bitcoinslots.info"
62.43.121.79 - - [24/Jul/2026:15:22:23 -0700] "POST /xmlrpc.php HTTP/1.1" 406 300 "-" "Mozilla/5.0 (Linux; Android 10; arm64) AppleWebKit/537.36 (KHTML, like Gecko) Chrome/91.0.0.0 Safari/537.36"
192.145.236.177 - - [24/Jul/2026:15:22:47 -0700] "POST /wp-cron.php?doing_wp_cron=1784931767.7292330265045166015625 HTTP/1.1" 200 - "-" "WordPress/6.8.6; https://bitcoinslots.info"
62.43.121.79 - - [24/Jul/2026:15:22:46 -0700] "POST /xmlrpc.php HTTP/1.1" 200 856 "-" "Mozilla/5.0 (Windows NT 10.0; x64) AppleWebKit/537.36 (KHTML, like Gecko) Firefox/79.0.0.0 Safari/537.36"
192.145.236.177 - - [24/Jul/2026:15:22:49 -0700] "POST /wp-admin/admin-ajax.php?action=async_litespeed&nonce=PHG4JbeC7f9dnKSPkTHdj0VP4hyBrKCW&litespeed_type=imgoptm HTTP/1.1" 200 463 "-" "WordPress/6.8.6; https://bitcoinslots.info"
62.43.121.79 - - [24/Jul/2026:15:23:12 -0700] "POST /xmlrpc.php HTTP/1.1" 406 300 "-" "Mozilla/5.0 (X11; Ubuntu; Linux x86_64; arm64) AppleWebKit/537.36 (KHTML, like Gecko) Safari/14.0.0.0 Safari/537.36"
62.43.121.79 - - [24/Jul/2026:15:23:33 -0700] "POST /xmlrpc.php HTTP/1.1" 406 300 "-" "Mozilla/5.0 (Macintosh; Intel Mac OS X 10_15_7; arm64) AppleWebKit/537.36 (KHTML, like Gecko) Firefox/77.0.0.0 Safari/537.36"
62.43.121.79 - - [24/Jul/2026:15:23:55 -0700] "POST /xmlrpc.php HTTP/1.1" 406 300 "-" "Mozilla/5.0 (Linux; Android 10; x86) AppleWebKit/537.36 (KHTML, like Gecko) Safari/15.0.0.0 Safari/537.36"
62.43.121.79 - - [24/Jul/2026:15:24:16 -0700] "POST /xmlrpc.php HTTP/1.1" 406 300 "-" "Mozilla/5.0 (Macintosh; Intel Mac OS X 10_15_7; arm64) AppleWebKit/537.36 (KHTML, like Gecko) Firefox/91.0.0.0 Safari/537.36"
192.145.236.177 - - [24/Jul/2026:15:24:38 -0700] "POST /wp-cron.php?doing_wp_cron=1784931878.2808759212493896484375 HTTP/1.1" 200 - "-" "WordPress/6.8.6; https://bitcoinslots.info"
62.43.121.79 - - [24/Jul/2026:15:24:37 -0700] "POST /xmlrpc.php HTTP/1.1" 200 856 "-" "Mozilla/5.0 (Windows NT 6.2; x64) AppleWebKit/537.36 (KHTML, like Gecko) Opera/64.0.0.0 Safari/537.36"
192.145.236.177 - - [24/Jul/2026:15:24:39 -0700] "POST /wp-admin/admin-ajax.php?action=async_litespeed&nonce=rLrKZ72zBAVRXLc0hX7lGK3zSznj4Wmy&litespeed_type=imgoptm HTTP/1.1" 200 463 "-" "WordPress/6.8.6; https://bitcoinslots.info"
192.145.236.177 - - [24/Jul/2026:15:24:59 -0700] "POST /wp-cron.php?doing_wp_cron=1784931899.0642750263214111328125 HTTP/1.1" 200 - "-" "WordPress/6.8.6; https://bitcoinslots.info"
62.43.121.79 - - [24/Jul/2026:15:24:58 -0700] "POST /xmlrpc.php HTTP/1.1" 200 856 "-" "Mozilla/5.0 (Macintosh; Intel Mac OS X 10_15_7; x86) AppleWebKit/537.36 (KHTML, like Gecko) Firefox/93.0.0.0 Safari/537.36"
62.43.121.79 - - [24/Jul/2026:15:25:18 -0700] "POST /xmlrpc.php HTTP/1.1" 406 300 "-" "Mozilla/5.0 (Windows NT 6.3; arm64) AppleWebKit/537.36 (KHTML, like Gecko) Edge/91.0.0.0 Safari/537.36"
192.145.236.177 - - [24/Jul/2026:15:25:42 -0700] "POST /wp-cron.php?doing_wp_cron=1784931942.2200078964233398437500 HTTP/1.1" 200 - "-" "WordPress/6.8.6; https://bitcoinslots.info"
62.43.121.79 - - [24/Jul/2026:15:25:41 -0700] "POST /xmlrpc.php HTTP/1.1" 200 856 "-" "Mozilla/5.0 (Windows NT 6.2; x64) AppleWebKit/537.36 (KHTML, like Gecko) Safari/13.0.0.0 Safari/537.36"
192.145.236.177 - - [24/Jul/2026:15:25:42 -0700] "POST /wp-admin/admin-ajax.php?action=async_litespeed&nonce=1F6hhdl2Z8ZZxb84IrWHp3MSVbjXbZ6o&litespeed_type=imgoptm HTTP/1.1" 200 463 "-" "WordPress/6.8.6; https://bitcoinslots.info"
192.145.236.177 - - [24/Jul/2026:15:26:05 -0700] "POST /wp-cron.php?doing_wp_cron=1784931965.0051729679107666015625 HTTP/1.1" 200 - "-" "WordPress/6.8.6; https://bitcoinslots.info"
62.43.121.79 - - [24/Jul/2026:15:26:04 -0700] "POST /xmlrpc.php HTTP/1.1" 200 856 "-" "Mozilla/5.0 (Windows NT 6.3; x64) AppleWebKit/537.36 (KHTML, like Gecko) Safari/13.0.0.0 Safari/537.36"
62.43.121.79 - - [24/Jul/2026:15:26:25 -0700] "POST /xmlrpc.php HTTP/1.1" 406 300 "-" "Mozilla/5.0 (Macintosh; Intel Mac OS X 10_15_7; arm64) AppleWebKit/537.36 (KHTML, like Gecko) Chrome/99.0.0.0 Safari/537.36"
62.43.121.79 - - [24/Jul/2026:15:26:45 -0700] "POST /xmlrpc.php HTTP/1.1" 406 300 "-" "Mozilla/5.0 (Macintosh; Intel Mac OS X 10_15_7; arm64) AppleWebKit/537.36 (KHTML, like Gecko) Edge/96.0.0.0 Safari/537.36"
192.145.236.177 - - [24/Jul/2026:15:27:06 -0700] "POST /wp-cron.php?doing_wp_cron=1784932026.1912250518798828125000 HTTP/1.1" 200 - "-" "WordPress/6.8.6; https://bitcoinslots.info"
62.43.121.79 - - [24/Jul/2026:15:27:05 -0700] "POST /xmlrpc.php HTTP/1.1" 200 856 "-" "Mozilla/5.0 (X11; Ubuntu; Linux x86_64; x64) AppleWebKit/537.36 (KHTML, like Gecko) Opera/67.0.0.0 Safari/537.36"
192.145.236.177 - - [24/Jul/2026:15:27:06 -0700] "POST /wp-admin/admin-ajax.php?action=async_litespeed&nonce=WzgDgKQxAAyy7kuh3pj4iMM65K2Ck2RV&litespeed_type=imgoptm HTTP/1.1" 200 463 "-" "WordPress/6.8.6; https://bitcoinslots.info"
62.43.121.79 - - [24/Jul/2026:15:27:27 -0700] "POST /xmlrpc.php HTTP/1.1" 200 856 "-" "Mozilla/5.0 (Windows NT 6.2; x64) AppleWebKit/537.36 (KHTML, like Gecko) Safari/11.0.0.0 Safari/537.36"
62.43.121.79 - - [24/Jul/2026:15:27:49 -0700] "POST /xmlrpc.php HTTP/1.1" 406 300 "-" "Mozilla/5.0 (Windows NT 6.2; arm64) AppleWebKit/537.36 (KHTML, like Gecko) Edge/89.0.0.0 Safari/537.36"
62.43.121.79 - - [24/Jul/2026:15:28:10 -0700] "POST /xmlrpc.php HTTP/1.1" 406 300 "-" "Mozilla/5.0 (Linux; Android 10; arm64) AppleWebKit/537.36 (KHTML, like Gecko) Chrome/96.0.0.0 Safari/537.36"
192.145.236.177 - - [24/Jul/2026:15:28:31 -0700] "POST /wp-cron.php?doing_wp_cron=1784932111.6271140575408935546875 HTTP/1.1" 200 - "-" "WordPress/6.8.6; https://bitcoinslots.info"
62.43.121.79 - - [24/Jul/2026:15:28:31 -0700] "POST /xmlrpc.php HTTP/1.1" 200 856 "-" "Mozilla/5.0 (X11; Ubuntu; Linux x86_64; x86) AppleWebKit/537.36 (KHTML, like Gecko) Firefox/84.0.0.0 Safari/537.36"
192.145.236.177 - - [24/Jul/2026:15:28:32 -0700] "POST /wp-admin/admin-ajax.php?action=async_litespeed&nonce=X4NgqWTLK4RtsArEkDyBTzL6n3xN0IQk&litespeed_type=imgoptm HTTP/1.1" 200 463 "-" "WordPress/6.8.6; https://bitcoinslots.info"
192.145.236.177 - - [24/Jul/2026:15:28:53 -0700] "POST /wp-cron.php?doing_wp_cron=1784932133.0427899360656738281250 HTTP/1.1" 200 - "-" "WordPress/6.8.6; https://bitcoinslots.info"
62.43.121.79 - - [24/Jul/2026:15:28:52 -0700] "POST /xmlrpc.php HTTP/1.1" 200 856 "-" "Mozilla/5.0 (Macintosh; Intel Mac OS X 10_15_7; x86) AppleWebKit/537.36 (KHTML, like Gecko) Firefox/70.0.0.0 Safari/537.36"
192.145.236.177 - - [24/Jul/2026:15:28:53 -0700] "POST /wp-admin/admin-ajax.php?action=async_litespeed&nonce=yaxvdMUvnKN5jJYq3AubNTKIp6W4Q3zn&litespeed_type=imgoptm HTTP/1.1" 200 463 "-" "WordPress/6.8.6; https://bitcoinslots.info"
216.73.217.65 - - [24/Jul/2026:15:29:07 -0700] "GET /robots.txt HTTP/1.1" 200 729 "-" "Mozilla/5.0 AppleWebKit/537.36 (KHTML, like Gecko; compatible; ClaudeBot/1.0; +claudebot@anthropic.com)"
216.73.217.65 - - [24/Jul/2026:15:29:08 -0700] "GET /sitemap-news.xml HTTP/1.1" 200 1014 "-" "Mozilla/5.0 AppleWebKit/537.36 (KHTML, like Gecko; compatible; ClaudeBot/1.0; +claudebot@anthropic.com)"
62.43.121.79 - - [24/Jul/2026:15:29:14 -0700] "POST /xmlrpc.php HTTP/1.1" 406 300 "-" "Mozilla/5.0 (Linux; Android 10; x86) AppleWebKit/537.36 (KHTML, like Gecko) Firefox/89.0.0.0 Safari/537.36"
192.145.236.177 - - [24/Jul/2026:15:29:36 -0700] "POST /wp-cron.php?doing_wp_cron=1784932175.9839189052581787109375 HTTP/1.1" 200 - "-" "WordPress/6.8.6; https://bitcoinslots.info"
62.43.121.79 - - [24/Jul/2026:15:29:35 -0700] "POST /xmlrpc.php HTTP/1.1" 200 856 "-" "Mozilla/5.0 (Windows NT 6.3; x86) AppleWebKit/537.36 (KHTML, like Gecko) Edge/85.0.0.0 Safari/537.36"
192.145.236.177 - - [24/Jul/2026:15:29:36 -0700] "POST /wp-admin/admin-ajax.php?action=async_litespeed&nonce=eoMAYhPdM3uQ3SgoFESdfPhwlLQtUo1s&litespeed_type=imgoptm HTTP/1.1" 200 463 "-" "WordPress/6.8.6; https://bitcoinslots.info"
192.145.236.177 - - [24/Jul/2026:15:29:56 -0700] "POST /wp-cron.php?doing_wp_cron=1784932196.6433479785919189453125 HTTP/1.1" 200 - "-" "WordPress/6.8.6; https://bitcoinslots.info"
62.43.121.79 - - [24/Jul/2026:15:29:56 -0700] "POST /xmlrpc.php HTTP/1.1" 200 856 "-" "Mozilla/5.0 (Macintosh; Intel Mac OS X 10_15_7; x64) AppleWebKit/537.36 (KHTML, like Gecko) Safari/12.0.0.0 Safari/537.36"
62.43.121.79 - - [24/Jul/2026:15:30:18 -0700] "POST /xmlrpc.php HTTP/1.1" 200 856 "-" "Mozilla/5.0 (Windows NT 10.0; x86) AppleWebKit/537.36 (KHTML, like Gecko) Edge/85.0.0.0 Safari/537.36"
62.43.121.79 - - [24/Jul/2026:15:30:40 -0700] "POST /xmlrpc.php HTTP/1.1" 200 856 "-" "Mozilla/5.0 (Windows NT 10.0; x86) AppleWebKit/537.36 (KHTML, like Gecko) Safari/12.0.0.0 Safari/537.36"
192.145.236.177 - - [24/Jul/2026:15:30:40 -0700] "POST /wp-cron.php?doing_wp_cron=1784932240.7773690223693847656250 HTTP/1.1" 200 - "-" "WordPress/6.8.6; https://bitcoinslots.info"
216.73.217.65 - - [24/Jul/2026:15:30:40 -0700] "GET /sitemap_index.xml HTTP/1.1" 200 1376 "-" "Mozilla/5.0 AppleWebKit/537.36 (KHTML, like Gecko; compatible; ClaudeBot/1.0; +claudebot@anthropic.com)"
192.145.236.177 - - [24/Jul/2026:15:30:41 -0700] "POST /wp-admin/admin-ajax.php?action=async_litespeed&nonce=hBNW8oWX8LLfL0iirde6CUKVxKYhgbQ5&litespeed_type=imgoptm HTTP/1.1" 200 463 "-" "WordPress/6.8.6; https://bitcoinslots.info"
192.145.236.177 - - [24/Jul/2026:15:31:02 -0700] "POST /wp-cron.php?doing_wp_cron=1784932262.7352750301361083984375 HTTP/1.1" 200 - "-" "WordPress/6.8.6; https://bitcoinslots.info"
62.43.121.79 - - [24/Jul/2026:15:31:02 -0700] "POST /xmlrpc.php HTTP/1.1" 200 856 "-" "Mozilla/5.0 (Windows NT 6.2; x86) AppleWebKit/537.36 (KHTML, like Gecko) Safari/13.0.0.0 Safari/537.36"
62.43.121.79 - - [24/Jul/2026:15:31:23 -0700] "POST /xmlrpc.php HTTP/1.1" 406 300 "-" "Mozilla/5.0 (Macintosh; Intel Mac OS X 10_15_7; arm64) AppleWebKit/537.36 (KHTML, like Gecko) Safari/14.0.0.0 Safari/537.36"
62.43.121.79 - - [24/Jul/2026:15:31:45 -0700] "POST /xmlrpc.php HTTP/1.1" 406 300 "-" "Mozilla/5.0 (Linux; Android 10; arm64) AppleWebKit/537.36 (KHTML, like Gecko) Chrome/94.0.0.0 Safari/537.36"
62.43.121.79 - - [24/Jul/2026:15:32:07 -0700] "POST /xmlrpc.php HTTP/1.1" 406 300 "-" "Mozilla/5.0 (X11; Ubuntu; Linux x86_64; arm64) AppleWebKit/537.36 (KHTML, like Gecko) Edge/87.0.0.0 Safari/537.36"
62.43.121.79 - - [24/Jul/2026:15:32:29 -0700] "POST /xmlrpc.php HTTP/1.1" 406 300 "-" "Mozilla/5.0 (Windows NT 6.2; arm64) AppleWebKit/537.36 (KHTML, like Gecko) Chrome/95.0.0.0 Safari/537.36"
207.97.143.154 - - [24/Jul/2026:15:33:13 -0700] "GET /wp-content/uploads/2019/12/jackpot.png HTTP/1.1" 200 47313 "-" "Mozilla/5.0 (compatible; crawler)"
192.145.236.177 - - [24/Jul/2026:15:43:55 -0700] "POST /wp-cron.php?doing_wp_cron=1784933035.2880570888519287109375 HTTP/1.1" 200 - "-" "WordPress/6.8.6; https://bitcoinslots.info"
181.23.203.157 - - [24/Jul/2026:15:43:54 -0700] "POST /xmlrpc.php HTTP/1.1" 200 856 "-" "WordPress.com; https://wordpress.com"
192.145.236.177 - - [24/Jul/2026:15:43:55 -0700] "POST /wp-admin/admin-ajax.php?action=async_litespeed&nonce=nBXU6gQpKuFzR2ruQKEkRobSLlN8mOte&litespeed_type=imgoptm HTTP/1.1" 200 463 "-" "WordPress/6.8.6; https://bitcoinslots.info"
114.119.136.243 - - [24/Jul/2026:15:44:03 -0700] "GET /double-diamond/ HTTP/1.1" 200 65288 "https://bitcoinslots.info/wheel-of-fortune/" "Mozilla/5.0 (Linux; Android 7.0;) AppleWebKit/537.36 (HTML, like Gecko) Mobile Safari/537.36 (compatible; PetalBot;+https://webmaster.petalsearch.com/site/petalbot)"
181.23.203.157 - - [24/Jul/2026:15:44:15 -0700] "POST /xmlrpc.php HTTP/1.1" 200 856 "-" "Jetpack by WordPress.com (Jetpack 13.0; WordPress 6.3)"
181.23.203.157 - - [24/Jul/2026:15:44:26 -0700] "POST /xmlrpc.php HTTP/1.1" 200 856 "-" "Jetpack by WordPress.com"
192.145.236.177 - - [24/Jul/2026:15:44:37 -0700] "POST /wp-cron.php?doing_wp_cron=1784933077.5467629432678222656250 HTTP/1.1" 200 - "-" "WordPress/6.8.6; https://bitcoinslots.info"
181.23.203.157 - - [24/Jul/2026:15:44:36 -0700] "POST /xmlrpc.php HTTP/1.1" 200 856 "-" "Jetpack/12.1; WordPress/6.1; http://site93011417.com"
192.145.236.177 - - [24/Jul/2026:15:44:38 -0700] "POST /wp-admin/admin-ajax.php?action=async_litespeed&nonce=LSc3FW5SjTk30S7H7XSHRo5hWhrMQcRL&litespeed_type=imgoptm HTTP/1.1" 200 463 "-" "WordPress/6.8.6; https://bitcoinslots.info"
181.23.203.157 - - [24/Jul/2026:15:44:47 -0700] "POST /xmlrpc.php HTTP/1.1" 200 856 "-" "Jetpack by WordPress.com (Jetpack 12.0; WordPress 6.1)"
192.145.236.177 - - [24/Jul/2026:15:44:58 -0700] "POST /wp-cron.php?doing_wp_cron=1784933098.3273510932922363281250 HTTP/1.1" 200 - "-" "WordPress/6.8.6; https://bitcoinslots.info"
181.23.203.157 - - [24/Jul/2026:15:44:57 -0700] "POST /xmlrpc.php HTTP/1.1" 200 856 "-" "Jetpack by WordPress.com"
181.23.203.157 - - [24/Jul/2026:15:45:08 -0700] "POST /xmlrpc.php HTTP/1.1" 200 856 "-" "Jetpack by WordPress.com"
181.23.203.157 - - [24/Jul/2026:15:45:18 -0700] "POST /xmlrpc.php HTTP/1.1" 200 856 "-" "Jetpack by WordPress.com (Jetpack 12.1; WordPress 6.4)"
181.23.203.157 - - [24/Jul/2026:15:45:29 -0700] "POST /xmlrpc.php HTTP/1.1" 200 856 "-" "Jetpack/13.0; WordPress/6.2; http://site50797881.com"
192.145.236.177 - - [24/Jul/2026:15:45:40 -0700] "POST /wp-cron.php?doing_wp_cron=1784933140.6550900936126708984375 HTTP/1.1" 200 - "-" "WordPress/6.8.6; https://bitcoinslots.info"
181.23.203.157 - - [24/Jul/2026:15:45:39 -0700] "POST /xmlrpc.php HTTP/1.1" 200 856 "-" "WordPress.com; https://wordpress.com"
192.145.236.177 - - [24/Jul/2026:15:45:41 -0700] "POST /wp-admin/admin-ajax.php?action=async_litespeed&nonce=gp4hsvbkDkntqVh9bWUm4tBxTNEMvjBX&litespeed_type=imgoptm HTTP/1.1" 200 463 "-" "WordPress/6.8.6; https://bitcoinslots.info"
192.145.236.177 - - [24/Jul/2026:15:45:51 -0700] "POST /wp-cron.php?doing_wp_cron=1784933151.6375830173492431640625 HTTP/1.1" 200 - "-" "WordPress/6.8.6; https://bitcoinslots.info"
181.23.203.157 - - [24/Jul/2026:15:45:50 -0700] "POST /xmlrpc.php HTTP/1.1" 200 856 "-" "Jetpack by WordPress.com (Jetpack 12.5; WordPress 6.1)"
181.23.203.157 - - [24/Jul/2026:15:46:01 -0700] "POST /xmlrpc.php HTTP/1.1" 200 856 "-" "WordPress.com; https://wordpress.com"
181.23.203.157 - - [24/Jul/2026:15:46:11 -0700] "POST /xmlrpc.php HTTP/1.1" 200 856 "-" "Jetpack/13.0; WordPress/6.3; http://site84203647.com"
181.23.203.157 - - [24/Jul/2026:15:46:22 -0700] "POST /xmlrpc.php HTTP/1.1" 200 856 "-" "Jetpack by WordPress.com (Jetpack 12.0; WordPress 6.1)"
181.23.203.157 - - [24/Jul/2026:15:46:32 -0700] "POST /xmlrpc.php HTTP/1.1" 200 856 "-" "Jetpack by WordPress.com"
192.145.236.177 - - [24/Jul/2026:15:46:44 -0700] "POST /wp-cron.php?doing_wp_cron=1784933204.4988899230957031250000 HTTP/1.1" 200 - "-" "WordPress/6.8.6; https://bitcoinslots.info"
181.23.203.157 - - [24/Jul/2026:15:46:43 -0700] "POST /xmlrpc.php HTTP/1.1" 200 856 "-" "Jetpack by WordPress.com"
192.145.236.177 - - [24/Jul/2026:15:46:45 -0700] "POST /wp-admin/admin-ajax.php?action=async_litespeed&nonce=E2IrZQqHjZpOsZosiux49lP40akW4eXq&litespeed_type=imgoptm HTTP/1.1" 200 463 "-" "WordPress/6.8.6; https://bitcoinslots.info"
192.145.236.177 - - [24/Jul/2026:15:46:54 -0700] "POST /wp-cron.php?doing_wp_cron=1784933214.4518549442291259765625 HTTP/1.1" 200 - "-" "WordPress/6.8.6; https://bitcoinslots.info"
181.23.203.157 - - [24/Jul/2026:15:46:53 -0700] "POST /xmlrpc.php HTTP/1.1" 200 856 "-" "Jetpack by WordPress.com (Jetpack 12.0; WordPress 6.2)"
181.23.203.157 - - [24/Jul/2026:15:47:04 -0700] "POST /xmlrpc.php HTTP/1.1" 406 300 "-" "WordPress.com; https://wordpress.com"
181.23.203.157 - - [24/Jul/2026:15:47:14 -0700] "POST /xmlrpc.php HTTP/1.1" 200 856 "-" "Jetpack by WordPress.com (Jetpack 12.1; WordPress 6.4)"
181.23.203.157 - - [24/Jul/2026:15:47:25 -0700] "POST /xmlrpc.php HTTP/1.1" 406 300 "-" "WordPress.com; https://wordpress.com"
181.23.203.157 - - [24/Jul/2026:15:47:36 -0700] "POST /xmlrpc.php HTTP/1.1" 406 300 "-" "WordPress.com; https://wordpress.com"
181.23.203.157 - - [24/Jul/2026:15:47:46 -0700] "POST /xmlrpc.php HTTP/1.1" 406 300 "-" "WordPress.com; https://wordpress.com"
192.145.236.177 - - [24/Jul/2026:15:47:57 -0700] "POST /wp-cron.php?doing_wp_cron=1784933277.7800049781799316406250 HTTP/1.1" 200 - "-" "WordPress/6.8.6; https://bitcoinslots.info"
181.23.203.157 - - [24/Jul/2026:15:47:57 -0700] "POST /xmlrpc.php HTTP/1.1" 200 856 "-" "Jetpack by WordPress.com (Jetpack 13.0; WordPress 6.2)"
192.145.236.177 - - [24/Jul/2026:15:47:58 -0700] "POST /wp-admin/admin-ajax.php?action=async_litespeed&nonce=H3nlVifd6R7oGIGPXKSVNYhi7Syy8Aur&litespeed_type=imgoptm HTTP/1.1" 200 463 "-" "WordPress/6.8.6; https://bitcoinslots.info"
181.23.203.157 - - [24/Jul/2026:15:48:07 -0700] "POST /xmlrpc.php HTTP/1.1" 200 856 "-" "Jetpack by WordPress.com (Jetpack 12.5; WordPress 6.2)"
181.23.203.157 - - [24/Jul/2026:15:48:18 -0700] "POST /xmlrpc.php HTTP/1.1" 200 856 "-" "Jetpack/13.0; WordPress/6.4; http://site84296183.com"
181.23.203.157 - - [24/Jul/2026:15:48:28 -0700] "POST /xmlrpc.php HTTP/1.1" 200 856 "-" "Jetpack/12.5; WordPress/6.1; http://site92855847.com"
192.145.236.177 - - [24/Jul/2026:15:48:39 -0700] "POST /wp-cron.php?doing_wp_cron=1784933319.9671630859375000000000 HTTP/1.1" 200 - "-" "WordPress/6.8.6; https://bitcoinslots.info"
181.23.203.157 - - [24/Jul/2026:15:48:39 -0700] "POST /xmlrpc.php HTTP/1.1" 200 856 "-" "Jetpack by WordPress.com (Jetpack 12.5; WordPress 6.3)"
192.145.236.177 - - [24/Jul/2026:15:48:40 -0700] "POST /wp-admin/admin-ajax.php?action=async_litespeed&nonce=6WYnnPcaDgQy7QPVR6Z1Uw2zJSc6z7od&litespeed_type=imgoptm HTTP/1.1" 200 463 "-" "WordPress/6.8.6; https://bitcoinslots.info"
181.23.203.157 - - [24/Jul/2026:15:48:49 -0700] "POST /xmlrpc.php HTTP/1.1" 200 856 "-" "Jetpack by WordPress.com (Jetpack 12.0; WordPress 6.1)"
181.23.203.157 - - [24/Jul/2026:15:49:00 -0700] "POST /xmlrpc.php HTTP/1.1" 406 300 "-" "WordPress.com; https://wordpress.com"
192.145.236.177 - - [24/Jul/2026:15:49:11 -0700] "POST /wp-cron.php?doing_wp_cron=1784933351.7898290157318115234375 HTTP/1.1" 200 - "-" "WordPress/6.8.6; https://bitcoinslots.info"
181.23.203.157 - - [24/Jul/2026:15:49:11 -0700] "POST /xmlrpc.php HTTP/1.1" 200 856 "-" "Jetpack by WordPress.com"
181.23.203.157 - - [24/Jul/2026:15:49:21 -0700] "POST /xmlrpc.php HTTP/1.1" 200 856 "-" "Jetpack by WordPress.com (Jetpack 12.0; WordPress 6.2)"
181.23.203.157 - - [24/Jul/2026:15:49:32 -0700] "POST /xmlrpc.php HTTP/1.1" 200 856 "-" "Jetpack/12.1; WordPress/6.1; http://site15129521.com"
181.23.203.157 - - [24/Jul/2026:15:49:42 -0700] "POST /xmlrpc.php HTTP/1.1" 406 300 "-" "WordPress.com; https://wordpress.com"
181.23.203.157 - - [24/Jul/2026:15:49:53 -0700] "POST /xmlrpc.php HTTP/1.1" 406 300 "-" "WordPress.com; https://wordpress.com"
192.145.236.177 - - [24/Jul/2026:15:50:05 -0700] "POST /wp-cron.php?doing_wp_cron=1784933405.0759029388427734375000 HTTP/1.1" 200 - "-" "WordPress/6.8.6; https://bitcoinslots.info"
181.23.203.157 - - [24/Jul/2026:15:50:03 -0700] "POST /xmlrpc.php HTTP/1.1" 200 856 "-" "Jetpack by WordPress.com (Jetpack 12.1; WordPress 6.2)"
192.145.236.177 - - [24/Jul/2026:15:50:06 -0700] "POST /wp-admin/admin-ajax.php?action=async_litespeed&nonce=qSmh1063ThfmOUED9CMuBfszsyYp68eO&litespeed_type=imgoptm HTTP/1.1" 200 463 "-" "WordPress/6.8.6; https://bitcoinslots.info"
181.23.203.157 - - [24/Jul/2026:15:50:14 -0700] "POST /xmlrpc.php HTTP/1.1" 200 856 "-" "Jetpack by WordPress.com"
181.23.203.157 - - [24/Jul/2026:15:50:24 -0700] "POST /xmlrpc.php HTTP/1.1" 406 300 "-" "WordPress.com; https://wordpress.com"
181.23.203.157 - - [24/Jul/2026:15:50:35 -0700] "POST /xmlrpc.php HTTP/1.1" 406 300 "-" "WordPress.com; https://wordpress.com"
181.23.203.157 - - [24/Jul/2026:15:50:46 -0700] "POST /xmlrpc.php HTTP/1.1" 406 300 "-" "WordPress.com; https://wordpress.com"
181.23.203.157 - - [24/Jul/2026:15:50:56 -0700] "POST /xmlrpc.php HTTP/1.1" 406 300 "-" "WordPress.com; https://wordpress.com"
192.145.236.177 - - [24/Jul/2026:15:51:07 -0700] "POST /wp-cron.php?doing_wp_cron=1784933467.8421359062194824218750 HTTP/1.1" 200 - "-" "WordPress/6.8.6; https://bitcoinslots.info"
181.23.203.157 - - [24/Jul/2026:15:51:07 -0700] "POST /xmlrpc.php HTTP/1.1" 200 856 "-" "Jetpack/12.0; WordPress/6.2; http://site21454936.com"
192.145.236.177 - - [24/Jul/2026:15:51:08 -0700] "POST /wp-admin/admin-ajax.php?action=async_litespeed&nonce=wNwdZBrpnwkDtnHhzagSPDOs3AEeLW5u&litespeed_type=imgoptm HTTP/1.1" 200 463 "-" "WordPress/6.8.6; https://bitcoinslots.info"
181.23.203.157 - - [24/Jul/2026:15:51:17 -0700] "POST /xmlrpc.php HTTP/1.1" 406 300 "-" "WordPress.com; https://wordpress.com"
181.23.203.157 - - [24/Jul/2026:15:51:28 -0700] "POST /xmlrpc.php HTTP/1.1" 406 300 "-" "WordPress.com; https://wordpress.com"
192.145.236.177 - - [24/Jul/2026:15:51:39 -0700] "POST /wp-cron.php?doing_wp_cron=1784933499.5100359916687011718750 HTTP/1.1" 200 - "-" "WordPress/6.8.6; https://bitcoinslots.info"
181.23.203.157 - - [24/Jul/2026:15:51:38 -0700] "POST /xmlrpc.php HTTP/1.1" 200 856 "-" "Jetpack by WordPress.com"
192.145.236.177 - - [24/Jul/2026:15:51:40 -0700] "POST /wp-admin/admin-ajax.php?action=async_litespeed&nonce=K9sQHndf7FkIjySt8OwznlEJtJ38qJBW&litespeed_type=imgoptm HTTP/1.1" 200 463 "-" "WordPress/6.8.6; https://bitcoinslots.info"
192.145.236.177 - - [24/Jul/2026:15:51:50 -0700] "POST /wp-cron.php?doing_wp_cron=1784933510.6753439903259277343750 HTTP/1.1" 200 - "-" "WordPress/6.8.6; https://bitcoinslots.info"
181.23.203.157 - - [24/Jul/2026:15:51:49 -0700] "POST /xmlrpc.php HTTP/1.1" 200 856 "-" "Jetpack by WordPress.com (Jetpack 13.0; WordPress 6.3)"
181.23.203.157 - - [24/Jul/2026:15:52:00 -0700] "POST /xmlrpc.php HTTP/1.1" 200 856 "-" "Jetpack by WordPress.com (Jetpack 12.1; WordPress 6.4)"
181.23.203.157 - - [24/Jul/2026:15:52:10 -0700] "POST /xmlrpc.php HTTP/1.1" 406 300 "-" "WordPress.com; https://wordpress.com"
181.23.203.157 - - [24/Jul/2026:15:52:21 -0700] "POST /xmlrpc.php HTTP/1.1" 406 300 "-" "WordPress.com; https://wordpress.com"
181.23.203.157 - - [24/Jul/2026:15:52:31 -0700] "POST /xmlrpc.php HTTP/1.1" 200 856 "-" "Jetpack/13.0; WordPress/6.2; http://site54505644.com"
192.145.236.177 - - [24/Jul/2026:15:52:43 -0700] "POST /wp-cron.php?doing_wp_cron=1784933563.1365458965301513671875 HTTP/1.1" 200 - "-" "WordPress/6.8.6; https://bitcoinslots.info"
181.23.203.157 - - [24/Jul/2026:15:52:42 -0700] "POST /xmlrpc.php HTTP/1.1" 200 856 "-" "Jetpack/13.0; WordPress/6.3; http://site39999474.com"
192.145.236.177 - - [24/Jul/2026:15:52:43 -0700] "POST /wp-admin/admin-ajax.php?action=async_litespeed&nonce=HPeJHJyJh09U3K6YxExc9vPo6EBmOh5c&litespeed_type=imgoptm HTTP/1.1" 200 463 "-" "WordPress/6.8.6; https://bitcoinslots.info"
192.145.236.177 - - [24/Jul/2026:15:52:53 -0700] "POST /wp-cron.php?doing_wp_cron=1784933573.4746289253234863281250 HTTP/1.1" 200 - "-" "WordPress/6.8.6; https://bitcoinslots.info"
181.23.203.157 - - [24/Jul/2026:15:52:52 -0700] "POST /xmlrpc.php HTTP/1.1" 200 856 "-" "Jetpack by WordPress.com (Jetpack 12.1; WordPress 6.3)"
181.23.203.157 - - [24/Jul/2026:15:53:03 -0700] "POST /xmlrpc.php HTTP/1.1" 200 856 "-" "Jetpack by WordPress.com (Jetpack 12.0; WordPress 6.4)"
181.23.203.157 - - [24/Jul/2026:15:53:14 -0700] "POST /xmlrpc.php HTTP/1.1" 200 856 "-" "Jetpack by WordPress.com (Jetpack 12.0; WordPress 6.4)"
192.145.236.177 - - [24/Jul/2026:15:53:46 -0700] "POST /wp-cron.php?doing_wp_cron=1784933626.5493190288543701171875 HTTP/1.1" 200 - "-" "WordPress/6.8.6; https://bitcoinslots.info"
181.23.203.157 - - [24/Jul/2026:15:53:46 -0700] "POST /xmlrpc.php HTTP/1.1" 200 856 "-" "Jetpack by WordPress.com (Jetpack 13.0; WordPress 6.2)"
192.145.236.177 - - [24/Jul/2026:15:53:47 -0700] "POST /wp-admin/admin-ajax.php?action=async_litespeed&nonce=rrULiwIDWDwxv2ENxL6wwy4p5J7JwALw&litespeed_type=imgoptm HTTP/1.1" 200 463 "-" "WordPress/6.8.6; https://bitcoinslots.info"
192.145.236.177 - - [24/Jul/2026:15:53:56 -0700] "POST /wp-cron.php?doing_wp_cron=1784933636.8180849552154541015625 HTTP/1.1" 200 - "-" "WordPress/6.8.6; https://bitcoinslots.info"
181.23.203.157 - - [24/Jul/2026:15:53:56 -0700] "POST /xmlrpc.php HTTP/1.1" 200 856 "-" "Jetpack by WordPress.com"
181.23.203.157 - - [24/Jul/2026:15:54:06 -0700] "POST /xmlrpc.php HTTP/1.1" 200 856 "-" "Jetpack by WordPress.com (Jetpack 12.0; WordPress 6.2)"
181.23.203.157 - - [24/Jul/2026:15:54:17 -0700] "POST /xmlrpc.php HTTP/1.1" 406 300 "-" "WordPress.com; https://wordpress.com"
181.23.203.157 - - [24/Jul/2026:15:54:27 -0700] "POST /xmlrpc.php HTTP/1.1" 200 856 "-" "Jetpack/12.0; WordPress/6.1; http://site59371078.com"
192.145.236.177 - - [24/Jul/2026:15:54:39 -0700] "POST /wp-cron.php?doing_wp_cron=1784933679.0320370197296142578125 HTTP/1.1" 200 - "-" "WordPress/6.8.6; https://bitcoinslots.info"
181.23.203.157 - - [24/Jul/2026:15:54:38 -0700] "POST /xmlrpc.php HTTP/1.1" 200 856 "-" "Jetpack/13.0; WordPress/6.2; http://site96308927.com"
192.145.236.177 - - [24/Jul/2026:15:54:39 -0700] "POST /wp-admin/admin-ajax.php?action=async_litespeed&nonce=xtyF7gPJXv2YvLlsiicQpLlcS2X10mPs&litespeed_type=imgoptm HTTP/1.1" 200 463 "-" "WordPress/6.8.6; https://bitcoinslots.info"
181.23.203.157 - - [24/Jul/2026:15:54:49 -0700] "POST /xmlrpc.php HTTP/1.1" 200 856 "-" "Jetpack/12.1; WordPress/6.4; http://site51655113.com"
192.145.236.177 - - [24/Jul/2026:15:54:59 -0700] "POST /wp-cron.php?doing_wp_cron=1784933699.8812439441680908203125 HTTP/1.1" 200 - "-" "WordPress/6.8.6; https://bitcoinslots.info"
181.23.203.157 - - [24/Jul/2026:15:54:59 -0700] "POST /xmlrpc.php HTTP/1.1" 200 856 "-" "Jetpack/12.0; WordPress/6.1; http://site79045324.com"
181.23.203.157 - - [24/Jul/2026:15:55:10 -0700] "POST /xmlrpc.php HTTP/1.1" 200 856 "-" "Jetpack by WordPress.com"
181.23.203.157 - - [24/Jul/2026:15:55:20 -0700] "POST /xmlrpc.php HTTP/1.1" 200 856 "-" "Jetpack by WordPress.com (Jetpack 12.5; WordPress 6.3)"
181.23.203.157 - - [24/Jul/2026:15:55:31 -0700] "POST /xmlrpc.php HTTP/1.1" 200 856 "-" "Jetpack/12.1; WordPress/6.4; http://site94797731.com"
192.145.236.177 - - [24/Jul/2026:15:55:42 -0700] "POST /wp-cron.php?doing_wp_cron=1784933742.0682480335235595703125 HTTP/1.1" 200 - "-" "WordPress/6.8.6; https://bitcoinslots.info"
181.23.203.157 - - [24/Jul/2026:15:55:41 -0700] "POST /xmlrpc.php HTTP/1.1" 200 856 "-" "Jetpack by WordPress.com"
192.145.236.177 - - [24/Jul/2026:15:55:42 -0700] "POST /wp-admin/admin-ajax.php?action=async_litespeed&nonce=UJpKWbthtva57GlgicppS0myKZtQsi5P&litespeed_type=imgoptm HTTP/1.1" 200 463 "-" "WordPress/6.8.6; https://bitcoinslots.info"
181.23.203.157 - - [24/Jul/2026:15:55:52 -0700] "POST /xmlrpc.php HTTP/1.1" 406 300 "-" "WordPress.com; https://wordpress.com"
181.23.203.157 - - [24/Jul/2026:15:56:02 -0700] "POST /xmlrpc.php HTTP/1.1" 406 300 "-" "WordPress.com; https://wordpress.com"
192.145.236.177 - - [24/Jul/2026:15:56:13 -0700] "POST /wp-cron.php?doing_wp_cron=1784933773.7581689357757568359375 HTTP/1.1" 200 - "-" "WordPress/6.8.6; https://bitcoinslots.info"
181.23.203.157 - - [24/Jul/2026:15:56:13 -0700] "POST /xmlrpc.php HTTP/1.1" 200 856 "-" "Jetpack by WordPress.com"
181.23.203.157 - - [24/Jul/2026:15:56:23 -0700] "POST /xmlrpc.php HTTP/1.1" 200 856 "-" "Jetpack by WordPress.com"
181.23.203.157 - - [24/Jul/2026:15:56:34 -0700] "POST /xmlrpc.php HTTP/1.1" 406 300 "-" "WordPress.com; https://wordpress.com"
181.23.203.157 - - [24/Jul/2026:15:56:44 -0700] "POST /xmlrpc.php HTTP/1.1" 406 300 "-" "WordPress.com; https://wordpress.com"
192.145.236.177 - - [24/Jul/2026:15:56:55 -0700] "POST /wp-cron.php?doing_wp_cron=1784933815.7719020843505859375000 HTTP/1.1" 200 - "-" "WordPress/6.8.6; https://bitcoinslots.info"
181.23.203.157 - - [24/Jul/2026:15:56:55 -0700] "POST /xmlrpc.php HTTP/1.1" 200 856 "-" "Jetpack by WordPress.com (Jetpack 12.5; WordPress 6.3)"
192.145.236.177 - - [24/Jul/2026:15:56:56 -0700] "POST /wp-admin/admin-ajax.php?action=async_litespeed&nonce=RAMoIFmAfpu1N9Ugdl7nYZur84NaZHBi&litespeed_type=imgoptm HTTP/1.1" 200 463 "-" "WordPress/6.8.6; https://bitcoinslots.info"
181.23.203.157 - - [24/Jul/2026:15:57:05 -0700] "POST /xmlrpc.php HTTP/1.1" 200 856 "-" "Jetpack/13.0; WordPress/6.4; http://site15993994.com"
181.23.203.157 - - [24/Jul/2026:15:57:16 -0700] "POST /xmlrpc.php HTTP/1.1" 200 856 "-" "Jetpack/13.0; WordPress/6.2; http://site10563762.com"
181.23.203.157 - - [24/Jul/2026:15:57:27 -0700] "POST /xmlrpc.php HTTP/1.1" 200 856 "-" "Jetpack/13.0; WordPress/6.3; http://site85611181.com"
192.145.236.177 - - [24/Jul/2026:15:57:38 -0700] "POST /wp-cron.php?doing_wp_cron=1784933858.0157179832458496093750 HTTP/1.1" 200 - "-" "WordPress/6.8.6; https://bitcoinslots.info"
181.23.203.157 - - [24/Jul/2026:15:57:37 -0700] "POST /xmlrpc.php HTTP/1.1" 200 856 "-" "Jetpack by WordPress.com"
192.145.236.177 - - [24/Jul/2026:15:57:38 -0700] "POST /wp-admin/admin-ajax.php?action=async_litespeed&nonce=LwbFrB7ZItswcQlT5NlTjnwsmq2CvmSu&litespeed_type=imgoptm HTTP/1.1" 200 463 "-" "WordPress/6.8.6; https://bitcoinslots.info"
181.23.203.157 - - [24/Jul/2026:15:57:48 -0700] "POST /xmlrpc.php HTTP/1.1" 200 856 "-" "Jetpack by WordPress.com"
192.145.236.177 - - [24/Jul/2026:15:57:59 -0700] "POST /wp-cron.php?doing_wp_cron=1784933878.9828989505767822265625 HTTP/1.1" 200 - "-" "WordPress/6.8.6; https://bitcoinslots.info"
181.23.203.157 - - [24/Jul/2026:15:57:58 -0700] "POST /xmlrpc.php HTTP/1.1" 200 856 "-" "Jetpack by WordPress.com (Jetpack 12.5; WordPress 6.3)"
181.23.203.157 - - [24/Jul/2026:15:58:09 -0700] "POST /xmlrpc.php HTTP/1.1" 200 856 "-" "Jetpack by WordPress.com"
181.23.203.157 - - [24/Jul/2026:15:58:20 -0700] "POST /xmlrpc.php HTTP/1.1" 200 856 "-" "Jetpack by WordPress.com (Jetpack 12.1; WordPress 6.2)"
181.23.203.157 - - [24/Jul/2026:15:58:30 -0700] "POST /xmlrpc.php HTTP/1.1" 200 856 "-" "Jetpack by WordPress.com"
192.145.236.177 - - [24/Jul/2026:15:58:41 -0700] "POST /wp-cron.php?doing_wp_cron=1784933921.2581789493560791015625 HTTP/1.1" 200 - "-" "WordPress/6.8.6; https://bitcoinslots.info"
181.23.203.157 - - [24/Jul/2026:15:58:40 -0700] "POST /xmlrpc.php HTTP/1.1" 200 856 "-" "Jetpack by WordPress.com"
192.145.236.177 - - [24/Jul/2026:15:58:41 -0700] "POST /wp-admin/admin-ajax.php?action=async_litespeed&nonce=g3WbNMCActjXmg7E52YG5XU32TxuEV35&litespeed_type=imgoptm HTTP/1.1" 200 463 "-" "WordPress/6.8.6; https://bitcoinslots.info"
181.23.203.157 - - [24/Jul/2026:15:58:51 -0700] "POST /xmlrpc.php HTTP/1.1" 406 300 "-" "WordPress.com; https://wordpress.com"
192.145.236.177 - - [24/Jul/2026:15:59:02 -0700] "POST /wp-cron.php?doing_wp_cron=1784933942.5425019264221191406250 HTTP/1.1" 200 - "-" "WordPress/6.8.6; https://bitcoinslots.info"
181.23.203.157 - - [24/Jul/2026:15:59:01 -0700] "POST /xmlrpc.php HTTP/1.1" 200 856 "-" "Jetpack by WordPress.com (Jetpack 12.5; WordPress 6.3)"
103.177.124.193 - - [24/Jul/2026:15:59:05 -0700] "GET /test1.php HTTP/1.1" 200 58567 "-" "Mozilla/5.0 (Windows NT 10.0; Win64; x64) AppleWebKit/537.36 (KHTML, like Gecko) Chrome/150.0.0.0 Safari/537.36"
103.177.124.193 - - [24/Jul/2026:15:59:05 -0700] "GET /about.php HTTP/1.1" 200 58567 "-" "Mozilla/5.0 (Windows NT 10.0; Win64; x64) AppleWebKit/537.36 (KHTML, like Gecko) Chrome/150.0.0.0 Safari/537.36"
103.177.124.193 - - [24/Jul/2026:15:59:08 -0700] "GET /wp-content/plugins/contact-form-7/includes/css/styles.css?ver=6.0.6 HTTP/1.1" 200 2894 "https://bitcoinslots.info/test1.php" "Mozilla/5.0 (Windows NT 10.0; Win64; x64) AppleWebKit/537.36 (KHTML, like Gecko) Chrome/150.0.0.0 Safari/537.36"
103.177.124.193 - - [24/Jul/2026:15:59:08 -0700] "GET /wp-includes/css/dist/block-library/style.min.css?ver=6.8.6 HTTP/1.1" 200 116345 "https://bitcoinslots.info/test1.php" "Mozilla/5.0 (Windows NT 10.0; Win64; x64) AppleWebKit/537.36 (KHTML, like Gecko) Chrome/150.0.0.0 Safari/537.36"
103.177.124.193 - - [24/Jul/2026:15:59:09 -0700] "GET /wp-content/plugins/revslider/public/assets/css/rs6.css?ver=6.1.5 HTTP/1.1" 200 57762 "https://bitcoinslots.info/test1.php" "Mozilla/5.0 (Windows NT 10.0; Win64; x64) AppleWebKit/537.36 (KHTML, like Gecko) Chrome/150.0.0.0 Safari/537.36"
103.177.124.193 - - [24/Jul/2026:15:59:10 -0700] "GET /wp-content/themes/vizion/assets/css/all.min.css?ver=1.0 HTTP/1.1" 200 61960 "https://bitcoinslots.info/test1.php" "Mozilla/5.0 (Windows NT 10.0; Win64; x64) AppleWebKit/537.36 (KHTML, like Gecko) Chrome/150.0.0.0 Safari/537.36"
103.177.124.193 - - [24/Jul/2026:15:59:11 -0700] "GET /wp-content/themes/vizion/assets/css/bootstrap.min.css?ver=4.1.3 HTTP/1.1" 200 140942 "https://bitcoinslots.info/test1.php" "Mozilla/5.0 (Windows NT 10.0; Win64; x64) AppleWebKit/537.36 (KHTML, like Gecko) Chrome/150.0.0.0 Safari/537.36"
103.177.124.193 - - [24/Jul/2026:15:59:11 -0700] "GET /wp-content/themes/vizion/assets/css/flaticon.css?ver=2.0.0 HTTP/1.1" 200 3273 "https://bitcoinslots.info/test1.php" "Mozilla/5.0 (Windows NT 10.0; Win64; x64) AppleWebKit/537.36 (KHTML, like Gecko) Chrome/150.0.0.0 Safari/537.36"
103.177.124.193 - - [24/Jul/2026:15:59:11 -0700] "GET /wp-content/themes/vizion/assets/css/ionicons.min.css?ver=2.0.0 HTTP/1.1" 200 51295 "https://bitcoinslots.info/test1.php" "Mozilla/5.0 (Windows NT 10.0; Win64; x64) AppleWebKit/537.36 (KHTML, like Gecko) Chrome/150.0.0.0 Safari/537.36"
103.177.124.193 - - [24/Jul/2026:15:59:12 -0700] "GET /wp-content/plugins/js_composer/assets/lib/bower/font-awesome/css/font-awesome.min.css?ver=5.7 HTTP/1.1" 200 30611 "https://bitcoinslots.info/test1.php" "Mozilla/5.0 (Windows NT 10.0; Win64; x64) AppleWebKit/537.36 (KHTML, like Gecko) Chrome/150.0.0.0 Safari/537.36"
181.23.203.157 - - [24/Jul/2026:15:59:12 -0700] "POST /xmlrpc.php HTTP/1.1" 200 856 "-" "Jetpack/12.0; WordPress/6.1; http://site24897087.com"
103.177.124.193 - - [24/Jul/2026:15:59:13 -0700] "GET /wp-content/themes/vizion/assets/css/magnific-popup.css?ver=3.5.2 HTTP/1.1" 200 7302 "https://bitcoinslots.info/test1.php" "Mozilla/5.0 (Windows NT 10.0; Win64; x64) AppleWebKit/537.36 (KHTML, like Gecko) Chrome/150.0.0.0 Safari/537.36"
103.177.124.193 - - [24/Jul/2026:15:59:14 -0700] "GET /wp-content/themes/vizion/assets/css/owl.carousel.min.css?ver=2.3.4 HTTP/1.1" 200 3356 "https://bitcoinslots.info/test1.php" "Mozilla/5.0 (Windows NT 10.0; Win64; x64) AppleWebKit/537.36 (KHTML, like Gecko) Chrome/150.0.0.0 Safari/537.36"
103.177.124.193 - - [24/Jul/2026:15:59:14 -0700] "GET /wp-content/themes/vizion/assets/css/wow.css?ver=3.7.0 HTTP/1.1" 200 81372 "https://bitcoinslots.info/test1.php" "Mozilla/5.0 (Windows NT 10.0; Win64; x64) AppleWebKit/537.36 (KHTML, like Gecko) Chrome/150.0.0.0 Safari/537.36"
103.177.124.193 - - [24/Jul/2026:15:59:14 -0700] "GET /wp-content/themes/vizion/assets/css/circle.css?ver=1.0 HTTP/1.1" 200 3015 "https://bitcoinslots.info/test1.php" "Mozilla/5.0 (Windows NT 10.0; Win64; x64) AppleWebKit/537.36 (KHTML, like Gecko) Chrome/150.0.0.0 Safari/537.36"
103.177.124.193 - - [24/Jul/2026:15:59:14 -0700] "GET /wp-content/themes/vizion/assets/css/timeline.css?ver=1.0 HTTP/1.1" 200 12680 "https://bitcoinslots.info/test1.php" "Mozilla/5.0 (Windows NT 10.0; Win64; x64) AppleWebKit/537.36 (KHTML, like Gecko) Chrome/150.0.0.0 Safari/537.36"
103.177.124.193 - - [24/Jul/2026:15:59:15 -0700] "GET /wp-content/themes/vizion/assets/css/vizion-style.css?ver=1.0 HTTP/1.1" 200 206454 "https://bitcoinslots.info/test1.php" "Mozilla/5.0 (Windows NT 10.0; Win64; x64) AppleWebKit/537.36 (KHTML, like Gecko) Chrome/150.0.0.0 Safari/537.36"
103.177.124.193 - - [24/Jul/2026:15:59:15 -0700] "GET /wp-content/themes/vizion/assets/css/responsive.css?ver=1.0 HTTP/1.1" 200 35212 "https://bitcoinslots.info/test1.php" "Mozilla/5.0 (Windows NT 10.0; Win64; x64) AppleWebKit/537.36 (KHTML, like Gecko) Chrome/150.0.0.0 Safari/537.36"
103.177.124.193 - - [24/Jul/2026:15:59:15 -0700] "GET /wp-content/themes/vizion/assets/css/slick.css?ver=1.8.1 HTTP/1.1" 200 1776 "https://bitcoinslots.info/test1.php" "Mozilla/5.0 (Windows NT 10.0; Win64; x64) AppleWebKit/537.36 (KHTML, like Gecko) Chrome/150.0.0.0 Safari/537.36"
103.177.124.193 - - [24/Jul/2026:15:59:15 -0700] "GET /wp-content/themes/vizion/assets/css/slick-theme.css?ver=1.8.1 HTTP/1.1" 200 3349 "https://bitcoinslots.info/test1.php" "Mozilla/5.0 (Windows NT 10.0; Win64; x64) AppleWebKit/537.36 (KHTML, like Gecko) Chrome/150.0.0.0 Safari/537.36"
103.177.124.193 - - [24/Jul/2026:15:59:16 -0700] "GET /wp-includes/js/jquery/jquery-migrate.min.js?ver=3.4.1 HTTP/1.1" 200 13577 "https://bitcoinslots.info/about.php" "Mozilla/5.0 (Windows NT 10.0; Win64; x64) AppleWebKit/537.36 (KHTML, like Gecko) Chrome/150.0.0.0 Safari/537.36"
103.177.124.193 - - [24/Jul/2026:15:59:16 -0700] "GET /wp-includes/js/jquery/jquery.min.js?ver=3.7.1 HTTP/1.1" 200 87553 "https://bitcoinslots.info/about.php" "Mozilla/5.0 (Windows NT 10.0; Win64; x64) AppleWebKit/537.36 (KHTML, like Gecko) Chrome/150.0.0.0 Safari/537.36"
103.177.124.193 - - [24/Jul/2026:15:59:16 -0700] "GET /wp-content/plugins/revslider/public/assets/js/revolution.tools.min.js?ver=6.0 HTTP/1.1" 200 150689 "https://bitcoinslots.info/test1.php" "Mozilla/5.0 (Windows NT 10.0; Win64; x64) AppleWebKit/537.36 (KHTML, like Gecko) Chrome/150.0.0.0 Safari/537.36"
103.177.124.193 - - [24/Jul/2026:15:59:16 -0700] "GET /wp-content/uploads/2019/12/ICON-4.png HTTP/1.1" 200 76043 "https://bitcoinslots.info/test1.php" "Mozilla/5.0 (Windows NT 10.0; Win64; x64) AppleWebKit/537.36 (KHTML, like Gecko) Chrome/150.0.0.0 Safari/537.36"
103.177.124.193 - - [24/Jul/2026:15:59:16 -0700] "GET /wp-content/uploads/2020/07/bitcoin-slots.svg HTTP/1.1" 200 17634 "https://bitcoinslots.info/test1.php" "Mozilla/5.0 (Windows NT 10.0; Win64; x64) AppleWebKit/537.36 (KHTML, like Gecko) Chrome/150.0.0.0 Safari/537.36"
103.177.124.193 - - [24/Jul/2026:15:59:16 -0700] "GET /wp-content/plugins/revslider/public/assets/js/rs6.min.js?ver=6.1.5 HTTP/1.1" 200 276327 "https://bitcoinslots.info/test1.php" "Mozilla/5.0 (Windows NT 10.0; Win64; x64) AppleWebKit/537.36 (KHTML, like Gecko) Chrome/150.0.0.0 Safari/537.36"
103.177.124.193 - - [24/Jul/2026:15:59:16 -0700] "GET /wp-includes/js/dist/hooks.min.js?ver=4d63a3d491d11ffd8ac6 HTTP/1.1" 200 4776 "https://bitcoinslots.info/about.php" "Mozilla/5.0 (Windows NT 10.0; Win64; x64) AppleWebKit/537.36 (KHTML, like Gecko) Chrome/150.0.0.0 Safari/537.36"
103.177.124.193 - - [24/Jul/2026:15:59:16 -0700] "GET /wp-includes/js/dist/i18n.min.js?ver=5e580eb46a90c2b997e6 HTTP/1.1" 200 9141 "https://bitcoinslots.info/test1.php" "Mozilla/5.0 (Windows NT 10.0; Win64; x64) AppleWebKit/537.36 (KHTML, like Gecko) Chrome/150.0.0.0 Safari/537.36"
103.177.124.193 - - [24/Jul/2026:15:59:17 -0700] "GET /wp-content/plugins/contact-form-7/includes/swv/js/index.js?ver=6.0.6 HTTP/1.1" 200 12512 "https://bitcoinslots.info/about.php" "Mozilla/5.0 (Windows NT 10.0; Win64; x64) AppleWebKit/537.36 (KHTML, like Gecko) Chrome/150.0.0.0 Safari/537.36"
103.177.124.193 - - [24/Jul/2026:15:59:17 -0700] "GET /wp-content/plugins/contact-form-7/includes/js/index.js?ver=6.0.6 HTTP/1.1" 200 13452 "https://bitcoinslots.info/test1.php" "Mozilla/5.0 (Windows NT 10.0; Win64; x64) AppleWebKit/537.36 (KHTML, like Gecko) Chrome/150.0.0.0 Safari/537.36"
103.177.124.193 - - [24/Jul/2026:15:59:17 -0700] "GET /wp-content/themes/vizion/assets/js/bootstrap.min.js?ver=4.1.3 HTTP/1.1" 200 51045 "https://bitcoinslots.info/about.php" "Mozilla/5.0 (Windows NT 10.0; Win64; x64) AppleWebKit/537.36 (KHTML, like Gecko) Chrome/150.0.0.0 Safari/537.36"
103.177.124.193 - - [24/Jul/2026:15:59:17 -0700] "GET /wp-content/themes/vizion/assets/js/countdown.js?ver=1.0 HTTP/1.1" 200 1212 "https://bitcoinslots.info/test1.php" "Mozilla/5.0 (Windows NT 10.0; Win64; x64) AppleWebKit/537.36 (KHTML, like Gecko) Chrome/150.0.0.0 Safari/537.36"
103.177.124.193 - - [24/Jul/2026:15:59:17 -0700] "GET /wp-content/themes/vizion/assets/js/jquery.countTo.js?ver=1.0 HTTP/1.1" 200 2436 "https://bitcoinslots.info/test1.php" "Mozilla/5.0 (Windows NT 10.0; Win64; x64) AppleWebKit/537.36 (KHTML, like Gecko) Chrome/150.0.0.0 Safari/537.36"
103.177.124.193 - - [24/Jul/2026:15:59:17 -0700] "GET /wp-content/themes/vizion/assets/js/magnific-popup/jquery.magnific-popup.min.js?ver=1.1.0 HTTP/1.1" 200 20232 "https://bitcoinslots.info/about.php" "Mozilla/5.0 (Windows NT 10.0; Win64; x64) AppleWebKit/537.36 (KHTML, like Gecko) Chrome/150.0.0.0 Safari/537.36"
103.177.124.193 - - [24/Jul/2026:15:59:17 -0700] "GET /wp-content/themes/vizion/assets/js/skrollr.js?ver=1.0 HTTP/1.1" 200 12681 "https://bitcoinslots.info/about.php" "Mozilla/5.0 (Windows NT 10.0; Win64; x64) AppleWebKit/537.36 (KHTML, like Gecko) Chrome/150.0.0.0 Safari/537.36"
103.177.124.193 - - [24/Jul/2026:15:59:17 -0700] "GET /wp-content/themes/vizion/assets/js/appear.js?ver=1.0 HTTP/1.1" 200 1633 "https://bitcoinslots.info/test1.php" "Mozilla/5.0 (Windows NT 10.0; Win64; x64) AppleWebKit/537.36 (KHTML, like Gecko) Chrome/150.0.0.0 Safari/537.36"
103.177.124.193 - - [24/Jul/2026:15:59:17 -0700] "GET /wp-content/themes/vizion/assets/js/circle.js?ver=1.0 HTTP/1.1" 200 1855 "https://bitcoinslots.info/about.php" "Mozilla/5.0 (Windows NT 10.0; Win64; x64) AppleWebKit/537.36 (KHTML, like Gecko) Chrome/150.0.0.0 Safari/537.36"
103.177.124.193 - - [24/Jul/2026:15:59:18 -0700] "GET /wp-content/themes/vizion/assets/js/owl.carousel.min.js?ver=2.3.4 HTTP/1.1" 200 44342 "https://bitcoinslots.info/test1.php" "Mozilla/5.0 (Windows NT 10.0; Win64; x64) AppleWebKit/537.36 (KHTML, like Gecko) Chrome/150.0.0.0 Safari/537.36"
103.177.124.193 - - [24/Jul/2026:15:59:18 -0700] "GET /wp-content/themes/vizion/assets/js/popper.min.js?ver=1.0 HTTP/1.1" 200 20342 "https://bitcoinslots.info/test1.php" "Mozilla/5.0 (Windows NT 10.0; Win64; x64) AppleWebKit/537.36 (KHTML, like Gecko) Chrome/150.0.0.0 Safari/537.36"
103.177.124.193 - - [24/Jul/2026:15:59:18 -0700] "GET /wp-content/themes/vizion/assets/js/jquery.scrollme.min.js?ver=1.0 HTTP/1.1" 200 5590 "https://bitcoinslots.info/about.php" "Mozilla/5.0 (Windows NT 10.0; Win64; x64) AppleWebKit/537.36 (KHTML, like Gecko) Chrome/150.0.0.0 Safari/537.36"
103.177.124.193 - - [24/Jul/2026:15:59:18 -0700] "GET /wp-content/themes/vizion/assets/js/timeline.js?ver=1.0 HTTP/1.1" 200 5062 "https://bitcoinslots.info/about.php" "Mozilla/5.0 (Windows NT 10.0; Win64; x64) AppleWebKit/537.36 (KHTML, like Gecko) Chrome/150.0.0.0 Safari/537.36"
103.177.124.193 - - [24/Jul/2026:15:59:18 -0700] "GET /wp-content/themes/vizion/assets/js/wow.min.js?ver=1.3.0 HTTP/1.1" 200 8157 "https://bitcoinslots.info/test1.php" "Mozilla/5.0 (Windows NT 10.0; Win64; x64) AppleWebKit/537.36 (KHTML, like Gecko) Chrome/150.0.0.0 Safari/537.36"
103.177.124.193 - - [24/Jul/2026:15:59:18 -0700] "GET /wp-content/themes/vizion/woocommerce/assets/wishlist.js?ver=1.0 HTTP/1.1" 200 483 "https://bitcoinslots.info/about.php" "Mozilla/5.0 (Windows NT 10.0; Win64; x64) AppleWebKit/537.36 (KHTML, like Gecko) Chrome/150.0.0.0 Safari/537.36"
103.177.124.193 - - [24/Jul/2026:15:59:18 -0700] "GET /wp-content/themes/vizion/assets/js/slick.js?ver=1.8.1 HTTP/1.1" 200 88589 "https://bitcoinslots.info/about.php" "Mozilla/5.0 (Windows NT 10.0; Win64; x64) AppleWebKit/537.36 (KHTML, like Gecko) Chrome/150.0.0.0 Safari/537.36"
103.177.124.193 - - [24/Jul/2026:15:59:18 -0700] "GET /wp-content/themes/vizion/assets/js/vizion-custom.js?ver=1.0 HTTP/1.1" 200 23978 "https://bitcoinslots.info/test1.php" "Mozilla/5.0 (Windows NT 10.0; Win64; x64) AppleWebKit/537.36 (KHTML, like Gecko) Chrome/150.0.0.0 Safari/537.36"
103.177.124.193 - - [24/Jul/2026:15:59:18 -0700] "GET /wp-content/themes/vizion/assets/js/vizion-circle.js?ver=1.0 HTTP/1.1" 200 3872 "https://bitcoinslots.info/about.php" "Mozilla/5.0 (Windows NT 10.0; Win64; x64) AppleWebKit/537.36 (KHTML, like Gecko) Chrome/150.0.0.0 Safari/537.36"
103.177.124.193 - - [24/Jul/2026:15:59:18 -0700] "GET /wp-content/themes/vizion/assets/js/vscript.js?ver=1.0 HTTP/1.1" 200 857 "https://bitcoinslots.info/about.php" "Mozilla/5.0 (Windows NT 10.0; Win64; x64) AppleWebKit/537.36 (KHTML, like Gecko) Chrome/150.0.0.0 Safari/537.36"
103.177.124.193 - - [24/Jul/2026:15:59:18 -0700] "GET /wp-content/themes/vizion/assets/js/parallax.min.js?ver=1.3.0 HTTP/1.1" 200 17314 "https://bitcoinslots.info/test1.php" "Mozilla/5.0 (Windows NT 10.0; Win64; x64) AppleWebKit/537.36 (KHTML, like Gecko) Chrome/150.0.0.0 Safari/537.36"
103.177.124.193 - - [24/Jul/2026:15:59:19 -0700] "GET /wp-includes/js/wp-emoji-release.min.js?ver=6.8.6 HTTP/1.1" 200 19251 "https://bitcoinslots.info/about.php" "Mozilla/5.0 (Windows NT 10.0; Win64; x64) AppleWebKit/537.36 (KHTML, like Gecko) Chrome/150.0.0.0 Safari/537.36"
103.177.124.193 - - [24/Jul/2026:15:59:20 -0700] "GET /wp-content/themes/vizion/assets/fonts/ionicons.ttf?v=2.0.0 HTTP/1.1" 200 188508 "https://bitcoinslots.info/wp-content/themes/vizion/assets/css/ionicons.min.css?ver=2.0.0" "Mozilla/5.0 (Windows NT 10.0; Win64; x64) AppleWebKit/537.36 (KHTML, like Gecko) Chrome/150.0.0.0 Safari/537.36"
103.177.124.193 - - [24/Jul/2026:15:59:20 -0700] "GET /wp-content/plugins/js_composer/assets/lib/bower/font-awesome/fonts/fontawesome-webfont.woff2?v=4.7.0 HTTP/1.1" 200 77160 "https://bitcoinslots.info/wp-content/plugins/js_composer/assets/lib/bower/font-awesome/css/font-awesome.min.css?ver=5.7" "Mozilla/5.0 (Windows NT 10.0; Win64; x64) AppleWebKit/537.36 (KHTML, like Gecko) Chrome/150.0.0.0 Safari/537.36"
