77.83.200.169 - - [24/Jul/2026:06:57:50 -0700] "GET /wp-admin/plugins.php HTTP/1.1" 200 462 "https://bitcoinslots.info/wp-login.php" "Mozilla/5.0 (X11; Linux x86_64) AppleWebKit/537.36 (KHTML, like Gecko) Chrome/118.0.0.0 Safari/537.36"
77.83.200.169 - - [24/Jul/2026:06:57:51 -0700] "POST /wp-login.php HTTP/1.1" 302 259 "https://bitcoinslots.info/wp-login.php" "Mozilla/5.0 (X11; Linux x86_64) AppleWebKit/537.36 (KHTML, like Gecko) Chrome/118.0.0.0 Safari/537.36"
77.83.200.169 - - [24/Jul/2026:06:57:51 -0700] "GET /wp-admin/index.php HTTP/1.1" 200 462 "https://bitcoinslots.info/wp-login.php" "Mozilla/5.0 (Windows NT 11.0; Win64; x64; rv:120.0) Gecko/20100101 Firefox/120.0"
77.83.200.169 - - [24/Jul/2026:06:57:52 -0700] "GET /wp-admin/profile.php HTTP/1.1" 200 462 "https://bitcoinslots.info/wp-login.php" "Mozilla/5.0 (Windows NT 11.0; Win64; x64; rv:120.0) Gecko/20100101 Firefox/120.0"
77.83.200.169 - - [24/Jul/2026:06:57:52 -0700] "GET /wp-admin/edit.php HTTP/1.1" 200 462 "https://bitcoinslots.info/wp-login.php" "Mozilla/5.0 (Windows NT 11.0; Win64; x64; rv:120.0) Gecko/20100101 Firefox/120.0"
77.83.200.169 - - [24/Jul/2026:06:57:53 -0700] "GET /wp-admin/plugins.php HTTP/1.1" 200 462 "https://bitcoinslots.info/wp-login.php" "Mozilla/5.0 (Windows NT 11.0; Win64; x64; rv:120.0) Gecko/20100101 Firefox/120.0"
77.83.200.169 - - [24/Jul/2026:06:57:53 -0700] "POST /wp-login.php HTTP/1.1" 302 259 "https://bitcoinslots.info/wp-login.php" "Mozilla/5.0 (Windows NT 10.0; Win64; x64; rv:120.0) Gecko/20100101 Firefox/120.0"
77.83.200.169 - - [24/Jul/2026:06:57:53 -0700] "GET /wp-admin/index.php HTTP/1.1" 200 462 "https://bitcoinslots.info/wp-login.php" "Mozilla/5.0 (X11; Linux x86_64) AppleWebKit/537.36 (KHTML, like Gecko) Chrome/118.0.0.0 Safari/537.36"
77.83.200.169 - - [24/Jul/2026:06:57:54 -0700] "GET /wp-admin/profile.php HTTP/1.1" 200 462 "https://bitcoinslots.info/wp-login.php" "Mozilla/5.0 (X11; Linux x86_64) AppleWebKit/537.36 (KHTML, like Gecko) Chrome/118.0.0.0 Safari/537.36"
77.83.200.169 - - [24/Jul/2026:06:57:55 -0700] "GET /wp-admin/edit.php HTTP/1.1" 200 462 "https://bitcoinslots.info/wp-login.php" "Mozilla/5.0 (X11; Linux x86_64) AppleWebKit/537.36 (KHTML, like Gecko) Chrome/118.0.0.0 Safari/537.36"
77.83.200.169 - - [24/Jul/2026:06:57:55 -0700] "GET /wp-admin/plugins.php HTTP/1.1" 200 462 "https://bitcoinslots.info/wp-login.php" "Mozilla/5.0 (X11; Linux x86_64) AppleWebKit/537.36 (KHTML, like Gecko) Chrome/118.0.0.0 Safari/537.36"
77.83.200.169 - - [24/Jul/2026:06:57:56 -0700] "POST /wp-login.php HTTP/1.1" 302 259 "https://bitcoinslots.info/wp-login.php" "Mozilla/5.0 (Windows NT 10.0; Win64; x64) AppleWebKit/537.36 (KHTML, like Gecko) Chrome/121.0.0.0 Safari/537.36"
77.83.200.169 - - [24/Jul/2026:06:57:56 -0700] "GET /wp-admin/index.php HTTP/1.1" 200 462 "https://bitcoinslots.info/wp-login.php" "Mozilla/5.0 (Macintosh; Intel Mac OS X 10_15_7) AppleWebKit/605.1.15 (KHTML, like Gecko) Version/17.2 Safari/605.1.15"
77.83.200.169 - - [24/Jul/2026:06:57:56 -0700] "GET /wp-admin/profile.php HTTP/1.1" 200 462 "https://bitcoinslots.info/wp-login.php" "Mozilla/5.0 (Macintosh; Intel Mac OS X 10_15_7) AppleWebKit/605.1.15 (KHTML, like Gecko) Version/17.2 Safari/605.1.15"
77.83.200.169 - - [24/Jul/2026:06:57:57 -0700] "GET /wp-admin/edit.php HTTP/1.1" 200 462 "https://bitcoinslots.info/wp-login.php" "Mozilla/5.0 (Macintosh; Intel Mac OS X 10_15_7) AppleWebKit/605.1.15 (KHTML, like Gecko) Version/17.2 Safari/605.1.15"
77.83.200.169 - - [24/Jul/2026:06:57:57 -0700] "GET /wp-admin/plugins.php HTTP/1.1" 200 462 "https://bitcoinslots.info/wp-login.php" "Mozilla/5.0 (Macintosh; Intel Mac OS X 10_15_7) AppleWebKit/605.1.15 (KHTML, like Gecko) Version/17.2 Safari/605.1.15"
77.83.200.169 - - [24/Jul/2026:06:57:58 -0700] "POST /wp-login.php HTTP/1.1" 302 259 "https://bitcoinslots.info/wp-login.php" "Mozilla/5.0 (Windows NT 10.0; Win64; x64; rv:119.0) Gecko/20100101 Firefox/119.0"
77.83.200.169 - - [24/Jul/2026:06:57:58 -0700] "GET /wp-admin/index.php HTTP/1.1" 200 462 "https://bitcoinslots.info/wp-login.php" "Mozilla/5.0 (Windows NT 11.0; Win64; x64) AppleWebKit/537.36 (KHTML, like Gecko) Chrome/120.0.0.0 Safari/537.36"
77.83.200.169 - - [24/Jul/2026:06:57:59 -0700] "GET /wp-admin/profile.php HTTP/1.1" 200 462 "https://bitcoinslots.info/wp-login.php" "Mozilla/5.0 (Windows NT 11.0; Win64; x64) AppleWebKit/537.36 (KHTML, like Gecko) Chrome/120.0.0.0 Safari/537.36"
106.201.126.199 - - [24/Jul/2026:06:57:59 -0700] "POST /xmlrpc.php HTTP/1.1" 200 856 "-" "Jetpack by WordPress.com (Jetpack 12.0; WordPress 6.4)"
77.83.200.169 - - [24/Jul/2026:06:57:59 -0700] "GET /wp-admin/edit.php HTTP/1.1" 200 462 "https://bitcoinslots.info/wp-login.php" "Mozilla/5.0 (Windows NT 11.0; Win64; x64) AppleWebKit/537.36 (KHTML, like Gecko) Chrome/120.0.0.0 Safari/537.36"
77.83.200.169 - - [24/Jul/2026:06:58:00 -0700] "GET /wp-admin/plugins.php HTTP/1.1" 200 462 "https://bitcoinslots.info/wp-login.php" "Mozilla/5.0 (Windows NT 11.0; Win64; x64) AppleWebKit/537.36 (KHTML, like Gecko) Chrome/120.0.0.0 Safari/537.36"
106.201.126.199 - - [24/Jul/2026:06:58:09 -0700] "POST /xmlrpc.php HTTP/1.1" 200 856 "-" "Jetpack by WordPress.com"
106.201.126.199 - - [24/Jul/2026:06:58:20 -0700] "POST /xmlrpc.php HTTP/1.1" 200 856 "-" "Jetpack by WordPress.com (Jetpack 12.0; WordPress 6.1)"
106.201.126.199 - - [24/Jul/2026:06:58:33 -0700] "POST /xmlrpc.php HTTP/1.1" 200 856 "-" "Jetpack by WordPress.com (Jetpack 12.0; WordPress 6.1)"
192.145.236.177 - - [24/Jul/2026:06:58:42 -0700] "POST /wp-cron.php?doing_wp_cron=1784901522.0689969062805175781250 HTTP/1.1" 200 - "-" "WordPress/6.8.6; https://bitcoinslots.info"
106.201.126.199 - - [24/Jul/2026:06:58:41 -0700] "POST /xmlrpc.php HTTP/1.1" 200 856 "-" "Jetpack by WordPress.com (Jetpack 12.1; WordPress 6.3)"
192.145.236.177 - - [24/Jul/2026:06:58:43 -0700] "POST /wp-admin/admin-ajax.php?action=async_litespeed&nonce=pLMeSVRfWwuijDyLyflLDYGncVjlzahg&litespeed_type=imgoptm HTTP/1.1" 200 463 "-" "WordPress/6.8.6; https://bitcoinslots.info"
192.145.236.177 - - [24/Jul/2026:06:58:52 -0700] "POST /wp-cron.php?doing_wp_cron=1784901532.2820439338684082031250 HTTP/1.1" 200 - "-" "WordPress/6.8.6; https://bitcoinslots.info"
106.201.126.199 - - [24/Jul/2026:06:58:51 -0700] "POST /xmlrpc.php HTTP/1.1" 200 856 "-" "Jetpack by WordPress.com"
106.201.126.199 - - [24/Jul/2026:06:59:03 -0700] "POST /xmlrpc.php HTTP/1.1" 406 300 "-" "WordPress.com; https://wordpress.com"
106.201.126.199 - - [24/Jul/2026:06:59:13 -0700] "POST /xmlrpc.php HTTP/1.1" 200 856 "-" "Jetpack by WordPress.com (Jetpack 12.5; WordPress 6.4)"
106.201.126.199 - - [24/Jul/2026:06:59:23 -0700] "POST /xmlrpc.php HTTP/1.1" 200 856 "-" "Jetpack by WordPress.com"
106.201.126.199 - - [24/Jul/2026:06:59:33 -0700] "POST /xmlrpc.php HTTP/1.1" 406 300 "-" "WordPress.com; https://wordpress.com"
106.201.126.199 - - [24/Jul/2026:06:59:44 -0700] "POST /xmlrpc.php HTTP/1.1" 406 300 "-" "WordPress.com; https://wordpress.com"
192.145.236.177 - - [24/Jul/2026:06:59:55 -0700] "POST /wp-cron.php?doing_wp_cron=1784901595.1363968849182128906250 HTTP/1.1" 200 - "-" "WordPress/6.8.6; https://bitcoinslots.info"
106.201.126.199 - - [24/Jul/2026:06:59:54 -0700] "POST /xmlrpc.php HTTP/1.1" 200 856 "-" "Jetpack/12.5; WordPress/6.1; http://site58055303.com"
192.145.236.177 - - [24/Jul/2026:06:59:55 -0700] "POST /wp-admin/admin-ajax.php?action=async_litespeed&nonce=8DxfqValJhZilTBNmM0gVohofJFFnGU2&litespeed_type=imgoptm HTTP/1.1" 200 463 "-" "WordPress/6.8.6; https://bitcoinslots.info"
106.201.126.199 - - [24/Jul/2026:07:00:05 -0700] "POST /xmlrpc.php HTTP/1.1" 200 856 "-" "Jetpack by WordPress.com"
106.201.126.199 - - [24/Jul/2026:07:00:15 -0700] "POST /xmlrpc.php HTTP/1.1" 200 856 "-" "Jetpack by WordPress.com (Jetpack 12.1; WordPress 6.1)"
106.201.126.199 - - [24/Jul/2026:07:00:26 -0700] "POST /xmlrpc.php HTTP/1.1" 406 300 "-" "WordPress.com; https://wordpress.com"
192.145.236.177 - - [24/Jul/2026:07:00:37 -0700] "POST /wp-cron.php?doing_wp_cron=1784901637.2986021041870117187500 HTTP/1.1" 200 - "-" "WordPress/6.8.6; https://bitcoinslots.info"
106.201.126.199 - - [24/Jul/2026:07:00:36 -0700] "POST /xmlrpc.php HTTP/1.1" 200 856 "-" "Jetpack by WordPress.com"
192.145.236.177 - - [24/Jul/2026:07:00:37 -0700] "POST /wp-admin/admin-ajax.php?action=async_litespeed&nonce=b9P8f7bBmnnNHYzFbEVKs7LnSGtPIn3K&litespeed_type=imgoptm HTTP/1.1" 200 463 "-" "WordPress/6.8.6; https://bitcoinslots.info"
106.201.126.199 - - [24/Jul/2026:07:00:47 -0700] "POST /xmlrpc.php HTTP/1.1" 200 856 "-" "Jetpack by WordPress.com"
106.201.126.199 - - [24/Jul/2026:07:00:57 -0700] "POST /xmlrpc.php HTTP/1.1" 406 300 "-" "WordPress.com; https://wordpress.com"
192.145.236.177 - - [24/Jul/2026:07:01:11 -0700] "POST /wp-cron.php?doing_wp_cron=1784901671.1716990470886230468750 HTTP/1.1" 200 - "-" "WordPress/6.8.6; https://bitcoinslots.info"
106.201.126.199 - - [24/Jul/2026:07:01:08 -0700] "POST /xmlrpc.php HTTP/1.1" 200 856 "-" "Jetpack by WordPress.com (Jetpack 12.1; WordPress 6.4)"
106.201.126.199 - - [24/Jul/2026:07:01:18 -0700] "POST /xmlrpc.php HTTP/1.1" 200 856 "-" "Jetpack by WordPress.com"
106.201.126.199 - - [24/Jul/2026:07:01:32 -0700] "POST /xmlrpc.php HTTP/1.1" 200 856 "-" "Jetpack by WordPress.com"
106.201.126.199 - - [24/Jul/2026:07:01:39 -0700] "POST /xmlrpc.php HTTP/1.1" 406 300 "-" "WordPress.com; https://wordpress.com"
106.201.126.199 - - [24/Jul/2026:07:01:50 -0700] "POST /xmlrpc.php HTTP/1.1" 406 300 "-" "WordPress.com; https://wordpress.com"
106.201.126.199 - - [24/Jul/2026:07:02:01 -0700] "POST /xmlrpc.php HTTP/1.1" 406 300 "-" "WordPress.com; https://wordpress.com"
192.145.236.177 - - [24/Jul/2026:07:02:11 -0700] "POST /wp-cron.php?doing_wp_cron=1784901731.8127310276031494140625 HTTP/1.1" 200 - "-" "WordPress/6.8.6; https://bitcoinslots.info"
106.201.126.199 - - [24/Jul/2026:07:02:11 -0700] "POST /xmlrpc.php HTTP/1.1" 200 856 "-" "Jetpack by WordPress.com (Jetpack 12.5; WordPress 6.3)"
192.145.236.177 - - [24/Jul/2026:07:02:12 -0700] "POST /wp-admin/admin-ajax.php?action=async_litespeed&nonce=wlza1jlQF0Un4aw91VAktGjuLKyUHLXB&litespeed_type=imgoptm HTTP/1.1" 200 463 "-" "WordPress/6.8.6; https://bitcoinslots.info"
106.201.126.199 - - [24/Jul/2026:07:02:21 -0700] "POST /xmlrpc.php HTTP/1.1" 200 856 "-" "Jetpack/13.0; WordPress/6.3; http://site39562331.com"
106.201.126.199 - - [24/Jul/2026:07:02:32 -0700] "POST /xmlrpc.php HTTP/1.1" 200 856 "-" "Jetpack/12.0; WordPress/6.1; http://site16115993.com"
192.145.236.177 - - [24/Jul/2026:07:02:43 -0700] "POST /wp-cron.php?doing_wp_cron=1784901763.2022559642791748046875 HTTP/1.1" 200 - "-" "WordPress/6.8.6; https://bitcoinslots.info"
106.201.126.199 - - [24/Jul/2026:07:02:42 -0700] "POST /xmlrpc.php HTTP/1.1" 200 856 "-" "Jetpack by WordPress.com (Jetpack 12.1; WordPress 6.4)"
192.145.236.177 - - [24/Jul/2026:07:02:43 -0700] "POST /wp-admin/admin-ajax.php?action=async_litespeed&nonce=CHrpVB3iGPZ0C9IgeneclyRKhkOe99RT&litespeed_type=imgoptm HTTP/1.1" 200 463 "-" "WordPress/6.8.6; https://bitcoinslots.info"
192.145.236.177 - - [24/Jul/2026:07:02:53 -0700] "POST /wp-cron.php?doing_wp_cron=1784901773.8333079814910888671875 HTTP/1.1" 200 - "-" "WordPress/6.8.6; https://bitcoinslots.info"
106.201.126.199 - - [24/Jul/2026:07:02:53 -0700] "POST /xmlrpc.php HTTP/1.1" 200 856 "-" "Jetpack by WordPress.com"
142.93.74.84 - - [24/Jul/2026:07:02:57 -0700] "GET / HTTP/1.1" 200 114670 "-" "Mozilla/5.0 (X11; Linux x86_64; rv:142.0) Gecko/20100101 Firefox/142.0"
142.93.74.84 - - [24/Jul/2026:07:03:01 -0700] "GET /wp-content/uploads/2019/12/cropped-ICON-4-32x32.png HTTP/1.1" 200 1144 "https://bitcoinslots.info/" "Mozilla/5.0 (X11; Linux x86_64; rv:142.0) Gecko/20100101 Firefox/142.0"
106.201.126.199 - - [24/Jul/2026:07:03:03 -0700] "POST /xmlrpc.php HTTP/1.1" 200 856 "-" "Jetpack by WordPress.com (Jetpack 12.1; WordPress 6.1)"
106.201.126.199 - - [24/Jul/2026:07:03:14 -0700] "POST /xmlrpc.php HTTP/1.1" 406 300 "-" "WordPress.com; https://wordpress.com"
106.201.126.199 - - [24/Jul/2026:07:03:24 -0700] "POST /xmlrpc.php HTTP/1.1" 200 856 "-" "Jetpack by WordPress.com (Jetpack 12.5; WordPress 6.3)"
106.201.126.199 - - [24/Jul/2026:07:03:35 -0700] "POST /xmlrpc.php HTTP/1.1" 406 300 "-" "WordPress.com; https://wordpress.com"
192.145.236.177 - - [24/Jul/2026:07:03:47 -0700] "POST /wp-cron.php?doing_wp_cron=1784901826.9402859210968017578125 HTTP/1.1" 200 - "-" "WordPress/6.8.6; https://bitcoinslots.info"
106.201.126.199 - - [24/Jul/2026:07:03:45 -0700] "POST /xmlrpc.php HTTP/1.1" 200 856 "-" "Jetpack/12.1; WordPress/6.1; http://site62802106.com"
192.145.236.177 - - [24/Jul/2026:07:03:48 -0700] "POST /wp-admin/admin-ajax.php?action=async_litespeed&nonce=pAo1UrJkAobGlmEL3rYzfM4T8FvE13eg&litespeed_type=imgoptm HTTP/1.1" 200 463 "-" "WordPress/6.8.6; https://bitcoinslots.info"
192.145.236.177 - - [24/Jul/2026:07:03:56 -0700] "POST /wp-cron.php?doing_wp_cron=1784901836.5691099166870117187500 HTTP/1.1" 200 - "-" "WordPress/6.8.6; https://bitcoinslots.info"
106.201.126.199 - - [24/Jul/2026:07:03:56 -0700] "POST /xmlrpc.php HTTP/1.1" 200 856 "-" "Jetpack by WordPress.com (Jetpack 12.1; WordPress 6.2)"
106.201.126.199 - - [24/Jul/2026:07:04:06 -0700] "POST /xmlrpc.php HTTP/1.1" 200 856 "-" "Jetpack by WordPress.com"
106.201.126.199 - - [24/Jul/2026:07:04:16 -0700] "POST /xmlrpc.php HTTP/1.1" 200 856 "-" "Jetpack/12.5; WordPress/6.3; http://site67611009.com"
106.201.126.199 - - [24/Jul/2026:07:04:38 -0700] "POST /xmlrpc.php HTTP/1.1" 406 300 "-" "WordPress.com; https://wordpress.com"
192.145.236.177 - - [24/Jul/2026:07:04:49 -0700] "POST /wp-cron.php?doing_wp_cron=1784901889.0471789836883544921875 HTTP/1.1" 200 - "-" "WordPress/6.8.6; https://bitcoinslots.info"
106.201.126.199 - - [24/Jul/2026:07:04:48 -0700] "POST /xmlrpc.php HTTP/1.1" 200 856 "-" "Jetpack by WordPress.com"
192.145.236.177 - - [24/Jul/2026:07:04:49 -0700] "POST /wp-admin/admin-ajax.php?action=async_litespeed&nonce=fmc5ABFHm2PQgW97Jt2PY3Tintzgahzp&litespeed_type=imgoptm HTTP/1.1" 200 463 "-" "WordPress/6.8.6; https://bitcoinslots.info"
106.201.126.199 - - [24/Jul/2026:07:04:59 -0700] "POST /xmlrpc.php HTTP/1.1" 406 300 "-" "WordPress.com; https://wordpress.com"
106.201.126.199 - - [24/Jul/2026:07:05:09 -0700] "POST /xmlrpc.php HTTP/1.1" 406 300 "-" "WordPress.com; https://wordpress.com"
192.145.236.177 - - [24/Jul/2026:07:05:20 -0700] "POST /wp-cron.php?doing_wp_cron=1784901920.7369160652160644531250 HTTP/1.1" 200 - "-" "WordPress/6.8.6; https://bitcoinslots.info"
106.201.126.199 - - [24/Jul/2026:07:05:20 -0700] "POST /xmlrpc.php HTTP/1.1" 200 856 "-" "Jetpack/12.5; WordPress/6.1; http://site37877855.com"
106.201.126.199 - - [24/Jul/2026:07:05:30 -0700] "POST /xmlrpc.php HTTP/1.1" 200 856 "-" "Jetpack by WordPress.com"
192.145.236.177 - - [24/Jul/2026:07:05:41 -0700] "POST /wp-cron.php?doing_wp_cron=1784901941.4753379821777343750000 HTTP/1.1" 200 - "-" "WordPress/6.8.6; https://bitcoinslots.info"
106.201.126.199 - - [24/Jul/2026:07:05:41 -0700] "POST /xmlrpc.php HTTP/1.1" 200 856 "-" "Jetpack by WordPress.com"
192.145.236.177 - - [24/Jul/2026:07:05:41 -0700] "POST /wp-admin/admin-ajax.php?action=async_litespeed&nonce=y6Ctxp0cJZUIdo6GDnFD8PI6zh25vOEX&litespeed_type=imgoptm HTTP/1.1" 200 463 "-" "WordPress/6.8.6; https://bitcoinslots.info"
194.59.31.200 - - [24/Jul/2026:07:05:47 -0700] "POST /?rest_route=/batch/v1 HTTP/1.1" 200 453 "-" "wp2shell-checker"
192.145.236.177 - - [24/Jul/2026:07:05:52 -0700] "POST /wp-cron.php?doing_wp_cron=1784901952.1602280139923095703125 HTTP/1.1" 200 - "-" "WordPress/6.8.6; https://bitcoinslots.info"
106.201.126.199 - - [24/Jul/2026:07:05:51 -0700] "POST /xmlrpc.php HTTP/1.1" 200 856 "-" "Jetpack/12.1; WordPress/6.3; http://site21211184.com"
106.201.126.199 - - [24/Jul/2026:07:06:02 -0700] "POST /xmlrpc.php HTTP/1.1" 200 856 "-" "Jetpack/12.1; WordPress/6.1; http://site80066581.com"
106.201.126.199 - - [24/Jul/2026:07:06:12 -0700] "POST /xmlrpc.php HTTP/1.1" 200 856 "-" "Jetpack/12.5; WordPress/6.3; http://site75855381.com"
106.201.126.199 - - [24/Jul/2026:07:06:23 -0700] "POST /xmlrpc.php HTTP/1.1" 200 856 "-" "Jetpack/12.5; WordPress/6.2; http://site23950511.com"
106.201.126.199 - - [24/Jul/2026:07:06:33 -0700] "POST /xmlrpc.php HTTP/1.1" 200 856 "-" "Jetpack by WordPress.com (Jetpack 12.0; WordPress 6.4)"
192.145.236.177 - - [24/Jul/2026:07:06:44 -0700] "POST /wp-cron.php?doing_wp_cron=1784902004.6009719371795654296875 HTTP/1.1" 200 - "-" "WordPress/6.8.6; https://bitcoinslots.info"
106.201.126.199 - - [24/Jul/2026:07:06:44 -0700] "POST /xmlrpc.php HTTP/1.1" 200 856 "-" "Jetpack by WordPress.com (Jetpack 12.5; WordPress 6.2)"
192.145.236.177 - - [24/Jul/2026:07:06:45 -0700] "POST /wp-admin/admin-ajax.php?action=async_litespeed&nonce=PEnmJQ4l7LSABr6nANQfJxpPAu76vrLu&litespeed_type=imgoptm HTTP/1.1" 200 463 "-" "WordPress/6.8.6; https://bitcoinslots.info"
192.145.236.177 - - [24/Jul/2026:07:06:55 -0700] "POST /wp-cron.php?doing_wp_cron=1784902015.1683399677276611328125 HTTP/1.1" 200 - "-" "WordPress/6.8.6; https://bitcoinslots.info"
106.201.126.199 - - [24/Jul/2026:07:06:54 -0700] "POST /xmlrpc.php HTTP/1.1" 200 856 "-" "Jetpack/12.1; WordPress/6.3; http://site64058706.com"
106.201.126.199 - - [24/Jul/2026:07:07:05 -0700] "POST /xmlrpc.php HTTP/1.1" 406 300 "-" "WordPress.com; https://wordpress.com"
106.201.126.199 - - [24/Jul/2026:07:07:15 -0700] "POST /xmlrpc.php HTTP/1.1" 406 300 "-" "WordPress.com; https://wordpress.com"
106.201.126.199 - - [24/Jul/2026:07:07:26 -0700] "POST /xmlrpc.php HTTP/1.1" 200 856 "-" "Jetpack by WordPress.com"
192.145.236.177 - - [24/Jul/2026:07:07:47 -0700] "POST /wp-cron.php?doing_wp_cron=1784902067.5175468921661376953125 HTTP/1.1" 200 - "-" "WordPress/6.8.6; https://bitcoinslots.info"
106.201.126.199 - - [24/Jul/2026:07:07:47 -0700] "POST /xmlrpc.php HTTP/1.1" 200 856 "-" "Jetpack by WordPress.com"
192.145.236.177 - - [24/Jul/2026:07:07:48 -0700] "POST /wp-admin/admin-ajax.php?action=async_litespeed&nonce=QF04wX5SpSgxcYmybxiEB0nUAFIIbP23&litespeed_type=imgoptm HTTP/1.1" 200 463 "-" "WordPress/6.8.6; https://bitcoinslots.info"
192.145.236.177 - - [24/Jul/2026:07:07:58 -0700] "POST /wp-cron.php?doing_wp_cron=1784902078.3108859062194824218750 HTTP/1.1" 200 - "-" "WordPress/6.8.6; https://bitcoinslots.info"
106.201.126.199 - - [24/Jul/2026:07:07:57 -0700] "POST /xmlrpc.php HTTP/1.1" 200 856 "-" "Jetpack/13.0; WordPress/6.1; http://site21539372.com"
106.201.126.199 - - [24/Jul/2026:07:08:08 -0700] "POST /xmlrpc.php HTTP/1.1" 200 856 "-" "Jetpack by WordPress.com (Jetpack 13.0; WordPress 6.4)"
106.201.126.199 - - [24/Jul/2026:07:08:18 -0700] "POST /xmlrpc.php HTTP/1.1" 200 856 "-" "Jetpack by WordPress.com"
106.201.126.199 - - [24/Jul/2026:07:08:29 -0700] "POST /xmlrpc.php HTTP/1.1" 406 300 "-" "WordPress.com; https://wordpress.com"
106.201.126.199 - - [24/Jul/2026:07:08:39 -0700] "POST /xmlrpc.php HTTP/1.1" 406 300 "-" "WordPress.com; https://wordpress.com"
192.145.236.177 - - [24/Jul/2026:07:08:51 -0700] "POST /wp-cron.php?doing_wp_cron=1784902131.1460909843444824218750 HTTP/1.1" 200 - "-" "WordPress/6.8.6; https://bitcoinslots.info"
106.201.126.199 - - [24/Jul/2026:07:08:50 -0700] "POST /xmlrpc.php HTTP/1.1" 200 856 "-" "Jetpack by WordPress.com"
192.145.236.177 - - [24/Jul/2026:07:08:52 -0700] "POST /wp-admin/admin-ajax.php?action=async_litespeed&nonce=bbt70rrj6puiyxZpaNsGi9xTMCbR5y5b&litespeed_type=imgoptm HTTP/1.1" 200 463 "-" "WordPress/6.8.6; https://bitcoinslots.info"
106.201.126.199 - - [24/Jul/2026:07:09:00 -0700] "POST /xmlrpc.php HTTP/1.1" 406 300 "-" "WordPress.com; https://wordpress.com"
106.201.126.199 - - [24/Jul/2026:07:09:11 -0700] "POST /xmlrpc.php HTTP/1.1" 200 856 "-" "Jetpack by WordPress.com"
106.201.126.199 - - [24/Jul/2026:07:09:21 -0700] "POST /xmlrpc.php HTTP/1.1" 406 300 "-" "WordPress.com; https://wordpress.com"
192.145.236.177 - - [24/Jul/2026:07:09:32 -0700] "POST /wp-cron.php?doing_wp_cron=1784902172.7126789093017578125000 HTTP/1.1" 200 - "-" "WordPress/6.8.6; https://bitcoinslots.info"
106.201.126.199 - - [24/Jul/2026:07:09:32 -0700] "POST /xmlrpc.php HTTP/1.1" 200 856 "-" "Jetpack/12.1; WordPress/6.2; http://site27807922.com"
192.145.236.177 - - [24/Jul/2026:07:09:42 -0700] "POST /wp-cron.php?doing_wp_cron=1784902182.9680318832397460937500 HTTP/1.1" 200 - "-" "WordPress/6.8.6; https://bitcoinslots.info"
106.201.126.199 - - [24/Jul/2026:07:09:42 -0700] "POST /xmlrpc.php HTTP/1.1" 200 856 "-" "Jetpack by WordPress.com"
192.145.236.177 - - [24/Jul/2026:07:09:43 -0700] "POST /wp-admin/admin-ajax.php?action=async_litespeed&nonce=GlZTWZqjz2vnAGArc0WA2o0L7Ptmcqg9&litespeed_type=imgoptm HTTP/1.1" 200 463 "-" "WordPress/6.8.6; https://bitcoinslots.info"
192.145.236.177 - - [24/Jul/2026:07:09:53 -0700] "POST /wp-cron.php?doing_wp_cron=1784902193.3757770061492919921875 HTTP/1.1" 200 - "-" "WordPress/6.8.6; https://bitcoinslots.info"
106.201.126.199 - - [24/Jul/2026:07:09:53 -0700] "POST /xmlrpc.php HTTP/1.1" 200 856 "-" "Jetpack by WordPress.com (Jetpack 13.0; WordPress 6.4)"
106.201.126.199 - - [24/Jul/2026:07:10:03 -0700] "POST /xmlrpc.php HTTP/1.1" 406 300 "-" "WordPress.com; https://wordpress.com"
106.201.126.199 - - [24/Jul/2026:07:10:13 -0700] "POST /xmlrpc.php HTTP/1.1" 200 856 "-" "Jetpack/12.1; WordPress/6.3; http://site28163832.com"
106.201.126.199 - - [24/Jul/2026:07:10:24 -0700] "POST /xmlrpc.php HTTP/1.1" 200 856 "-" "Jetpack by WordPress.com"
192.145.236.177 - - [24/Jul/2026:07:10:41 -0700] "POST /wp-cron.php?doing_wp_cron=1784902241.1771979331970214843750 HTTP/1.1" 200 - "-" "WordPress/6.8.6; https://bitcoinslots.info"
106.201.126.199 - - [24/Jul/2026:07:10:40 -0700] "POST /xmlrpc.php HTTP/1.1" 200 856 "-" "Jetpack by WordPress.com (Jetpack 12.1; WordPress 6.1)"
192.145.236.177 - - [24/Jul/2026:07:10:41 -0700] "POST /wp-admin/admin-ajax.php?action=async_litespeed&nonce=2MBtmAPlU1cj7q72dG6HBIhzDdeTVTjC&litespeed_type=imgoptm HTTP/1.1" 200 463 "-" "WordPress/6.8.6; https://bitcoinslots.info"
106.201.126.199 - - [24/Jul/2026:07:10:44 -0700] "POST /xmlrpc.php HTTP/1.1" 200 856 "-" "Jetpack/12.5; WordPress/6.3; http://site13285142.com"
106.201.126.199 - - [24/Jul/2026:07:10:57 -0700] "POST /xmlrpc.php HTTP/1.1" 406 300 "-" "WordPress.com; https://wordpress.com"
192.145.236.177 - - [24/Jul/2026:07:11:08 -0700] "POST /wp-cron.php?doing_wp_cron=1784902268.8669829368591308593750 HTTP/1.1" 200 - "-" "WordPress/6.8.6; https://bitcoinslots.info"
106.201.126.199 - - [24/Jul/2026:07:11:06 -0700] "POST /xmlrpc.php HTTP/1.1" 200 856 "-" "Jetpack by WordPress.com"
106.201.126.199 - - [24/Jul/2026:07:11:16 -0700] "POST /xmlrpc.php HTTP/1.1" 200 856 "-" "Jetpack/12.5; WordPress/6.4; http://site34721567.com"
106.201.126.199 - - [24/Jul/2026:07:11:27 -0700] "POST /xmlrpc.php HTTP/1.1" 200 856 "-" "Jetpack/12.1; WordPress/6.3; http://site56720450.com"
106.201.126.199 - - [24/Jul/2026:07:11:37 -0700] "POST /xmlrpc.php HTTP/1.1" 406 300 "-" "WordPress.com; https://wordpress.com"
192.145.236.177 - - [24/Jul/2026:07:11:49 -0700] "POST /wp-cron.php?doing_wp_cron=1784902308.9881749153137207031250 HTTP/1.1" 200 - "-" "WordPress/6.8.6; https://bitcoinslots.info"
106.201.126.199 - - [24/Jul/2026:07:11:48 -0700] "POST /xmlrpc.php HTTP/1.1" 200 856 "-" "Jetpack by WordPress.com"
192.145.236.177 - - [24/Jul/2026:07:11:49 -0700] "POST /wp-admin/admin-ajax.php?action=async_litespeed&nonce=NfLHYrTBkymFkmrn3m8C9WmCRKTq7S0A&litespeed_type=imgoptm HTTP/1.1" 200 463 "-" "WordPress/6.8.6; https://bitcoinslots.info"
192.145.236.177 - - [24/Jul/2026:07:11:59 -0700] "POST /wp-cron.php?doing_wp_cron=1784902319.4748659133911132812500 HTTP/1.1" 200 - "-" "WordPress/6.8.6; https://bitcoinslots.info"
106.201.126.199 - - [24/Jul/2026:07:11:59 -0700] "POST /xmlrpc.php HTTP/1.1" 200 856 "-" "Jetpack/12.1; WordPress/6.1; http://site81626485.com"
106.201.126.199 - - [24/Jul/2026:07:12:09 -0700] "POST /xmlrpc.php HTTP/1.1" 200 856 "-" "Jetpack/12.1; WordPress/6.2; http://site61114890.com"
106.201.126.199 - - [24/Jul/2026:07:12:20 -0700] "POST /xmlrpc.php HTTP/1.1" 200 856 "-" "Jetpack/12.0; WordPress/6.3; http://site18179214.com"
106.201.126.199 - - [24/Jul/2026:07:12:30 -0700] "POST /xmlrpc.php HTTP/1.1" 200 856 "-" "Jetpack by WordPress.com"
192.145.236.177 - - [24/Jul/2026:07:12:41 -0700] "POST /wp-cron.php?doing_wp_cron=1784902361.6448080539703369140625 HTTP/1.1" 200 - "-" "WordPress/6.8.6; https://bitcoinslots.info"
106.201.126.199 - - [24/Jul/2026:07:12:41 -0700] "POST /xmlrpc.php HTTP/1.1" 200 856 "-" "Jetpack/13.0; WordPress/6.2; http://site87308224.com"
192.145.236.177 - - [24/Jul/2026:07:12:42 -0700] "POST /wp-admin/admin-ajax.php?action=async_litespeed&nonce=eidUNNIYq6ELmxp6aABC10TaPCbDExqH&litespeed_type=imgoptm HTTP/1.1" 200 463 "-" "WordPress/6.8.6; https://bitcoinslots.info"
106.201.126.199 - - [24/Jul/2026:07:12:51 -0700] "POST /xmlrpc.php HTTP/1.1" 406 300 "-" "WordPress.com; https://wordpress.com"
106.201.126.199 - - [24/Jul/2026:07:13:02 -0700] "POST /xmlrpc.php HTTP/1.1" 406 300 "-" "WordPress.com; https://wordpress.com"
106.201.126.199 - - [24/Jul/2026:07:13:12 -0700] "POST /xmlrpc.php HTTP/1.1" 406 300 "-" "WordPress.com; https://wordpress.com"
106.201.126.199 - - [24/Jul/2026:07:13:23 -0700] "POST /xmlrpc.php HTTP/1.1" 406 300 "-" "WordPress.com; https://wordpress.com"
192.145.236.177 - - [24/Jul/2026:07:13:34 -0700] "POST /wp-cron.php?doing_wp_cron=1784902414.8018889427185058593750 HTTP/1.1" 200 - "-" "WordPress/6.8.6; https://bitcoinslots.info"
106.201.126.199 - - [24/Jul/2026:07:13:33 -0700] "POST /xmlrpc.php HTTP/1.1" 200 856 "-" "Jetpack by WordPress.com"
192.145.236.177 - - [24/Jul/2026:07:13:35 -0700] "POST /wp-admin/admin-ajax.php?action=async_litespeed&nonce=p6ddoXeLOPItTZRfuU6cicOhQF3QXooe&litespeed_type=imgoptm HTTP/1.1" 200 463 "-" "WordPress/6.8.6; https://bitcoinslots.info"
106.201.126.199 - - [24/Jul/2026:07:13:55 -0700] "POST /xmlrpc.php HTTP/1.1" 406 300 "-" "WordPress.com; https://wordpress.com"
192.145.236.177 - - [24/Jul/2026:07:14:06 -0700] "POST /wp-cron.php?doing_wp_cron=1784902446.0452539920806884765625 HTTP/1.1" 200 - "-" "WordPress/6.8.6; https://bitcoinslots.info"
106.201.126.199 - - [24/Jul/2026:07:14:05 -0700] "POST /xmlrpc.php HTTP/1.1" 200 856 "-" "Jetpack by WordPress.com (Jetpack 12.1; WordPress 6.4)"
106.201.126.199 - - [24/Jul/2026:07:14:16 -0700] "POST /xmlrpc.php HTTP/1.1" 200 856 "-" "Jetpack by WordPress.com (Jetpack 13.0; WordPress 6.4)"
106.201.126.199 - - [24/Jul/2026:07:14:26 -0700] "POST /xmlrpc.php HTTP/1.1" 200 856 "-" "Jetpack by WordPress.com"
192.145.236.177 - - [24/Jul/2026:07:14:37 -0700] "POST /wp-cron.php?doing_wp_cron=1784902477.6957690715789794921875 HTTP/1.1" 200 - "-" "WordPress/6.8.6; https://bitcoinslots.info"
106.201.126.199 - - [24/Jul/2026:07:14:37 -0700] "POST /xmlrpc.php HTTP/1.1" 200 856 "-" "Jetpack by WordPress.com"
192.145.236.177 - - [24/Jul/2026:07:14:38 -0700] "POST /wp-admin/admin-ajax.php?action=async_litespeed&nonce=3OoxyD40rRVHTM2t7XDUcBgNsvsWzYIy&litespeed_type=imgoptm HTTP/1.1" 200 463 "-" "WordPress/6.8.6; https://bitcoinslots.info"
106.201.126.199 - - [24/Jul/2026:07:14:47 -0700] "POST /xmlrpc.php HTTP/1.1" 200 856 "-" "Jetpack by WordPress.com"
192.145.236.177 - - [24/Jul/2026:07:14:58 -0700] "POST /wp-cron.php?doing_wp_cron=1784902498.7033419609069824218750 HTTP/1.1" 200 - "-" "WordPress/6.8.6; https://bitcoinslots.info"
106.201.126.199 - - [24/Jul/2026:07:14:58 -0700] "POST /xmlrpc.php HTTP/1.1" 200 856 "-" "Jetpack by WordPress.com"
106.201.126.199 - - [24/Jul/2026:07:15:08 -0700] "POST /xmlrpc.php HTTP/1.1" 200 856 "-" "Jetpack/12.1; WordPress/6.3; http://site54575700.com"
106.201.126.199 - - [24/Jul/2026:07:15:19 -0700] "POST /xmlrpc.php HTTP/1.1" 200 856 "-" "Jetpack/13.0; WordPress/6.1; http://site92845876.com"
106.201.126.199 - - [24/Jul/2026:07:15:29 -0700] "POST /xmlrpc.php HTTP/1.1" 200 856 "-" "Jetpack by WordPress.com (Jetpack 13.0; WordPress 6.3)"
192.145.236.177 - - [24/Jul/2026:07:15:41 -0700] "POST /wp-cron.php?doing_wp_cron=1784902541.0542941093444824218750 HTTP/1.1" 200 - "-" "WordPress/6.8.6; https://bitcoinslots.info"
106.201.126.199 - - [24/Jul/2026:07:15:40 -0700] "POST /xmlrpc.php HTTP/1.1" 200 856 "-" "Jetpack/12.0; WordPress/6.4; http://site64616860.com"
192.145.236.177 - - [24/Jul/2026:07:15:42 -0700] "POST /wp-admin/admin-ajax.php?action=async_litespeed&nonce=GAk4tml76OT5Wcrt6FcbctM9lzS1zsME&litespeed_type=imgoptm HTTP/1.1" 200 463 "-" "WordPress/6.8.6; https://bitcoinslots.info"
192.145.236.177 - - [24/Jul/2026:07:15:51 -0700] "POST /wp-cron.php?doing_wp_cron=1784902551.8700830936431884765625 HTTP/1.1" 200 - "-" "WordPress/6.8.6; https://bitcoinslots.info"
106.201.126.199 - - [24/Jul/2026:07:15:51 -0700] "POST /xmlrpc.php HTTP/1.1" 200 856 "-" "Jetpack by WordPress.com (Jetpack 12.0; WordPress 6.2)"
106.201.126.199 - - [24/Jul/2026:07:16:01 -0700] "POST /xmlrpc.php HTTP/1.1" 200 856 "-" "Jetpack by WordPress.com"
106.201.126.199 - - [24/Jul/2026:07:16:11 -0700] "POST /xmlrpc.php HTTP/1.1" 200 856 "-" "Jetpack by WordPress.com"
106.201.126.199 - - [24/Jul/2026:07:16:22 -0700] "POST /xmlrpc.php HTTP/1.1" 200 856 "-" "Jetpack by WordPress.com"
103.213.113.37 - - [24/Jul/2026:07:16:32 -0700] "POST /xmlrpc.php HTTP/1.1" 200 856 "-" "Jetpack by WordPress.com (Jetpack 12.1; WordPress 6.2)"
106.201.126.199 - - [24/Jul/2026:07:16:33 -0700] "POST /xmlrpc.php HTTP/1.1" 200 856 "-" "Jetpack by WordPress.com"
192.145.236.177 - - [24/Jul/2026:07:20:13 -0700] "POST /wp-cron.php?doing_wp_cron=1784902813.4431869983673095703125 HTTP/1.1" 200 - "-" "WordPress/6.8.6; https://bitcoinslots.info"
103.213.113.37 - - [24/Jul/2026:07:20:08 -0700] "POST /xmlrpc.php HTTP/1.1" 200 856 "-" "Jetpack by WordPress.com"
192.145.236.177 - - [24/Jul/2026:07:20:15 -0700] "POST /wp-admin/admin-ajax.php?action=async_litespeed&nonce=JO4XMyLvGDNrVFrxFt5H4IwfzBvuJCuI&litespeed_type=imgoptm HTTP/1.1" 200 463 "-" "WordPress/6.8.6; https://bitcoinslots.info"
192.145.236.177 - - [24/Jul/2026:07:21:27 -0700] "POST /wp-cron.php?doing_wp_cron=1784902887.1150310039520263671875 HTTP/1.1" 200 - "-" "WordPress/6.8.6; https://bitcoinslots.info"
103.213.113.37 - - [24/Jul/2026:07:21:26 -0700] "POST /xmlrpc.php HTTP/1.1" 200 856 "-" "WordPress.com; https://wordpress.com"
192.145.236.177 - - [24/Jul/2026:07:21:28 -0700] "POST /wp-admin/admin-ajax.php?action=async_litespeed&nonce=XYGmbhVxn8q24QvSJdoFq5KLbRRc1E2p&litespeed_type=imgoptm HTTP/1.1" 200 463 "-" "WordPress/6.8.6; https://bitcoinslots.info"
192.145.236.177 - - [24/Jul/2026:07:23:56 -0700] "POST /wp-cron.php?doing_wp_cron=1784903036.1792418956756591796875 HTTP/1.1" 200 - "-" "WordPress/6.8.6; https://bitcoinslots.info"
154.57.195.71 - - [24/Jul/2026:07:23:55 -0700] "POST /xmlrpc.php HTTP/1.1" 200 856 "-" "WordPress.com; https://wordpress.com"
192.145.236.177 - - [24/Jul/2026:07:23:56 -0700] "POST /wp-admin/admin-ajax.php?action=async_litespeed&nonce=SEXj6HebeSXMmwuEfBrut8lbUMZdLY6r&litespeed_type=imgoptm HTTP/1.1" 200 463 "-" "WordPress/6.8.6; https://bitcoinslots.info"
192.145.236.177 - - [24/Jul/2026:07:26:32 -0700] "POST /wp-cron.php?doing_wp_cron=1784903192.5208001136779785156250 HTTP/1.1" 200 - "-" "WordPress/6.8.6; https://bitcoinslots.info"
154.57.195.71 - - [24/Jul/2026:07:26:32 -0700] "POST /xmlrpc.php HTTP/1.1" 200 856 "-" "Jetpack by WordPress.com"
192.145.236.177 - - [24/Jul/2026:07:26:33 -0700] "POST /wp-admin/admin-ajax.php?action=async_litespeed&nonce=8QMmOBayBAvGiCbZypi0bFRWWpYkTzPj&litespeed_type=imgoptm HTTP/1.1" 200 463 "-" "WordPress/6.8.6; https://bitcoinslots.info"
192.145.236.177 - - [24/Jul/2026:07:26:42 -0700] "POST /wp-cron.php?doing_wp_cron=1784903202.6230518817901611328125 HTTP/1.1" 200 - "-" "WordPress/6.8.6; https://bitcoinslots.info"
154.57.195.71 - - [24/Jul/2026:07:26:42 -0700] "POST /xmlrpc.php HTTP/1.1" 200 856 "-" "Jetpack by WordPress.com"
192.145.236.177 - - [24/Jul/2026:07:26:43 -0700] "POST /wp-admin/admin-ajax.php?action=async_litespeed&nonce=5E86AgrPxf3Jc3zCU3VpQKA5dH4vvMFJ&litespeed_type=imgoptm HTTP/1.1" 200 463 "-" "WordPress/6.8.6; https://bitcoinslots.info"
192.145.236.177 - - [24/Jul/2026:07:27:18 -0700] "POST /wp-cron.php?doing_wp_cron=1784903238.4975430965423583984375 HTTP/1.1" 200 - "-" "WordPress/6.8.6; https://bitcoinslots.info"
154.57.195.71 - - [24/Jul/2026:07:27:18 -0700] "POST /xmlrpc.php HTTP/1.1" 200 856 "-" "Jetpack by WordPress.com (Jetpack 12.0; WordPress 6.2)"
192.145.236.177 - - [24/Jul/2026:07:28:05 -0700] "POST /wp-admin/admin-ajax.php?action=async_litespeed&nonce=QAsgVj2mTvky8O8pvVEn3NrXfVBvAwKc&litespeed_type=imgoptm HTTP/1.1" 200 463 "-" "WordPress/6.8.6; https://bitcoinslots.info"
192.145.236.177 - - [24/Jul/2026:07:29:48 -0700] "POST /wp-admin/admin-ajax.php?action=async_litespeed&nonce=cfuoIbvx6FGCn4toM2CzZMP4cpHW3PbW&litespeed_type=imgoptm HTTP/1.1" 200 463 "-" "WordPress/6.8.6; https://bitcoinslots.info"
192.145.236.177 - - [24/Jul/2026:07:30:51 -0700] "POST /wp-cron.php?doing_wp_cron=1784903451.3551859855651855468750 HTTP/1.1" 200 - "-" "WordPress/6.8.6; https://bitcoinslots.info"
73.137.74.12 - - [24/Jul/2026:07:30:50 -0700] "GET / HTTP/1.1" 200 114670 "-" "Mozilla/5.0 (Windows NT 10.0; Win64; x64) AppleWebKit/537.36 (KHTML, like Gecko) Chrome/124.0.0.0 Safari/537.36"
73.137.74.12 - - [24/Jul/2026:07:30:52 -0700] "GET /wp-includes/css/dist/block-library/style.min.css?ver=6.8.6 HTTP/1.1" 200 116345 "https://bitcoinslots.info/" "Mozilla/5.0 (Windows NT 10.0; Win64; x64) AppleWebKit/537.36 (KHTML, like Gecko) Chrome/124.0.0.0 Safari/537.36"
73.137.74.12 - - [24/Jul/2026:07:30:52 -0700] "GET /wp-content/plugins/contact-form-7/includes/css/styles.css?ver=6.0.6 HTTP/1.1" 200 2894 "https://bitcoinslots.info/" "Mozilla/5.0 (Windows NT 10.0; Win64; x64) AppleWebKit/537.36 (KHTML, like Gecko) Chrome/124.0.0.0 Safari/537.36"
192.145.236.177 - - [24/Jul/2026:07:30:51 -0700] "POST /wp-admin/admin-ajax.php?action=async_litespeed&nonce=5ggwx3N2kkd1bYNQaocHGcYDplDC5mc1&litespeed_type=imgoptm HTTP/1.1" 200 463 "-" "WordPress/6.8.6; https://bitcoinslots.info"
73.137.74.12 - - [24/Jul/2026:07:30:52 -0700] "GET /wp-content/plugins/revslider/public/assets/css/rs6.css?ver=6.1.5 HTTP/1.1" 200 57762 "https://bitcoinslots.info/" "Mozilla/5.0 (Windows NT 10.0; Win64; x64) AppleWebKit/537.36 (KHTML, like Gecko) Chrome/124.0.0.0 Safari/537.36"
73.137.74.12 - - [24/Jul/2026:07:30:52 -0700] "GET /wp-content/themes/vizion/assets/css/all.min.css?ver=1.0 HTTP/1.1" 200 61960 "https://bitcoinslots.info/" "Mozilla/5.0 (Windows NT 10.0; Win64; x64) AppleWebKit/537.36 (KHTML, like Gecko) Chrome/124.0.0.0 Safari/537.36"
73.137.74.12 - - [24/Jul/2026:07:30:52 -0700] "GET /wp-content/themes/vizion/assets/css/ionicons.min.css?ver=2.0.0 HTTP/1.1" 200 51295 "https://bitcoinslots.info/" "Mozilla/5.0 (Windows NT 10.0; Win64; x64) AppleWebKit/537.36 (KHTML, like Gecko) Chrome/124.0.0.0 Safari/537.36"
73.137.74.12 - - [24/Jul/2026:07:30:52 -0700] "GET /wp-content/themes/vizion/assets/css/flaticon.css?ver=2.0.0 HTTP/1.1" 200 3273 "https://bitcoinslots.info/" "Mozilla/5.0 (Windows NT 10.0; Win64; x64) AppleWebKit/537.36 (KHTML, like Gecko) Chrome/124.0.0.0 Safari/537.36"
73.137.74.12 - - [24/Jul/2026:07:30:52 -0700] "GET /wp-content/themes/vizion/assets/css/bootstrap.min.css?ver=4.1.3 HTTP/1.1" 200 140942 "https://bitcoinslots.info/" "Mozilla/5.0 (Windows NT 10.0; Win64; x64) AppleWebKit/537.36 (KHTML, like Gecko) Chrome/124.0.0.0 Safari/537.36"
73.137.74.12 - - [24/Jul/2026:07:30:53 -0700] "GET /wp-content/plugins/js_composer/assets/lib/bower/font-awesome/css/font-awesome.min.css?ver=5.7 HTTP/1.1" 200 30611 "https://bitcoinslots.info/" "Mozilla/5.0 (Windows NT 10.0; Win64; x64) AppleWebKit/537.36 (KHTML, like Gecko) Chrome/124.0.0.0 Safari/537.36"
73.137.74.12 - - [24/Jul/2026:07:30:53 -0700] "GET /wp-content/themes/vizion/assets/css/circle.css?ver=1.0 HTTP/1.1" 200 3015 "https://bitcoinslots.info/" "Mozilla/5.0 (Windows NT 10.0; Win64; x64) AppleWebKit/537.36 (KHTML, like Gecko) Chrome/124.0.0.0 Safari/537.36"
73.137.74.12 - - [24/Jul/2026:07:30:53 -0700] "GET /wp-content/themes/vizion/assets/css/wow.css?ver=3.7.0 HTTP/1.1" 200 81372 "https://bitcoinslots.info/" "Mozilla/5.0 (Windows NT 10.0; Win64; x64) AppleWebKit/537.36 (KHTML, like Gecko) Chrome/124.0.0.0 Safari/537.36"
73.137.74.12 - - [24/Jul/2026:07:30:53 -0700] "GET /wp-content/themes/vizion/assets/css/magnific-popup.css?ver=3.5.2 HTTP/1.1" 200 7302 "https://bitcoinslots.info/" "Mozilla/5.0 (Windows NT 10.0; Win64; x64) AppleWebKit/537.36 (KHTML, like Gecko) Chrome/124.0.0.0 Safari/537.36"
73.137.74.12 - - [24/Jul/2026:07:30:53 -0700] "GET /wp-content/themes/vizion/assets/css/owl.carousel.min.css?ver=2.3.4 HTTP/1.1" 200 3356 "https://bitcoinslots.info/" "Mozilla/5.0 (Windows NT 10.0; Win64; x64) AppleWebKit/537.36 (KHTML, like Gecko) Chrome/124.0.0.0 Safari/537.36"
73.137.74.12 - - [24/Jul/2026:07:30:53 -0700] "GET /wp-content/themes/vizion/assets/css/timeline.css?ver=1.0 HTTP/1.1" 200 12680 "https://bitcoinslots.info/" "Mozilla/5.0 (Windows NT 10.0; Win64; x64) AppleWebKit/537.36 (KHTML, like Gecko) Chrome/124.0.0.0 Safari/537.36"
73.137.74.12 - - [24/Jul/2026:07:30:53 -0700] "GET /wp-content/themes/vizion/assets/css/vizion-style.css?ver=1.0 HTTP/1.1" 200 206454 "https://bitcoinslots.info/" "Mozilla/5.0 (Windows NT 10.0; Win64; x64) AppleWebKit/537.36 (KHTML, like Gecko) Chrome/124.0.0.0 Safari/537.36"
73.137.74.12 - - [24/Jul/2026:07:30:53 -0700] "GET /wp-content/themes/vizion/assets/css/responsive.css?ver=1.0 HTTP/1.1" 200 35212 "https://bitcoinslots.info/" "Mozilla/5.0 (Windows NT 10.0; Win64; x64) AppleWebKit/537.36 (KHTML, like Gecko) Chrome/124.0.0.0 Safari/537.36"
73.137.74.12 - - [24/Jul/2026:07:30:53 -0700] "GET /wp-content/themes/vizion/assets/css/slick.css?ver=1.8.1 HTTP/1.1" 200 1776 "https://bitcoinslots.info/" "Mozilla/5.0 (Windows NT 10.0; Win64; x64) AppleWebKit/537.36 (KHTML, like Gecko) Chrome/124.0.0.0 Safari/537.36"
73.137.74.12 - - [24/Jul/2026:07:30:53 -0700] "GET /wp-content/themes/vizion/assets/css/slick-theme.css?ver=1.8.1 HTTP/1.1" 200 3349 "https://bitcoinslots.info/" "Mozilla/5.0 (Windows NT 10.0; Win64; x64) AppleWebKit/537.36 (KHTML, like Gecko) Chrome/124.0.0.0 Safari/537.36"
73.137.74.12 - - [24/Jul/2026:07:30:53 -0700] "GET /wp-content/plugins/js_composer/assets/css/js_composer.min.css?ver=5.7 HTTP/1.1" 200 484758 "https://bitcoinslots.info/" "Mozilla/5.0 (Windows NT 10.0; Win64; x64) AppleWebKit/537.36 (KHTML, like Gecko) Chrome/124.0.0.0 Safari/537.36"
73.137.74.12 - - [24/Jul/2026:07:30:53 -0700] "GET /wp-includes/js/jquery/jquery.min.js?ver=3.7.1 HTTP/1.1" 200 87553 "https://bitcoinslots.info/" "Mozilla/5.0 (Windows NT 10.0; Win64; x64) AppleWebKit/537.36 (KHTML, like Gecko) Chrome/124.0.0.0 Safari/537.36"
73.137.74.12 - - [24/Jul/2026:07:30:53 -0700] "GET /wp-includes/js/jquery/jquery-migrate.min.js?ver=3.4.1 HTTP/1.1" 200 13577 "https://bitcoinslots.info/" "Mozilla/5.0 (Windows NT 10.0; Win64; x64) AppleWebKit/537.36 (KHTML, like Gecko) Chrome/124.0.0.0 Safari/537.36"
73.137.74.12 - - [24/Jul/2026:07:30:53 -0700] "GET /wp-content/plugins/revslider/public/assets/js/rs6.min.js?ver=6.1.5 HTTP/1.1" 200 276327 "https://bitcoinslots.info/" "Mozilla/5.0 (Windows NT 10.0; Win64; x64) AppleWebKit/537.36 (KHTML, like Gecko) Chrome/124.0.0.0 Safari/537.36"
73.137.74.12 - - [24/Jul/2026:07:30:53 -0700] "GET /wp-content/plugins/js_composer/assets/css/lib/vc-open-iconic/vc_openiconic.min.css?ver=5.7 HTTP/1.1" 200 6483 "https://bitcoinslots.info/" "Mozilla/5.0 (Windows NT 10.0; Win64; x64) AppleWebKit/537.36 (KHTML, like Gecko) Chrome/124.0.0.0 Safari/537.36"
73.137.74.12 - - [24/Jul/2026:07:30:53 -0700] "GET /wp-content/plugins/revslider/public/assets/js/revolution.tools.min.js?ver=6.0 HTTP/1.1" 200 150689 "https://bitcoinslots.info/" "Mozilla/5.0 (Windows NT 10.0; Win64; x64) AppleWebKit/537.36 (KHTML, like Gecko) Chrome/124.0.0.0 Safari/537.36"
73.137.74.12 - - [24/Jul/2026:07:30:53 -0700] "GET /wp-content/plugins/js_composer/assets/css/lib/typicons/src/font/typicons.min.css?ver=5.7 HTTP/1.1" 200 14965 "https://bitcoinslots.info/" "Mozilla/5.0 (Windows NT 10.0; Win64; x64) AppleWebKit/537.36 (KHTML, like Gecko) Chrome/124.0.0.0 Safari/537.36"
73.137.74.12 - - [24/Jul/2026:07:30:53 -0700] "GET /wp-content/plugins/js_composer/assets/css/lib/vc-entypo/vc_entypo.min.css?ver=5.7 HTTP/1.1" 200 13216 "https://bitcoinslots.info/" "Mozilla/5.0 (Windows NT 10.0; Win64; x64) AppleWebKit/537.36 (KHTML, like Gecko) Chrome/124.0.0.0 Safari/537.36"
73.137.74.12 - - [24/Jul/2026:07:30:53 -0700] "GET /wp-content/plugins/js_composer/assets/css/lib/vc-linecons/vc_linecons_icons.min.css?ver=5.7 HTTP/1.1" 200 2366 "https://bitcoinslots.info/" "Mozilla/5.0 (Windows NT 10.0; Win64; x64) AppleWebKit/537.36 (KHTML, like Gecko) Chrome/124.0.0.0 Safari/537.36"
73.137.74.12 - - [24/Jul/2026:07:30:54 -0700] "GET /wp-includes/js/dist/hooks.min.js?ver=4d63a3d491d11ffd8ac6 HTTP/1.1" 200 4776 "https://bitcoinslots.info/" "Mozilla/5.0 (Windows NT 10.0; Win64; x64) AppleWebKit/537.36 (KHTML, like Gecko) Chrome/124.0.0.0 Safari/537.36"
73.137.74.12 - - [24/Jul/2026:07:30:54 -0700] "GET /wp-includes/js/dist/i18n.min.js?ver=5e580eb46a90c2b997e6 HTTP/1.1" 200 9141 "https://bitcoinslots.info/" "Mozilla/5.0 (Windows NT 10.0; Win64; x64) AppleWebKit/537.36 (KHTML, like Gecko) Chrome/124.0.0.0 Safari/537.36"
73.137.74.12 - - [24/Jul/2026:07:30:54 -0700] "GET /wp-content/plugins/contact-form-7/includes/swv/js/index.js?ver=6.0.6 HTTP/1.1" 200 12512 "https://bitcoinslots.info/" "Mozilla/5.0 (Windows NT 10.0; Win64; x64) AppleWebKit/537.36 (KHTML, like Gecko) Chrome/124.0.0.0 Safari/537.36"
73.137.74.12 - - [24/Jul/2026:07:30:54 -0700] "GET /wp-content/plugins/contact-form-7/includes/js/index.js?ver=6.0.6 HTTP/1.1" 200 13452 "https://bitcoinslots.info/" "Mozilla/5.0 (Windows NT 10.0; Win64; x64) AppleWebKit/537.36 (KHTML, like Gecko) Chrome/124.0.0.0 Safari/537.36"
73.137.74.12 - - [24/Jul/2026:07:30:54 -0700] "GET /wp-content/themes/vizion/assets/js/bootstrap.min.js?ver=4.1.3 HTTP/1.1" 200 51045 "https://bitcoinslots.info/" "Mozilla/5.0 (Windows NT 10.0; Win64; x64) AppleWebKit/537.36 (KHTML, like Gecko) Chrome/124.0.0.0 Safari/537.36"
73.137.74.12 - - [24/Jul/2026:07:30:54 -0700] "GET /wp-content/themes/vizion/assets/js/countdown.js?ver=1.0 HTTP/1.1" 200 1212 "https://bitcoinslots.info/" "Mozilla/5.0 (Windows NT 10.0; Win64; x64) AppleWebKit/537.36 (KHTML, like Gecko) Chrome/124.0.0.0 Safari/537.36"
73.137.74.12 - - [24/Jul/2026:07:30:54 -0700] "GET /wp-content/themes/vizion/assets/js/jquery.countTo.js?ver=1.0 HTTP/1.1" 200 2436 "https://bitcoinslots.info/" "Mozilla/5.0 (Windows NT 10.0; Win64; x64) AppleWebKit/537.36 (KHTML, like Gecko) Chrome/124.0.0.0 Safari/537.36"
73.137.74.12 - - [24/Jul/2026:07:30:54 -0700] "GET /wp-content/themes/vizion/assets/js/magnific-popup/jquery.magnific-popup.min.js?ver=1.1.0 HTTP/1.1" 200 20232 "https://bitcoinslots.info/" "Mozilla/5.0 (Windows NT 10.0; Win64; x64) AppleWebKit/537.36 (KHTML, like Gecko) Chrome/124.0.0.0 Safari/537.36"
73.137.74.12 - - [24/Jul/2026:07:30:54 -0700] "GET /wp-content/themes/vizion/assets/js/skrollr.js?ver=1.0 HTTP/1.1" 200 12681 "https://bitcoinslots.info/" "Mozilla/5.0 (Windows NT 10.0; Win64; x64) AppleWebKit/537.36 (KHTML, like Gecko) Chrome/124.0.0.0 Safari/537.36"
73.137.74.12 - - [24/Jul/2026:07:30:54 -0700] "GET /wp-content/themes/vizion/assets/js/appear.js?ver=1.0 HTTP/1.1" 200 1633 "https://bitcoinslots.info/" "Mozilla/5.0 (Windows NT 10.0; Win64; x64) AppleWebKit/537.36 (KHTML, like Gecko) Chrome/124.0.0.0 Safari/537.36"
73.137.74.12 - - [24/Jul/2026:07:30:54 -0700] "GET /wp-content/themes/vizion/assets/js/owl.carousel.min.js?ver=2.3.4 HTTP/1.1" 200 44342 "https://bitcoinslots.info/" "Mozilla/5.0 (Windows NT 10.0; Win64; x64) AppleWebKit/537.36 (KHTML, like Gecko) Chrome/124.0.0.0 Safari/537.36"
73.137.74.12 - - [24/Jul/2026:07:30:54 -0700] "GET /wp-content/themes/vizion/assets/js/circle.js?ver=1.0 HTTP/1.1" 200 1855 "https://bitcoinslots.info/" "Mozilla/5.0 (Windows NT 10.0; Win64; x64) AppleWebKit/537.36 (KHTML, like Gecko) Chrome/124.0.0.0 Safari/537.36"
73.137.74.12 - - [24/Jul/2026:07:30:54 -0700] "GET /wp-content/themes/vizion/assets/js/popper.min.js?ver=1.0 HTTP/1.1" 200 20342 "https://bitcoinslots.info/" "Mozilla/5.0 (Windows NT 10.0; Win64; x64) AppleWebKit/537.36 (KHTML, like Gecko) Chrome/124.0.0.0 Safari/537.36"
73.137.74.12 - - [24/Jul/2026:07:30:54 -0700] "GET /wp-content/themes/vizion/assets/js/jquery.scrollme.min.js?ver=1.0 HTTP/1.1" 200 5590 "https://bitcoinslots.info/" "Mozilla/5.0 (Windows NT 10.0; Win64; x64) AppleWebKit/537.36 (KHTML, like Gecko) Chrome/124.0.0.0 Safari/537.36"
73.137.74.12 - - [24/Jul/2026:07:30:54 -0700] "GET /wp-content/themes/vizion/assets/js/timeline.js?ver=1.0 HTTP/1.1" 200 5062 "https://bitcoinslots.info/" "Mozilla/5.0 (Windows NT 10.0; Win64; x64) AppleWebKit/537.36 (KHTML, like Gecko) Chrome/124.0.0.0 Safari/537.36"
73.137.74.12 - - [24/Jul/2026:07:30:54 -0700] "GET /wp-content/themes/vizion/woocommerce/assets/wishlist.js?ver=1.0 HTTP/1.1" 200 483 "https://bitcoinslots.info/" "Mozilla/5.0 (Windows NT 10.0; Win64; x64) AppleWebKit/537.36 (KHTML, like Gecko) Chrome/124.0.0.0 Safari/537.36"
73.137.74.12 - - [24/Jul/2026:07:30:54 -0700] "GET /wp-content/themes/vizion/assets/js/wow.min.js?ver=1.3.0 HTTP/1.1" 200 8157 "https://bitcoinslots.info/" "Mozilla/5.0 (Windows NT 10.0; Win64; x64) AppleWebKit/537.36 (KHTML, like Gecko) Chrome/124.0.0.0 Safari/537.36"
73.137.74.12 - - [24/Jul/2026:07:30:54 -0700] "GET /wp-content/themes/vizion/assets/js/slick.js?ver=1.8.1 HTTP/1.1" 200 88589 "https://bitcoinslots.info/" "Mozilla/5.0 (Windows NT 10.0; Win64; x64) AppleWebKit/537.36 (KHTML, like Gecko) Chrome/124.0.0.0 Safari/537.36"
73.137.74.12 - - [24/Jul/2026:07:30:54 -0700] "GET /wp-content/themes/vizion/assets/js/vizion-custom.js?ver=1.0 HTTP/1.1" 200 23978 "https://bitcoinslots.info/" "Mozilla/5.0 (Windows NT 10.0; Win64; x64) AppleWebKit/537.36 (KHTML, like Gecko) Chrome/124.0.0.0 Safari/537.36"
73.137.74.12 - - [24/Jul/2026:07:30:54 -0700] "GET /wp-content/themes/vizion/assets/js/vizion-circle.js?ver=1.0 HTTP/1.1" 200 3872 "https://bitcoinslots.info/" "Mozilla/5.0 (Windows NT 10.0; Win64; x64) AppleWebKit/537.36 (KHTML, like Gecko) Chrome/124.0.0.0 Safari/537.36"
73.137.74.12 - - [24/Jul/2026:07:30:54 -0700] "GET /wp-content/themes/vizion/assets/js/vscript.js?ver=1.0 HTTP/1.1" 200 857 "https://bitcoinslots.info/" "Mozilla/5.0 (Windows NT 10.0; Win64; x64) AppleWebKit/537.36 (KHTML, like Gecko) Chrome/124.0.0.0 Safari/537.36"
73.137.74.12 - - [24/Jul/2026:07:30:54 -0700] "GET /wp-content/themes/vizion/assets/js/parallax.min.js?ver=1.3.0 HTTP/1.1" 200 17314 "https://bitcoinslots.info/" "Mozilla/5.0 (Windows NT 10.0; Win64; x64) AppleWebKit/537.36 (KHTML, like Gecko) Chrome/124.0.0.0 Safari/537.36"
73.137.74.12 - - [24/Jul/2026:07:30:54 -0700] "GET /wp-content/plugins/js_composer/assets/js/dist/js_composer_front.min.js?ver=5.7 HTTP/1.1" 200 19706 "https://bitcoinslots.info/" "Mozilla/5.0 (Windows NT 10.0; Win64; x64) AppleWebKit/537.36 (KHTML, like Gecko) Chrome/124.0.0.0 Safari/537.36"
192.145.236.177 - - [24/Jul/2026:07:31:53 -0700] "POST /wp-admin/admin-ajax.php?action=async_litespeed&nonce=NclmIGE264jFLD6KuwHWxk7mFRHAfSQn&litespeed_type=imgoptm HTTP/1.1" 200 463 "-" "WordPress/6.8.6; https://bitcoinslots.info"
192.145.236.177 - - [24/Jul/2026:07:33:14 -0700] "POST /wp-cron.php?doing_wp_cron=1784903594.5477190017700195312500 HTTP/1.1" 200 - "-" "WordPress/6.8.6; https://bitcoinslots.info"
216.73.217.65 - - [24/Jul/2026:07:33:12 -0700] "GET /robots.txt HTTP/1.1" 200 729 "-" "Mozilla/5.0 AppleWebKit/537.36 (KHTML, like Gecko; compatible; ClaudeBot/1.0; +claudebot@anthropic.com)"
216.73.217.65 - - [24/Jul/2026:07:33:14 -0700] "GET /sitemap_index.xml HTTP/1.1" 200 1376 "-" "Mozilla/5.0 AppleWebKit/537.36 (KHTML, like Gecko; compatible; ClaudeBot/1.0; +claudebot@anthropic.com)"
192.145.236.177 - - [24/Jul/2026:07:33:15 -0700] "POST /wp-admin/admin-ajax.php?action=async_litespeed&nonce=NpJ7WNnpyDdmWbdxEjd0r4BpGST8N26K&litespeed_type=imgoptm HTTP/1.1" 200 463 "-" "WordPress/6.8.6; https://bitcoinslots.info"
64.44.59.71 - - [24/Jul/2026:07:38:33 -0700] "POST /wp-editor.php HTTP/1.1" 200 46690 "-" "Mozilla/5.0 (Windows NT 10.0; Win64; x64) AppleWebKit/537.36 (KHTML, like Gecko) Chrome/127.0.0.0 Safari/537.36"
5.230.153.46 - - [24/Jul/2026:07:38:34 -0700] "POST /wp-editor.php HTTP/1.1" 200 47719 "-" "Mozilla/5.0 (Windows NT 10.0; Win64; x64) AppleWebKit/537.36 (KHTML, like Gecko) Chrome/127.0.0.0 Safari/537.36"
5.231.255.50 - - [24/Jul/2026:07:38:35 -0700] "POST /.462236865595874.php?to=alinmabank994@gmail.com HTTP/1.1" 406 300 "-" "Mozilla/5.0 (Windows NT 10.0; Win64; x64) AppleWebKit/537.36 (KHTML, like Gecko) Chrome/127.0.0.0 Safari/537.36"
107.148.160.228 - - [24/Jul/2026:07:42:04 -0700] "GET /wp-content/uploads/2019/12/gaming-skills.png HTTP/1.1" 200 804115 "-" "Mozilla/5.0 (Macintosh; Intel Mac OS X 10_15_7) AppleWebKit/605.1.15 (KHTML, like Gecko) Version/16.6 Safari/605.1.15"
192.145.236.177 - - [24/Jul/2026:07:42:52 -0700] "POST /wp-cron.php?doing_wp_cron=1784904172.3078920841217041015625 HTTP/1.1" 200 - "-" "WordPress/6.8.6; https://bitcoinslots.info"
216.73.217.65 - - [24/Jul/2026:07:42:51 -0700] "GET /sitemap-news.xml HTTP/1.1" 200 1014 "-" "Mozilla/5.0 AppleWebKit/537.36 (KHTML, like Gecko; compatible; ClaudeBot/1.0; +claudebot@anthropic.com)"
192.145.236.177 - - [24/Jul/2026:07:42:53 -0700] "POST /wp-admin/admin-ajax.php?action=async_litespeed&nonce=lQHj5sUkxt81q7qB5CTxfYxGgvFtfkBZ&litespeed_type=imgoptm HTTP/1.1" 200 463 "-" "WordPress/6.8.6; https://bitcoinslots.info"
128.14.75.243 - - [24/Jul/2026:07:45:21 -0700] "GET /wp-content/uploads/2019/12/gaming-skills.png HTTP/1.1" 200 804115 "-" "Mozilla/5.0 (Windows NT 10.0; Win64; x64) AppleWebKit/537.36 (KHTML, like Gecko) Chrome/124.0.0.0 Safari/537.36"
