Done !
| Server IP : 192.145.236.177 / Your IP : 216.73.216.238 Web Server : Apache System : Linux ded5817.inmotionhosting.com 5.14.0-687.26.1.el9_8.x86_64 #1 SMP PREEMPT_DYNAMIC Tue Jul 14 16:32:02 EDT 2026 x86_64 User : personalinjurynh ( 1013) PHP Version : 8.1.34 Disable Function : exec,passthru,shell_exec,system MySQL : OFF | cURL : ON | WGET : ON | Perl : ON | Python : OFF | Sudo : ON | Pkexec : ON Directory : /home/personalinjurynh/access-logs/ |
Upload File : |
192.145.236.177 - - [24/Jul/2026:05:28:28 -0700] "POST /wp-admin/admin-ajax.php?action=async_litespeed&nonce=kiI81KVJI86iJS5ACCWHaELtVZHoErzY&litespeed_type=imgoptm HTTP/1.1" 200 463 "-" "WordPress/6.8.6; https://bitcoinslots.info"
192.145.236.177 - - [24/Jul/2026:05:46:29 -0700] "POST /wp-cron.php?doing_wp_cron=1784897189.5561399459838867187500 HTTP/1.1" 200 - "-" "WordPress/6.8.6; https://bitcoinslots.info"
216.73.217.65 - - [24/Jul/2026:05:46:29 -0700] "GET /robots.txt HTTP/1.1" 200 729 "-" "Mozilla/5.0 AppleWebKit/537.36 (KHTML, like Gecko; compatible; ClaudeBot/1.0; +claudebot@anthropic.com)"
216.73.217.65 - - [24/Jul/2026:05:46:29 -0700] "GET /sitemap_index.xml HTTP/1.1" 200 1376 "-" "Mozilla/5.0 AppleWebKit/537.36 (KHTML, like Gecko; compatible; ClaudeBot/1.0; +claudebot@anthropic.com)"
192.145.236.177 - - [24/Jul/2026:05:46:29 -0700] "POST /wp-admin/admin-ajax.php?action=async_litespeed&nonce=LSkdwMjcDZc8yEIGee7QybcNlxxndlmq&litespeed_type=imgoptm HTTP/1.1" 200 463 "-" "WordPress/6.8.6; https://bitcoinslots.info"
192.145.236.177 - - [24/Jul/2026:05:47:03 -0700] "POST /wp-cron.php?doing_wp_cron=1784897223.2514739036560058593750 HTTP/1.1" 200 - "-" "WordPress/6.8.6; https://bitcoinslots.info"
216.73.217.65 - - [24/Jul/2026:05:47:02 -0700] "GET /sitemap-news.xml HTTP/1.1" 200 1014 "-" "Mozilla/5.0 AppleWebKit/537.36 (KHTML, like Gecko; compatible; ClaudeBot/1.0; +claudebot@anthropic.com)"
192.145.236.177 - - [24/Jul/2026:05:47:03 -0700] "POST /wp-admin/admin-ajax.php?action=async_litespeed&nonce=htsIvBWL0j6k3ocJPj6HBBhJZkgDO9jY&litespeed_type=imgoptm HTTP/1.1" 200 463 "-" "WordPress/6.8.6; https://bitcoinslots.info"
192.145.236.177 - - [24/Jul/2026:05:50:37 -0700] "POST /wp-cron.php?doing_wp_cron=1784897437.6176309585571289062500 HTTP/1.1" 200 - "-" "WordPress/6.8.6; https://bitcoinslots.info"
74.7.230.13 - - [24/Jul/2026:05:50:37 -0700] "GET /robots.txt HTTP/1.1" 200 729 "-" "Mozilla/5.0 (Macintosh; Intel Mac OS X 10_15_7) AppleWebKit/537.36 (KHTML, like Gecko) Chrome/131.0.0.0 Safari/537.36; compatible; OAI-SearchBot/1.4; robots.txt; +https://openai.com/searchbot"
74.7.241.45 - - [24/Jul/2026:05:50:37 -0700] "GET /sitemap.xml HTTP/1.1" 200 1404 "-" "Mozilla/5.0 AppleWebKit/537.36 (KHTML, like Gecko; compatible; GPTBot/1.4; +https://openai.com/gptbot)"
192.145.236.177 - - [24/Jul/2026:05:50:38 -0700] "POST /wp-admin/admin-ajax.php?action=async_litespeed&nonce=Ww5hgjSustzb5gHHnF38EAIktQEfdxxH&litespeed_type=imgoptm HTTP/1.1" 200 463 "-" "WordPress/6.8.6; https://bitcoinslots.info"
74.7.241.45 - - [24/Jul/2026:05:50:40 -0700] "GET /sitemap-posttype-page.xml HTTP/1.1" 200 3547 "https://bitcoinslots.info/sitemap.xml" "Mozilla/5.0 AppleWebKit/537.36 (KHTML, like Gecko; compatible; GPTBot/1.4; +https://openai.com/gptbot)"
74.7.241.45 - - [24/Jul/2026:05:50:42 -0700] "GET /sitemap-author.xml HTTP/1.1" 200 1038 "https://bitcoinslots.info/sitemap.xml" "Mozilla/5.0 AppleWebKit/537.36 (KHTML, like Gecko; compatible; GPTBot/1.4; +https://openai.com/gptbot)"
74.7.241.45 - - [24/Jul/2026:05:50:45 -0700] "GET /sitemap-posttype-post.2019.xml HTTP/1.1" 200 1731 "https://bitcoinslots.info/sitemap.xml" "Mozilla/5.0 AppleWebKit/537.36 (KHTML, like Gecko; compatible; GPTBot/1.4; +https://openai.com/gptbot)"
45.148.10.120 - - [24/Jul/2026:05:53:24 -0700] "GET /.env.production HTTP/1.1" 406 300 "-" "Mozilla/5.0 (X11; U; OpenBSD i386; en-US; rv:1.9.1) Gecko/20090702 Firefox/3.5"
45.148.10.120 - - [24/Jul/2026:05:53:24 -0700] "GET /.env HTTP/1.1" 406 300 "-" "Mozilla/5.0 (Windows NT 6.1) AppleWebKit/537.36 (KHTML, like Gecko) Chrome/41.0.2228.0 Safari/537.36"
45.148.10.120 - - [24/Jul/2026:05:53:24 -0700] "GET /.env.production HTTP/1.1" 406 300 "-" "Mozilla/5.0 (X11; U; Linux i586; en-US; rv:1.7.3) Gecko/20040924 Epiphany/1.4.4 (Ubuntu)"
192.145.236.177 - - [24/Jul/2026:05:53:24 -0700] "POST /wp-cron.php?doing_wp_cron=1784897604.7378730773925781250000 HTTP/1.1" 200 - "-" "WordPress/6.8.6; https://bitcoinslots.info"
45.148.10.120 - - [24/Jul/2026:05:53:24 -0700] "GET /.aws/credentials HTTP/1.1" 200 58567 "-" "Mozilla/5.0 (Linux; Android 6.0.1; SM-N910C) AppleWebKit/537.36 (KHTML, like Gecko) Chrome/73.0.3683.90 Mobile Safari/537.36"
45.148.10.120 - - [24/Jul/2026:05:53:24 -0700] "GET /.aws/credentials HTTP/1.1" 200 58622 "-" "Mozilla/5.0 (Windows NT 6.1; Win64; x64) AppleWebKit/537.36 (KHTML, like Gecko) Chrome/70.0.3538.77 Safari/537.36"
192.145.236.177 - - [24/Jul/2026:05:53:25 -0700] "POST /wp-admin/admin-ajax.php?action=async_litespeed&nonce=h69ueVSM7HPpNiBLDN9J3HJ5vWLyqvLK&litespeed_type=imgoptm HTTP/1.1" 200 463 "-" "WordPress/6.8.6; https://bitcoinslots.info"
45.148.10.120 - - [24/Jul/2026:05:53:26 -0700] "GET /.env HTTP/1.1" 406 300 "-" "Mozilla/5.0 (Windows NT 6.1; Win64; x64; rv:25.0) Gecko/20100101 Firefox/25.0"
45.148.10.120 - - [24/Jul/2026:05:53:26 -0700] "GET /aws.env HTTP/1.1" 200 58622 "-" "Mozilla/5.0 (Macintosh; Intel Mac OS X 10_13_6) AppleWebKit/537.36 (KHTML, like Gecko) Chrome/76.0.3809.87 Safari/537.36"
45.148.10.120 - - [24/Jul/2026:05:53:28 -0700] "GET /aws.env HTTP/1.1" 200 58567 "-" "Mozilla/5.0 (Linux; Android 9; POT-LX1) AppleWebKit/537.36 (KHTML, like Gecko) Chrome/75.0.3770.101 Mobile Safari/537.36"
192.145.236.177 - - [24/Jul/2026:05:56:29 -0700] "POST /wp-cron.php?doing_wp_cron=1784897789.0978100299835205078125 HTTP/1.1" 200 - "-" "WordPress/6.8.6; https://bitcoinslots.info"
114.119.131.116 - - [24/Jul/2026:05:56:28 -0700] "GET /testimonial/play-anytime-and-anywhere HTTP/1.1" 200 453 "https://bitcoinslots.info/testimonial/play-anytime-and-anywhere" "Mozilla/5.0 (Linux; Android 7.0;) AppleWebKit/537.36 (HTML, like Gecko) Mobile Safari/537.36 (compatible; PetalBot;+https://webmaster.petalsearch.com/site/petalbot)"
192.145.236.177 - - [24/Jul/2026:05:56:29 -0700] "POST /wp-admin/admin-ajax.php?action=async_litespeed&nonce=4U3y4mEfjmzXMQdpEt8AKK13WTe6Temj&litespeed_type=imgoptm HTTP/1.1" 200 463 "-" "WordPress/6.8.6; https://bitcoinslots.info"
192.145.236.177 - - [24/Jul/2026:06:06:59 -0700] "POST /wp-cron.php?doing_wp_cron=1784898419.9427199363708496093750 HTTP/1.1" 200 - "-" "WordPress/6.8.6; https://bitcoinslots.info"
74.7.241.45 - - [24/Jul/2026:06:06:59 -0700] "GET /sitemap-news.xml HTTP/1.1" 200 1014 "-" "Mozilla/5.0 AppleWebKit/537.36 (KHTML, like Gecko; compatible; GPTBot/1.4; +https://openai.com/gptbot)"
192.145.236.177 - - [24/Jul/2026:06:07:00 -0700] "POST /wp-admin/admin-ajax.php?action=async_litespeed&nonce=tGsv1gFpYMudGLS4MXvqllHLmUubD8M2&litespeed_type=imgoptm HTTP/1.1" 200 463 "-" "WordPress/6.8.6; https://bitcoinslots.info"
192.145.236.177 - - [24/Jul/2026:06:09:31 -0700] "POST /wp-admin/admin-ajax.php?action=async_litespeed&nonce=1v5u8tn8D3t6xTn6LVdGvQ0mvvykGKFC&litespeed_type=imgoptm HTTP/1.1" 200 463 "-" "WordPress/6.8.6; https://bitcoinslots.info"
192.145.236.177 - - [24/Jul/2026:06:10:26 -0700] "POST /wp-admin/admin-ajax.php?action=async_litespeed&nonce=erCW9SSQMD9Ho9LgbSq0MeHOTJXZYHN3&litespeed_type=imgoptm HTTP/1.1" 200 463 "-" "WordPress/6.8.6; https://bitcoinslots.info"
192.145.236.177 - - [24/Jul/2026:06:20:48 -0700] "POST /wp-cron.php?doing_wp_cron=1784899248.6087269783020019531250 HTTP/1.1" 200 - "-" "WordPress/6.8.6; https://bitcoinslots.info"
74.7.241.45 - - [24/Jul/2026:06:20:48 -0700] "GET /sitemap_index.xml HTTP/1.1" 200 1376 "-" "Mozilla/5.0 AppleWebKit/537.36 (KHTML, like Gecko; compatible; GPTBot/1.4; +https://openai.com/gptbot)"
192.145.236.177 - - [24/Jul/2026:06:20:49 -0700] "POST /wp-admin/admin-ajax.php?action=async_litespeed&nonce=vjXE8ocwtZ06vKMtpE1IkSIUpZKl7cwp&litespeed_type=imgoptm HTTP/1.1" 200 463 "-" "WordPress/6.8.6; https://bitcoinslots.info"
5.230.133.223 - - [24/Jul/2026:06:24:00 -0700] "POST /wp-editor.php HTTP/1.1" 200 45683 "-" "Mozilla/5.0 (Windows NT 10.0; Win64; x64) AppleWebKit/537.36 (KHTML, like Gecko) Chrome/127.0.0.0 Safari/537.36"
107.174.169.100 - - [24/Jul/2026:06:24:01 -0700] "POST /wp-editor.php HTTP/1.1" 200 46704 "-" "Mozilla/5.0 (Windows NT 10.0; Win64; x64) AppleWebKit/537.36 (KHTML, like Gecko) Chrome/127.0.0.0 Safari/537.36"
5.230.153.180 - - [24/Jul/2026:06:24:01 -0700] "POST /.287453747865340.php?to=mobeidat@murban.com HTTP/1.1" 406 300 "-" "Mozilla/5.0 (Windows NT 10.0; Win64; x64) AppleWebKit/537.36 (KHTML, like Gecko) Chrome/127.0.0.0 Safari/537.36"
192.145.236.177 - - [24/Jul/2026:06:28:30 -0700] "POST /wp-cron.php?doing_wp_cron=1784899710.3922080993652343750000 HTTP/1.1" 200 - "-" "WordPress/6.8.6; https://bitcoinslots.info"
205.210.31.14 - - [24/Jul/2026:06:28:29 -0700] "GET / HTTP/1.1" 200 453 "-" "Hello from Palo Alto Networks, find out more about our scans in https://docs-cortex.paloaltonetworks.com/r/1/Cortex-Xpanse/Scanning-activity"
192.145.236.177 - - [24/Jul/2026:06:28:31 -0700] "POST /wp-admin/admin-ajax.php?action=async_litespeed&nonce=uMP2UmwG5I6SgR5QpbqfkPtVnsJnQ1W6&litespeed_type=imgoptm HTTP/1.1" 200 463 "-" "WordPress/6.8.6; https://bitcoinslots.info"
192.145.236.177 - - [24/Jul/2026:06:32:40 -0700] "POST /wp-admin/admin-ajax.php?action=async_litespeed&nonce=b0faY2DmPs7sf0e0AzF3e1fDeXJe2vZQ&litespeed_type=imgoptm HTTP/1.1" 200 463 "-" "WordPress/6.8.6; https://bitcoinslots.info"
192.145.236.177 - - [24/Jul/2026:06:34:04 -0700] "POST /wp-admin/admin-ajax.php?action=async_litespeed&nonce=Dl7Fu5qv7zlFfg8nYXrl18ZmOTiiZnnL&litespeed_type=imgoptm HTTP/1.1" 200 463 "-" "WordPress/6.8.6; https://bitcoinslots.info"
192.145.236.177 - - [24/Jul/2026:06:42:49 -0700] "POST /wp-cron.php?doing_wp_cron=1784900569.6142261028289794921875 HTTP/1.1" 200 - "-" "WordPress/6.8.6; https://bitcoinslots.info"
138.246.253.24 - - [24/Jul/2026:06:42:49 -0700] "GET /robots.txt HTTP/1.1" 200 729 "-" "Mozilla/5.0 (Windows NT 10.0; Win64; x64) AppleWebKit/537.36 (KHTML, like Gecko) Chrome/103.0.5060.134 Safari/537.36"
192.145.236.177 - - [24/Jul/2026:06:42:50 -0700] "POST /wp-admin/admin-ajax.php?action=async_litespeed&nonce=q6FM3LXe4f8qzwXaduf5mKd0HYyP5iyI&litespeed_type=imgoptm HTTP/1.1" 200 463 "-" "WordPress/6.8.6; https://bitcoinslots.info"
192.145.236.177 - - [24/Jul/2026:06:48:04 -0700] "POST /wp-cron.php?doing_wp_cron=1784900884.4492700099945068359375 HTTP/1.1" 200 - "-" "WordPress/6.8.6; https://bitcoinslots.info"
148.113.202.253 - - [24/Jul/2026:06:48:03 -0700] "HEAD / HTTP/1.1" 200 - "-" "Mozilla/5.0 (Windows NT 10.0; Win64; x64) AppleWebKit/537.36 (KHTML, like Gecko) Chrome/124.0.0.0 Safari/537.36"
192.145.236.177 - - [24/Jul/2026:06:48:05 -0700] "POST /wp-admin/admin-ajax.php?action=async_litespeed&nonce=yO63tcfrbRuZJq6weTbnHMZ7PghDd87g&litespeed_type=imgoptm HTTP/1.1" 200 463 "-" "WordPress/6.8.6; https://bitcoinslots.info"
192.145.236.177 - - [24/Jul/2026:06:50:28 -0700] "POST /wp-cron.php?doing_wp_cron=1784901027.9837820529937744140625 HTTP/1.1" 200 - "-" "WordPress/6.8.6; https://bitcoinslots.info"
106.201.126.199 - - [24/Jul/2026:06:50:27 -0700] "POST /xmlrpc.php HTTP/1.1" 200 856 "-" "Jetpack by WordPress.com"
192.145.236.177 - - [24/Jul/2026:06:50:28 -0700] "POST /wp-admin/admin-ajax.php?action=async_litespeed&nonce=v0Cu3SBe6hkBnb1RncBn8pGDHU18YHTt&litespeed_type=imgoptm HTTP/1.1" 200 463 "-" "WordPress/6.8.6; https://bitcoinslots.info"
192.145.236.177 - - [24/Jul/2026:06:50:38 -0700] "POST /wp-cron.php?doing_wp_cron=1784901038.1813681125640869140625 HTTP/1.1" 200 - "-" "WordPress/6.8.6; https://bitcoinslots.info"
106.201.126.199 - - [24/Jul/2026:06:50:37 -0700] "POST /xmlrpc.php HTTP/1.1" 200 856 "-" "Jetpack by WordPress.com"
192.145.236.177 - - [24/Jul/2026:06:50:38 -0700] "POST /wp-admin/admin-ajax.php?action=async_litespeed&nonce=y01Y8260OGd784rVUHc0dcDFXXujYskU&litespeed_type=imgoptm HTTP/1.1" 200 463 "-" "WordPress/6.8.6; https://bitcoinslots.info"
106.201.126.199 - - [24/Jul/2026:06:50:48 -0700] "POST /xmlrpc.php HTTP/1.1" 200 856 "-" "WordPress.com; https://wordpress.com"
192.145.236.177 - - [24/Jul/2026:06:50:58 -0700] "POST /wp-cron.php?doing_wp_cron=1784901058.9602079391479492187500 HTTP/1.1" 200 - "-" "WordPress/6.8.6; https://bitcoinslots.info"
106.201.126.199 - - [24/Jul/2026:06:50:58 -0700] "POST /xmlrpc.php HTTP/1.1" 200 856 "-" "Jetpack by WordPress.com (Jetpack 12.1; WordPress 6.1)"
106.201.126.199 - - [24/Jul/2026:06:51:09 -0700] "POST /xmlrpc.php HTTP/1.1" 200 856 "-" "Jetpack by WordPress.com (Jetpack 12.5; WordPress 6.2)"
106.201.126.199 - - [24/Jul/2026:06:51:19 -0700] "POST /xmlrpc.php HTTP/1.1" 200 856 "-" "WordPress.com; https://wordpress.com"
106.201.126.199 - - [24/Jul/2026:06:51:30 -0700] "POST /xmlrpc.php HTTP/1.1" 200 856 "-" "Jetpack by WordPress.com"
192.145.236.177 - - [24/Jul/2026:06:51:41 -0700] "POST /wp-cron.php?doing_wp_cron=1784901101.2686409950256347656250 HTTP/1.1" 200 - "-" "WordPress/6.8.6; https://bitcoinslots.info"
106.201.126.199 - - [24/Jul/2026:06:51:40 -0700] "POST /xmlrpc.php HTTP/1.1" 200 856 "-" "WordPress.com; https://wordpress.com"
192.145.236.177 - - [24/Jul/2026:06:51:41 -0700] "POST /wp-admin/admin-ajax.php?action=async_litespeed&nonce=mAOhRBC3cLq151hH6BwtzvYSb3xraVCh&litespeed_type=imgoptm HTTP/1.1" 200 463 "-" "WordPress/6.8.6; https://bitcoinslots.info"
192.145.236.177 - - [24/Jul/2026:06:51:51 -0700] "POST /wp-cron.php?doing_wp_cron=1784901111.7813489437103271484375 HTTP/1.1" 200 - "-" "WordPress/6.8.6; https://bitcoinslots.info"
106.201.126.199 - - [24/Jul/2026:06:51:51 -0700] "POST /xmlrpc.php HTTP/1.1" 200 856 "-" "WordPress.com; https://wordpress.com"
106.201.126.199 - - [24/Jul/2026:06:52:01 -0700] "POST /xmlrpc.php HTTP/1.1" 200 856 "-" "Jetpack by WordPress.com"
106.201.126.199 - - [24/Jul/2026:06:52:12 -0700] "POST /xmlrpc.php HTTP/1.1" 200 856 "-" "Jetpack by WordPress.com (Jetpack 13.0; WordPress 6.1)"
106.201.126.199 - - [24/Jul/2026:06:52:25 -0700] "POST /xmlrpc.php HTTP/1.1" 200 856 "-" "WordPress.com; https://wordpress.com"
106.201.126.199 - - [24/Jul/2026:06:52:33 -0700] "POST /xmlrpc.php HTTP/1.1" 200 856 "-" "Jetpack by WordPress.com"
192.145.236.177 - - [24/Jul/2026:06:52:44 -0700] "POST /wp-cron.php?doing_wp_cron=1784901164.1837620735168457031250 HTTP/1.1" 200 - "-" "WordPress/6.8.6; https://bitcoinslots.info"
106.201.126.199 - - [24/Jul/2026:06:52:43 -0700] "POST /xmlrpc.php HTTP/1.1" 200 856 "-" "Jetpack/13.0; WordPress/6.4; http://site33920301.com"
192.145.236.177 - - [24/Jul/2026:06:52:44 -0700] "POST /wp-admin/admin-ajax.php?action=async_litespeed&nonce=kxtPrec71uh7p0m4WRMbTFdJAg042EtG&litespeed_type=imgoptm HTTP/1.1" 200 463 "-" "WordPress/6.8.6; https://bitcoinslots.info"
192.145.236.177 - - [24/Jul/2026:06:52:54 -0700] "POST /wp-cron.php?doing_wp_cron=1784901174.7050828933715820312500 HTTP/1.1" 200 - "-" "WordPress/6.8.6; https://bitcoinslots.info"
106.201.126.199 - - [24/Jul/2026:06:52:54 -0700] "POST /xmlrpc.php HTTP/1.1" 200 856 "-" "Jetpack by WordPress.com"
106.201.126.199 - - [24/Jul/2026:06:53:04 -0700] "POST /xmlrpc.php HTTP/1.1" 200 856 "-" "WordPress.com; https://wordpress.com"
106.201.126.199 - - [24/Jul/2026:06:53:15 -0700] "POST /xmlrpc.php HTTP/1.1" 200 856 "-" "Jetpack/12.0; WordPress/6.3; http://site55904882.com"
106.201.126.199 - - [24/Jul/2026:06:53:26 -0700] "POST /xmlrpc.php HTTP/1.1" 200 856 "-" "Jetpack by WordPress.com"
192.145.236.177 - - [24/Jul/2026:06:53:36 -0700] "POST /wp-cron.php?doing_wp_cron=1784901216.7597019672393798828125 HTTP/1.1" 200 - "-" "WordPress/6.8.6; https://bitcoinslots.info"
106.201.126.199 - - [24/Jul/2026:06:53:36 -0700] "POST /xmlrpc.php HTTP/1.1" 200 856 "-" "Jetpack/13.0; WordPress/6.2; http://site25215934.com"
192.145.236.177 - - [24/Jul/2026:06:53:37 -0700] "POST /wp-admin/admin-ajax.php?action=async_litespeed&nonce=H8WU2Fc6310r23Ts6UWUhNtME62PS7FI&litespeed_type=imgoptm HTTP/1.1" 200 463 "-" "WordPress/6.8.6; https://bitcoinslots.info"
106.201.126.199 - - [24/Jul/2026:06:53:47 -0700] "POST /xmlrpc.php HTTP/1.1" 200 856 "-" "Jetpack by WordPress.com"
192.145.236.177 - - [24/Jul/2026:06:53:58 -0700] "POST /wp-cron.php?doing_wp_cron=1784901238.7062029838562011718750 HTTP/1.1" 200 - "-" "WordPress/6.8.6; https://bitcoinslots.info"
106.201.126.199 - - [24/Jul/2026:06:53:58 -0700] "POST /xmlrpc.php HTTP/1.1" 200 856 "-" "Jetpack by WordPress.com"
106.201.126.199 - - [24/Jul/2026:06:54:07 -0700] "POST /xmlrpc.php HTTP/1.1" 200 856 "-" "Jetpack/12.5; WordPress/6.1; http://site83010227.com"
106.201.126.199 - - [24/Jul/2026:06:54:18 -0700] "POST /xmlrpc.php HTTP/1.1" 200 856 "-" "Jetpack/12.1; WordPress/6.4; http://site24599996.com"
106.201.126.199 - - [24/Jul/2026:06:54:28 -0700] "POST /xmlrpc.php HTTP/1.1" 200 856 "-" "Jetpack by WordPress.com (Jetpack 12.0; WordPress 6.4)"
192.145.236.177 - - [24/Jul/2026:06:54:40 -0700] "POST /wp-cron.php?doing_wp_cron=1784901280.0093939304351806640625 HTTP/1.1" 200 - "-" "WordPress/6.8.6; https://bitcoinslots.info"
106.201.126.199 - - [24/Jul/2026:06:54:39 -0700] "POST /xmlrpc.php HTTP/1.1" 200 856 "-" "Jetpack by WordPress.com"
192.145.236.177 - - [24/Jul/2026:06:54:40 -0700] "POST /wp-admin/admin-ajax.php?action=async_litespeed&nonce=PnrZtSH4KyIRqYTpBxiEWvEESLOTq6Bz&litespeed_type=imgoptm HTTP/1.1" 200 463 "-" "WordPress/6.8.6; https://bitcoinslots.info"
106.201.126.199 - - [24/Jul/2026:06:54:50 -0700] "POST /xmlrpc.php HTTP/1.1" 200 856 "-" "Jetpack by WordPress.com (Jetpack 12.0; WordPress 6.1)"
192.145.236.177 - - [24/Jul/2026:06:55:01 -0700] "POST /wp-cron.php?doing_wp_cron=1784901301.1068320274353027343750 HTTP/1.1" 200 - "-" "WordPress/6.8.6; https://bitcoinslots.info"
106.201.126.199 - - [24/Jul/2026:06:55:00 -0700] "POST /xmlrpc.php HTTP/1.1" 200 856 "-" "Jetpack/13.0; WordPress/6.1; http://site61096538.com"
106.201.126.199 - - [24/Jul/2026:06:55:12 -0700] "POST /xmlrpc.php HTTP/1.1" 406 300 "-" "WordPress.com; https://wordpress.com"
106.201.126.199 - - [24/Jul/2026:06:55:21 -0700] "POST /xmlrpc.php HTTP/1.1" 200 856 "-" "Jetpack by WordPress.com (Jetpack 13.0; WordPress 6.4)"
114.119.129.36 - - [24/Jul/2026:06:55:22 -0700] "GET /testimonial/difficult-to-get-stolen HTTP/1.1" 200 453 "https://bitcoinslots.info/testimonial/difficult-to-get-stolen" "Mozilla/5.0 (Linux; Android 7.0;) AppleWebKit/537.36 (HTML, like Gecko) Mobile Safari/537.36 (compatible; PetalBot;+https://webmaster.petalsearch.com/site/petalbot)"
106.201.126.199 - - [24/Jul/2026:06:55:32 -0700] "POST /xmlrpc.php HTTP/1.1" 406 300 "-" "WordPress.com; https://wordpress.com"
192.145.236.177 - - [24/Jul/2026:06:55:43 -0700] "POST /wp-cron.php?doing_wp_cron=1784901343.0670459270477294921875 HTTP/1.1" 200 - "-" "WordPress/6.8.6; https://bitcoinslots.info"
106.201.126.199 - - [24/Jul/2026:06:55:42 -0700] "POST /xmlrpc.php HTTP/1.1" 200 856 "-" "Jetpack by WordPress.com"
192.145.236.177 - - [24/Jul/2026:06:55:43 -0700] "POST /wp-admin/admin-ajax.php?action=async_litespeed&nonce=Dso26hMshFo1hPpIHiluhG9Kt6j5oqwP&litespeed_type=imgoptm HTTP/1.1" 200 463 "-" "WordPress/6.8.6; https://bitcoinslots.info"
192.145.236.177 - - [24/Jul/2026:06:55:53 -0700] "POST /wp-cron.php?doing_wp_cron=1784901353.5250411033630371093750 HTTP/1.1" 200 - "-" "WordPress/6.8.6; https://bitcoinslots.info"
106.201.126.199 - - [24/Jul/2026:06:55:53 -0700] "POST /xmlrpc.php HTTP/1.1" 200 856 "-" "Jetpack by WordPress.com (Jetpack 13.0; WordPress 6.4)"
106.201.126.199 - - [24/Jul/2026:06:56:03 -0700] "POST /xmlrpc.php HTTP/1.1" 200 856 "-" "Jetpack by WordPress.com"
106.201.126.199 - - [24/Jul/2026:06:56:14 -0700] "POST /xmlrpc.php HTTP/1.1" 200 856 "-" "Jetpack by WordPress.com (Jetpack 13.0; WordPress 6.1)"
77.83.200.169 - - [24/Jul/2026:06:56:20 -0700] "GET /wp-login.php HTTP/1.1" 200 7333 "https://duckduckgo.com/" "Mozilla/5.0 (Macintosh; Intel Mac OS X 13_6_1; rv:121.0) Gecko/20100101 Firefox/121.0"
77.83.200.169 - - [24/Jul/2026:06:56:21 -0700] "GET /?author=1 HTTP/1.1" 200 453 "https://www.google.com/" "Mozilla/5.0 (Macintosh; Intel Mac OS X 10_15_7) AppleWebKit/605.1.15 (KHTML, like Gecko) Version/16.6 Safari/605.1.15"
77.83.200.169 - - [24/Jul/2026:06:56:22 -0700] "GET /?author=2 HTTP/1.1" 200 58567 "https://www.bing.com/" "Mozilla/5.0 (Macintosh; Intel Mac OS X 13_6_1; rv:119.0) Gecko/20100101 Firefox/119.0"
77.83.200.169 - - [24/Jul/2026:06:56:23 -0700] "GET /?author=3 HTTP/1.1" 200 58567 "https://www.bing.com/" "Mozilla/5.0 (Macintosh; Intel Mac OS X 10_15_7) AppleWebKit/605.1.15 (KHTML, like Gecko) Version/16.6 Safari/605.1.15"
77.83.200.169 - - [24/Jul/2026:06:56:24 -0700] "GET /?author=4 HTTP/1.1" 200 58567 "https://www.facebook.com/" "Mozilla/5.0 (Macintosh; Intel Mac OS X 13_6_1) AppleWebKit/605.1.15 (KHTML, like Gecko) Version/17.2 Safari/605.1.15"
106.201.126.199 - - [24/Jul/2026:06:56:24 -0700] "POST /xmlrpc.php HTTP/1.1" 200 856 "-" "Jetpack by WordPress.com"
77.83.200.169 - - [24/Jul/2026:06:56:25 -0700] "GET /?author=5 HTTP/1.1" 200 58567 "-" "Mozilla/5.0 (Macintosh; Intel Mac OS X 10_15_7) AppleWebKit/605.1.15 (KHTML, like Gecko) Version/17.1 Safari/605.1.15"
77.83.200.169 - - [24/Jul/2026:06:56:26 -0700] "GET /wp-json/wp/v2/users HTTP/1.1" 200 6202 "https://www.google.com/search?q=wordpress" "Mozilla/5.0 (Windows NT 10.0; Win64; x64; rv:118.0) Gecko/20100101 Firefox/118.0"
77.83.200.169 - - [24/Jul/2026:06:56:26 -0700] "POST /wp-login.php HTTP/1.1" 200 7333 "https://bitcoinslots.info/wp-login.php" "Mozilla/5.0 (Windows NT 11.0; Win64; x64) AppleWebKit/537.36 (KHTML, like Gecko) Chrome/120.0.0.0 Safari/537.36"
77.83.200.169 - - [24/Jul/2026:06:56:27 -0700] "GET /wp-admin/index.php HTTP/1.1" 200 462 "https://bitcoinslots.info/wp-login.php" "Mozilla/5.0 (Macintosh; Intel Mac OS X 13_6_1) AppleWebKit/605.1.15 (KHTML, like Gecko) Version/17.1 Safari/605.1.15"
77.83.200.169 - - [24/Jul/2026:06:56:28 -0700] "GET /wp-admin/profile.php HTTP/1.1" 200 462 "https://bitcoinslots.info/wp-login.php" "Mozilla/5.0 (Macintosh; Intel Mac OS X 13_6_1) AppleWebKit/605.1.15 (KHTML, like Gecko) Version/17.1 Safari/605.1.15"
77.83.200.169 - - [24/Jul/2026:06:56:28 -0700] "GET /wp-admin/edit.php HTTP/1.1" 200 462 "https://bitcoinslots.info/wp-login.php" "Mozilla/5.0 (Macintosh; Intel Mac OS X 13_6_1) AppleWebKit/605.1.15 (KHTML, like Gecko) Version/17.1 Safari/605.1.15"
77.83.200.169 - - [24/Jul/2026:06:56:29 -0700] "GET /wp-admin/plugins.php HTTP/1.1" 200 462 "https://bitcoinslots.info/wp-login.php" "Mozilla/5.0 (Macintosh; Intel Mac OS X 13_6_1) AppleWebKit/605.1.15 (KHTML, like Gecko) Version/17.1 Safari/605.1.15"
77.83.200.169 - - [24/Jul/2026:06:56:30 -0700] "POST /wp-login.php HTTP/1.1" 200 7333 "https://bitcoinslots.info/wp-login.php" "Mozilla/5.0 (Macintosh; Intel Mac OS X 13_6_1) AppleWebKit/605.1.15 (KHTML, like Gecko) Version/16.6 Safari/605.1.15"
77.83.200.169 - - [24/Jul/2026:06:56:30 -0700] "GET /wp-admin/index.php HTTP/1.1" 200 462 "https://bitcoinslots.info/wp-login.php" "Mozilla/5.0 (Macintosh; Intel Mac OS X 10_15_7; rv:119.0) Gecko/20100101 Firefox/119.0"
77.83.200.169 - - [24/Jul/2026:06:56:31 -0700] "GET /wp-admin/profile.php HTTP/1.1" 200 462 "https://bitcoinslots.info/wp-login.php" "Mozilla/5.0 (Macintosh; Intel Mac OS X 10_15_7; rv:119.0) Gecko/20100101 Firefox/119.0"
77.83.200.169 - - [24/Jul/2026:06:56:32 -0700] "GET /wp-admin/edit.php HTTP/1.1" 200 462 "https://bitcoinslots.info/wp-login.php" "Mozilla/5.0 (Macintosh; Intel Mac OS X 10_15_7; rv:119.0) Gecko/20100101 Firefox/119.0"
77.83.200.169 - - [24/Jul/2026:06:56:33 -0700] "GET /wp-admin/plugins.php HTTP/1.1" 200 462 "https://bitcoinslots.info/wp-login.php" "Mozilla/5.0 (Macintosh; Intel Mac OS X 10_15_7; rv:119.0) Gecko/20100101 Firefox/119.0"
192.145.236.177 - - [24/Jul/2026:06:56:35 -0700] "POST /wp-cron.php?doing_wp_cron=1784901395.0870521068572998046875 HTTP/1.1" 200 - "-" "WordPress/6.8.6; https://bitcoinslots.info"
77.83.200.169 - - [24/Jul/2026:06:56:34 -0700] "POST /wp-login.php HTTP/1.1" 200 7333 "https://bitcoinslots.info/wp-login.php" "Mozilla/5.0 (Windows NT 11.0; Win64; x64) AppleWebKit/537.36 (KHTML, like Gecko) Chrome/118.0.0.0 Safari/537.36"
106.201.126.199 - - [24/Jul/2026:06:56:35 -0700] "POST /xmlrpc.php HTTP/1.1" 200 856 "-" "Jetpack by WordPress.com (Jetpack 12.5; WordPress 6.4)"
77.83.200.169 - - [24/Jul/2026:06:56:35 -0700] "GET /wp-admin/index.php HTTP/1.1" 200 462 "https://bitcoinslots.info/wp-login.php" "Mozilla/5.0 (Macintosh; Intel Mac OS X 13_6_1; rv:118.0) Gecko/20100101 Firefox/118.0"
192.145.236.177 - - [24/Jul/2026:06:56:35 -0700] "POST /wp-admin/admin-ajax.php?action=async_litespeed&nonce=a78DPjoPXfuYVCROQvrzxpRalVyqDiaO&litespeed_type=imgoptm HTTP/1.1" 200 463 "-" "WordPress/6.8.6; https://bitcoinslots.info"
77.83.200.169 - - [24/Jul/2026:06:56:36 -0700] "GET /wp-admin/profile.php HTTP/1.1" 200 462 "https://bitcoinslots.info/wp-login.php" "Mozilla/5.0 (Macintosh; Intel Mac OS X 13_6_1; rv:118.0) Gecko/20100101 Firefox/118.0"
77.83.200.169 - - [24/Jul/2026:06:56:37 -0700] "GET /wp-admin/edit.php HTTP/1.1" 200 462 "https://bitcoinslots.info/wp-login.php" "Mozilla/5.0 (Macintosh; Intel Mac OS X 13_6_1; rv:118.0) Gecko/20100101 Firefox/118.0"
77.83.200.169 - - [24/Jul/2026:06:56:38 -0700] "GET /wp-admin/plugins.php HTTP/1.1" 200 462 "https://bitcoinslots.info/wp-login.php" "Mozilla/5.0 (Macintosh; Intel Mac OS X 13_6_1; rv:118.0) Gecko/20100101 Firefox/118.0"
77.83.200.169 - - [24/Jul/2026:06:56:39 -0700] "POST /wp-login.php HTTP/1.1" 200 7333 "https://bitcoinslots.info/wp-login.php" "Mozilla/5.0 (Macintosh; Intel Mac OS X 10_15_7) AppleWebKit/537.36 (KHTML, like Gecko) Chrome/119.0.0.0 Safari/537.36"
77.83.200.169 - - [24/Jul/2026:06:56:40 -0700] "GET /wp-admin/index.php HTTP/1.1" 200 462 "https://bitcoinslots.info/wp-login.php" "Mozilla/5.0 (Windows NT 10.0; Win64; x64) AppleWebKit/537.36 (KHTML, like Gecko) Chrome/120.0.0.0 Safari/537.36"
192.145.236.177 - - [24/Jul/2026:06:56:42 -0700] "POST /wp-cron.php?doing_wp_cron=1784901402.6461849212646484375000 HTTP/1.1" 200 - "-" "WordPress/6.8.6; https://bitcoinslots.info"
77.83.200.169 - - [24/Jul/2026:06:56:41 -0700] "GET /wp-admin/profile.php HTTP/1.1" 200 462 "https://bitcoinslots.info/wp-login.php" "Mozilla/5.0 (Windows NT 10.0; Win64; x64) AppleWebKit/537.36 (KHTML, like Gecko) Chrome/120.0.0.0 Safari/537.36"
77.83.200.169 - - [24/Jul/2026:06:56:42 -0700] "GET /wp-admin/edit.php HTTP/1.1" 200 462 "https://bitcoinslots.info/wp-login.php" "Mozilla/5.0 (Windows NT 10.0; Win64; x64) AppleWebKit/537.36 (KHTML, like Gecko) Chrome/120.0.0.0 Safari/537.36"
77.83.200.169 - - [24/Jul/2026:06:56:43 -0700] "GET /wp-admin/plugins.php HTTP/1.1" 200 462 "https://bitcoinslots.info/wp-login.php" "Mozilla/5.0 (Windows NT 10.0; Win64; x64) AppleWebKit/537.36 (KHTML, like Gecko) Chrome/120.0.0.0 Safari/537.36"
77.83.200.169 - - [24/Jul/2026:06:56:44 -0700] "POST /wp-login.php HTTP/1.1" 200 7333 "https://bitcoinslots.info/wp-login.php" "Mozilla/5.0 (Windows NT 11.0; Win64; x64; rv:120.0) Gecko/20100101 Firefox/120.0"
77.83.200.169 - - [24/Jul/2026:06:56:45 -0700] "GET /wp-admin/index.php HTTP/1.1" 200 462 "https://bitcoinslots.info/wp-login.php" "Mozilla/5.0 (Macintosh; Intel Mac OS X 13_6_1; rv:120.0) Gecko/20100101 Firefox/120.0"
106.201.126.199 - - [24/Jul/2026:06:56:45 -0700] "POST /xmlrpc.php HTTP/1.1" 200 856 "-" "Jetpack/12.5; WordPress/6.4; http://site30309126.com"
77.83.200.169 - - [24/Jul/2026:06:56:46 -0700] "GET /wp-admin/profile.php HTTP/1.1" 200 462 "https://bitcoinslots.info/wp-login.php" "Mozilla/5.0 (Macintosh; Intel Mac OS X 13_6_1; rv:120.0) Gecko/20100101 Firefox/120.0"
77.83.200.169 - - [24/Jul/2026:06:56:47 -0700] "GET /wp-admin/edit.php HTTP/1.1" 200 462 "https://bitcoinslots.info/wp-login.php" "Mozilla/5.0 (Macintosh; Intel Mac OS X 13_6_1; rv:120.0) Gecko/20100101 Firefox/120.0"
77.83.200.169 - - [24/Jul/2026:06:56:48 -0700] "GET /wp-admin/plugins.php HTTP/1.1" 200 462 "https://bitcoinslots.info/wp-login.php" "Mozilla/5.0 (Macintosh; Intel Mac OS X 13_6_1; rv:120.0) Gecko/20100101 Firefox/120.0"
77.83.200.169 - - [24/Jul/2026:06:56:49 -0700] "POST /wp-login.php HTTP/1.1" 200 7333 "https://bitcoinslots.info/wp-login.php" "Mozilla/5.0 (Windows NT 11.0; Win64; x64) AppleWebKit/537.36 (KHTML, like Gecko) Chrome/118.0.0.0 Safari/537.36"
77.83.200.169 - - [24/Jul/2026:06:56:50 -0700] "GET /wp-admin/index.php HTTP/1.1" 200 462 "https://bitcoinslots.info/wp-login.php" "Mozilla/5.0 (Macintosh; Intel Mac OS X 10_15_7) AppleWebKit/605.1.15 (KHTML, like Gecko) Version/17.1 Safari/605.1.15"
192.145.236.177 - - [24/Jul/2026:06:56:51 -0700] "POST /wp-cron.php?doing_wp_cron=1784901411.8156518936157226562500 HTTP/1.1" 200 - "-" "WordPress/6.8.6; https://bitcoinslots.info"
77.83.200.169 - - [24/Jul/2026:06:56:51 -0700] "GET /wp-admin/profile.php HTTP/1.1" 200 462 "https://bitcoinslots.info/wp-login.php" "Mozilla/5.0 (Macintosh; Intel Mac OS X 10_15_7) AppleWebKit/605.1.15 (KHTML, like Gecko) Version/17.1 Safari/605.1.15"
77.83.200.169 - - [24/Jul/2026:06:56:52 -0700] "GET /wp-admin/edit.php HTTP/1.1" 200 462 "https://bitcoinslots.info/wp-login.php" "Mozilla/5.0 (Macintosh; Intel Mac OS X 10_15_7) AppleWebKit/605.1.15 (KHTML, like Gecko) Version/17.1 Safari/605.1.15"
77.83.200.169 - - [24/Jul/2026:06:56:52 -0700] "GET /wp-admin/plugins.php HTTP/1.1" 200 462 "https://bitcoinslots.info/wp-login.php" "Mozilla/5.0 (Macintosh; Intel Mac OS X 10_15_7) AppleWebKit/605.1.15 (KHTML, like Gecko) Version/17.1 Safari/605.1.15"
77.83.200.169 - - [24/Jul/2026:06:56:53 -0700] "POST /wp-login.php HTTP/1.1" 200 7333 "https://bitcoinslots.info/wp-login.php" "Mozilla/5.0 (Macintosh; Intel Mac OS X 13_6_1; rv:121.0) Gecko/20100101 Firefox/121.0"
77.83.200.169 - - [24/Jul/2026:06:56:54 -0700] "GET /wp-admin/index.php HTTP/1.1" 200 462 "https://bitcoinslots.info/wp-login.php" "Mozilla/5.0 (X11; Ubuntu; Linux x86_64) AppleWebKit/537.36 (KHTML, like Gecko) Chrome/119.0.0.0 Safari/537.36"
77.83.200.169 - - [24/Jul/2026:06:56:55 -0700] "GET /wp-admin/profile.php HTTP/1.1" 200 462 "https://bitcoinslots.info/wp-login.php" "Mozilla/5.0 (X11; Ubuntu; Linux x86_64) AppleWebKit/537.36 (KHTML, like Gecko) Chrome/119.0.0.0 Safari/537.36"
106.201.126.199 - - [24/Jul/2026:06:56:56 -0700] "POST /xmlrpc.php HTTP/1.1" 406 300 "-" "WordPress.com; https://wordpress.com"
77.83.200.169 - - [24/Jul/2026:06:56:56 -0700] "GET /wp-admin/edit.php HTTP/1.1" 200 462 "https://bitcoinslots.info/wp-login.php" "Mozilla/5.0 (X11; Ubuntu; Linux x86_64) AppleWebKit/537.36 (KHTML, like Gecko) Chrome/119.0.0.0 Safari/537.36"
77.83.200.169 - - [24/Jul/2026:06:56:56 -0700] "GET /wp-admin/plugins.php HTTP/1.1" 200 462 "https://bitcoinslots.info/wp-login.php" "Mozilla/5.0 (X11; Ubuntu; Linux x86_64) AppleWebKit/537.36 (KHTML, like Gecko) Chrome/119.0.0.0 Safari/537.36"
77.83.200.169 - - [24/Jul/2026:06:56:57 -0700] "POST /wp-login.php HTTP/1.1" 200 7333 "https://bitcoinslots.info/wp-login.php" "Mozilla/5.0 (Macintosh; Intel Mac OS X 10_15_7; rv:119.0) Gecko/20100101 Firefox/119.0"
77.83.200.169 - - [24/Jul/2026:06:56:58 -0700] "GET /wp-admin/index.php HTTP/1.1" 200 462 "https://bitcoinslots.info/wp-login.php" "Mozilla/5.0 (Macintosh; Intel Mac OS X 13_6_1) AppleWebKit/537.36 (KHTML, like Gecko) Chrome/118.0.0.0 Safari/537.36"
77.83.200.169 - - [24/Jul/2026:06:56:58 -0700] "GET /wp-admin/profile.php HTTP/1.1" 200 462 "https://bitcoinslots.info/wp-login.php" "Mozilla/5.0 (Macintosh; Intel Mac OS X 13_6_1) AppleWebKit/537.36 (KHTML, like Gecko) Chrome/118.0.0.0 Safari/537.36"
77.83.200.169 - - [24/Jul/2026:06:56:59 -0700] "GET /wp-admin/edit.php HTTP/1.1" 200 462 "https://bitcoinslots.info/wp-login.php" "Mozilla/5.0 (Macintosh; Intel Mac OS X 13_6_1) AppleWebKit/537.36 (KHTML, like Gecko) Chrome/118.0.0.0 Safari/537.36"
77.83.200.169 - - [24/Jul/2026:06:57:00 -0700] "GET /wp-admin/plugins.php HTTP/1.1" 200 462 "https://bitcoinslots.info/wp-login.php" "Mozilla/5.0 (Macintosh; Intel Mac OS X 13_6_1) AppleWebKit/537.36 (KHTML, like Gecko) Chrome/118.0.0.0 Safari/537.36"
77.83.200.169 - - [24/Jul/2026:06:57:00 -0700] "POST /wp-login.php HTTP/1.1" 200 7333 "https://bitcoinslots.info/wp-login.php" "Mozilla/5.0 (Macintosh; Intel Mac OS X 10_15_7) AppleWebKit/537.36 (KHTML, like Gecko) Chrome/121.0.0.0 Safari/537.36"
77.83.200.169 - - [24/Jul/2026:06:57:01 -0700] "GET /wp-admin/index.php HTTP/1.1" 200 462 "https://bitcoinslots.info/wp-login.php" "Mozilla/5.0 (X11; Ubuntu; Linux x86_64) AppleWebKit/537.36 (KHTML, like Gecko) Chrome/119.0.0.0 Safari/537.36"
77.83.200.169 - - [24/Jul/2026:06:57:02 -0700] "GET /wp-admin/profile.php HTTP/1.1" 200 462 "https://bitcoinslots.info/wp-login.php" "Mozilla/5.0 (X11; Ubuntu; Linux x86_64) AppleWebKit/537.36 (KHTML, like Gecko) Chrome/119.0.0.0 Safari/537.36"
77.83.200.169 - - [24/Jul/2026:06:57:02 -0700] "GET /wp-admin/edit.php HTTP/1.1" 200 462 "https://bitcoinslots.info/wp-login.php" "Mozilla/5.0 (X11; Ubuntu; Linux x86_64) AppleWebKit/537.36 (KHTML, like Gecko) Chrome/119.0.0.0 Safari/537.36"
77.83.200.169 - - [24/Jul/2026:06:57:03 -0700] "GET /wp-admin/plugins.php HTTP/1.1" 200 462 "https://bitcoinslots.info/wp-login.php" "Mozilla/5.0 (X11; Ubuntu; Linux x86_64) AppleWebKit/537.36 (KHTML, like Gecko) Chrome/119.0.0.0 Safari/537.36"
77.83.200.169 - - [24/Jul/2026:06:57:04 -0700] "POST /wp-login.php HTTP/1.1" 200 7333 "https://bitcoinslots.info/wp-login.php" "Mozilla/5.0 (X11; Ubuntu; Linux x86_64) AppleWebKit/537.36 (KHTML, like Gecko) Chrome/119.0.0.0 Safari/537.36"
77.83.200.169 - - [24/Jul/2026:06:57:04 -0700] "GET /wp-admin/index.php HTTP/1.1" 200 462 "https://bitcoinslots.info/wp-login.php" "Mozilla/5.0 (Windows NT 11.0; Win64; x64) AppleWebKit/537.36 (KHTML, like Gecko) Chrome/119.0.0.0 Safari/537.36"
77.83.200.169 - - [24/Jul/2026:06:57:05 -0700] "GET /wp-admin/profile.php HTTP/1.1" 200 462 "https://bitcoinslots.info/wp-login.php" "Mozilla/5.0 (Windows NT 11.0; Win64; x64) AppleWebKit/537.36 (KHTML, like Gecko) Chrome/119.0.0.0 Safari/537.36"
77.83.200.169 - - [24/Jul/2026:06:57:06 -0700] "GET /wp-admin/edit.php HTTP/1.1" 200 462 "https://bitcoinslots.info/wp-login.php" "Mozilla/5.0 (Windows NT 11.0; Win64; x64) AppleWebKit/537.36 (KHTML, like Gecko) Chrome/119.0.0.0 Safari/537.36"
106.201.126.199 - - [24/Jul/2026:06:57:06 -0700] "POST /xmlrpc.php HTTP/1.1" 200 856 "-" "Jetpack/12.5; WordPress/6.2; http://site32058807.com"
77.83.200.169 - - [24/Jul/2026:06:57:09 -0700] "GET /wp-admin/plugins.php HTTP/1.1" 200 462 "https://bitcoinslots.info/wp-login.php" "Mozilla/5.0 (Windows NT 11.0; Win64; x64) AppleWebKit/537.36 (KHTML, like Gecko) Chrome/119.0.0.0 Safari/537.36"
77.83.200.169 - - [24/Jul/2026:06:57:11 -0700] "POST /wp-login.php HTTP/1.1" 200 7333 "https://bitcoinslots.info/wp-login.php" "Mozilla/5.0 (Macintosh; Intel Mac OS X 13_6_1) AppleWebKit/605.1.15 (KHTML, like Gecko) Version/17.1 Safari/605.1.15"
77.83.200.169 - - [24/Jul/2026:06:57:12 -0700] "GET /wp-admin/index.php HTTP/1.1" 200 462 "https://bitcoinslots.info/wp-login.php" "Mozilla/5.0 (Windows NT 11.0; Win64; x64; rv:118.0) Gecko/20100101 Firefox/118.0"
77.83.200.169 - - [24/Jul/2026:06:57:13 -0700] "GET /wp-admin/profile.php HTTP/1.1" 200 462 "https://bitcoinslots.info/wp-login.php" "Mozilla/5.0 (Windows NT 11.0; Win64; x64; rv:118.0) Gecko/20100101 Firefox/118.0"
77.83.200.169 - - [24/Jul/2026:06:57:14 -0700] "GET /wp-admin/edit.php HTTP/1.1" 200 462 "https://bitcoinslots.info/wp-login.php" "Mozilla/5.0 (Windows NT 11.0; Win64; x64; rv:118.0) Gecko/20100101 Firefox/118.0"
77.83.200.169 - - [24/Jul/2026:06:57:15 -0700] "GET /wp-admin/plugins.php HTTP/1.1" 200 462 "https://bitcoinslots.info/wp-login.php" "Mozilla/5.0 (Windows NT 11.0; Win64; x64; rv:118.0) Gecko/20100101 Firefox/118.0"
77.83.200.169 - - [24/Jul/2026:06:57:15 -0700] "POST /wp-login.php HTTP/1.1" 302 259 "https://bitcoinslots.info/wp-login.php" "Mozilla/5.0 (Macintosh; Intel Mac OS X 10_15_7; rv:118.0) Gecko/20100101 Firefox/118.0"
77.83.200.169 - - [24/Jul/2026:06:57:16 -0700] "GET /wp-admin/index.php HTTP/1.1" 200 462 "https://bitcoinslots.info/wp-login.php" "Mozilla/5.0 (Macintosh; Intel Mac OS X 10_15_7; rv:121.0) Gecko/20100101 Firefox/121.0"
77.83.200.169 - - [24/Jul/2026:06:57:16 -0700] "GET /wp-admin/profile.php HTTP/1.1" 200 462 "https://bitcoinslots.info/wp-login.php" "Mozilla/5.0 (Macintosh; Intel Mac OS X 10_15_7; rv:121.0) Gecko/20100101 Firefox/121.0"
77.83.200.169 - - [24/Jul/2026:06:57:17 -0700] "GET /wp-admin/edit.php HTTP/1.1" 200 462 "https://bitcoinslots.info/wp-login.php" "Mozilla/5.0 (Macintosh; Intel Mac OS X 10_15_7; rv:121.0) Gecko/20100101 Firefox/121.0"
106.201.126.199 - - [24/Jul/2026:06:57:17 -0700] "POST /xmlrpc.php HTTP/1.1" 200 856 "-" "Jetpack by WordPress.com (Jetpack 12.5; WordPress 6.3)"
77.83.200.169 - - [24/Jul/2026:06:57:18 -0700] "GET /wp-admin/plugins.php HTTP/1.1" 200 462 "https://bitcoinslots.info/wp-login.php" "Mozilla/5.0 (Macintosh; Intel Mac OS X 10_15_7; rv:121.0) Gecko/20100101 Firefox/121.0"
77.83.200.169 - - [24/Jul/2026:06:57:18 -0700] "POST /wp-login.php HTTP/1.1" 302 259 "https://bitcoinslots.info/wp-login.php" "Mozilla/5.0 (Windows NT 11.0; Win64; x64; rv:118.0) Gecko/20100101 Firefox/118.0"
77.83.200.169 - - [24/Jul/2026:06:57:18 -0700] "GET /wp-admin/index.php HTTP/1.1" 200 462 "https://bitcoinslots.info/wp-login.php" "Mozilla/5.0 (Macintosh; Intel Mac OS X 13_6_1) AppleWebKit/537.36 (KHTML, like Gecko) Chrome/121.0.0.0 Safari/537.36"
77.83.200.169 - - [24/Jul/2026:06:57:19 -0700] "GET /wp-admin/profile.php HTTP/1.1" 200 462 "https://bitcoinslots.info/wp-login.php" "Mozilla/5.0 (Macintosh; Intel Mac OS X 13_6_1) AppleWebKit/537.36 (KHTML, like Gecko) Chrome/121.0.0.0 Safari/537.36"
77.83.200.169 - - [24/Jul/2026:06:57:20 -0700] "GET /wp-admin/edit.php HTTP/1.1" 200 462 "https://bitcoinslots.info/wp-login.php" "Mozilla/5.0 (Macintosh; Intel Mac OS X 13_6_1) AppleWebKit/537.36 (KHTML, like Gecko) Chrome/121.0.0.0 Safari/537.36"
77.83.200.169 - - [24/Jul/2026:06:57:21 -0700] "GET /wp-admin/plugins.php HTTP/1.1" 200 462 "https://bitcoinslots.info/wp-login.php" "Mozilla/5.0 (Macintosh; Intel Mac OS X 13_6_1) AppleWebKit/537.36 (KHTML, like Gecko) Chrome/121.0.0.0 Safari/537.36"
77.83.200.169 - - [24/Jul/2026:06:57:22 -0700] "POST /wp-login.php HTTP/1.1" 302 259 "https://bitcoinslots.info/wp-login.php" "Mozilla/5.0 (Windows NT 11.0; Win64; x64) AppleWebKit/537.36 (KHTML, like Gecko) Chrome/120.0.0.0 Safari/537.36"
77.83.200.169 - - [24/Jul/2026:06:57:22 -0700] "GET /wp-admin/index.php HTTP/1.1" 200 462 "https://bitcoinslots.info/wp-login.php" "Mozilla/5.0 (Macintosh; Intel Mac OS X 10_15_7) AppleWebKit/537.36 (KHTML, like Gecko) Chrome/119.0.0.0 Safari/537.36"
77.83.200.169 - - [24/Jul/2026:06:57:22 -0700] "GET /wp-admin/profile.php HTTP/1.1" 200 462 "https://bitcoinslots.info/wp-login.php" "Mozilla/5.0 (Macintosh; Intel Mac OS X 10_15_7) AppleWebKit/537.36 (KHTML, like Gecko) Chrome/119.0.0.0 Safari/537.36"
77.83.200.169 - - [24/Jul/2026:06:57:23 -0700] "GET /wp-admin/edit.php HTTP/1.1" 200 462 "https://bitcoinslots.info/wp-login.php" "Mozilla/5.0 (Macintosh; Intel Mac OS X 10_15_7) AppleWebKit/537.36 (KHTML, like Gecko) Chrome/119.0.0.0 Safari/537.36"
77.83.200.169 - - [24/Jul/2026:06:57:24 -0700] "GET /wp-admin/plugins.php HTTP/1.1" 200 462 "https://bitcoinslots.info/wp-login.php" "Mozilla/5.0 (Macintosh; Intel Mac OS X 10_15_7) AppleWebKit/537.36 (KHTML, like Gecko) Chrome/119.0.0.0 Safari/537.36"
77.83.200.169 - - [24/Jul/2026:06:57:25 -0700] "POST /wp-login.php HTTP/1.1" 302 259 "https://bitcoinslots.info/wp-login.php" "Mozilla/5.0 (Macintosh; Intel Mac OS X 10_15_7; rv:119.0) Gecko/20100101 Firefox/119.0"
77.83.200.169 - - [24/Jul/2026:06:57:25 -0700] "GET /wp-admin/index.php HTTP/1.1" 200 462 "https://bitcoinslots.info/wp-login.php" "Mozilla/5.0 (Macintosh; Intel Mac OS X 10_15_7) AppleWebKit/537.36 (KHTML, like Gecko) Chrome/120.0.0.0 Safari/537.36"
77.83.200.169 - - [24/Jul/2026:06:57:26 -0700] "GET /wp-admin/profile.php HTTP/1.1" 200 462 "https://bitcoinslots.info/wp-login.php" "Mozilla/5.0 (Macintosh; Intel Mac OS X 10_15_7) AppleWebKit/537.36 (KHTML, like Gecko) Chrome/120.0.0.0 Safari/537.36"
77.83.200.169 - - [24/Jul/2026:06:57:26 -0700] "GET /wp-admin/edit.php HTTP/1.1" 200 462 "https://bitcoinslots.info/wp-login.php" "Mozilla/5.0 (Macintosh; Intel Mac OS X 10_15_7) AppleWebKit/537.36 (KHTML, like Gecko) Chrome/120.0.0.0 Safari/537.36"
77.83.200.169 - - [24/Jul/2026:06:57:27 -0700] "GET /wp-admin/plugins.php HTTP/1.1" 200 462 "https://bitcoinslots.info/wp-login.php" "Mozilla/5.0 (Macintosh; Intel Mac OS X 10_15_7) AppleWebKit/537.36 (KHTML, like Gecko) Chrome/120.0.0.0 Safari/537.36"
106.201.126.199 - - [24/Jul/2026:06:57:27 -0700] "POST /xmlrpc.php HTTP/1.1" 200 856 "-" "Jetpack/12.5; WordPress/6.2; http://site86688935.com"
77.83.200.169 - - [24/Jul/2026:06:57:28 -0700] "POST /wp-login.php HTTP/1.1" 302 259 "https://bitcoinslots.info/wp-login.php" "Mozilla/5.0 (Windows NT 11.0; Win64; x64) AppleWebKit/537.36 (KHTML, like Gecko) Chrome/119.0.0.0 Safari/537.36"
77.83.200.169 - - [24/Jul/2026:06:57:28 -0700] "GET /wp-admin/index.php HTTP/1.1" 200 462 "https://bitcoinslots.info/wp-login.php" "Mozilla/5.0 (Macintosh; Intel Mac OS X 13_6_1; rv:121.0) Gecko/20100101 Firefox/121.0"
77.83.200.169 - - [24/Jul/2026:06:57:29 -0700] "GET /wp-admin/profile.php HTTP/1.1" 200 462 "https://bitcoinslots.info/wp-login.php" "Mozilla/5.0 (Macintosh; Intel Mac OS X 13_6_1; rv:121.0) Gecko/20100101 Firefox/121.0"
77.83.200.169 - - [24/Jul/2026:06:57:30 -0700] "GET /wp-admin/edit.php HTTP/1.1" 200 462 "https://bitcoinslots.info/wp-login.php" "Mozilla/5.0 (Macintosh; Intel Mac OS X 13_6_1; rv:121.0) Gecko/20100101 Firefox/121.0"
77.83.200.169 - - [24/Jul/2026:06:57:30 -0700] "GET /wp-admin/plugins.php HTTP/1.1" 200 462 "https://bitcoinslots.info/wp-login.php" "Mozilla/5.0 (Macintosh; Intel Mac OS X 13_6_1; rv:121.0) Gecko/20100101 Firefox/121.0"
77.83.200.169 - - [24/Jul/2026:06:57:31 -0700] "POST /wp-login.php HTTP/1.1" 302 259 "https://bitcoinslots.info/wp-login.php" "Mozilla/5.0 (Windows NT 10.0; Win64; x64; rv:121.0) Gecko/20100101 Firefox/121.0"
77.83.200.169 - - [24/Jul/2026:06:57:31 -0700] "GET /wp-admin/index.php HTTP/1.1" 200 462 "https://bitcoinslots.info/wp-login.php" "Mozilla/5.0 (Macintosh; Intel Mac OS X 10_15_7) AppleWebKit/605.1.15 (KHTML, like Gecko) Version/17.1 Safari/605.1.15"
77.83.200.169 - - [24/Jul/2026:06:57:32 -0700] "GET /wp-admin/profile.php HTTP/1.1" 200 462 "https://bitcoinslots.info/wp-login.php" "Mozilla/5.0 (Macintosh; Intel Mac OS X 10_15_7) AppleWebKit/605.1.15 (KHTML, like Gecko) Version/17.1 Safari/605.1.15"
77.83.200.169 - - [24/Jul/2026:06:57:33 -0700] "GET /wp-admin/edit.php HTTP/1.1" 200 462 "https://bitcoinslots.info/wp-login.php" "Mozilla/5.0 (Macintosh; Intel Mac OS X 10_15_7) AppleWebKit/605.1.15 (KHTML, like Gecko) Version/17.1 Safari/605.1.15"
77.83.200.169 - - [24/Jul/2026:06:57:34 -0700] "GET /wp-admin/plugins.php HTTP/1.1" 200 462 "https://bitcoinslots.info/wp-login.php" "Mozilla/5.0 (Macintosh; Intel Mac OS X 10_15_7) AppleWebKit/605.1.15 (KHTML, like Gecko) Version/17.1 Safari/605.1.15"
77.83.200.169 - - [24/Jul/2026:06:57:34 -0700] "POST /wp-login.php HTTP/1.1" 302 259 "https://bitcoinslots.info/wp-login.php" "Mozilla/5.0 (Macintosh; Intel Mac OS X 10_15_7) AppleWebKit/605.1.15 (KHTML, like Gecko) Version/17.2 Safari/605.1.15"
192.145.236.177 - - [24/Jul/2026:06:57:35 -0700] "POST /wp-cron.php?doing_wp_cron=1784901455.2623579502105712890625 HTTP/1.1" 200 - "-" "WordPress/6.8.6; https://bitcoinslots.info"
77.83.200.169 - - [24/Jul/2026:06:57:34 -0700] "GET /wp-admin/index.php HTTP/1.1" 200 462 "https://bitcoinslots.info/wp-login.php" "Mozilla/5.0 (Windows NT 11.0; Win64; x64; rv:118.0) Gecko/20100101 Firefox/118.0"
77.83.200.169 - - [24/Jul/2026:06:57:35 -0700] "GET /wp-admin/profile.php HTTP/1.1" 200 462 "https://bitcoinslots.info/wp-login.php" "Mozilla/5.0 (Windows NT 11.0; Win64; x64; rv:118.0) Gecko/20100101 Firefox/118.0"
192.145.236.177 - - [24/Jul/2026:06:57:35 -0700] "POST /wp-admin/admin-ajax.php?action=async_litespeed&nonce=Mp8rf3PkxcJDGlwmnQFWCLBRQB9fNxMZ&litespeed_type=imgoptm HTTP/1.1" 200 463 "-" "WordPress/6.8.6; https://bitcoinslots.info"
77.83.200.169 - - [24/Jul/2026:06:57:36 -0700] "GET /wp-admin/edit.php HTTP/1.1" 200 462 "https://bitcoinslots.info/wp-login.php" "Mozilla/5.0 (Windows NT 11.0; Win64; x64; rv:118.0) Gecko/20100101 Firefox/118.0"
77.83.200.169 - - [24/Jul/2026:06:57:36 -0700] "GET /wp-admin/plugins.php HTTP/1.1" 200 462 "https://bitcoinslots.info/wp-login.php" "Mozilla/5.0 (Windows NT 11.0; Win64; x64; rv:118.0) Gecko/20100101 Firefox/118.0"
77.83.200.169 - - [24/Jul/2026:06:57:37 -0700] "POST /wp-login.php HTTP/1.1" 302 259 "https://bitcoinslots.info/wp-login.php" "Mozilla/5.0 (Macintosh; Intel Mac OS X 10_15_7) AppleWebKit/537.36 (KHTML, like Gecko) Chrome/121.0.0.0 Safari/537.36"
77.83.200.169 - - [24/Jul/2026:06:57:37 -0700] "GET /wp-admin/index.php HTTP/1.1" 200 462 "https://bitcoinslots.info/wp-login.php" "Mozilla/5.0 (Windows NT 11.0; Win64; x64) AppleWebKit/537.36 (KHTML, like Gecko) Chrome/119.0.0.0 Safari/537.36"
106.201.126.199 - - [24/Jul/2026:06:57:38 -0700] "POST /xmlrpc.php HTTP/1.1" 200 856 "-" "Jetpack by WordPress.com (Jetpack 12.1; WordPress 6.2)"
77.83.200.169 - - [24/Jul/2026:06:57:38 -0700] "GET /wp-admin/profile.php HTTP/1.1" 200 462 "https://bitcoinslots.info/wp-login.php" "Mozilla/5.0 (Windows NT 11.0; Win64; x64) AppleWebKit/537.36 (KHTML, like Gecko) Chrome/119.0.0.0 Safari/537.36"
77.83.200.169 - - [24/Jul/2026:06:57:38 -0700] "GET /wp-admin/edit.php HTTP/1.1" 200 462 "https://bitcoinslots.info/wp-login.php" "Mozilla/5.0 (Windows NT 11.0; Win64; x64) AppleWebKit/537.36 (KHTML, like Gecko) Chrome/119.0.0.0 Safari/537.36"
77.83.200.169 - - [24/Jul/2026:06:57:43 -0700] "GET /wp-admin/plugins.php HTTP/1.1" 200 462 "https://bitcoinslots.info/wp-login.php" "Mozilla/5.0 (Windows NT 11.0; Win64; x64) AppleWebKit/537.36 (KHTML, like Gecko) Chrome/119.0.0.0 Safari/537.36"
77.83.200.169 - - [24/Jul/2026:06:57:43 -0700] "POST /wp-login.php HTTP/1.1" 302 259 "https://bitcoinslots.info/wp-login.php" "Mozilla/5.0 (Windows NT 10.0; Win64; x64) AppleWebKit/537.36 (KHTML, like Gecko) Chrome/121.0.0.0 Safari/537.36"
77.83.200.169 - - [24/Jul/2026:06:57:43 -0700] "GET /wp-admin/index.php HTTP/1.1" 200 462 "https://bitcoinslots.info/wp-login.php" "Mozilla/5.0 (Macintosh; Intel Mac OS X 13_6_1) AppleWebKit/605.1.15 (KHTML, like Gecko) Version/17.2 Safari/605.1.15"
77.83.200.169 - - [24/Jul/2026:06:57:44 -0700] "GET /wp-admin/profile.php HTTP/1.1" 200 462 "https://bitcoinslots.info/wp-login.php" "Mozilla/5.0 (Macintosh; Intel Mac OS X 13_6_1) AppleWebKit/605.1.15 (KHTML, like Gecko) Version/17.2 Safari/605.1.15"
77.83.200.169 - - [24/Jul/2026:06:57:45 -0700] "GET /wp-admin/edit.php HTTP/1.1" 200 462 "https://bitcoinslots.info/wp-login.php" "Mozilla/5.0 (Macintosh; Intel Mac OS X 13_6_1) AppleWebKit/605.1.15 (KHTML, like Gecko) Version/17.2 Safari/605.1.15"
77.83.200.169 - - [24/Jul/2026:06:57:45 -0700] "GET /wp-admin/plugins.php HTTP/1.1" 200 462 "https://bitcoinslots.info/wp-login.php" "Mozilla/5.0 (Macintosh; Intel Mac OS X 13_6_1) AppleWebKit/605.1.15 (KHTML, like Gecko) Version/17.2 Safari/605.1.15"
77.83.200.169 - - [24/Jul/2026:06:57:46 -0700] "POST /wp-login.php HTTP/1.1" 302 259 "https://bitcoinslots.info/wp-login.php" "Mozilla/5.0 (Macintosh; Intel Mac OS X 13_6_1) AppleWebKit/605.1.15 (KHTML, like Gecko) Version/17.1 Safari/605.1.15"
77.83.200.169 - - [24/Jul/2026:06:57:46 -0700] "GET /wp-admin/index.php HTTP/1.1" 200 462 "https://bitcoinslots.info/wp-login.php" "Mozilla/5.0 (Macintosh; Intel Mac OS X 10_15_7) AppleWebKit/537.36 (KHTML, like Gecko) Chrome/121.0.0.0 Safari/537.36"
77.83.200.169 - - [24/Jul/2026:06:57:46 -0700] "GET /wp-admin/profile.php HTTP/1.1" 200 462 "https://bitcoinslots.info/wp-login.php" "Mozilla/5.0 (Macintosh; Intel Mac OS X 10_15_7) AppleWebKit/537.36 (KHTML, like Gecko) Chrome/121.0.0.0 Safari/537.36"
77.83.200.169 - - [24/Jul/2026:06:57:47 -0700] "GET /wp-admin/edit.php HTTP/1.1" 200 462 "https://bitcoinslots.info/wp-login.php" "Mozilla/5.0 (Macintosh; Intel Mac OS X 10_15_7) AppleWebKit/537.36 (KHTML, like Gecko) Chrome/121.0.0.0 Safari/537.36"
77.83.200.169 - - [24/Jul/2026:06:57:47 -0700] "GET /wp-admin/plugins.php HTTP/1.1" 200 462 "https://bitcoinslots.info/wp-login.php" "Mozilla/5.0 (Macintosh; Intel Mac OS X 10_15_7) AppleWebKit/537.36 (KHTML, like Gecko) Chrome/121.0.0.0 Safari/537.36"
77.83.200.169 - - [24/Jul/2026:06:57:48 -0700] "POST /wp-login.php HTTP/1.1" 302 259 "https://bitcoinslots.info/wp-login.php" "Mozilla/5.0 (Windows NT 10.0; Win64; x64) AppleWebKit/537.36 (KHTML, like Gecko) Chrome/121.0.0.0 Safari/537.36"
77.83.200.169 - - [24/Jul/2026:06:57:48 -0700] "GET /wp-admin/index.php HTTP/1.1" 200 462 "https://bitcoinslots.info/wp-login.php" "Mozilla/5.0 (X11; Linux x86_64) AppleWebKit/537.36 (KHTML, like Gecko) Chrome/118.0.0.0 Safari/537.36"
106.201.126.199 - - [24/Jul/2026:06:57:48 -0700] "POST /xmlrpc.php HTTP/1.1" 200 856 "-" "Jetpack by WordPress.com"
77.83.200.169 - - [24/Jul/2026:06:57:49 -0700] "GET /wp-admin/profile.php HTTP/1.1" 200 462 "https://bitcoinslots.info/wp-login.php" "Mozilla/5.0 (X11; Linux x86_64) AppleWebKit/537.36 (KHTML, like Gecko) Chrome/118.0.0.0 Safari/537.36"
77.83.200.169 - - [24/Jul/2026:06:57:50 -0700] "GET /wp-admin/edit.php HTTP/1.1" 200 462 "https://bitcoinslots.info/wp-login.php" "Mozilla/5.0 (X11; Linux x86_64) AppleWebKit/537.36 (KHTML, like Gecko) Chrome/118.0.0.0 Safari/537.36"
192.145.236.177 - - [24/Jul/2026:06:57:51 -0700] "POST /wp-cron.php?doing_wp_cron=1784901471.1788239479064941406250 HTTP/1.1" 200 - "-" "WordPress/6.8.6; https://bitcoinslots.info"
